Dec 01 06:24:25.686 INFO testing penland365/gh against 1.30.1 for beta-1.31-5
Dec 01 06:24:25.688 INFO running `"docker" "create" "-v" "/mnt/big/crater/work/local/target-dirs/beta-1.31-5/worker-3/1.30.1:/target:rw,Z" "-v" "/mnt/big/crater/work/local/test-source/worker-3/beta-1.31-5/1.30.1:/source:ro,Z" "-v" "/mnt/big/crater/work/local/cargo-home:/cargo-home:ro,Z" "-v" "/mnt/big/crater/work/local/rustup-home:/rustup-home:ro,Z" "-e" "USER_ID=1000" "-e" "SOURCE_DIR=/source" "-e" "USER_ID=1000" "-e" "CMD=cargo +1.30.1 build --frozen" "-e" "CARGO_TARGET_DIR=/target" "-e" "CARGO_INCREMENTAL=0" "-e" "RUST_BACKTRACE=full" "-e" "RUSTFLAGS=--cap-lints=warn" "-e" "CARGO_HOME=/cargo-home" "-e" "RUSTUP_HOME=/rustup-home" "-m" "1536M" "--network" "none" "crater"`
Dec 01 06:24:26.119 INFO [stdout] 4d836f748f6acd65e66536a7f152f3505f5b5dd2ced179c9bdc7ed916b10108b
Dec 01 06:24:26.122 INFO running `"docker" "start" "-a" "4d836f748f6acd65e66536a7f152f3505f5b5dd2ced179c9bdc7ed916b10108b"`
Dec 01 06:24:27.915 INFO [stderr] usermod: no changes
Dec 01 06:24:28.200 INFO [stderr]    Compiling gcc v0.3.47
Dec 01 06:24:28.223 INFO [stderr]    Compiling version v2.0.1
Dec 01 06:24:28.239 INFO [stderr]    Compiling serde_derive v1.0.8
Dec 01 06:24:28.240 INFO [stderr]    Compiling hyper v0.10.10
Dec 01 06:24:33.304 INFO [stderr]    Compiling openssl-sys v0.9.12
Dec 01 06:24:37.010 INFO [stderr]    Compiling openssl v0.9.12
Dec 01 06:24:52.909 INFO [stderr]    Compiling native-tls v0.1.2
Dec 01 06:24:53.727 INFO [stderr]    Compiling hyper-native-tls v0.2.2
Dec 01 06:24:54.895 INFO [stderr]    Compiling gh v0.0.2-SNAPSHOT (/source)
Dec 01 06:24:56.135 INFO [stderr] warning: unused import: `config`
Dec 01 06:24:56.135 INFO [stderr]  --> src/commands/orgs.rs:2:5
Dec 01 06:24:56.135 INFO [stderr]   |
Dec 01 06:24:56.135 INFO [stderr] 2 | use config;
Dec 01 06:24:56.135 INFO [stderr]   |     ^^^^^^
Dec 01 06:24:56.135 INFO [stderr]   |
Dec 01 06:24:56.135 INFO [stderr]   = note: #[warn(unused_imports)] on by default
Dec 01 06:24:56.135 INFO [stderr] 
Dec 01 06:24:56.135 INFO [stderr] warning: unused imports: `GitHubResponse`, `orgs`
Dec 01 06:24:56.135 INFO [stderr]  --> src/commands/orgs.rs:3:15
Dec 01 06:24:56.135 INFO [stderr]   |
Dec 01 06:24:56.135 INFO [stderr] 3 | use git_hub::{GitHubResponse, orgs};
Dec 01 06:24:56.135 INFO [stderr]   |               ^^^^^^^^^^^^^^  ^^^^
Dec 01 06:24:56.135 INFO [stderr] 
Dec 01 06:24:56.135 INFO [stderr] warning: unused import: `serde_json`
Dec 01 06:24:56.135 INFO [stderr]  --> src/commands/orgs.rs:5:5
Dec 01 06:24:56.135 INFO [stderr]   |
Dec 01 06:24:56.135 INFO [stderr] 5 | use serde_json;
Dec 01 06:24:56.135 INFO [stderr]   |     ^^^^^^^^^^
Dec 01 06:24:56.135 INFO [stderr] 
Dec 01 06:24:56.135 INFO [stderr] warning: unused import: `serde_json::Error`
Dec 01 06:24:56.135 INFO [stderr]  --> src/commands/orgs.rs:6:5
Dec 01 06:24:56.135 INFO [stderr]   |
Dec 01 06:24:56.135 INFO [stderr] 6 | use serde_json::Error;
Dec 01 06:24:56.135 INFO [stderr]   |     ^^^^^^^^^^^^^^^^^
Dec 01 06:24:56.135 INFO [stderr] 
Dec 01 06:24:56.143 INFO [stderr] warning: unused import: `config`
Dec 01 06:24:56.143 INFO [stderr]  --> src/commands/pullreqs.rs:2:5
Dec 01 06:24:56.143 INFO [stderr]   |
Dec 01 06:24:56.143 INFO [stderr] 2 | use config;
Dec 01 06:24:56.143 INFO [stderr]   |     ^^^^^^
Dec 01 06:24:56.143 INFO [stderr] 
Dec 01 06:24:56.143 INFO [stderr] warning: unused import: `serde_json`
Dec 01 06:24:56.143 INFO [stderr]  --> src/commands/pullreqs.rs:4:5
Dec 01 06:24:56.143 INFO [stderr]   |
Dec 01 06:24:56.143 INFO [stderr] 4 | use serde_json;
Dec 01 06:24:56.143 INFO [stderr]   |     ^^^^^^^^^^
Dec 01 06:24:56.143 INFO [stderr] 
Dec 01 06:24:56.143 INFO [stderr] warning: unused import: `serde_json::Error`
Dec 01 06:24:56.143 INFO [stderr]   --> src/config.rs:11:5
Dec 01 06:24:56.143 INFO [stderr]    |
Dec 01 06:24:56.143 INFO [stderr] 11 | use serde_json::Error;
Dec 01 06:24:56.143 INFO [stderr]    |     ^^^^^^^^^^^^^^^^^
Dec 01 06:24:56.143 INFO [stderr] 
Dec 01 06:24:56.143 INFO [stderr] warning: unused import: `git_hub`
Dec 01 06:24:56.143 INFO [stderr]  --> src/git_hub/orgs.rs:3:5
Dec 01 06:24:56.143 INFO [stderr]   |
Dec 01 06:24:56.143 INFO [stderr] 3 | use git_hub;
Dec 01 06:24:56.143 INFO [stderr]   |     ^^^^^^^
Dec 01 06:24:56.143 INFO [stderr] 
Dec 01 06:24:56.143 INFO [stderr] warning: unused import: `hyper::Url`
Dec 01 06:24:56.143 INFO [stderr]  --> src/git_hub/orgs.rs:6:5
Dec 01 06:24:56.143 INFO [stderr]   |
Dec 01 06:24:56.143 INFO [stderr] 6 | use hyper::Url;
Dec 01 06:24:56.143 INFO [stderr]   |     ^^^^^^^^^^
Dec 01 06:24:56.143 INFO [stderr] 
Dec 01 06:24:56.143 INFO [stderr] warning: unused import: `hyper::client::Request`
Dec 01 06:24:56.143 INFO [stderr]  --> src/git_hub/orgs.rs:7:5
Dec 01 06:24:56.143 INFO [stderr]   |
Dec 01 06:24:56.143 INFO [stderr] 7 | use hyper::client::Request;
Dec 01 06:24:56.143 INFO [stderr]   |     ^^^^^^^^^^^^^^^^^^^^^^
Dec 01 06:24:56.143 INFO [stderr] 
Dec 01 06:24:56.143 INFO [stderr] warning: unused import: `hyper::method::Method`
Dec 01 06:24:56.143 INFO [stderr]  --> src/git_hub/orgs.rs:8:5
Dec 01 06:24:56.143 INFO [stderr]   |
Dec 01 06:24:56.143 INFO [stderr] 8 | use hyper::method::Method;
Dec 01 06:24:56.143 INFO [stderr]   |     ^^^^^^^^^^^^^^^^^^^^^
Dec 01 06:24:56.143 INFO [stderr] 
Dec 01 06:24:56.143 INFO [stderr] warning: unused imports: `Fresh`, `HttpsConnector`
Dec 01 06:24:56.143 INFO [stderr]  --> src/git_hub/orgs.rs:9:18
Dec 01 06:24:56.143 INFO [stderr]   |
Dec 01 06:24:56.143 INFO [stderr] 9 | use hyper::net::{Fresh, HttpsConnector};
Dec 01 06:24:56.143 INFO [stderr]   |                  ^^^^^  ^^^^^^^^^^^^^^
Dec 01 06:24:56.143 INFO [stderr] 
Dec 01 06:24:56.144 INFO [stderr] warning: unused import: `hyper::status::StatusCode`
Dec 01 06:24:56.144 INFO [stderr]   --> src/git_hub/orgs.rs:10:5
Dec 01 06:24:56.144 INFO [stderr]    |
Dec 01 06:24:56.144 INFO [stderr] 10 | use hyper::status::StatusCode;
Dec 01 06:24:56.144 INFO [stderr]    |     ^^^^^^^^^^^^^^^^^^^^^^^^^
Dec 01 06:24:56.144 INFO [stderr] 
Dec 01 06:24:56.144 INFO [stderr] warning: unused import: `std::str::from_utf8`
Dec 01 06:24:56.144 INFO [stderr]   --> src/git_hub/orgs.rs:13:5
Dec 01 06:24:56.144 INFO [stderr]    |
Dec 01 06:24:56.144 INFO [stderr] 13 | use std::str::from_utf8;
Dec 01 06:24:56.144 INFO [stderr]    |     ^^^^^^^^^^^^^^^^^^^
Dec 01 06:24:56.144 INFO [stderr] 
Dec 01 06:24:56.144 INFO [stderr] warning: unused import: `HttpsConnector`
Dec 01 06:24:56.144 INFO [stderr]   --> src/git_hub/orgs.rs:72:25
Dec 01 06:24:56.144 INFO [stderr]    |
Dec 01 06:24:56.144 INFO [stderr] 72 | use hyper::net::{Fresh, HttpsConnector};
Dec 01 06:24:56.144 INFO [stderr]    |                         ^^^^^^^^^^^^^^
Dec 01 06:24:56.144 INFO [stderr] 
Dec 01 06:24:56.144 INFO [stderr] warning: unused import: `hyper::status::StatusCode`
Dec 01 06:24:56.144 INFO [stderr]   --> src/git_hub/orgs.rs:73:5
Dec 01 06:24:56.144 INFO [stderr]    |
Dec 01 06:24:56.144 INFO [stderr] 73 | use hyper::status::StatusCode;
Dec 01 06:24:56.144 INFO [stderr]    |     ^^^^^^^^^^^^^^^^^^^^^^^^^
Dec 01 06:24:56.144 INFO [stderr] 
Dec 01 06:24:56.167 INFO [stderr] warning: use of deprecated item 'std::env::home_dir': This function's behavior is unexpected and probably not what you want. Consider using the home_dir function from https://crates.io/crates/dirs instead.
Dec 01 06:24:56.167 INFO [stderr]    --> src/config.rs:139:11
Dec 01 06:24:56.167 INFO [stderr]     |
Dec 01 06:24:56.167 INFO [stderr] 139 |     match env::home_dir() {
Dec 01 06:24:56.167 INFO [stderr]     |           ^^^^^^^^^^^^^
Dec 01 06:24:56.167 INFO [stderr]     |
Dec 01 06:24:56.167 INFO [stderr]     = note: #[warn(deprecated)] on by default
Dec 01 06:24:56.167 INFO [stderr] 
Dec 01 06:24:56.491 INFO [stderr] warning: unused variable: `matches`
Dec 01 06:24:56.491 INFO [stderr]   --> src/commands/pullreqs.rs:54:19
Dec 01 06:24:56.491 INFO [stderr]    |
Dec 01 06:24:56.491 INFO [stderr] 54 | fn list_pull_reqs(matches: &ArgMatches) -> () {
Dec 01 06:24:56.491 INFO [stderr]    |                   ^^^^^^^ help: consider using `_matches` instead
Dec 01 06:24:56.491 INFO [stderr]    |
Dec 01 06:24:56.491 INFO [stderr]    = note: #[warn(unused_variables)] on by default
Dec 01 06:24:56.491 INFO [stderr] 
Dec 01 06:24:56.491 INFO [stderr] warning: unused variable: `matches`
Dec 01 06:24:56.491 INFO [stderr]   --> src/commands/pullreqs.rs:75:24
Dec 01 06:24:56.491 INFO [stderr]    |
Dec 01 06:24:56.491 INFO [stderr] 75 | fn create_pull_request(matches: &ArgMatches) -> () {
Dec 01 06:24:56.491 INFO [stderr]    |                        ^^^^^^^ help: consider using `_matches` instead
Dec 01 06:24:56.491 INFO [stderr] 
Dec 01 06:24:56.595 INFO [stderr] warning: function `SUBCOMMAND` should have a snake case name such as `subcommand`
Dec 01 06:24:56.595 INFO [stderr]   --> src/commands/orgs.rs:8:1
Dec 01 06:24:56.595 INFO [stderr]    |
Dec 01 06:24:56.595 INFO [stderr] 8  | / pub fn SUBCOMMAND<'a, 'b>() -> App<'a, 'b> {
Dec 01 06:24:56.595 INFO [stderr] 9  | |     SubCommand::with_name("orgs")
Dec 01 06:24:56.595 INFO [stderr] 10 | |                 .about("List, Get, Edit your GitHub Organizations")
Dec 01 06:24:56.595 INFO [stderr] 11 | |                 .version(version!())
Dec 01 06:24:56.595 INFO [stderr] ...  |
Dec 01 06:24:56.595 INFO [stderr] 26 | |                                              .takes_value(true)))
Dec 01 06:24:56.595 INFO [stderr] 27 | | }
Dec 01 06:24:56.595 INFO [stderr]    | |_^
Dec 01 06:24:56.595 INFO [stderr]    |
Dec 01 06:24:56.595 INFO [stderr]    = note: #[warn(non_snake_case)] on by default
Dec 01 06:24:56.595 INFO [stderr] 
Dec 01 06:24:56.595 INFO [stderr] warning: function `SUBCOMMAND` should have a snake case name such as `subcommand`
Dec 01 06:24:56.595 INFO [stderr]   --> src/commands/pullreqs.rs:6:1
Dec 01 06:24:56.595 INFO [stderr]    |
Dec 01 06:24:56.595 INFO [stderr] 6  | / pub fn SUBCOMMAND<'a, 'b>() -> App<'a, 'b> {
Dec 01 06:24:56.595 INFO [stderr] 7  | |     SubCommand::with_name("pullreq")
Dec 01 06:24:56.595 INFO [stderr] 8  | |                 .about("List, Get, Create, Edit, and Merge a GitHub Pull Request.")
Dec 01 06:24:56.595 INFO [stderr] 9  | |                 .version(version!())
Dec 01 06:24:56.595 INFO [stderr] ...  |
Dec 01 06:24:56.595 INFO [stderr] 42 | |
Dec 01 06:24:56.595 INFO [stderr] 43 | | }
Dec 01 06:24:56.595 INFO [stderr]    | |_^
Dec 01 06:24:56.595 INFO [stderr] 
Dec 01 06:25:00.905 INFO [stderr]     Finished dev [unoptimized + debuginfo] target(s) in 32.95s
Dec 01 06:25:00.916 INFO [stderr] su: No module specific data is present
Dec 01 06:25:02.177 INFO running `"docker" "inspect" "4d836f748f6acd65e66536a7f152f3505f5b5dd2ced179c9bdc7ed916b10108b"`
Dec 01 06:25:02.534 INFO running `"docker" "rm" "-f" "4d836f748f6acd65e66536a7f152f3505f5b5dd2ced179c9bdc7ed916b10108b"`
Dec 01 06:25:02.871 INFO [stdout] 4d836f748f6acd65e66536a7f152f3505f5b5dd2ced179c9bdc7ed916b10108b
Dec 01 06:25:02.874 INFO running `"docker" "create" "-v" "/mnt/big/crater/work/local/target-dirs/beta-1.31-5/worker-3/1.30.1:/target:rw,Z" "-v" "/mnt/big/crater/work/local/test-source/worker-3/beta-1.31-5/1.30.1:/source:ro,Z" "-v" "/mnt/big/crater/work/local/cargo-home:/cargo-home:ro,Z" "-v" "/mnt/big/crater/work/local/rustup-home:/rustup-home:ro,Z" "-e" "USER_ID=1000" "-e" "SOURCE_DIR=/source" "-e" "USER_ID=1000" "-e" "CMD=cargo +1.30.1 test --frozen --no-run" "-e" "CARGO_TARGET_DIR=/target" "-e" "CARGO_INCREMENTAL=0" "-e" "RUST_BACKTRACE=full" "-e" "RUSTFLAGS=--cap-lints=warn" "-e" "CARGO_HOME=/cargo-home" "-e" "RUSTUP_HOME=/rustup-home" "-m" "1536M" "--network" "none" "crater"`
Dec 01 06:25:03.387 INFO [stdout] c01c387595b1e6084e5131829b936c0355ead2242b7ce9db52da6c1b89c31ce3
Dec 01 06:25:03.399 INFO running `"docker" "start" "-a" "c01c387595b1e6084e5131829b936c0355ead2242b7ce9db52da6c1b89c31ce3"`
Dec 01 06:25:04.878 INFO [stderr] usermod: no changes
Dec 01 06:25:05.097 INFO [stderr]    Compiling memchr v0.1.11
Dec 01 06:25:05.127 INFO [stderr]    Compiling thread-id v2.0.0
Dec 01 06:25:05.447 INFO [stderr]    Compiling thread_local v0.2.7
Dec 01 06:25:05.883 INFO [stderr]    Compiling aho-corasick v0.5.3
Dec 01 06:25:07.303 INFO [stderr]    Compiling regex v0.1.80
Dec 01 06:25:16.512 INFO [stderr]    Compiling env_logger v0.3.5
Dec 01 06:25:17.779 INFO [stderr]    Compiling quickcheck v0.4.1
Dec 01 06:25:20.267 INFO [stderr]    Compiling gh v0.0.2-SNAPSHOT (/source)
Dec 01 06:25:21.479 INFO [stderr] warning: unused `#[macro_use]` import
Dec 01 06:25:21.479 INFO [stderr]  --> src/main.rs:2:1
Dec 01 06:25:21.480 INFO [stderr]   |
Dec 01 06:25:21.480 INFO [stderr] 2 | #[macro_use]
Dec 01 06:25:21.480 INFO [stderr]   | ^^^^^^^^^^^^
Dec 01 06:25:21.481 INFO [stderr]   |
Dec 01 06:25:21.481 INFO [stderr]   = note: #[warn(unused_imports)] on by default
Dec 01 06:25:21.481 INFO [stderr] 
Dec 01 06:25:21.481 INFO [stderr] warning: unused import: `config`
Dec 01 06:25:21.482 INFO [stderr]  --> src/commands/orgs.rs:2:5
Dec 01 06:25:21.482 INFO [stderr]   |
Dec 01 06:25:21.482 INFO [stderr] 2 | use config;
Dec 01 06:25:21.482 INFO [stderr]   |     ^^^^^^
Dec 01 06:25:21.483 INFO [stderr] 
Dec 01 06:25:21.483 INFO [stderr] warning: unused imports: `GitHubResponse`, `orgs`
Dec 01 06:25:21.483 INFO [stderr]  --> src/commands/orgs.rs:3:15
Dec 01 06:25:21.483 INFO [stderr]   |
Dec 01 06:25:21.483 INFO [stderr] 3 | use git_hub::{GitHubResponse, orgs};
Dec 01 06:25:21.484 INFO [stderr]   |               ^^^^^^^^^^^^^^  ^^^^
Dec 01 06:25:21.484 INFO [stderr] 
Dec 01 06:25:21.484 INFO [stderr] warning: unused import: `serde_json`
Dec 01 06:25:21.484 INFO [stderr]  --> src/commands/orgs.rs:5:5
Dec 01 06:25:21.484 INFO [stderr]   |
Dec 01 06:25:21.485 INFO [stderr] 5 | use serde_json;
Dec 01 06:25:21.485 INFO [stderr]   |     ^^^^^^^^^^
Dec 01 06:25:21.485 INFO [stderr] 
Dec 01 06:25:21.485 INFO [stderr] warning: unused import: `serde_json::Error`
Dec 01 06:25:21.485 INFO [stderr]  --> src/commands/orgs.rs:6:5
Dec 01 06:25:21.486 INFO [stderr]   |
Dec 01 06:25:21.486 INFO [stderr] 6 | use serde_json::Error;
Dec 01 06:25:21.486 INFO [stderr]   |     ^^^^^^^^^^^^^^^^^
Dec 01 06:25:21.486 INFO [stderr] 
Dec 01 06:25:21.486 INFO [stderr] warning: unused import: `config`
Dec 01 06:25:21.487 INFO [stderr]  --> src/commands/pullreqs.rs:2:5
Dec 01 06:25:21.487 INFO [stderr]   |
Dec 01 06:25:21.487 INFO [stderr] 2 | use config;
Dec 01 06:25:21.488 INFO [stderr]   |     ^^^^^^
Dec 01 06:25:21.488 INFO [stderr] 
Dec 01 06:25:21.488 INFO [stderr] warning: unused import: `serde_json`
Dec 01 06:25:21.488 INFO [stderr]  --> src/commands/pullreqs.rs:4:5
Dec 01 06:25:21.489 INFO [stderr]   |
Dec 01 06:25:21.489 INFO [stderr] 4 | use serde_json;
Dec 01 06:25:21.489 INFO [stderr]   |     ^^^^^^^^^^
Dec 01 06:25:21.490 INFO [stderr] 
Dec 01 06:25:21.490 INFO [stderr] warning: unused import: `serde_json::Error`
Dec 01 06:25:21.490 INFO [stderr]   --> src/config.rs:11:5
Dec 01 06:25:21.491 INFO [stderr]    |
Dec 01 06:25:21.491 INFO [stderr] 11 | use serde_json::Error;
Dec 01 06:25:21.491 INFO [stderr]    |     ^^^^^^^^^^^^^^^^^
Dec 01 06:25:21.491 INFO [stderr] 
Dec 01 06:25:21.492 INFO [stderr] warning: unused import: `git_hub`
Dec 01 06:25:21.492 INFO [stderr]  --> src/git_hub/orgs.rs:3:5
Dec 01 06:25:21.492 INFO [stderr]   |
Dec 01 06:25:21.492 INFO [stderr] 3 | use git_hub;
Dec 01 06:25:21.493 INFO [stderr]   |     ^^^^^^^
Dec 01 06:25:21.493 INFO [stderr] 
Dec 01 06:25:21.493 INFO [stderr] warning: unused import: `hyper::Url`
Dec 01 06:25:21.493 INFO [stderr]  --> src/git_hub/orgs.rs:6:5
Dec 01 06:25:21.494 INFO [stderr]   |
Dec 01 06:25:21.494 INFO [stderr] 6 | use hyper::Url;
Dec 01 06:25:21.494 INFO [stderr]   |     ^^^^^^^^^^
Dec 01 06:25:21.495 INFO [stderr] 
Dec 01 06:25:21.495 INFO [stderr] warning: unused import: `hyper::client::Request`
Dec 01 06:25:21.495 INFO [stderr]  --> src/git_hub/orgs.rs:7:5
Dec 01 06:25:21.495 INFO [stderr]   |
Dec 01 06:25:21.496 INFO [stderr] 7 | use hyper::client::Request;
Dec 01 06:25:21.496 INFO [stderr]   |     ^^^^^^^^^^^^^^^^^^^^^^
Dec 01 06:25:21.496 INFO [stderr] 
Dec 01 06:25:21.496 INFO [stderr] warning: unused import: `hyper::method::Method`
Dec 01 06:25:21.497 INFO [stderr]  --> src/git_hub/orgs.rs:8:5
Dec 01 06:25:21.497 INFO [stderr]   |
Dec 01 06:25:21.497 INFO [stderr] 8 | use hyper::method::Method;
Dec 01 06:25:21.498 INFO [stderr]   |     ^^^^^^^^^^^^^^^^^^^^^
Dec 01 06:25:21.498 INFO [stderr] 
Dec 01 06:25:21.498 INFO [stderr] warning: unused imports: `Fresh`, `HttpsConnector`
Dec 01 06:25:21.498 INFO [stderr]  --> src/git_hub/orgs.rs:9:18
Dec 01 06:25:21.499 INFO [stderr]   |
Dec 01 06:25:21.499 INFO [stderr] 9 | use hyper::net::{Fresh, HttpsConnector};
Dec 01 06:25:21.499 INFO [stderr]   |                  ^^^^^  ^^^^^^^^^^^^^^
Dec 01 06:25:21.499 INFO [stderr] 
Dec 01 06:25:21.500 INFO [stderr] warning: unused import: `hyper::status::StatusCode`
Dec 01 06:25:21.500 INFO [stderr]   --> src/git_hub/orgs.rs:10:5
Dec 01 06:25:21.500 INFO [stderr]    |
Dec 01 06:25:21.501 INFO [stderr] 10 | use hyper::status::StatusCode;
Dec 01 06:25:21.501 INFO [stderr]    |     ^^^^^^^^^^^^^^^^^^^^^^^^^
Dec 01 06:25:21.501 INFO [stderr] 
Dec 01 06:25:21.501 INFO [stderr] warning: unused import: `std::str::from_utf8`
Dec 01 06:25:21.501 INFO [stderr]   --> src/git_hub/orgs.rs:13:5
Dec 01 06:25:21.502 INFO [stderr]    |
Dec 01 06:25:21.502 INFO [stderr] 13 | use std::str::from_utf8;
Dec 01 06:25:21.502 INFO [stderr]    |     ^^^^^^^^^^^^^^^^^^^
Dec 01 06:25:21.503 INFO [stderr] 
Dec 01 06:25:21.503 INFO [stderr] warning: unused import: `HttpsConnector`
Dec 01 06:25:21.503 INFO [stderr]   --> src/git_hub/orgs.rs:72:25
Dec 01 06:25:21.503 INFO [stderr]    |
Dec 01 06:25:21.504 INFO [stderr] 72 | use hyper::net::{Fresh, HttpsConnector};
Dec 01 06:25:21.504 INFO [stderr]    |                         ^^^^^^^^^^^^^^
Dec 01 06:25:21.504 INFO [stderr] 
Dec 01 06:25:21.504 INFO [stderr] warning: unused import: `hyper::status::StatusCode`
Dec 01 06:25:21.505 INFO [stderr]   --> src/git_hub/orgs.rs:73:5
Dec 01 06:25:21.505 INFO [stderr]    |
Dec 01 06:25:21.505 INFO [stderr] 73 | use hyper::status::StatusCode;
Dec 01 06:25:21.506 INFO [stderr]    |     ^^^^^^^^^^^^^^^^^^^^^^^^^
Dec 01 06:25:21.506 INFO [stderr] 
Dec 01 06:25:21.509 INFO [stderr] warning: use of deprecated item 'std::env::home_dir': This function's behavior is unexpected and probably not what you want. Consider using the home_dir function from https://crates.io/crates/dirs instead.
Dec 01 06:25:21.509 INFO [stderr]    --> src/config.rs:139:11
Dec 01 06:25:21.509 INFO [stderr]     |
Dec 01 06:25:21.509 INFO [stderr] 139 |     match env::home_dir() {
Dec 01 06:25:21.509 INFO [stderr]     |           ^^^^^^^^^^^^^
Dec 01 06:25:21.509 INFO [stderr]     |
Dec 01 06:25:21.509 INFO [stderr]     = note: #[warn(deprecated)] on by default
Dec 01 06:25:21.509 INFO [stderr] 
Dec 01 06:25:21.886 INFO [stderr] warning: unused variable: `matches`
Dec 01 06:25:21.886 INFO [stderr]   --> src/commands/pullreqs.rs:54:19
Dec 01 06:25:21.886 INFO [stderr]    |
Dec 01 06:25:21.886 INFO [stderr] 54 | fn list_pull_reqs(matches: &ArgMatches) -> () {
Dec 01 06:25:21.886 INFO [stderr]    |                   ^^^^^^^ help: consider using `_matches` instead
Dec 01 06:25:21.887 INFO [stderr]    |
Dec 01 06:25:21.887 INFO [stderr]    = note: #[warn(unused_variables)] on by default
Dec 01 06:25:21.887 INFO [stderr] 
Dec 01 06:25:21.887 INFO [stderr] warning: unused variable: `matches`
Dec 01 06:25:21.887 INFO [stderr]   --> src/commands/pullreqs.rs:75:24
Dec 01 06:25:21.887 INFO [stderr]    |
Dec 01 06:25:21.887 INFO [stderr] 75 | fn create_pull_request(matches: &ArgMatches) -> () {
Dec 01 06:25:21.887 INFO [stderr]    |                        ^^^^^^^ help: consider using `_matches` instead
Dec 01 06:25:21.887 INFO [stderr] 
Dec 01 06:25:22.027 INFO [stderr] warning: function `SUBCOMMAND` should have a snake case name such as `subcommand`
Dec 01 06:25:22.027 INFO [stderr]   --> src/commands/orgs.rs:8:1
Dec 01 06:25:22.027 INFO [stderr]    |
Dec 01 06:25:22.027 INFO [stderr] 8  | / pub fn SUBCOMMAND<'a, 'b>() -> App<'a, 'b> {
Dec 01 06:25:22.027 INFO [stderr] 9  | |     SubCommand::with_name("orgs")
Dec 01 06:25:22.027 INFO [stderr] 10 | |                 .about("List, Get, Edit your GitHub Organizations")
Dec 01 06:25:22.027 INFO [stderr] 11 | |                 .version(version!())
Dec 01 06:25:22.027 INFO [stderr] ...  |
Dec 01 06:25:22.027 INFO [stderr] 26 | |                                              .takes_value(true)))
Dec 01 06:25:22.027 INFO [stderr] 27 | | }
Dec 01 06:25:22.027 INFO [stderr]    | |_^
Dec 01 06:25:22.027 INFO [stderr]    |
Dec 01 06:25:22.027 INFO [stderr]    = note: #[warn(non_snake_case)] on by default
Dec 01 06:25:22.027 INFO [stderr] 
Dec 01 06:25:22.031 INFO [stderr] warning: function `SUBCOMMAND` should have a snake case name such as `subcommand`
Dec 01 06:25:22.031 INFO [stderr]   --> src/commands/pullreqs.rs:6:1
Dec 01 06:25:22.031 INFO [stderr]    |
Dec 01 06:25:22.031 INFO [stderr] 6  | / pub fn SUBCOMMAND<'a, 'b>() -> App<'a, 'b> {
Dec 01 06:25:22.031 INFO [stderr] 7  | |     SubCommand::with_name("pullreq")
Dec 01 06:25:22.031 INFO [stderr] 8  | |                 .about("List, Get, Create, Edit, and Merge a GitHub Pull Request.")
Dec 01 06:25:22.031 INFO [stderr] 9  | |                 .version(version!())
Dec 01 06:25:22.031 INFO [stderr] ...  |
Dec 01 06:25:22.031 INFO [stderr] 42 | |
Dec 01 06:25:22.031 INFO [stderr] 43 | | }
Dec 01 06:25:22.031 INFO [stderr]    | |_^
Dec 01 06:25:22.031 INFO [stderr] 
Dec 01 06:25:25.873 INFO [stderr]     Finished dev [unoptimized + debuginfo] target(s) in 20.97s
Dec 01 06:25:25.884 INFO [stderr] su: No module specific data is present
Dec 01 06:25:26.521 INFO running `"docker" "inspect" "c01c387595b1e6084e5131829b936c0355ead2242b7ce9db52da6c1b89c31ce3"`
Dec 01 06:25:26.825 INFO running `"docker" "rm" "-f" "c01c387595b1e6084e5131829b936c0355ead2242b7ce9db52da6c1b89c31ce3"`
Dec 01 06:25:27.067 INFO [stdout] c01c387595b1e6084e5131829b936c0355ead2242b7ce9db52da6c1b89c31ce3
Dec 01 06:25:27.073 INFO running `"docker" "create" "-v" "/mnt/big/crater/work/local/target-dirs/beta-1.31-5/worker-3/1.30.1:/target:rw,Z" "-v" "/mnt/big/crater/work/local/test-source/worker-3/beta-1.31-5/1.30.1:/source:ro,Z" "-v" "/mnt/big/crater/work/local/cargo-home:/cargo-home:ro,Z" "-v" "/mnt/big/crater/work/local/rustup-home:/rustup-home:ro,Z" "-e" "USER_ID=1000" "-e" "SOURCE_DIR=/source" "-e" "USER_ID=1000" "-e" "CMD=cargo +1.30.1 test --frozen" "-e" "CARGO_TARGET_DIR=/target" "-e" "CARGO_INCREMENTAL=0" "-e" "RUST_BACKTRACE=full" "-e" "RUSTFLAGS=--cap-lints=warn" "-e" "CARGO_HOME=/cargo-home" "-e" "RUSTUP_HOME=/rustup-home" "-m" "1536M" "--network" "none" "crater"`
Dec 01 06:25:27.547 INFO [stdout] f13f0890b850ae60b2ff60b374866a37fc94f4c693341d26b819202912c951bc
Dec 01 06:25:27.549 INFO running `"docker" "start" "-a" "f13f0890b850ae60b2ff60b374866a37fc94f4c693341d26b819202912c951bc"`
Dec 01 06:25:28.637 INFO [stderr] usermod: no changes
Dec 01 06:25:28.807 INFO [stderr]     Finished dev [unoptimized + debuginfo] target(s) in 0.13s
Dec 01 06:25:28.831 INFO [stderr]      Running /target/debug/deps/gh-6c81ad7804960025
Dec 01 06:25:28.839 INFO [stdout] 
Dec 01 06:25:28.839 INFO [stdout] running 11 tests
Dec 01 06:25:28.842 INFO [stdout] test commands::orgs::list::tests::test_build_200_ok_no_string_body_output ... ok
Dec 01 06:25:28.842 INFO [stdout] test commands::orgs::list::tests::test_build_output_forbidden ... ok
Dec 01 06:25:28.842 INFO [stdout] test commands::orgs::list::tests::test_build_output_unauthorized ... ok
Dec 01 06:25:28.842 INFO [stdout] test commands::orgs::list::tests::test_build_output_no_string_body ... ok
Dec 01 06:25:28.847 INFO [stdout] test commands::orgs::list::tests::test_build_output_unknown ... ok
Dec 01 06:25:28.847 INFO [stdout] test evidence::json_ops::tests::test_to_pretty_json_or_die_serialize ... ok
Dec 01 06:25:28.867 INFO [stdout] test evidence::json_ops::tests::test_from_str_or_die_deserialize ... ok
Dec 01 06:25:28.984 INFO [stdout] test git_hub::tests::test_add_auth_header ... FAILED
Dec 01 06:25:28.984 INFO [stdout] test git_hub::tests::test_add_headers ... FAILED
Dec 01 06:25:28.984 INFO [stdout] test git_hub::tests::test_add_base_headers ... FAILED
Dec 01 06:25:28.985 INFO [stdout] test evidence::json_ops::tests::test_from_str_or_die_die ... ok
Dec 01 06:25:28.985 INFO [stdout] 
Dec 01 06:25:28.985 INFO [stdout] failures:
Dec 01 06:25:28.986 INFO [stdout] 
Dec 01 06:25:28.986 INFO [stdout] ---- git_hub::tests::test_add_auth_header stdout ----
Dec 01 06:25:28.986 INFO [stdout] thread 'git_hub::tests::test_add_auth_header' panicked at 'called `Result::unwrap()` on an `Err` value: Io(Custom { kind: Other, error: StringError("failed to lookup address information: Temporary failure in name resolution") })', libcore/result.rs:1009:5
Dec 01 06:25:28.987 INFO [stdout] stack backtrace:
Dec 01 06:25:28.987 INFO [stdout]    0:     0x560c74dffd0e - std::sys::unix::backtrace::tracing::imp::unwind_backtrace::h15749a98198ba25f
Dec 01 06:25:28.987 INFO [stdout]                                at libstd/sys/unix/backtrace/tracing/gcc_s.rs:49
Dec 01 06:25:28.987 INFO [stdout]    1:     0x560c74df2166 - std::sys_common::backtrace::print::h0ba65c811294dbf0
Dec 01 06:25:28.988 INFO [stdout]                                at libstd/sys_common/backtrace.rs:71
Dec 01 06:25:28.988 INFO [stdout]                                at libstd/sys_common/backtrace.rs:59
Dec 01 06:25:28.988 INFO [stdout]    2:     0x560c74df04cd - std::panicking::default_hook::{{closure}}::h42bb31757f0fee64
Dec 01 06:25:28.989 INFO [stdout]                                at libstd/panicking.rs:211
Dec 01 06:25:28.989 INFO [stdout]    3:     0x560c74df01db - std::panicking::default_hook::hebc8848d7aa7dbd9
Dec 01 06:25:28.989 INFO [stdout]                                at libstd/panicking.rs:221
Dec 01 06:25:28.989 INFO [stdout]    4:     0x560c74df0b7c - std::panicking::rust_panic_with_hook::h86e619a638415243
Dec 01 06:25:28.990 INFO [stdout]                                at libstd/panicking.rs:477
Dec 01 06:25:28.990 INFO [stdout]    5:     0x560c74df0739 - std::panicking::continue_panic_fmt::h2d2d2bfb065a70b2
Dec 01 06:25:28.990 INFO [stdout]                                at libstd/panicking.rs:391
Dec 01 06:25:28.991 INFO [stdout]    6:     0x560c74df0635 - rust_begin_unwind
Dec 01 06:25:28.991 INFO [stdout]                                at libstd/panicking.rs:326
Dec 01 06:25:28.991 INFO [stdout]    7:     0x560c74e4425b - core::panicking::panic_fmt::h2155aa66b67fe83c
Dec 01 06:25:28.992 INFO [stdout]                                at libcore/panicking.rs:77
Dec 01 06:25:28.992 INFO [stdout]    8:     0x560c74d70b83 - core::result::unwrap_failed::hcc3dd54828c76cb7
Dec 01 06:25:28.992 INFO [stdout]                                at libcore/macros.rs:26
Dec 01 06:25:28.992 INFO [stdout]    9:     0x560c74cb59c1 - <core::result::Result<T, E>>::unwrap::h838e5fbd62ba8bab
Dec 01 06:25:28.993 INFO [stdout]                                at libcore/result.rs:808
Dec 01 06:25:28.993 INFO [stdout]   10:     0x560c74ca4dab - gh::git_hub::tests::build_test_request::hf14009bf445ba107
Dec 01 06:25:28.993 INFO [stdout]                                at src/git_hub/mod.rs:84
Dec 01 06:25:28.994 INFO [stdout]   11:     0x560c74ca59f0 - gh::git_hub::tests::test_add_auth_header::h1d875bc2e2a92724
Dec 01 06:25:28.994 INFO [stdout]                                at src/git_hub/mod.rs:126
Dec 01 06:25:28.994 INFO [stdout]   12:     0x560c74ca59c9 - gh::git_hub::tests::test_add_auth_header::{{closure}}::hb24e2db400154ab3
Dec 01 06:25:28.994 INFO [stdout]                                at src/git_hub/mod.rs:125
Dec 01 06:25:28.995 INFO [stdout]   13:     0x560c74ca601d - core::ops::function::FnOnce::call_once::h23b7381848e8d3f2
Dec 01 06:25:28.995 INFO [stdout]                                at libcore/ops/function.rs:238
Dec 01 06:25:28.995 INFO [stdout]   14:     0x560c74cc8fae - <F as alloc::boxed::FnBox<A>>::call_box::hbea525814fa423cc
Dec 01 06:25:28.995 INFO [stdout]                                at libtest/lib.rs:1461
Dec 01 06:25:28.996 INFO [stdout]                                at libcore/ops/function.rs:238
Dec 01 06:25:28.996 INFO [stdout]                                at liballoc/boxed.rs:646
Dec 01 06:25:28.996 INFO [stdout]   15:     0x560c74e0ec99 - __rust_maybe_catch_panic
Dec 01 06:25:28.997 INFO [stdout]                                at libpanic_unwind/lib.rs:103
Dec 01 06:25:28.997 INFO [stdout]   16:     0x560c74cd490d - std::sys_common::backtrace::__rust_begin_short_backtrace::h0ff507d7422944d3
Dec 01 06:25:28.997 INFO [stdout]                                at libstd/panicking.rs:289
Dec 01 06:25:28.997 INFO [stdout]                                at libstd/panic.rs:392
Dec 01 06:25:28.998 INFO [stdout]                                at libtest/lib.rs:1416
Dec 01 06:25:28.998 INFO [stdout]                                at libstd/sys_common/backtrace.rs:136
Dec 01 06:25:28.998 INFO [stdout]   17:     0x560c74cecf44 - std::panicking::try::do_call::hba0bdcc3670471cc
Dec 01 06:25:28.998 INFO [stdout]                                at libstd/thread/mod.rs:409
Dec 01 06:25:28.998 INFO [stdout]                                at libstd/panic.rs:313
Dec 01 06:25:28.998 INFO [stdout]                                at libstd/panicking.rs:310
Dec 01 06:25:28.999 INFO [stdout]   18:     0x560c74e0ec99 - __rust_maybe_catch_panic
Dec 01 06:25:28.999 INFO [stdout]                                at libpanic_unwind/lib.rs:103
Dec 01 06:25:28.999 INFO [stdout]   19:     0x560c74cdd816 - <F as alloc::boxed::FnBox<A>>::call_box::hdac52587b00591af
Dec 01 06:25:28.999 INFO [stdout]                                at libstd/panicking.rs:289
Dec 01 06:25:28.999 INFO [stdout]                                at libstd/panic.rs:392
Dec 01 06:25:28.999 INFO [stdout]                                at libstd/thread/mod.rs:408
Dec 01 06:25:28.999 INFO [stdout]                                at liballoc/boxed.rs:646
Dec 01 06:25:29.000 INFO [stdout]   20:     0x560c74e0184a - std::sys_common::thread::start_thread::h75d887c7d2cc4479
Dec 01 06:25:29.000 INFO [stdout]                                at liballoc/boxed.rs:656
Dec 01 06:25:29.000 INFO [stdout]                                at libstd/sys_common/thread.rs:24
Dec 01 06:25:29.000 INFO [stdout]   21:     0x560c74df13a5 - std::sys::unix::thread::Thread::new::thread_start::h8414caee632bf9ed
Dec 01 06:25:29.000 INFO [stdout]                                at libstd/sys/unix/thread.rs:90
Dec 01 06:25:29.000 INFO [stdout]   22:     0x7fe3afdd26b9 - start_thread
Dec 01 06:25:29.000 INFO [stdout]   23:     0x7fe3af8f241c - clone
Dec 01 06:25:29.000 INFO [stdout]   24:                0x0 - <unknown>
Dec 01 06:25:29.000 INFO [stdout] 
Dec 01 06:25:29.000 INFO [stdout] ---- git_hub::tests::test_add_headers stdout ----
Dec 01 06:25:29.000 INFO [stdout] thread 'git_hub::tests::test_add_headers' panicked at 'called `Result::unwrap()` on an `Err` value: Io(Custom { kind: Other, error: StringError("failed to lookup address information: Temporary failure in name resolution") })', libcore/result.rs:1009:5
Dec 01 06:25:29.000 INFO [stdout] stack backtrace:
Dec 01 06:25:29.000 INFO [stdout]    0:     0x560c74dffd0e - std::sys::unix::backtrace::tracing::imp::unwind_backtrace::h15749a98198ba25f
Dec 01 06:25:29.000 INFO [stdout]                                at libstd/sys/unix/backtrace/tracing/gcc_s.rs:49
Dec 01 06:25:29.000 INFO [stdout]    1:     0x560c74df2166 - std::sys_common::backtrace::print::h0ba65c811294dbf0
Dec 01 06:25:29.000 INFO [stdout]                                at libstd/sys_common/backtrace.rs:71
Dec 01 06:25:29.000 INFO [stdout]                                at libstd/sys_common/backtrace.rs:59
Dec 01 06:25:29.000 INFO [stdout]    2:     0x560c74df04cd - std::panicking::default_hook::{{closure}}::h42bb31757f0fee64
Dec 01 06:25:29.000 INFO [stdout]                                at libstd/panicking.rs:211
Dec 01 06:25:29.000 INFO [stdout]    3:     0x560c74df01db - std::panicking::default_hook::hebc8848d7aa7dbd9
Dec 01 06:25:29.000 INFO [stdout]                                at libstd/panicking.rs:221
Dec 01 06:25:29.000 INFO [stdout]    4:     0x560c74df0b7c - std::panicking::rust_panic_with_hook::h86e619a638415243
Dec 01 06:25:29.000 INFO [stdout]                                at libstd/panicking.rs:477
Dec 01 06:25:29.000 INFO [stdout]    5:     0x560c74df0739 - std::panicking::continue_panic_fmt::h2d2d2bfb065a70b2
Dec 01 06:25:29.000 INFO [stdout]                                at libstd/panicking.rs:391
Dec 01 06:25:29.000 INFO [stdout]    6:     0x560c74df0635 - rust_begin_unwind
Dec 01 06:25:29.000 INFO [stdout]                                at libstd/panicking.rs:326
Dec 01 06:25:29.000 INFO [stdout]    7:     0x560c74e4425b - core::panicking::panic_fmt::h2155aa66b67fe83c
Dec 01 06:25:29.000 INFO [stdout]                                at libcore/panicking.rs:77
Dec 01 06:25:29.000 INFO [stdout]    8:     0x560c74d70b83 - core::result::unwrap_failed::hcc3dd54828c76cb7
Dec 01 06:25:29.000 INFO [stdout]                                at libcore/macros.rs:26
Dec 01 06:25:29.000 INFO [stdout]    9:     0x560c74cb59c1 - <core::result::Result<T, E>>::unwrap::h838e5fbd62ba8bab
Dec 01 06:25:29.000 INFO [stdout]                                at libcore/result.rs:808
Dec 01 06:25:29.000 INFO [stdout]   10:     0x560c74ca4dab - gh::git_hub::tests::build_test_request::hf14009bf445ba107
Dec 01 06:25:29.000 INFO [stdout]                                at src/git_hub/mod.rs:84
Dec 01 06:25:29.000 INFO [stdout]   11:     0x560c74ca5730 - gh::git_hub::tests::test_add_headers::h878e96425ffca4f5
Dec 01 06:25:29.000 INFO [stdout]                                at src/git_hub/mod.rs:96
Dec 01 06:25:29.001 INFO [stdout]   12:     0x560c74ca5709 - gh::git_hub::tests::test_add_headers::{{closure}}::hd49f2e26a2330c0c
Dec 01 06:25:29.001 INFO [stdout]                                at src/git_hub/mod.rs:95
Dec 01 06:25:29.001 INFO [stdout]   13:     0x560c74ca62fd - core::ops::function::FnOnce::call_once::h8c9e48cb25369b0e
Dec 01 06:25:29.001 INFO [stdout]                                at libcore/ops/function.rs:238
Dec 01 06:25:29.001 INFO [stdout]   14:     0x560c74cc8fae - <F as alloc::boxed::FnBox<A>>::call_box::hbea525814fa423cc
Dec 01 06:25:29.001 INFO [stdout]                                at libtest/lib.rs:1461
Dec 01 06:25:29.001 INFO [stdout]                                at libcore/ops/function.rs:238
Dec 01 06:25:29.001 INFO [stdout]                                at liballoc/boxed.rs:646
Dec 01 06:25:29.001 INFO [stdout]   15:     0x560c74e0ec99 - __rust_maybe_catch_panic
Dec 01 06:25:29.001 INFO [stdout]                                at libpanic_unwind/lib.rs:103
Dec 01 06:25:29.001 INFO [stdout]   16:     0x560c74cd490d - std::sys_common::backtrace::__rust_begin_short_backtrace::h0ff507d7422944d3
Dec 01 06:25:29.001 INFO [stdout]                                at libstd/panicking.rs:289
Dec 01 06:25:29.001 INFO [stdout]                                at libstd/panic.rs:392
Dec 01 06:25:29.001 INFO [stdout]                                at libtest/lib.rs:1416
Dec 01 06:25:29.001 INFO [stdout]                                at libstd/sys_common/backtrace.rs:136
Dec 01 06:25:29.001 INFO [stdout]   17:     0x560c74cecf44 - std::panicking::try::do_call::hba0bdcc3670471cc
Dec 01 06:25:29.001 INFO [stdout]                                at libstd/thread/mod.rs:409
Dec 01 06:25:29.001 INFO [stdout]                                at libstd/panic.rs:313
Dec 01 06:25:29.001 INFO [stdout]                                at libstd/panicking.rs:310
Dec 01 06:25:29.001 INFO [stdout]   18:     0x560c74e0ec99 - __rust_maybe_catch_panic
Dec 01 06:25:29.001 INFO [stdout]                                at libpanic_unwind/lib.rs:103
Dec 01 06:25:29.001 INFO [stdout]   19:     0x560c74cdd816 - <F as alloc::boxed::FnBox<A>>::call_box::hdac52587b00591af
Dec 01 06:25:29.001 INFO [stdout]                                at libstd/panicking.rs:289
Dec 01 06:25:29.001 INFO [stdout]                                at libstd/panic.rs:392
Dec 01 06:25:29.001 INFO [stdout]                                at libstd/thread/mod.rs:408
Dec 01 06:25:29.001 INFO [stdout]                                at liballoc/boxed.rs:646
Dec 01 06:25:29.001 INFO [stdout]   20:     0x560c74e0184a - std::sys_common::thread::start_thread::h75d887c7d2cc4479
Dec 01 06:25:29.001 INFO [stdout]                                at liballoc/boxed.rs:656
Dec 01 06:25:29.001 INFO [stdout]                                at libstd/sys_common/thread.rs:24
Dec 01 06:25:29.001 INFO [stdout]   21:     0x560c74df13a5 - std::sys::unix::thread::Thread::new::thread_start::h8414caee632bf9ed
Dec 01 06:25:29.001 INFO [stdout]                                at libstd/sys/unix/thread.rs:90
Dec 01 06:25:29.001 INFO [stdout]   22:     0x7fe3afdd26b9 - start_thread
Dec 01 06:25:29.001 INFO [stdout]   23:     0x7fe3af8f241c - clone
Dec 01 06:25:29.001 INFO [stdout]   24:                0x0 - <unknown>
Dec 01 06:25:29.001 INFO [stdout] 
Dec 01 06:25:29.001 INFO [stdout] ---- git_hub::tests::test_add_base_headers stdout ----
Dec 01 06:25:29.001 INFO [stdout] thread 'git_hub::tests::test_add_base_headers' panicked at 'called `Result::unwrap()` on an `Err` value: Io(Custom { kind: Other, error: StringError("failed to lookup address information: Temporary failure in name resolution") })', libcore/result.rs:1009:5
Dec 01 06:25:29.001 INFO [stdout] stack backtrace:
Dec 01 06:25:29.001 INFO [stdout]    0:     0x560c74dffd0e - std::sys::unix::backtrace::tracing::imp::unwind_backtrace::h15749a98198ba25f
Dec 01 06:25:29.001 INFO [stdout]                                at libstd/sys/unix/backtrace/tracing/gcc_s.rs:49
Dec 01 06:25:29.001 INFO [stdout]    1:     0x560c74df2166 - std::sys_common::backtrace::print::h0ba65c811294dbf0
Dec 01 06:25:29.001 INFO [stdout]                                at libstd/sys_common/backtrace.rs:71
Dec 01 06:25:29.001 INFO [stdout]                                at libstd/sys_common/backtrace.rs:59
Dec 01 06:25:29.001 INFO [stdout]    2:     0x560c74df04cd - std::panicking::default_hook::{{closure}}::h42bb31757f0fee64
Dec 01 06:25:29.001 INFO [stdout]                                at libstd/panicking.rs:211
Dec 01 06:25:29.001 INFO [stdout]    3:     0x560c74df01db - std::panicking::default_hook::hebc8848d7aa7dbd9
Dec 01 06:25:29.001 INFO [stdout]                                at libstd/panicking.rs:221
Dec 01 06:25:29.001 INFO [stdout]    4:     0x560c74df0b7c - std::panicking::rust_panic_with_hook::h86e619a638415243
Dec 01 06:25:29.001 INFO [stdout]                                at libstd/panicking.rs:477
Dec 01 06:25:29.001 INFO [stdout]    5:     0x560c74df0739 - std::panicking::continue_panic_fmt::h2d2d2bfb065a70b2
Dec 01 06:25:29.001 INFO [stdout]                                at libstd/panicking.rs:391
Dec 01 06:25:29.001 INFO [stdout]    6:     0x560c74df0635 - rust_begin_unwind
Dec 01 06:25:29.001 INFO [stdout]                                at libstd/panicking.rs:326
Dec 01 06:25:29.001 INFO [stdout]    7:     0x560c74e4425b - core::panicking::panic_fmt::h2155aa66b67fe83c
Dec 01 06:25:29.001 INFO [stdout]                                at libcore/panicking.rs:77
Dec 01 06:25:29.001 INFO [stdout]    8:     0x560c74d70b83 - core::result::unwrap_failed::hcc3dd54828c76cb7
Dec 01 06:25:29.001 INFO [stdout]                                at libcore/macros.rs:26
Dec 01 06:25:29.001 INFO [stdout]    9:     0x560c74cb59c1 - <core::result::Result<T, E>>::unwrap::h838e5fbd62ba8bab
Dec 01 06:25:29.001 INFO [stdout]                                at libcore/result.rs:808
Dec 01 06:25:29.001 INFO [stdout]   10:     0x560c74ca4dab - gh::git_hub::tests::build_test_request::hf14009bf445ba107
Dec 01 06:25:29.001 INFO [stdout]                                at src/git_hub/mod.rs:84
Dec 01 06:25:29.001 INFO [stdout]   11:     0x560c74ca58c0 - gh::git_hub::tests::test_add_base_headers::h9b5077319962d0ab
Dec 01 06:25:29.001 INFO [stdout]                                at src/git_hub/mod.rs:112
Dec 01 06:25:29.001 INFO [stdout]   12:     0x560c74ca5899 - gh::git_hub::tests::test_add_base_headers::{{closure}}::h3dbd80cb90c5b882
Dec 01 06:25:29.001 INFO [stdout]                                at src/git_hub/mod.rs:111
Dec 01 06:25:29.001 INFO [stdout]   13:     0x560c74ca613d - core::ops::function::FnOnce::call_once::h60c6e3c513b62b98
Dec 01 06:25:29.001 INFO [stdout]                                at libcore/ops/function.rs:238
Dec 01 06:25:29.001 INFO [stdout]   14:     0x560c74cc8fae - <F as alloc::boxed::FnBox<A>>::call_box::hbea525814fa423cc
Dec 01 06:25:29.001 INFO [stdout]                                at libtest/lib.rs:1461
Dec 01 06:25:29.001 INFO [stdout]                                at libcore/ops/function.rs:238
Dec 01 06:25:29.001 INFO [stdout]                                at liballoc/boxed.rs:646
Dec 01 06:25:29.001 INFO [stdout]   15:     0x560c74e0ec99 - __rust_maybe_catch_panic
Dec 01 06:25:29.001 INFO [stdout]                                at libpanic_unwind/lib.rs:103
Dec 01 06:25:29.001 INFO [stdout]   16:     0x560c74cd490d - std::sys_common::backtrace::__rust_begin_short_backtrace::h0ff507d7422944d3
Dec 01 06:25:29.001 INFO [stdout]                                at libstd/panicking.rs:289
Dec 01 06:25:29.001 INFO [stdout]                                at libstd/panic.rs:392
Dec 01 06:25:29.001 INFO [stdout]                                at libtest/lib.rs:1416
Dec 01 06:25:29.001 INFO [stdout]                                at libstd/sys_common/backtrace.rs:136
Dec 01 06:25:29.001 INFO [stdout]   17:     0x560c74cecf44 - std::panicking::try::do_call::hba0bdcc3670471cc
Dec 01 06:25:29.001 INFO [stdout]                                at libstd/thread/mod.rs:409
Dec 01 06:25:29.001 INFO [stdout]                                at libstd/panic.rs:313
Dec 01 06:25:29.001 INFO [stdout]                                at libstd/panicking.rs:310
Dec 01 06:25:29.001 INFO [stdout]   18:     0x560c74e0ec99 - __rust_maybe_catch_panic
Dec 01 06:25:29.001 INFO [stdout]                                at libpanic_unwind/lib.rs:103
Dec 01 06:25:29.001 INFO [stdout]   19:     0x560c74cdd816 - <F as alloc::boxed::FnBox<A>>::call_box::hdac52587b00591af
Dec 01 06:25:29.001 INFO [stdout]                                at libstd/panicking.rs:289
Dec 01 06:25:29.001 INFO [stdout]                                at libstd/panic.rs:392
Dec 01 06:25:29.001 INFO [stdout]                                at libstd/thread/mod.rs:408
Dec 01 06:25:29.001 INFO [stdout]                                at liballoc/boxed.rs:646
Dec 01 06:25:29.002 INFO [stdout]   20:     0x560c74e0184a - std::sys_common::thread::start_thread::h75d887c7d2cc4479
Dec 01 06:25:29.002 INFO [stdout]                                at liballoc/boxed.rs:656
Dec 01 06:25:29.002 INFO [stdout]                                at libstd/sys_common/thread.rs:24
Dec 01 06:25:29.002 INFO [stdout]   21:     0x560c74df13a5 - std::sys::unix::thread::Thread::new::thread_start::h8414caee632bf9ed
Dec 01 06:25:29.002 INFO [stdout]                                at libstd/sys/unix/thread.rs:90
Dec 01 06:25:29.002 INFO [stdout]   22:     0x7fe3afdd26b9 - start_thread
Dec 01 06:25:29.002 INFO [stdout]   23:     0x7fe3af8f241c - clone
Dec 01 06:25:29.002 INFO [stdout]   24:                0x0 - <unknown>
Dec 01 06:25:29.002 INFO [stdout] 
Dec 01 06:25:29.002 INFO [stdout] 
Dec 01 06:25:29.002 INFO [stdout] failures:
Dec 01 06:25:29.002 INFO [stdout]     git_hub::tests::test_add_auth_header
Dec 01 06:25:29.002 INFO [stdout]     git_hub::tests::test_add_base_headers
Dec 01 06:25:29.002 INFO [stdout]     git_hub::tests::test_add_headers
Dec 01 06:25:29.002 INFO [stdout] 
Dec 01 06:25:29.002 INFO [stdout] test result: FAILED. 8 passed; 3 failed; 0 ignored; 0 measured; 0 filtered out
Dec 01 06:25:29.002 INFO [stdout] 
Dec 01 06:25:29.002 INFO [stderr] error: test failed, to rerun pass '--bin gh'
Dec 01 06:25:29.002 INFO [stderr] su: No module specific data is present
Dec 01 06:25:29.825 INFO running `"docker" "inspect" "f13f0890b850ae60b2ff60b374866a37fc94f4c693341d26b819202912c951bc"`
Dec 01 06:25:30.057 INFO running `"docker" "rm" "-f" "f13f0890b850ae60b2ff60b374866a37fc94f4c693341d26b819202912c951bc"`
Dec 01 06:25:30.412 INFO [stdout] f13f0890b850ae60b2ff60b374866a37fc94f4c693341d26b819202912c951bc
