Dec 01 06:29:26.781 INFO testing paulkernfeld/ndarray-csv against 1.30.1 for beta-1.31-5
Dec 01 06:29:26.781 INFO running `"docker" "create" "-v" "/mnt/big/crater/work/local/target-dirs/beta-1.31-5/worker-6/1.30.1:/target:rw,Z" "-v" "/mnt/big/crater/work/local/test-source/worker-6/beta-1.31-5/1.30.1:/source:ro,Z" "-v" "/mnt/big/crater/work/local/cargo-home:/cargo-home:ro,Z" "-v" "/mnt/big/crater/work/local/rustup-home:/rustup-home:ro,Z" "-e" "USER_ID=1000" "-e" "SOURCE_DIR=/source" "-e" "USER_ID=1000" "-e" "CMD=cargo +1.30.1 build --frozen" "-e" "CARGO_TARGET_DIR=/target" "-e" "CARGO_INCREMENTAL=0" "-e" "RUST_BACKTRACE=full" "-e" "RUSTFLAGS=--cap-lints=warn" "-e" "CARGO_HOME=/cargo-home" "-e" "RUSTUP_HOME=/rustup-home" "-m" "1536M" "--network" "none" "crater"`
Dec 01 06:29:27.153 INFO [stdout] ff8787a82f339d45e1004fb071df90244d0bff5655420b060e342c699fbef8d3
Dec 01 06:29:27.153 INFO running `"docker" "start" "-a" "ff8787a82f339d45e1004fb071df90244d0bff5655420b060e342c699fbef8d3"`
Dec 01 06:29:28.599 INFO [stderr] usermod: no changes
Dec 01 06:29:28.694 INFO [stderr]    Compiling libc v0.2.44
Dec 01 06:29:28.695 INFO [stderr]    Compiling matrixmultiply v0.1.15
Dec 01 06:29:28.703 INFO [stderr]    Compiling ndarray v0.12.1
Dec 01 06:29:28.703 INFO [stderr]    Compiling memchr v2.1.1
Dec 01 06:29:28.703 INFO [stderr]    Compiling itertools v0.7.11
Dec 01 06:29:35.247 INFO [stderr]    Compiling csv-core v0.1.4
Dec 01 06:29:37.122 INFO [stderr]    Compiling csv v1.0.2
Dec 01 06:29:48.299 INFO [stderr]    Compiling ndarray-csv v0.3.1 (/source)
Dec 01 06:29:49.115 INFO [stderr]     Finished dev [unoptimized + debuginfo] target(s) in 20.49s
Dec 01 06:29:49.118 INFO [stderr] su: No module specific data is present
Dec 01 06:29:49.722 INFO running `"docker" "inspect" "ff8787a82f339d45e1004fb071df90244d0bff5655420b060e342c699fbef8d3"`
Dec 01 06:29:49.991 INFO running `"docker" "rm" "-f" "ff8787a82f339d45e1004fb071df90244d0bff5655420b060e342c699fbef8d3"`
Dec 01 06:29:50.283 INFO [stdout] ff8787a82f339d45e1004fb071df90244d0bff5655420b060e342c699fbef8d3
Dec 01 06:29:50.292 INFO running `"docker" "create" "-v" "/mnt/big/crater/work/local/target-dirs/beta-1.31-5/worker-6/1.30.1:/target:rw,Z" "-v" "/mnt/big/crater/work/local/test-source/worker-6/beta-1.31-5/1.30.1:/source:ro,Z" "-v" "/mnt/big/crater/work/local/cargo-home:/cargo-home:ro,Z" "-v" "/mnt/big/crater/work/local/rustup-home:/rustup-home:ro,Z" "-e" "USER_ID=1000" "-e" "SOURCE_DIR=/source" "-e" "USER_ID=1000" "-e" "CMD=cargo +1.30.1 test --frozen --no-run" "-e" "CARGO_TARGET_DIR=/target" "-e" "CARGO_INCREMENTAL=0" "-e" "RUST_BACKTRACE=full" "-e" "RUSTFLAGS=--cap-lints=warn" "-e" "CARGO_HOME=/cargo-home" "-e" "RUSTUP_HOME=/rustup-home" "-m" "1536M" "--network" "none" "crater"`
Dec 01 06:29:50.663 INFO [stdout] 3f64d9d05eb56d07bda3144f56c7735e7a244f12e4f588258590df9e1b01dfcc
Dec 01 06:29:50.671 INFO running `"docker" "start" "-a" "3f64d9d05eb56d07bda3144f56c7735e7a244f12e4f588258590df9e1b01dfcc"`
Dec 01 06:29:51.705 INFO [stderr] usermod: no changes
Dec 01 06:29:51.795 INFO [stderr]    Compiling ndarray-csv v0.3.1 (/source)
Dec 01 06:29:54.827 INFO [stderr]     Finished dev [unoptimized + debuginfo] target(s) in 3.08s
Dec 01 06:29:54.827 INFO [stderr] su: No module specific data is present
Dec 01 06:29:55.465 INFO running `"docker" "inspect" "3f64d9d05eb56d07bda3144f56c7735e7a244f12e4f588258590df9e1b01dfcc"`
Dec 01 06:29:55.743 INFO running `"docker" "rm" "-f" "3f64d9d05eb56d07bda3144f56c7735e7a244f12e4f588258590df9e1b01dfcc"`
Dec 01 06:29:56.054 INFO [stdout] 3f64d9d05eb56d07bda3144f56c7735e7a244f12e4f588258590df9e1b01dfcc
Dec 01 06:29:56.058 INFO running `"docker" "create" "-v" "/mnt/big/crater/work/local/target-dirs/beta-1.31-5/worker-6/1.30.1:/target:rw,Z" "-v" "/mnt/big/crater/work/local/test-source/worker-6/beta-1.31-5/1.30.1:/source:ro,Z" "-v" "/mnt/big/crater/work/local/cargo-home:/cargo-home:ro,Z" "-v" "/mnt/big/crater/work/local/rustup-home:/rustup-home:ro,Z" "-e" "USER_ID=1000" "-e" "SOURCE_DIR=/source" "-e" "USER_ID=1000" "-e" "CMD=cargo +1.30.1 test --frozen" "-e" "CARGO_TARGET_DIR=/target" "-e" "CARGO_INCREMENTAL=0" "-e" "RUST_BACKTRACE=full" "-e" "RUSTFLAGS=--cap-lints=warn" "-e" "CARGO_HOME=/cargo-home" "-e" "RUSTUP_HOME=/rustup-home" "-m" "1536M" "--network" "none" "crater"`
Dec 01 06:29:56.395 INFO [stdout] 30d35aec7d7500c3ce90cea28f7db21e8f0b0475daf1a3fab69e3d0d835be298
Dec 01 06:29:56.399 INFO running `"docker" "start" "-a" "30d35aec7d7500c3ce90cea28f7db21e8f0b0475daf1a3fab69e3d0d835be298"`
Dec 01 06:29:57.715 INFO [stderr] usermod: no changes
Dec 01 06:29:57.823 INFO [stderr]     Finished dev [unoptimized + debuginfo] target(s) in 0.06s
Dec 01 06:29:57.827 INFO [stderr]      Running /target/debug/deps/ndarray_csv-8ea3d9426cd9a515
Dec 01 06:29:57.827 INFO [stdout] 
Dec 01 06:29:57.827 INFO [stdout] running 9 tests
Dec 01 06:29:57.827 INFO [stdout] test tests::test_write_err ... ok
Dec 01 06:29:57.827 INFO [stdout] test tests::test_read_too_many_rows ... ok
Dec 01 06:29:57.831 INFO [stdout] test tests::test_read_too_many_columns ... ok
Dec 01 06:29:57.834 INFO [stdout] test tests::test_read_too_few_rows ... ok
Dec 01 06:29:57.835 INFO [stdout] test tests::test_read_float ... ok
Dec 01 06:29:57.839 INFO [stdout] test tests::test_read_too_few_columns ... ok
Dec 01 06:29:57.839 INFO [stderr]    Doc-tests ndarray-csv
Dec 01 06:29:57.839 INFO [stdout] test tests::test_write_ok ... ok
Dec 01 06:29:57.839 INFO [stdout] test tests::test_read_integer ... ok
Dec 01 06:29:57.839 INFO [stdout] test tests::test_read_csv_error ... ok
Dec 01 06:29:57.839 INFO [stdout] 
Dec 01 06:29:57.839 INFO [stdout] test result: ok. 9 passed; 0 failed; 0 ignored; 0 measured; 0 filtered out
Dec 01 06:29:57.839 INFO [stdout] 
Dec 01 06:29:58.671 INFO [stdout] 
Dec 01 06:29:58.671 INFO [stdout] running 1 test
Dec 01 06:30:01.228 INFO [stdout] test src/lib.rs -  (line 3) ... FAILED
Dec 01 06:30:01.228 INFO [stdout] 
Dec 01 06:30:01.228 INFO [stdout] failures:
Dec 01 06:30:01.228 INFO [stdout] 
Dec 01 06:30:01.228 INFO [stdout] ---- src/lib.rs -  (line 3) stdout ----
Dec 01 06:30:01.228 INFO [stdout] thread 'src/lib.rs -  (line 3)' panicked at 'test executable failed:
Dec 01 06:30:01.228 INFO [stdout] 
Dec 01 06:30:01.228 INFO [stdout] Error: Os { code: 30, kind: Other, message: "Read-only file system" }
Dec 01 06:30:01.228 INFO [stdout] 
Dec 01 06:30:01.228 INFO [stdout] ', librustdoc/test.rs:367:17
Dec 01 06:30:01.228 INFO [stdout] stack backtrace:
Dec 01 06:30:01.228 INFO [stdout]    0:     0x7f8a69bda7ce - std::sys::unix::backtrace::tracing::imp::unwind_backtrace::h15749a98198ba25f
Dec 01 06:30:01.228 INFO [stdout]                                at libstd/sys/unix/backtrace/tracing/gcc_s.rs:49
Dec 01 06:30:01.228 INFO [stdout]    1:     0x7f8a69bb3966 - std::sys_common::backtrace::print::h0ba65c811294dbf0
Dec 01 06:30:01.228 INFO [stdout]                                at libstd/sys_common/backtrace.rs:71
Dec 01 06:30:01.228 INFO [stdout]                                at libstd/sys_common/backtrace.rs:59
Dec 01 06:30:01.228 INFO [stdout]    2:     0x7f8a69bb15bd - std::panicking::default_hook::{{closure}}::h42bb31757f0fee64
Dec 01 06:30:01.228 INFO [stdout]                                at libstd/panicking.rs:211
Dec 01 06:30:01.228 INFO [stdout]    3:     0x7f8a69bb12cb - std::panicking::default_hook::hebc8848d7aa7dbd9
Dec 01 06:30:01.228 INFO [stdout]                                at libstd/panicking.rs:221
Dec 01 06:30:01.228 INFO [stdout]    4:     0x7f8a6bd246a1 - rustc::util::common::panic_hook::h9a39743bb116fb66
Dec 01 06:30:01.228 INFO [stdout]    5:     0x7f8a69bb1cc3 - std::panicking::rust_panic_with_hook::h86e619a638415243
Dec 01 06:30:01.228 INFO [stdout]                                at libstd/panicking.rs:481
Dec 01 06:30:01.228 INFO [stdout]    6:     0x7f8a69bb1829 - std::panicking::continue_panic_fmt::h2d2d2bfb065a70b2
Dec 01 06:30:01.228 INFO [stdout]                                at libstd/panicking.rs:391
Dec 01 06:30:01.228 INFO [stdout]    7:     0x7f8a69bb178d - std::panicking::begin_panic_fmt::ha5097e2056ef3d5a
Dec 01 06:30:01.229 INFO [stdout]                                at libstd/panicking.rs:346
Dec 01 06:30:01.229 INFO [stdout]    8:     0x55aa071a1473 - rustdoc::test::Collector::add_test::{{closure}}::{{closure}}::{{closure}}::h071753b32990ff99
Dec 01 06:30:01.229 INFO [stdout]                                at librustdoc/test.rs:367
Dec 01 06:30:01.229 INFO [stdout]                                at librustdoc/test.rs:564
Dec 01 06:30:01.229 INFO [stdout]    9:     0x55aa0715d990 - <scoped_tls::ScopedKey<T>>::set::h9896b6fe380ee541
Dec 01 06:30:01.229 INFO [stdout]                                at /cargo/registry/src/github.com-1ecc6299db9ec823/scoped-tls-0.1.2/src/lib.rs:155
Dec 01 06:30:01.229 INFO [stdout]                                at libsyntax/lib.rs:108
Dec 01 06:30:01.229 INFO [stdout]                                at /cargo/registry/src/github.com-1ecc6299db9ec823/scoped-tls-0.1.2/src/lib.rs:155
Dec 01 06:30:01.229 INFO [stdout]   10:     0x55aa06f865cd - syntax::with_globals::h851ff797fe7b24af
Dec 01 06:30:01.229 INFO [stdout]                                at libsyntax/lib.rs:107
Dec 01 06:30:01.229 INFO [stdout]   11:     0x55aa06fd6484 - std::panicking::try::do_call::h43316ef786a5afc6
Dec 01 06:30:01.229 INFO [stdout]                                at librustdoc/test.rs:561
Dec 01 06:30:01.229 INFO [stdout]                                at libstd/panic.rs:313
Dec 01 06:30:01.229 INFO [stdout]                                at libstd/panicking.rs:310
Dec 01 06:30:01.229 INFO [stdout]   12:     0x7f8a69bf15b9 - __rust_maybe_catch_panic
Dec 01 06:30:01.229 INFO [stdout]                                at libpanic_unwind/lib.rs:103
Dec 01 06:30:01.229 INFO [stdout]   13:     0x55aa0704cf03 - rustc_driver::in_named_rustc_thread::h7a18544b9923f524
Dec 01 06:30:01.229 INFO [stdout]                                at libstd/panicking.rs:289
Dec 01 06:30:01.229 INFO [stdout]                                at libstd/panic.rs:392
Dec 01 06:30:01.229 INFO [stdout]                                at librustc_driver/lib.rs:1574
Dec 01 06:30:01.229 INFO [stdout]   14:     0x55aa07179cfc - <F as alloc::boxed::FnBox<A>>::call_box::h2226feb604beb2d6
Dec 01 06:30:01.229 INFO [stdout]                                at librustdoc/test.rs:561
Dec 01 06:30:01.229 INFO [stdout]                                at liballoc/boxed.rs:646
Dec 01 06:30:01.229 INFO [stdout]   15:     0x7f8a6b23edf2 - <F as alloc::boxed::FnBox<A>>::call_box::hf3e9d4c572efaf22
Dec 01 06:30:01.229 INFO [stdout]                                at libtest/lib.rs:1454
Dec 01 06:30:01.229 INFO [stdout]                                at liballoc/boxed.rs:646
Dec 01 06:30:01.229 INFO [stdout]   16:     0x7f8a69bf15b9 - __rust_maybe_catch_panic
Dec 01 06:30:01.229 INFO [stdout]                                at libpanic_unwind/lib.rs:103
Dec 01 06:30:01.229 INFO [stdout]   17:     0x7f8a6b24c1ed - std::sys_common::backtrace::__rust_begin_short_backtrace::h0ff507d7422944d3
Dec 01 06:30:01.229 INFO [stdout]                                at libstd/panicking.rs:289
Dec 01 06:30:01.229 INFO [stdout]                                at libstd/panic.rs:392
Dec 01 06:30:01.229 INFO [stdout]                                at libtest/lib.rs:1416
Dec 01 06:30:01.229 INFO [stdout]                                at libstd/sys_common/backtrace.rs:136
Dec 01 06:30:01.229 INFO [stdout]   18:     0x7f8a6b269ff4 - std::panicking::try::do_call::hba0bdcc3670471cc
Dec 01 06:30:01.229 INFO [stdout]                                at libstd/thread/mod.rs:409
Dec 01 06:30:01.229 INFO [stdout]                                at libstd/panic.rs:313
Dec 01 06:30:01.229 INFO [stdout]                                at libstd/panicking.rs:310
Dec 01 06:30:01.229 INFO [stdout]   19:     0x7f8a69bf15b9 - __rust_maybe_catch_panic
Dec 01 06:30:01.229 INFO [stdout]                                at libpanic_unwind/lib.rs:103
Dec 01 06:30:01.229 INFO [stdout]   20:     0x7f8a6b256bd6 - <F as alloc::boxed::FnBox<A>>::call_box::hdac52587b00591af
Dec 01 06:30:01.229 INFO [stdout]                                at libstd/panicking.rs:289
Dec 01 06:30:01.229 INFO [stdout]                                at libstd/panic.rs:392
Dec 01 06:30:01.229 INFO [stdout]                                at libstd/thread/mod.rs:408
Dec 01 06:30:01.229 INFO [stdout]                                at liballoc/boxed.rs:646
Dec 01 06:30:01.229 INFO [stdout]   21:     0x7f8a69bdecca - std::sys_common::thread::start_thread::h75d887c7d2cc4479
Dec 01 06:30:01.229 INFO [stdout]                                at liballoc/boxed.rs:656
Dec 01 06:30:01.229 INFO [stdout]                                at libstd/sys_common/thread.rs:24
Dec 01 06:30:01.229 INFO [stdout]   22:     0x7f8a69bb28f5 - std::sys::unix::thread::Thread::new::thread_start::h8414caee632bf9ed
Dec 01 06:30:01.229 INFO [stdout]                                at libstd/sys/unix/thread.rs:90
Dec 01 06:30:01.229 INFO [stdout]   23:     0x7f8a699476b9 - start_thread
Dec 01 06:30:01.229 INFO [stdout]   24:     0x7f8a6946741c - clone
Dec 01 06:30:01.229 INFO [stdout]   25:                0x0 - <unknown>
Dec 01 06:30:01.229 INFO [stdout] query stack during panic:
Dec 01 06:30:01.229 INFO [stdout] end of query stack
Dec 01 06:30:01.229 INFO [stdout] 
Dec 01 06:30:01.229 INFO [stdout] 
Dec 01 06:30:01.229 INFO [stdout] failures:
Dec 01 06:30:01.229 INFO [stdout]     src/lib.rs -  (line 3)
Dec 01 06:30:01.229 INFO [stdout] 
Dec 01 06:30:01.229 INFO [stdout] test result: FAILED. 0 passed; 1 failed; 0 ignored; 0 measured; 0 filtered out
Dec 01 06:30:01.229 INFO [stdout] 
Dec 01 06:30:01.250 INFO [stderr] error: test failed, to rerun pass '--doc'
Dec 01 06:30:01.255 INFO [stderr] su: No module specific data is present
Dec 01 06:30:02.109 INFO running `"docker" "inspect" "30d35aec7d7500c3ce90cea28f7db21e8f0b0475daf1a3fab69e3d0d835be298"`
Dec 01 06:30:02.359 INFO running `"docker" "rm" "-f" "30d35aec7d7500c3ce90cea28f7db21e8f0b0475daf1a3fab69e3d0d835be298"`
Dec 01 06:30:02.623 INFO [stdout] 30d35aec7d7500c3ce90cea28f7db21e8f0b0475daf1a3fab69e3d0d835be298
