Dec 01 09:05:13.876 INFO testing mk12/wowcpe against 1.30.1 for beta-1.31-5
Dec 01 09:05:13.877 INFO running `"docker" "create" "-v" "/mnt/big/crater/work/local/target-dirs/beta-1.31-5/worker-4/1.30.1:/target:rw,Z" "-v" "/mnt/big/crater/work/local/test-source/worker-4/beta-1.31-5/1.30.1:/source:ro,Z" "-v" "/mnt/big/crater/work/local/cargo-home:/cargo-home:ro,Z" "-v" "/mnt/big/crater/work/local/rustup-home:/rustup-home:ro,Z" "-e" "USER_ID=1000" "-e" "SOURCE_DIR=/source" "-e" "USER_ID=1000" "-e" "CMD=cargo +1.30.1 build --frozen" "-e" "CARGO_TARGET_DIR=/target" "-e" "CARGO_INCREMENTAL=0" "-e" "RUST_BACKTRACE=full" "-e" "RUSTFLAGS=--cap-lints=warn" "-e" "CARGO_HOME=/cargo-home" "-e" "RUSTUP_HOME=/rustup-home" "-m" "1536M" "--network" "none" "crater"`
Dec 01 09:05:14.073 INFO [stdout] 75e2662e73927843628ef4b4cd14fb9493276d86567b98f01b85e70099da1c7a
Dec 01 09:05:14.075 INFO running `"docker" "start" "-a" "75e2662e73927843628ef4b4cd14fb9493276d86567b98f01b85e70099da1c7a"`
Dec 01 09:05:14.624 INFO [stderr] usermod: no changes
Dec 01 09:05:14.803 INFO [stderr]    Compiling utf8-ranges v0.1.3
Dec 01 09:05:14.819 INFO [stderr]    Compiling regex-syntax v0.3.9
Dec 01 09:05:14.821 INFO [stderr]    Compiling num-traits v0.1.39
Dec 01 09:05:14.824 INFO [stderr]    Compiling ego-tree v0.1.1
Dec 01 09:05:14.825 INFO [stderr]    Compiling openssl-probe v0.1.1
Dec 01 09:05:14.832 INFO [stderr]    Compiling marksman_escape v0.1.2
Dec 01 09:05:14.833 INFO [stderr]    Compiling memchr v0.1.11
Dec 01 09:05:14.834 INFO [stderr]    Compiling nodrop v0.1.9
Dec 01 09:05:16.518 INFO [stderr]    Compiling utf-8 v0.6.0
Dec 01 09:05:16.530 INFO [stderr]    Compiling openssl-sys v0.9.14
Dec 01 09:05:16.554 INFO [stderr]    Compiling curl-sys v0.3.14
Dec 01 09:05:16.567 INFO [stderr]    Compiling socket2 v0.2.1
Dec 01 09:05:17.751 INFO [stderr]    Compiling textwrap v0.6.0
Dec 01 09:05:17.795 INFO [stderr]    Compiling aho-corasick v0.5.3
Dec 01 09:05:21.911 INFO [stderr]    Compiling string_cache v0.2.29
Dec 01 09:05:21.919 INFO [stderr]    Compiling cssparser v0.5.8
Dec 01 09:05:21.967 INFO [stderr]    Compiling num-integer v0.1.34
Dec 01 09:05:21.995 INFO [stderr]    Compiling quickersort v2.2.0
Dec 01 09:05:22.728 INFO [stderr]    Compiling clap v2.25.0
Dec 01 09:05:22.797 INFO [stderr]    Compiling thread-id v2.0.0
Dec 01 09:05:24.239 INFO [stderr]    Compiling html5ever v0.5.4
Dec 01 09:05:25.275 INFO [stderr]    Compiling tendril v0.2.4
Dec 01 09:05:32.574 INFO [stderr]    Compiling thread_local v0.2.7
Dec 01 09:05:32.603 INFO [stderr]    Compiling num-iter v0.1.33
Dec 01 09:05:33.954 INFO [stderr]    Compiling num v0.1.39
Dec 01 09:05:34.307 INFO [stderr]    Compiling regex v0.1.80
Dec 01 09:05:35.235 INFO [stderr]    Compiling chrono v0.4.0
Dec 01 09:05:38.583 INFO [stderr]    Compiling selectors v0.5.9
Dec 01 09:05:39.668 INFO [stderr]    Compiling curl v0.4.7
Dec 01 09:05:53.107 INFO [stderr]    Compiling parse-zoneinfo v0.1.0
Dec 01 09:05:59.891 INFO [stderr]    Compiling chrono-tz v0.4.1
Dec 01 09:06:00.759 INFO [stderr]    Compiling scraper v0.4.0
Dec 01 09:06:13.351 INFO [stderr]    Compiling table-extract v0.2.1
Dec 01 09:06:29.029 INFO [stderr]    Compiling wowcpe v0.1.3 (/source)
Dec 01 09:06:34.733 INFO [stderr]     Finished dev [unoptimized + debuginfo] target(s) in 1m 20s
Dec 01 09:06:34.745 INFO [stderr] su: No module specific data is present
Dec 01 09:06:35.038 INFO running `"docker" "inspect" "75e2662e73927843628ef4b4cd14fb9493276d86567b98f01b85e70099da1c7a"`
Dec 01 09:06:35.140 INFO running `"docker" "rm" "-f" "75e2662e73927843628ef4b4cd14fb9493276d86567b98f01b85e70099da1c7a"`
Dec 01 09:06:35.222 INFO [stdout] 75e2662e73927843628ef4b4cd14fb9493276d86567b98f01b85e70099da1c7a
Dec 01 09:06:35.224 INFO running `"docker" "create" "-v" "/mnt/big/crater/work/local/target-dirs/beta-1.31-5/worker-4/1.30.1:/target:rw,Z" "-v" "/mnt/big/crater/work/local/test-source/worker-4/beta-1.31-5/1.30.1:/source:ro,Z" "-v" "/mnt/big/crater/work/local/cargo-home:/cargo-home:ro,Z" "-v" "/mnt/big/crater/work/local/rustup-home:/rustup-home:ro,Z" "-e" "USER_ID=1000" "-e" "SOURCE_DIR=/source" "-e" "USER_ID=1000" "-e" "CMD=cargo +1.30.1 test --frozen --no-run" "-e" "CARGO_TARGET_DIR=/target" "-e" "CARGO_INCREMENTAL=0" "-e" "RUST_BACKTRACE=full" "-e" "RUSTFLAGS=--cap-lints=warn" "-e" "CARGO_HOME=/cargo-home" "-e" "RUSTUP_HOME=/rustup-home" "-m" "1536M" "--network" "none" "crater"`
Dec 01 09:06:35.383 INFO [stdout] e7010dd448520817f15f605727a9d5d38b102d93e70fa0c08e285c0aa77880e8
Dec 01 09:06:35.388 INFO running `"docker" "start" "-a" "e7010dd448520817f15f605727a9d5d38b102d93e70fa0c08e285c0aa77880e8"`
Dec 01 09:06:35.814 INFO [stderr] usermod: no changes
Dec 01 09:06:35.958 INFO [stderr]    Compiling wowcpe v0.1.3 (/source)
Dec 01 09:06:40.211 INFO [stderr]     Finished dev [unoptimized + debuginfo] target(s) in 4.38s
Dec 01 09:06:40.219 INFO [stderr] su: No module specific data is present
Dec 01 09:06:40.558 INFO running `"docker" "inspect" "e7010dd448520817f15f605727a9d5d38b102d93e70fa0c08e285c0aa77880e8"`
Dec 01 09:06:40.634 INFO running `"docker" "rm" "-f" "e7010dd448520817f15f605727a9d5d38b102d93e70fa0c08e285c0aa77880e8"`
Dec 01 09:06:40.822 INFO [stdout] e7010dd448520817f15f605727a9d5d38b102d93e70fa0c08e285c0aa77880e8
Dec 01 09:06:40.826 INFO running `"docker" "create" "-v" "/mnt/big/crater/work/local/target-dirs/beta-1.31-5/worker-4/1.30.1:/target:rw,Z" "-v" "/mnt/big/crater/work/local/test-source/worker-4/beta-1.31-5/1.30.1:/source:ro,Z" "-v" "/mnt/big/crater/work/local/cargo-home:/cargo-home:ro,Z" "-v" "/mnt/big/crater/work/local/rustup-home:/rustup-home:ro,Z" "-e" "USER_ID=1000" "-e" "SOURCE_DIR=/source" "-e" "USER_ID=1000" "-e" "CMD=cargo +1.30.1 test --frozen" "-e" "CARGO_TARGET_DIR=/target" "-e" "CARGO_INCREMENTAL=0" "-e" "RUST_BACKTRACE=full" "-e" "RUSTFLAGS=--cap-lints=warn" "-e" "CARGO_HOME=/cargo-home" "-e" "RUSTUP_HOME=/rustup-home" "-m" "1536M" "--network" "none" "crater"`
Dec 01 09:06:41.278 INFO [stdout] 6ea478aea55ffba95c47c3cf263812d6964c4a5879fc12c98ab190f7b07d99db
Dec 01 09:06:41.280 INFO running `"docker" "start" "-a" "6ea478aea55ffba95c47c3cf263812d6964c4a5879fc12c98ab190f7b07d99db"`
Dec 01 09:06:42.299 INFO [stderr] usermod: no changes
Dec 01 09:06:42.603 INFO [stderr]     Finished dev [unoptimized + debuginfo] target(s) in 0.27s
Dec 01 09:06:42.615 INFO [stderr]      Running /target/debug/deps/wowcpe-2c15f831f736de73
Dec 01 09:06:42.623 INFO [stdout] 
Dec 01 09:06:42.623 INFO [stdout] running 15 tests
Dec 01 09:06:42.639 INFO [stdout] test tests::parse_field_some ... ok
Dec 01 09:06:42.639 INFO [stdout] test tests::test_get_url_pacific ... ok
Dec 01 09:06:42.639 INFO [stdout] test tests::parse_field_none ... ok
Dec 01 09:06:42.643 INFO [stdout] test tests::test_lookup_in_html_too_early ... ok
Dec 01 09:06:42.643 INFO [stdout] test tests::test_parse_eastern_time_eastern ... ok
Dec 01 09:06:42.643 INFO [stdout] test tests::test_lookup_in_html_parse_err ... ok
Dec 01 09:06:42.651 INFO [stdout] test tests::test_parse_eastern_time_ok ... ok
Dec 01 09:06:42.651 INFO [stdout] test tests::test_parse_eastern_time_pacific ... ok
Dec 01 09:06:42.651 INFO [stdout] test tests::test_eastern_eod ... ok
Dec 01 09:06:42.651 INFO [stdout] test tests::test_get_url_eastern ... ok
Dec 01 09:06:42.651 INFO [stdout] test tests::test_parse_eastern_time_err ... ok
Dec 01 09:06:42.651 INFO [stdout] test tests::test_validate_request_err ... ok
Dec 01 09:06:42.675 INFO [stdout] test tests::test_validate_request_ok ... ok
Dec 01 09:06:42.714 INFO [stdout] test tests::test_lookup_in_html_last ... FAILED
Dec 01 09:06:42.714 INFO [stdout] test tests::test_lookup_in_html_first ... FAILED
Dec 01 09:06:42.714 INFO [stdout] 
Dec 01 09:06:42.714 INFO [stdout] failures:
Dec 01 09:06:42.714 INFO [stdout] 
Dec 01 09:06:42.714 INFO [stdout] ---- tests::test_lookup_in_html_last stdout ----
Dec 01 09:06:42.714 INFO [stdout] thread 'tests::test_lookup_in_html_last' panicked at 'called `Result::unwrap()` on an `Err` value: HtmlParse', libcore/result.rs:1009:5
Dec 01 09:06:42.714 INFO [stdout] stack backtrace:
Dec 01 09:06:42.714 INFO [stdout]    0:     0x564f287b401e - std::sys::unix::backtrace::tracing::imp::unwind_backtrace::h15749a98198ba25f
Dec 01 09:06:42.714 INFO [stdout]                                at libstd/sys/unix/backtrace/tracing/gcc_s.rs:49
Dec 01 09:06:42.714 INFO [stdout]    1:     0x564f287a7386 - std::sys_common::backtrace::print::h0ba65c811294dbf0
Dec 01 09:06:42.714 INFO [stdout]                                at libstd/sys_common/backtrace.rs:71
Dec 01 09:06:42.714 INFO [stdout]                                at libstd/sys_common/backtrace.rs:59
Dec 01 09:06:42.714 INFO [stdout]    2:     0x564f287a57ad - std::panicking::default_hook::{{closure}}::h42bb31757f0fee64
Dec 01 09:06:42.714 INFO [stdout]                                at libstd/panicking.rs:211
Dec 01 09:06:42.714 INFO [stdout]    3:     0x564f287a54bb - std::panicking::default_hook::hebc8848d7aa7dbd9
Dec 01 09:06:42.714 INFO [stdout]                                at libstd/panicking.rs:221
Dec 01 09:06:42.714 INFO [stdout]    4:     0x564f287a5e5c - std::panicking::rust_panic_with_hook::h86e619a638415243
Dec 01 09:06:42.714 INFO [stdout]                                at libstd/panicking.rs:477
Dec 01 09:06:42.714 INFO [stdout]    5:     0x564f287a5a19 - std::panicking::continue_panic_fmt::h2d2d2bfb065a70b2
Dec 01 09:06:42.714 INFO [stdout]                                at libstd/panicking.rs:391
Dec 01 09:06:42.714 INFO [stdout]    6:     0x564f287a5915 - rust_begin_unwind
Dec 01 09:06:42.714 INFO [stdout]                                at libstd/panicking.rs:326
Dec 01 09:06:42.714 INFO [stdout]    7:     0x564f287f606b - core::panicking::panic_fmt::h2155aa66b67fe83c
Dec 01 09:06:42.714 INFO [stdout]                                at libcore/panicking.rs:77
Dec 01 09:06:42.714 INFO [stdout]    8:     0x564f2860e3f3 - core::result::unwrap_failed::h737269b843fe8279
Dec 01 09:06:42.714 INFO [stdout]                                at libcore/macros.rs:26
Dec 01 09:06:42.714 INFO [stdout]    9:     0x564f2860e131 - <core::result::Result<T, E>>::unwrap::h84886f26a512676a
Dec 01 09:06:42.714 INFO [stdout]                                at libcore/result.rs:808
Dec 01 09:06:42.714 INFO [stdout]   10:     0x564f2860845b - wowcpe::tests::test_lookup_in_html_last::h09dbd59fd0d1cb4f
Dec 01 09:06:42.714 INFO [stdout]                                at src/lib.rs:467
Dec 01 09:06:42.714 INFO [stdout]   11:     0x564f28608149 - wowcpe::tests::test_lookup_in_html_last::{{closure}}::hd41d75e735461385
Dec 01 09:06:42.714 INFO [stdout]                                at src/lib.rs:454
Dec 01 09:06:42.714 INFO [stdout]   12:     0x564f2860c84d - core::ops::function::FnOnce::call_once::hb14e9bacf33e738e
Dec 01 09:06:42.714 INFO [stdout]                                at libcore/ops/function.rs:238
Dec 01 09:06:42.714 INFO [stdout]   13:     0x564f2861afbe - <F as alloc::boxed::FnBox<A>>::call_box::hbea525814fa423cc
Dec 01 09:06:42.714 INFO [stdout]                                at libtest/lib.rs:1461
Dec 01 09:06:42.714 INFO [stdout]                                at libcore/ops/function.rs:238
Dec 01 09:06:42.714 INFO [stdout]                                at liballoc/boxed.rs:646
Dec 01 09:06:42.714 INFO [stdout]   14:     0x564f287c2c49 - __rust_maybe_catch_panic
Dec 01 09:06:42.714 INFO [stdout]                                at libpanic_unwind/lib.rs:103
Dec 01 09:06:42.714 INFO [stdout]   15:     0x564f2862691d - std::sys_common::backtrace::__rust_begin_short_backtrace::h0ff507d7422944d3
Dec 01 09:06:42.714 INFO [stdout]                                at libstd/panicking.rs:289
Dec 01 09:06:42.714 INFO [stdout]                                at libstd/panic.rs:392
Dec 01 09:06:42.714 INFO [stdout]                                at libtest/lib.rs:1416
Dec 01 09:06:42.715 INFO [stdout]                                at libstd/sys_common/backtrace.rs:136
Dec 01 09:06:42.715 INFO [stdout]   16:     0x564f2863ef54 - std::panicking::try::do_call::hba0bdcc3670471cc
Dec 01 09:06:42.715 INFO [stdout]                                at libstd/thread/mod.rs:409
Dec 01 09:06:42.715 INFO [stdout]                                at libstd/panic.rs:313
Dec 01 09:06:42.715 INFO [stdout]                                at libstd/panicking.rs:310
Dec 01 09:06:42.715 INFO [stdout]   17:     0x564f287c2c49 - __rust_maybe_catch_panic
Dec 01 09:06:42.715 INFO [stdout]                                at libpanic_unwind/lib.rs:103
Dec 01 09:06:42.715 INFO [stdout]   18:     0x564f2862f826 - <F as alloc::boxed::FnBox<A>>::call_box::hdac52587b00591af
Dec 01 09:06:42.715 INFO [stdout]                                at libstd/panicking.rs:289
Dec 01 09:06:42.715 INFO [stdout]                                at libstd/panic.rs:392
Dec 01 09:06:42.715 INFO [stdout]                                at libstd/thread/mod.rs:408
Dec 01 09:06:42.715 INFO [stdout]                                at liballoc/boxed.rs:646
Dec 01 09:06:42.715 INFO [stdout]   19:     0x564f287b594a - std::sys_common::thread::start_thread::h75d887c7d2cc4479
Dec 01 09:06:42.715 INFO [stdout]                                at liballoc/boxed.rs:656
Dec 01 09:06:42.715 INFO [stdout]                                at libstd/sys_common/thread.rs:24
Dec 01 09:06:42.715 INFO [stdout]   20:     0x564f287a65c5 - std::sys::unix::thread::Thread::new::thread_start::h8414caee632bf9ed
Dec 01 09:06:42.715 INFO [stdout]                                at libstd/sys/unix/thread.rs:90
Dec 01 09:06:42.715 INFO [stdout]   21:     0x7f4e2d5116b9 - start_thread
Dec 01 09:06:42.715 INFO [stdout]   22:     0x7f4e2d03141c - clone
Dec 01 09:06:42.715 INFO [stdout]   23:                0x0 - <unknown>
Dec 01 09:06:42.715 INFO [stdout] 
Dec 01 09:06:42.715 INFO [stdout] ---- tests::test_lookup_in_html_first stdout ----
Dec 01 09:06:42.715 INFO [stdout] thread 'tests::test_lookup_in_html_first' panicked at 'called `Result::unwrap()` on an `Err` value: HtmlParse', libcore/result.rs:1009:5
Dec 01 09:06:42.715 INFO [stdout] stack backtrace:
Dec 01 09:06:42.715 INFO [stdout]    0:     0x564f287b401e - std::sys::unix::backtrace::tracing::imp::unwind_backtrace::h15749a98198ba25f
Dec 01 09:06:42.715 INFO [stdout]                                at libstd/sys/unix/backtrace/tracing/gcc_s.rs:49
Dec 01 09:06:42.715 INFO [stdout]    1:     0x564f287a7386 - std::sys_common::backtrace::print::h0ba65c811294dbf0
Dec 01 09:06:42.715 INFO [stdout]                                at libstd/sys_common/backtrace.rs:71
Dec 01 09:06:42.715 INFO [stdout]                                at libstd/sys_common/backtrace.rs:59
Dec 01 09:06:42.715 INFO [stdout]    2:     0x564f287a57ad - std::panicking::default_hook::{{closure}}::h42bb31757f0fee64
Dec 01 09:06:42.715 INFO [stdout]                                at libstd/panicking.rs:211
Dec 01 09:06:42.715 INFO [stdout]    3:     0x564f287a54bb - std::panicking::default_hook::hebc8848d7aa7dbd9
Dec 01 09:06:42.715 INFO [stdout]                                at libstd/panicking.rs:221
Dec 01 09:06:42.715 INFO [stdout]    4:     0x564f287a5e5c - std::panicking::rust_panic_with_hook::h86e619a638415243
Dec 01 09:06:42.715 INFO [stdout]                                at libstd/panicking.rs:477
Dec 01 09:06:42.715 INFO [stdout]    5:     0x564f287a5a19 - std::panicking::continue_panic_fmt::h2d2d2bfb065a70b2
Dec 01 09:06:42.715 INFO [stdout]                                at libstd/panicking.rs:391
Dec 01 09:06:42.715 INFO [stdout]    6:     0x564f287a5915 - rust_begin_unwind
Dec 01 09:06:42.715 INFO [stdout]                                at libstd/panicking.rs:326
Dec 01 09:06:42.715 INFO [stdout]    7:     0x564f287f606b - core::panicking::panic_fmt::h2155aa66b67fe83c
Dec 01 09:06:42.715 INFO [stdout]                                at libcore/panicking.rs:77
Dec 01 09:06:42.715 INFO [stdout]    8:     0x564f2860e3f3 - core::result::unwrap_failed::h737269b843fe8279
Dec 01 09:06:42.715 INFO [stdout]                                at libcore/macros.rs:26
Dec 01 09:06:42.715 INFO [stdout]    9:     0x564f2860e131 - <core::result::Result<T, E>>::unwrap::h84886f26a512676a
Dec 01 09:06:42.715 INFO [stdout]                                at libcore/result.rs:808
Dec 01 09:06:42.715 INFO [stdout]   10:     0x564f28607a1b - wowcpe::tests::test_lookup_in_html_first::hbe55e1e2d6e3d8af
Dec 01 09:06:42.715 INFO [stdout]                                at src/lib.rs:444
Dec 01 09:06:42.715 INFO [stdout]   11:     0x564f28607709 - wowcpe::tests::test_lookup_in_html_first::{{closure}}::hd5e7f97a1ebdf070
Dec 01 09:06:42.715 INFO [stdout]                                at src/lib.rs:431
Dec 01 09:06:42.715 INFO [stdout]   12:     0x564f2860c6cd - core::ops::function::FnOnce::call_once::h142a8751d738784b
Dec 01 09:06:42.715 INFO [stdout]                                at libcore/ops/function.rs:238
Dec 01 09:06:42.715 INFO [stdout]   13:     0x564f2861afbe - <F as alloc::boxed::FnBox<A>>::call_box::hbea525814fa423cc
Dec 01 09:06:42.715 INFO [stdout]                                at libtest/lib.rs:1461
Dec 01 09:06:42.715 INFO [stdout]                                at libcore/ops/function.rs:238
Dec 01 09:06:42.715 INFO [stdout]                                at liballoc/boxed.rs:646
Dec 01 09:06:42.715 INFO [stdout]   14:     0x564f287c2c49 - __rust_maybe_catch_panic
Dec 01 09:06:42.715 INFO [stdout]                                at libpanic_unwind/lib.rs:103
Dec 01 09:06:42.715 INFO [stdout]   15:     0x564f2862691d - std::sys_common::backtrace::__rust_begin_short_backtrace::h0ff507d7422944d3
Dec 01 09:06:42.715 INFO [stdout]                                at libstd/panicking.rs:289
Dec 01 09:06:42.715 INFO [stdout]                                at libstd/panic.rs:392
Dec 01 09:06:42.715 INFO [stdout]                                at libtest/lib.rs:1416
Dec 01 09:06:42.715 INFO [stdout]                                at libstd/sys_common/backtrace.rs:136
Dec 01 09:06:42.715 INFO [stdout]   16:     0x564f2863ef54 - std::panicking::try::do_call::hba0bdcc3670471cc
Dec 01 09:06:42.715 INFO [stdout]                                at libstd/thread/mod.rs:409
Dec 01 09:06:42.715 INFO [stdout]                                at libstd/panic.rs:313
Dec 01 09:06:42.715 INFO [stdout]                                at libstd/panicking.rs:310
Dec 01 09:06:42.715 INFO [stdout]   17:     0x564f287c2c49 - __rust_maybe_catch_panic
Dec 01 09:06:42.715 INFO [stdout]                                at libpanic_unwind/lib.rs:103
Dec 01 09:06:42.715 INFO [stdout]   18:     0x564f2862f826 - <F as alloc::boxed::FnBox<A>>::call_box::hdac52587b00591af
Dec 01 09:06:42.715 INFO [stdout]                                at libstd/panicking.rs:289
Dec 01 09:06:42.715 INFO [stdout]                                at libstd/panic.rs:392
Dec 01 09:06:42.715 INFO [stdout]                                at libstd/thread/mod.rs:408
Dec 01 09:06:42.715 INFO [stdout]                                at liballoc/boxed.rs:646
Dec 01 09:06:42.715 INFO [stdout]   19:     0x564f287b594a - std::sys_common::thread::start_thread::h75d887c7d2cc4479
Dec 01 09:06:42.715 INFO [stdout]                                at liballoc/boxed.rs:656
Dec 01 09:06:42.715 INFO [stdout]                                at libstd/sys_common/thread.rs:24
Dec 01 09:06:42.715 INFO [stdout]   20:     0x564f287a65c5 - std::sys::unix::thread::Thread::new::thread_start::h8414caee632bf9ed
Dec 01 09:06:42.715 INFO [stdout]                                at libstd/sys/unix/thread.rs:90
Dec 01 09:06:42.715 INFO [stdout]   21:     0x7f4e2d5116b9 - start_thread
Dec 01 09:06:42.715 INFO [stdout]   22:     0x7f4e2d03141c - clone
Dec 01 09:06:42.715 INFO [stdout]   23:                0x0 - <unknown>
Dec 01 09:06:42.715 INFO [stdout] 
Dec 01 09:06:42.715 INFO [stdout] 
Dec 01 09:06:42.715 INFO [stdout] failures:
Dec 01 09:06:42.715 INFO [stdout]     tests::test_lookup_in_html_first
Dec 01 09:06:42.715 INFO [stdout]     tests::test_lookup_in_html_last
Dec 01 09:06:42.715 INFO [stdout] 
Dec 01 09:06:42.715 INFO [stdout] test result: FAILED. 13 passed; 2 failed; 0 ignored; 0 measured; 0 filtered out
Dec 01 09:06:42.715 INFO [stdout] 
Dec 01 09:06:42.723 INFO [stderr] error: test failed, to rerun pass '--lib'
Dec 01 09:06:42.726 INFO [stderr] su: No module specific data is present
Dec 01 09:06:43.264 INFO running `"docker" "inspect" "6ea478aea55ffba95c47c3cf263812d6964c4a5879fc12c98ab190f7b07d99db"`
Dec 01 09:06:43.599 INFO running `"docker" "rm" "-f" "6ea478aea55ffba95c47c3cf263812d6964c4a5879fc12c98ab190f7b07d99db"`
Dec 01 09:06:43.879 INFO [stdout] 6ea478aea55ffba95c47c3cf263812d6964c4a5879fc12c98ab190f7b07d99db
