Dec 01 10:16:48.544 INFO testing mardiros/cabot against 1.30.1 for beta-1.31-5
Dec 01 10:16:48.544 INFO running `"docker" "create" "-v" "/mnt/big/crater/work/local/target-dirs/beta-1.31-5/worker-5/1.30.1:/target:rw,Z" "-v" "/mnt/big/crater/work/local/test-source/worker-5/beta-1.31-5/1.30.1:/source:ro,Z" "-v" "/mnt/big/crater/work/local/cargo-home:/cargo-home:ro,Z" "-v" "/mnt/big/crater/work/local/rustup-home:/rustup-home:ro,Z" "-e" "USER_ID=1000" "-e" "SOURCE_DIR=/source" "-e" "USER_ID=1000" "-e" "CMD=cargo +1.30.1 build --frozen" "-e" "CARGO_TARGET_DIR=/target" "-e" "CARGO_INCREMENTAL=0" "-e" "RUST_BACKTRACE=full" "-e" "RUSTFLAGS=--cap-lints=warn" "-e" "CARGO_HOME=/cargo-home" "-e" "RUSTUP_HOME=/rustup-home" "-m" "1536M" "--network" "none" "crater"`
Dec 01 10:16:49.050 INFO [stdout] 2cb3a0466cc3893a4d99e9d01ce990a18b79fe9c10cd048ab8688a28214a313c
Dec 01 10:16:49.052 INFO running `"docker" "start" "-a" "2cb3a0466cc3893a4d99e9d01ce990a18b79fe9c10cd048ab8688a28214a313c"`
Dec 01 10:16:50.414 INFO [stderr] usermod: no changes
Dec 01 10:16:50.611 INFO [stderr]    Compiling ring v0.13.2
Dec 01 10:16:50.631 INFO [stderr]    Compiling pretty_env_logger v0.2.5
Dec 01 10:16:57.175 INFO [stderr]    Compiling webpki v0.18.1
Dec 01 10:16:57.175 INFO [stderr]    Compiling sct v0.4.0
Dec 01 10:16:59.283 INFO [stderr]    Compiling webpki-roots v0.15.0
Dec 01 10:16:59.283 INFO [stderr]    Compiling rustls v0.14.0
Dec 01 10:17:13.596 INFO [stderr]    Compiling cabot v0.2.0 (/source)
Dec 01 10:17:22.178 INFO [stderr]     Finished dev [unoptimized + debuginfo] target(s) in 31.73s
Dec 01 10:17:22.186 INFO [stderr] su: No module specific data is present
Dec 01 10:17:23.635 INFO running `"docker" "inspect" "2cb3a0466cc3893a4d99e9d01ce990a18b79fe9c10cd048ab8688a28214a313c"`
Dec 01 10:17:24.077 INFO running `"docker" "rm" "-f" "2cb3a0466cc3893a4d99e9d01ce990a18b79fe9c10cd048ab8688a28214a313c"`
Dec 01 10:17:24.499 INFO [stdout] 2cb3a0466cc3893a4d99e9d01ce990a18b79fe9c10cd048ab8688a28214a313c
Dec 01 10:17:24.507 INFO running `"docker" "create" "-v" "/mnt/big/crater/work/local/target-dirs/beta-1.31-5/worker-5/1.30.1:/target:rw,Z" "-v" "/mnt/big/crater/work/local/test-source/worker-5/beta-1.31-5/1.30.1:/source:ro,Z" "-v" "/mnt/big/crater/work/local/cargo-home:/cargo-home:ro,Z" "-v" "/mnt/big/crater/work/local/rustup-home:/rustup-home:ro,Z" "-e" "USER_ID=1000" "-e" "SOURCE_DIR=/source" "-e" "USER_ID=1000" "-e" "CMD=cargo +1.30.1 test --frozen --no-run" "-e" "CARGO_TARGET_DIR=/target" "-e" "CARGO_INCREMENTAL=0" "-e" "RUST_BACKTRACE=full" "-e" "RUSTFLAGS=--cap-lints=warn" "-e" "CARGO_HOME=/cargo-home" "-e" "RUSTUP_HOME=/rustup-home" "-m" "1536M" "--network" "none" "crater"`
Dec 01 10:17:25.037 INFO [stdout] e6631a912d57a4ce189a9462440287c7aba9f3592847e199a7be254c7718d6a6
Dec 01 10:17:25.039 INFO running `"docker" "start" "-a" "e6631a912d57a4ce189a9462440287c7aba9f3592847e199a7be254c7718d6a6"`
Dec 01 10:17:27.327 INFO [stderr] usermod: no changes
Dec 01 10:17:27.535 INFO [stderr]    Compiling cabot v0.2.0 (/source)
Dec 01 10:17:33.554 INFO [stderr]     Finished dev [unoptimized + debuginfo] target(s) in 6.18s
Dec 01 10:17:33.569 INFO [stderr] su: No module specific data is present
Dec 01 10:17:34.827 INFO running `"docker" "inspect" "e6631a912d57a4ce189a9462440287c7aba9f3592847e199a7be254c7718d6a6"`
Dec 01 10:17:35.117 INFO running `"docker" "rm" "-f" "e6631a912d57a4ce189a9462440287c7aba9f3592847e199a7be254c7718d6a6"`
Dec 01 10:17:35.523 INFO [stdout] e6631a912d57a4ce189a9462440287c7aba9f3592847e199a7be254c7718d6a6
Dec 01 10:17:35.525 INFO running `"docker" "create" "-v" "/mnt/big/crater/work/local/target-dirs/beta-1.31-5/worker-5/1.30.1:/target:rw,Z" "-v" "/mnt/big/crater/work/local/test-source/worker-5/beta-1.31-5/1.30.1:/source:ro,Z" "-v" "/mnt/big/crater/work/local/cargo-home:/cargo-home:ro,Z" "-v" "/mnt/big/crater/work/local/rustup-home:/rustup-home:ro,Z" "-e" "USER_ID=1000" "-e" "SOURCE_DIR=/source" "-e" "USER_ID=1000" "-e" "CMD=cargo +1.30.1 test --frozen" "-e" "CARGO_TARGET_DIR=/target" "-e" "CARGO_INCREMENTAL=0" "-e" "RUST_BACKTRACE=full" "-e" "RUSTFLAGS=--cap-lints=warn" "-e" "CARGO_HOME=/cargo-home" "-e" "RUSTUP_HOME=/rustup-home" "-m" "1536M" "--network" "none" "crater"`
Dec 01 10:17:35.931 INFO [stdout] c9a0472b8dbf69a24faf13f8f03c2cbe433fdd7d8e0d5d456e403e3fe0e87cd5
Dec 01 10:17:35.933 INFO running `"docker" "start" "-a" "c9a0472b8dbf69a24faf13f8f03c2cbe433fdd7d8e0d5d456e403e3fe0e87cd5"`
Dec 01 10:17:37.846 INFO [stderr] usermod: no changes
Dec 01 10:17:38.054 INFO [stderr]     Finished dev [unoptimized + debuginfo] target(s) in 0.19s
Dec 01 10:17:38.061 INFO [stderr]      Running /target/debug/deps/cabot-748e3d08844087e4
Dec 01 10:17:38.067 INFO [stdout] 
Dec 01 10:17:38.067 INFO [stdout] running 14 tests
Dec 01 10:17:38.071 INFO [stdout] test client::tests::test_build_http_no_response_body ... ok
Dec 01 10:17:38.071 INFO [stdout] test client::tests::test_build_http_header_obsolete_line_folding_tab ... ok
Dec 01 10:17:38.071 INFO [stdout] test client::tests::test_build_http_header_obsolete_line_folding ... ok
Dec 01 10:17:38.071 INFO [stdout] test constants::tests::test_user_agent ... ok
Dec 01 10:17:38.071 INFO [stdout] test client::tests::test_build_http_response_from_string ... ok
Dec 01 10:17:38.071 INFO [stdout] test request::tests::test_get_request_to_string ... ok
Dec 01 10:17:38.071 INFO [stdout] test request::tests::test_get_request_with_headers_to_string ... ok
Dec 01 10:17:38.071 INFO [stdout] test request::tests::test_request_builder_complete ... ok
Dec 01 10:17:38.071 INFO [stdout] test request::tests::test_request_builder_simple ... ok
Dec 01 10:17:38.071 INFO [stdout] test request::tests::test_post_request_with_headers_to_string ... ok
Dec 01 10:17:38.071 INFO [stdout] test response::tests::test_build_response_ok ... ok
Dec 01 10:17:38.071 INFO [stdout] test response::tests::test_response_ok ... ok
Dec 01 10:17:38.071 INFO [stdout] test response::tests::test_response_ok_no_body ... ok
Dec 01 10:17:38.079 INFO [stderr]      Running /target/debug/deps/cabot-f9e31acb5ba07162
Dec 01 10:17:38.079 INFO [stdout] test request::tests::test_get_request_with_host_to_string ... ok
Dec 01 10:17:38.079 INFO [stdout] 
Dec 01 10:17:38.079 INFO [stdout] test result: ok. 14 passed; 0 failed; 0 ignored; 0 measured; 0 filtered out
Dec 01 10:17:38.079 INFO [stdout] 
Dec 01 10:17:38.079 INFO [stdout] 
Dec 01 10:17:38.079 INFO [stdout] running 0 tests
Dec 01 10:17:38.088 INFO [stdout] 
Dec 01 10:17:38.088 INFO [stdout] test result: ok. 0 passed; 0 failed; 0 ignored; 0 measured; 0 filtered out
Dec 01 10:17:38.088 INFO [stdout] 
Dec 01 10:17:38.088 INFO [stderr]    Doc-tests cabot
Dec 01 10:17:39.683 INFO [stdout] 
Dec 01 10:17:39.683 INFO [stdout] running 3 tests
Dec 01 10:17:47.267 INFO [stdout] test src/request.rs - request (line 4) ... ok
Dec 01 10:17:48.663 INFO [stdout] test src/response.rs - response (line 6) ... ok
Dec 01 10:17:48.757 INFO [stdout] test src/lib.rs -  (line 23) ... FAILED
Dec 01 10:17:48.757 INFO [stdout] 
Dec 01 10:17:48.757 INFO [stdout] failures:
Dec 01 10:17:48.757 INFO [stdout] 
Dec 01 10:17:48.757 INFO [stdout] ---- src/lib.rs -  (line 23) stdout ----
Dec 01 10:17:48.757 INFO [stdout] thread 'src/lib.rs -  (line 23)' panicked at 'test executable failed:
Dec 01 10:17:48.757 INFO [stdout] 
Dec 01 10:17:48.757 INFO [stdout] thread 'main' panicked at 'called `Result::unwrap()` on an `Err` value: IOError(Custom { kind: Other, error: StringError("failed to lookup address information: Temporary failure in name resolution") })', libcore/result.rs:1009:5
Dec 01 10:17:48.757 INFO [stdout] stack backtrace:
Dec 01 10:17:48.757 INFO [stdout]    0:     0x5556a2c0194e - std::sys::unix::backtrace::tracing::imp::unwind_backtrace::h15749a98198ba25f
Dec 01 10:17:48.757 INFO [stdout]                                at libstd/sys/unix/backtrace/tracing/gcc_s.rs:49
Dec 01 10:17:48.757 INFO [stdout]    1:     0x5556a2bf76a6 - std::sys_common::backtrace::print::h0ba65c811294dbf0
Dec 01 10:17:48.757 INFO [stdout]                                at libstd/sys_common/backtrace.rs:71
Dec 01 10:17:48.757 INFO [stdout]                                at libstd/sys_common/backtrace.rs:59
Dec 01 10:17:48.757 INFO [stdout]    2:     0x5556a2bf5f9d - std::panicking::default_hook::{{closure}}::h42bb31757f0fee64
Dec 01 10:17:48.757 INFO [stdout]                                at libstd/panicking.rs:211
Dec 01 10:17:48.757 INFO [stdout]    3:     0x5556a2bf5d10 - std::panicking::default_hook::hebc8848d7aa7dbd9
Dec 01 10:17:48.757 INFO [stdout]                                at libstd/panicking.rs:227
Dec 01 10:17:48.758 INFO [stdout]    4:     0x5556a2bf65ec - std::panicking::rust_panic_with_hook::h86e619a638415243
Dec 01 10:17:48.758 INFO [stdout]                                at libstd/panicking.rs:477
Dec 01 10:17:48.758 INFO [stdout]    5:     0x5556a2bf61a9 - std::panicking::continue_panic_fmt::h2d2d2bfb065a70b2
Dec 01 10:17:48.758 INFO [stdout]                                at libstd/panicking.rs:391
Dec 01 10:17:48.758 INFO [stdout]    6:     0x5556a2bf60a5 - rust_begin_unwind
Dec 01 10:17:48.758 INFO [stdout]                                at libstd/panicking.rs:326
Dec 01 10:17:48.758 INFO [stdout]    7:     0x5556a2c400cb - core::panicking::panic_fmt::h2155aa66b67fe83c
Dec 01 10:17:48.758 INFO [stdout]                                at libcore/panicking.rs:77
Dec 01 10:17:48.758 INFO [stdout]    8:     0x5556a27e2fd0 - core::result::unwrap_failed::h0b00415381c735d0
Dec 01 10:17:48.758 INFO [stdout]    9:     0x5556a27e2cdd - <core::result::Result<T, E>>::unwrap::h5324613ec1d06f5e
Dec 01 10:17:48.758 INFO [stdout]   10:     0x5556a27e39ba - rust_out::main::h944e552f3f67b4ba
Dec 01 10:17:48.758 INFO [stdout]   11:     0x5556a27e3bc2 - std::rt::lang_start::{{closure}}::h728c831e7cc482ed
Dec 01 10:17:48.758 INFO [stdout]   12:     0x5556a2bf6042 - std::panicking::try::do_call::h47665672c57b11e4
Dec 01 10:17:48.758 INFO [stdout]                                at libstd/rt.rs:59
Dec 01 10:17:48.758 INFO [stdout]                                at libstd/panicking.rs:310
Dec 01 10:17:48.758 INFO [stdout]   13:     0x5556a2c0fba9 - __rust_maybe_catch_panic
Dec 01 10:17:48.758 INFO [stdout]                                at libpanic_unwind/lib.rs:103
Dec 01 10:17:48.758 INFO [stdout]   14:     0x5556a2bfd365 - std::rt::lang_start_internal::had9505969b8e20a2
Dec 01 10:17:48.758 INFO [stdout]                                at libstd/panicking.rs:289
Dec 01 10:17:48.758 INFO [stdout]                                at libstd/panic.rs:392
Dec 01 10:17:48.758 INFO [stdout]                                at libstd/rt.rs:58
Dec 01 10:17:48.758 INFO [stdout]   15:     0x5556a27e3ba3 - std::rt::lang_start::hcf64ef8c79b4db31
Dec 01 10:17:48.758 INFO [stdout]   16:     0x5556a27e3b5a - main
Dec 01 10:17:48.758 INFO [stdout]   17:     0x7fba06c7e82f - __libc_start_main
Dec 01 10:17:48.758 INFO [stdout]   18:     0x5556a27e28a8 - _start
Dec 01 10:17:48.758 INFO [stdout]   19:                0x0 - <unknown>
Dec 01 10:17:48.758 INFO [stdout] 
Dec 01 10:17:48.758 INFO [stdout] ', librustdoc/test.rs:367:17
Dec 01 10:17:48.758 INFO [stdout] stack backtrace:
Dec 01 10:17:48.758 INFO [stdout]    0:     0x7faf661137ce - std::sys::unix::backtrace::tracing::imp::unwind_backtrace::h15749a98198ba25f
Dec 01 10:17:48.758 INFO [stdout]                                at libstd/sys/unix/backtrace/tracing/gcc_s.rs:49
Dec 01 10:17:48.758 INFO [stdout]    1:     0x7faf660ec966 - std::sys_common::backtrace::print::h0ba65c811294dbf0
Dec 01 10:17:48.758 INFO [stdout]                                at libstd/sys_common/backtrace.rs:71
Dec 01 10:17:48.758 INFO [stdout]                                at libstd/sys_common/backtrace.rs:59
Dec 01 10:17:48.758 INFO [stdout]    2:     0x7faf660ea5bd - std::panicking::default_hook::{{closure}}::h42bb31757f0fee64
Dec 01 10:17:48.758 INFO [stdout]                                at libstd/panicking.rs:211
Dec 01 10:17:48.758 INFO [stdout]    3:     0x7faf660ea2cb - std::panicking::default_hook::hebc8848d7aa7dbd9
Dec 01 10:17:48.758 INFO [stdout]                                at libstd/panicking.rs:221
Dec 01 10:17:48.758 INFO [stdout]    4:     0x7faf6825d6a1 - rustc::util::common::panic_hook::h9a39743bb116fb66
Dec 01 10:17:48.758 INFO [stdout]    5:     0x7faf660eacc3 - std::panicking::rust_panic_with_hook::h86e619a638415243
Dec 01 10:17:48.758 INFO [stdout]                                at libstd/panicking.rs:481
Dec 01 10:17:48.758 INFO [stdout]    6:     0x7faf660ea829 - std::panicking::continue_panic_fmt::h2d2d2bfb065a70b2
Dec 01 10:17:48.758 INFO [stdout]                                at libstd/panicking.rs:391
Dec 01 10:17:48.758 INFO [stdout]    7:     0x7faf660ea78d - std::panicking::begin_panic_fmt::ha5097e2056ef3d5a
Dec 01 10:17:48.758 INFO [stdout]                                at libstd/panicking.rs:346
Dec 01 10:17:48.758 INFO [stdout]    8:     0x559bb215a473 - rustdoc::test::Collector::add_test::{{closure}}::{{closure}}::{{closure}}::h071753b32990ff99
Dec 01 10:17:48.758 INFO [stdout]                                at librustdoc/test.rs:367
Dec 01 10:17:48.758 INFO [stdout]                                at librustdoc/test.rs:564
Dec 01 10:17:48.758 INFO [stdout]    9:     0x559bb2116990 - <scoped_tls::ScopedKey<T>>::set::h9896b6fe380ee541
Dec 01 10:17:48.758 INFO [stdout]                                at /cargo/registry/src/github.com-1ecc6299db9ec823/scoped-tls-0.1.2/src/lib.rs:155
Dec 01 10:17:48.758 INFO [stdout]                                at libsyntax/lib.rs:108
Dec 01 10:17:48.758 INFO [stdout]                                at /cargo/registry/src/github.com-1ecc6299db9ec823/scoped-tls-0.1.2/src/lib.rs:155
Dec 01 10:17:48.758 INFO [stdout]   10:     0x559bb1f3f5cd - syntax::with_globals::h851ff797fe7b24af
Dec 01 10:17:48.758 INFO [stdout]                                at libsyntax/lib.rs:107
Dec 01 10:17:48.758 INFO [stdout]   11:     0x559bb1f8f484 - std::panicking::try::do_call::h43316ef786a5afc6
Dec 01 10:17:48.758 INFO [stdout]                                at librustdoc/test.rs:561
Dec 01 10:17:48.758 INFO [stdout]                                at libstd/panic.rs:313
Dec 01 10:17:48.758 INFO [stdout]                                at libstd/panicking.rs:310
Dec 01 10:17:48.758 INFO [stdout]   12:     0x7faf6612a5b9 - __rust_maybe_catch_panic
Dec 01 10:17:48.758 INFO [stdout]                                at libpanic_unwind/lib.rs:103
Dec 01 10:17:48.758 INFO [stdout]   13:     0x559bb2005f03 - rustc_driver::in_named_rustc_thread::h7a18544b9923f524
Dec 01 10:17:48.758 INFO [stdout]                                at libstd/panicking.rs:289
Dec 01 10:17:48.758 INFO [stdout]                                at libstd/panic.rs:392
Dec 01 10:17:48.758 INFO [stdout]                                at librustc_driver/lib.rs:1574
Dec 01 10:17:48.758 INFO [stdout]   14:     0x559bb2132cfc - <F as alloc::boxed::FnBox<A>>::call_box::h2226feb604beb2d6
Dec 01 10:17:48.758 INFO [stdout]                                at librustdoc/test.rs:561
Dec 01 10:17:48.758 INFO [stdout]                                at liballoc/boxed.rs:646
Dec 01 10:17:48.758 INFO [stdout]   15:     0x7faf67777df2 - <F as alloc::boxed::FnBox<A>>::call_box::hf3e9d4c572efaf22
Dec 01 10:17:48.758 INFO [stdout]                                at libtest/lib.rs:1454
Dec 01 10:17:48.758 INFO [stdout]                                at liballoc/boxed.rs:646
Dec 01 10:17:48.758 INFO [stdout]   16:     0x7faf6612a5b9 - __rust_maybe_catch_panic
Dec 01 10:17:48.758 INFO [stdout]                                at libpanic_unwind/lib.rs:103
Dec 01 10:17:48.758 INFO [stdout]   17:     0x7faf677851ed - std::sys_common::backtrace::__rust_begin_short_backtrace::h0ff507d7422944d3
Dec 01 10:17:48.758 INFO [stdout]                                at libstd/panicking.rs:289
Dec 01 10:17:48.758 INFO [stdout]                                at libstd/panic.rs:392
Dec 01 10:17:48.758 INFO [stdout]                                at libtest/lib.rs:1416
Dec 01 10:17:48.758 INFO [stdout]                                at libstd/sys_common/backtrace.rs:136
Dec 01 10:17:48.758 INFO [stdout]   18:     0x7faf677a2ff4 - std::panicking::try::do_call::hba0bdcc3670471cc
Dec 01 10:17:48.758 INFO [stdout]                                at libstd/thread/mod.rs:409
Dec 01 10:17:48.758 INFO [stdout]                                at libstd/panic.rs:313
Dec 01 10:17:48.758 INFO [stdout]                                at libstd/panicking.rs:310
Dec 01 10:17:48.758 INFO [stdout]   19:     0x7faf6612a5b9 - __rust_maybe_catch_panic
Dec 01 10:17:48.758 INFO [stdout]                                at libpanic_unwind/lib.rs:103
Dec 01 10:17:48.758 INFO [stdout]   20:     0x7faf6778fbd6 - <F as alloc::boxed::FnBox<A>>::call_box::hdac52587b00591af
Dec 01 10:17:48.758 INFO [stdout]                                at libstd/panicking.rs:289
Dec 01 10:17:48.758 INFO [stdout]                                at libstd/panic.rs:392
Dec 01 10:17:48.758 INFO [stdout]                                at libstd/thread/mod.rs:408
Dec 01 10:17:48.758 INFO [stdout]                                at liballoc/boxed.rs:646
Dec 01 10:17:48.759 INFO [stdout]   21:     0x7faf66117cca - std::sys_common::thread::start_thread::h75d887c7d2cc4479
Dec 01 10:17:48.759 INFO [stdout]                                at liballoc/boxed.rs:656
Dec 01 10:17:48.759 INFO [stdout]                                at libstd/sys_common/thread.rs:24
Dec 01 10:17:48.759 INFO [stdout]   22:     0x7faf660eb8f5 - std::sys::unix::thread::Thread::new::thread_start::h8414caee632bf9ed
Dec 01 10:17:48.759 INFO [stdout]                                at libstd/sys/unix/thread.rs:90
Dec 01 10:17:48.759 INFO [stdout]   23:     0x7faf65e806b9 - start_thread
Dec 01 10:17:48.759 INFO [stdout]   24:     0x7faf659a041c - clone
Dec 01 10:17:48.759 INFO [stdout]   25:                0x0 - <unknown>
Dec 01 10:17:48.759 INFO [stdout] query stack during panic:
Dec 01 10:17:48.759 INFO [stdout] end of query stack
Dec 01 10:17:48.759 INFO [stdout] 
Dec 01 10:17:48.759 INFO [stdout] 
Dec 01 10:17:48.759 INFO [stdout] failures:
Dec 01 10:17:48.759 INFO [stdout]     src/lib.rs -  (line 23)
Dec 01 10:17:48.759 INFO [stdout] 
Dec 01 10:17:48.759 INFO [stdout] test result: FAILED. 2 passed; 1 failed; 0 ignored; 0 measured; 0 filtered out
Dec 01 10:17:48.759 INFO [stdout] 
Dec 01 10:17:48.779 INFO [stderr] error: test failed, to rerun pass '--doc'
Dec 01 10:17:48.779 INFO [stderr] su: No module specific data is present
Dec 01 10:17:49.651 INFO running `"docker" "inspect" "c9a0472b8dbf69a24faf13f8f03c2cbe433fdd7d8e0d5d456e403e3fe0e87cd5"`
Dec 01 10:17:49.891 INFO running `"docker" "rm" "-f" "c9a0472b8dbf69a24faf13f8f03c2cbe433fdd7d8e0d5d456e403e3fe0e87cd5"`
Dec 01 10:17:50.280 INFO [stdout] c9a0472b8dbf69a24faf13f8f03c2cbe433fdd7d8e0d5d456e403e3fe0e87cd5
