Dec 01 10:42:17.710 INFO testing lunaryorn/mdcat against 1.30.1 for beta-1.31-5
Dec 01 10:42:17.710 INFO running `"docker" "create" "-v" "/mnt/big/crater/work/local/target-dirs/beta-1.31-5/worker-4/1.30.1:/target:rw,Z" "-v" "/mnt/big/crater/work/local/test-source/worker-4/beta-1.31-5/1.30.1:/source:ro,Z" "-v" "/mnt/big/crater/work/local/cargo-home:/cargo-home:ro,Z" "-v" "/mnt/big/crater/work/local/rustup-home:/rustup-home:ro,Z" "-e" "USER_ID=1000" "-e" "SOURCE_DIR=/source" "-e" "USER_ID=1000" "-e" "CMD=cargo +1.30.1 build --frozen" "-e" "CARGO_TARGET_DIR=/target" "-e" "CARGO_INCREMENTAL=0" "-e" "RUST_BACKTRACE=full" "-e" "RUSTFLAGS=--cap-lints=warn" "-e" "CARGO_HOME=/cargo-home" "-e" "RUSTUP_HOME=/rustup-home" "-m" "1536M" "--network" "none" "crater"`
Dec 01 10:42:18.192 INFO [stdout] 30b361e0bc7f707a28a9f6cbe8d1109107dfb096d6d4ecd3a7e1c9beec1b464c
Dec 01 10:42:18.194 INFO running `"docker" "start" "-a" "30b361e0bc7f707a28a9f6cbe8d1109107dfb096d6d4ecd3a7e1c9beec1b464c"`
Dec 01 10:42:19.631 INFO [stderr] usermod: no changes
Dec 01 10:42:20.126 INFO [stderr]    Compiling plist v0.3.0
Dec 01 10:42:20.131 INFO [stderr]    Compiling pulldown-cmark v0.2.0
Dec 01 10:42:20.143 INFO [stderr]    Compiling term_size v0.3.1
Dec 01 10:42:20.143 INFO [stderr]    Compiling arrayvec v0.4.7
Dec 01 10:42:20.159 INFO [stderr]    Compiling onig_sys v69.0.0
Dec 01 10:42:20.164 INFO [stderr]    Compiling regex-syntax v0.6.3
Dec 01 10:42:20.166 INFO [stderr]    Compiling bincode v1.0.1
Dec 01 10:42:20.166 INFO [stderr]    Compiling flate2 v1.0.4
Dec 01 10:42:22.680 INFO [stderr]    Compiling textwrap v0.10.0
Dec 01 10:42:24.452 INFO [stderr]    Compiling failure v0.1.3
Dec 01 10:42:28.052 INFO [stderr]    Compiling crossbeam-epoch v0.6.1
Dec 01 10:42:28.082 INFO [stderr]    Compiling immeta v0.4.0
Dec 01 10:42:31.159 INFO [stderr]    Compiling clap v2.32.0
Dec 01 10:42:35.479 INFO [stderr]    Compiling crossbeam-deque v0.6.2
Dec 01 10:42:41.778 INFO [stderr]    Compiling tokio-threadpool v0.1.8
Dec 01 10:42:50.175 INFO [stderr]    Compiling onig v4.2.1
Dec 01 10:42:53.917 INFO [stderr]    Compiling tokio-fs v0.1.4
Dec 01 10:42:56.319 INFO [stderr]    Compiling syntect v3.0.2
Dec 01 10:42:58.103 INFO [stderr]    Compiling tokio v0.1.11
Dec 01 10:43:09.099 INFO [stderr]    Compiling hyper v0.12.14
Dec 01 10:43:17.682 INFO [stderr]    Compiling hyper-tls v0.3.1
Dec 01 10:43:19.535 INFO [stderr]    Compiling reqwest v0.9.4
Dec 01 10:43:28.629 INFO [stderr]    Compiling mdcat v0.11.1-pre (/source)
Dec 01 10:43:43.267 INFO [stderr]     Finished dev [unoptimized + debuginfo] target(s) in 1m 23s
Dec 01 10:43:43.283 INFO [stderr] su: No module specific data is present
Dec 01 10:43:43.716 INFO running `"docker" "inspect" "30b361e0bc7f707a28a9f6cbe8d1109107dfb096d6d4ecd3a7e1c9beec1b464c"`
Dec 01 10:43:43.853 INFO running `"docker" "rm" "-f" "30b361e0bc7f707a28a9f6cbe8d1109107dfb096d6d4ecd3a7e1c9beec1b464c"`
Dec 01 10:43:43.959 INFO [stdout] 30b361e0bc7f707a28a9f6cbe8d1109107dfb096d6d4ecd3a7e1c9beec1b464c
Dec 01 10:43:43.961 INFO running `"docker" "create" "-v" "/mnt/big/crater/work/local/target-dirs/beta-1.31-5/worker-4/1.30.1:/target:rw,Z" "-v" "/mnt/big/crater/work/local/test-source/worker-4/beta-1.31-5/1.30.1:/source:ro,Z" "-v" "/mnt/big/crater/work/local/cargo-home:/cargo-home:ro,Z" "-v" "/mnt/big/crater/work/local/rustup-home:/rustup-home:ro,Z" "-e" "USER_ID=1000" "-e" "SOURCE_DIR=/source" "-e" "USER_ID=1000" "-e" "CMD=cargo +1.30.1 test --frozen --no-run" "-e" "CARGO_TARGET_DIR=/target" "-e" "CARGO_INCREMENTAL=0" "-e" "RUST_BACKTRACE=full" "-e" "RUSTFLAGS=--cap-lints=warn" "-e" "CARGO_HOME=/cargo-home" "-e" "RUSTUP_HOME=/rustup-home" "-m" "1536M" "--network" "none" "crater"`
Dec 01 10:43:44.208 INFO [stdout] 8756ca12b69064eda7e84345ac5332489cfda4b84168e401dd12271cc297063b
Dec 01 10:43:44.212 INFO running `"docker" "start" "-a" "8756ca12b69064eda7e84345ac5332489cfda4b84168e401dd12271cc297063b"`
Dec 01 10:43:44.569 INFO [stderr] usermod: no changes
Dec 01 10:43:44.790 INFO [stderr]    Compiling pretty_assertions v0.5.1
Dec 01 10:43:45.547 INFO [stderr]    Compiling mdcat v0.11.1-pre (/source)
Dec 01 10:43:55.945 INFO [stderr]     Finished dev [unoptimized + debuginfo] target(s) in 11.36s
Dec 01 10:43:55.967 INFO [stderr] su: No module specific data is present
Dec 01 10:43:56.360 INFO running `"docker" "inspect" "8756ca12b69064eda7e84345ac5332489cfda4b84168e401dd12271cc297063b"`
Dec 01 10:43:56.536 INFO running `"docker" "rm" "-f" "8756ca12b69064eda7e84345ac5332489cfda4b84168e401dd12271cc297063b"`
Dec 01 10:43:56.649 INFO [stdout] 8756ca12b69064eda7e84345ac5332489cfda4b84168e401dd12271cc297063b
Dec 01 10:43:56.652 INFO running `"docker" "create" "-v" "/mnt/big/crater/work/local/target-dirs/beta-1.31-5/worker-4/1.30.1:/target:rw,Z" "-v" "/mnt/big/crater/work/local/test-source/worker-4/beta-1.31-5/1.30.1:/source:ro,Z" "-v" "/mnt/big/crater/work/local/cargo-home:/cargo-home:ro,Z" "-v" "/mnt/big/crater/work/local/rustup-home:/rustup-home:ro,Z" "-e" "USER_ID=1000" "-e" "SOURCE_DIR=/source" "-e" "USER_ID=1000" "-e" "CMD=cargo +1.30.1 test --frozen" "-e" "CARGO_TARGET_DIR=/target" "-e" "CARGO_INCREMENTAL=0" "-e" "RUST_BACKTRACE=full" "-e" "RUSTFLAGS=--cap-lints=warn" "-e" "CARGO_HOME=/cargo-home" "-e" "RUSTUP_HOME=/rustup-home" "-m" "1536M" "--network" "none" "crater"`
Dec 01 10:43:56.868 INFO [stdout] 184fec875703b04bd54b431265810da9cd8f5a90ad7fe8cad56f09183f679c80
Dec 01 10:43:56.870 INFO running `"docker" "start" "-a" "184fec875703b04bd54b431265810da9cd8f5a90ad7fe8cad56f09183f679c80"`
Dec 01 10:43:57.249 INFO [stderr] usermod: no changes
Dec 01 10:43:57.480 INFO [stderr]     Finished dev [unoptimized + debuginfo] target(s) in 0.21s
Dec 01 10:43:57.511 INFO [stderr]      Running /target/debug/deps/mdcat-3f9a5b2f4f2024f1
Dec 01 10:43:57.514 INFO [stdout] 
Dec 01 10:43:57.514 INFO [stdout] running 9 tests
Dec 01 10:43:57.520 INFO [stdout] test resources::tests::resource_access_permits_remote_file_url ... ok
Dec 01 10:43:57.520 INFO [stdout] test resources::tests::resource_access_permits_https_url ... ok
Dec 01 10:43:57.523 INFO [stdout] test terminal::osc::tests::gethostname ... ok
Dec 01 10:43:57.523 INFO [stdout] test terminal::iterm2::magic::tests::detect_mimetype_of_svg_image ... ok
Dec 01 10:43:57.523 INFO [stdout] test resources::tests::resource_access_permits_local_resource ... ok
Dec 01 10:43:57.523 INFO [stdout] test terminal::osc::tests::url_needs_explicit_host ... ok
Dec 01 10:43:57.535 INFO [stdout] test terminal::iterm2::magic::tests::detect_mimetype_of_png_image ... ok
Dec 01 10:43:57.735 INFO [stdout] test terminal::iterm2::tests::read_url_with_http_url_fails_when_status_404 ... FAILED
Dec 01 10:43:57.736 INFO [stdout] test terminal::iterm2::tests::read_url_with_http_url_returns_content_when_status_200 ... FAILED
Dec 01 10:43:57.736 INFO [stdout] 
Dec 01 10:43:57.736 INFO [stdout] failures:
Dec 01 10:43:57.736 INFO [stdout] 
Dec 01 10:43:57.736 INFO [stdout] ---- terminal::iterm2::tests::read_url_with_http_url_fails_when_status_404 stdout ----
Dec 01 10:43:57.736 INFO [stdout] thread 'terminal::iterm2::tests::read_url_with_http_url_fails_when_status_404' panicked at 'assertion failed: `(left == right)`
Dec 01 10:43:57.736 INFO [stdout] 
Dec 01 10:43:57.736 INFO [stdout] [1mDiff[0m [31m< left[0m / [32mright >[0m :
Dec 01 10:43:57.736 INFO [stdout] [31m<[0m[31m"[0m[1;48;5;52;31mhttps://[0m[31me[0m[1;48;5;52;31mu.httpbin.[0m[31mor[0m[1;48;5;52;31mg/[0m[31mstatus[0m[1;48;5;52;31m/[0m[31m404[0m[1;48;5;52;31m:[0m[31m [0m[1;48;5;52;31man err[0m[31mo[0m[1;48;5;52;31mr[0m[31m [0m[31mo[0m[1;48;5;52;31mcc[0m[31mu[0m[1;48;5;52;31mrre[0m[31md [0m[1;48;5;52;31mtr[0m[31my[0m[1;48;5;52;31ming[0m[31m [0m[31mt[0m[1;48;5;52;31mo connec[0m[31mt[0m[31m:[0m[1;48;5;52;31m fail[0m[31me[0m[1;48;5;52;31md [0m[31mt[0m[1;48;5;52;31mo looku[0m[31mp[0m[1;48;5;52;31m address [0m[31min[0m[1;48;5;52;31mf[0m[31mor[0m[1;48;5;52;31mm[0m[31mat[0m[1;48;5;52;31mion: Temporary fail[0m[31mu[0m[1;48;5;52;31mre in name re[0m[31ms[0m[1;48;5;52;31molution[0m[31m"[0m
Dec 01 10:43:57.736 INFO [stdout] [32m>[0m[32m"[0m[1;48;5;22;32mHTTP [0m[32me[0m[1;48;5;22;32mrr[0m[32mor[0m[1;48;5;22;32m [0m[32mstatus[0m[1;48;5;22;32m [0m[32m404[0m[32m [0m[1;48;5;22;32mN[0m[32mo[0m[1;48;5;22;32mt[0m[32m [0m[1;48;5;22;32mF[0m[32mo[0m[32mu[0m[1;48;5;22;32mn[0m[32md [0m[1;48;5;22;32mb[0m[32my[0m[32m [0m[1;48;5;22;32mGET h[0m[32mt[0m[32mt[0m[1;48;5;22;32mps[0m[32m:[0m[1;48;5;22;32m//[0m[32me[0m[1;48;5;22;32mu.h[0m[32mt[0m[1;48;5;22;32mt[0m[32mp[0m[1;48;5;22;32mb[0m[32min[0m[1;48;5;22;32m.[0m[32mor[0m[1;48;5;22;32mg/st[0m[32mat[0m[32mu[0m[32ms[0m[1;48;5;22;32m/404[0m[32m"[0m
Dec 01 10:43:57.736 INFO [stdout] 
Dec 01 10:43:57.736 INFO [stdout] ', src/terminal/iterm2/mod.rs:147:9
Dec 01 10:43:57.736 INFO [stdout] stack backtrace:
Dec 01 10:43:57.736 INFO [stdout]    0:     0x5635b8262aee - std::sys::unix::backtrace::tracing::imp::unwind_backtrace::h15749a98198ba25f
Dec 01 10:43:57.736 INFO [stdout]                                at libstd/sys/unix/backtrace/tracing/gcc_s.rs:49
Dec 01 10:43:57.736 INFO [stdout]    1:     0x5635b824ff96 - std::sys_common::backtrace::print::h0ba65c811294dbf0
Dec 01 10:43:57.736 INFO [stdout]                                at libstd/sys_common/backtrace.rs:71
Dec 01 10:43:57.736 INFO [stdout]                                at libstd/sys_common/backtrace.rs:59
Dec 01 10:43:57.736 INFO [stdout]    2:     0x5635b824e25d - std::panicking::default_hook::{{closure}}::h42bb31757f0fee64
Dec 01 10:43:57.736 INFO [stdout]                                at libstd/panicking.rs:211
Dec 01 10:43:57.736 INFO [stdout]    3:     0x5635b824df6b - std::panicking::default_hook::hebc8848d7aa7dbd9
Dec 01 10:43:57.736 INFO [stdout]                                at libstd/panicking.rs:221
Dec 01 10:43:57.736 INFO [stdout]    4:     0x5635b824e90c - std::panicking::rust_panic_with_hook::h86e619a638415243
Dec 01 10:43:57.736 INFO [stdout]                                at libstd/panicking.rs:477
Dec 01 10:43:57.736 INFO [stdout]    5:     0x5635b824e4c9 - std::panicking::continue_panic_fmt::h2d2d2bfb065a70b2
Dec 01 10:43:57.736 INFO [stdout]                                at libstd/panicking.rs:391
Dec 01 10:43:57.736 INFO [stdout]    6:     0x5635b824e42d - std::panicking::begin_panic_fmt::ha5097e2056ef3d5a
Dec 01 10:43:57.736 INFO [stdout]                                at libstd/panicking.rs:346
Dec 01 10:43:57.736 INFO [stdout]    7:     0x5635b7cb9bad - mdcat::terminal::iterm2::tests::read_url_with_http_url_fails_when_status_404::h3b16c785a14262e6
Dec 01 10:43:57.736 INFO [stdout]                                at src/terminal/iterm2/mod.rs:147
Dec 01 10:43:57.736 INFO [stdout]    8:     0x5635b7cb9859 - mdcat::terminal::iterm2::tests::read_url_with_http_url_fails_when_status_404::{{closure}}::h20d25b0593933c83
Dec 01 10:43:57.736 INFO [stdout]                                at src/terminal/iterm2/mod.rs:140
Dec 01 10:43:57.736 INFO [stdout]    9:     0x5635b7cbf04d - core::ops::function::FnOnce::call_once::hb7310df1aeb08380
Dec 01 10:43:57.736 INFO [stdout]                                at libcore/ops/function.rs:238
Dec 01 10:43:57.736 INFO [stdout]   10:     0x5635b7cc8d3e - <F as alloc::boxed::FnBox<A>>::call_box::hbea525814fa423cc
Dec 01 10:43:57.736 INFO [stdout]                                at libtest/lib.rs:1461
Dec 01 10:43:57.736 INFO [stdout]                                at libcore/ops/function.rs:238
Dec 01 10:43:57.736 INFO [stdout]                                at liballoc/boxed.rs:646
Dec 01 10:43:57.736 INFO [stdout]   11:     0x5635b82746c9 - __rust_maybe_catch_panic
Dec 01 10:43:57.736 INFO [stdout]                                at libpanic_unwind/lib.rs:103
Dec 01 10:43:57.736 INFO [stdout]   12:     0x5635b7cd469d - std::sys_common::backtrace::__rust_begin_short_backtrace::h0ff507d7422944d3
Dec 01 10:43:57.736 INFO [stdout]                                at libstd/panicking.rs:289
Dec 01 10:43:57.736 INFO [stdout]                                at libstd/panic.rs:392
Dec 01 10:43:57.736 INFO [stdout]                                at libtest/lib.rs:1416
Dec 01 10:43:57.736 INFO [stdout]                                at libstd/sys_common/backtrace.rs:136
Dec 01 10:43:57.736 INFO [stdout]   13:     0x5635b7ceccd4 - std::panicking::try::do_call::hba0bdcc3670471cc
Dec 01 10:43:57.736 INFO [stdout]                                at libstd/thread/mod.rs:409
Dec 01 10:43:57.736 INFO [stdout]                                at libstd/panic.rs:313
Dec 01 10:43:57.736 INFO [stdout]                                at libstd/panicking.rs:310
Dec 01 10:43:57.736 INFO [stdout]   14:     0x5635b82746c9 - __rust_maybe_catch_panic
Dec 01 10:43:57.736 INFO [stdout]                                at libpanic_unwind/lib.rs:103
Dec 01 10:43:57.736 INFO [stdout]   15:     0x5635b7cdd5a6 - <F as alloc::boxed::FnBox<A>>::call_box::hdac52587b00591af
Dec 01 10:43:57.736 INFO [stdout]                                at libstd/panicking.rs:289
Dec 01 10:43:57.736 INFO [stdout]                                at libstd/panic.rs:392
Dec 01 10:43:57.736 INFO [stdout]                                at libstd/thread/mod.rs:408
Dec 01 10:43:57.736 INFO [stdout]                                at liballoc/boxed.rs:646
Dec 01 10:43:57.736 INFO [stdout]   16:     0x5635b8264aea - std::sys_common::thread::start_thread::h75d887c7d2cc4479
Dec 01 10:43:57.736 INFO [stdout]                                at liballoc/boxed.rs:656
Dec 01 10:43:57.736 INFO [stdout]                                at libstd/sys_common/thread.rs:24
Dec 01 10:43:57.736 INFO [stdout]   17:     0x5635b824f135 - std::sys::unix::thread::Thread::new::thread_start::h8414caee632bf9ed
Dec 01 10:43:57.736 INFO [stdout]                                at libstd/sys/unix/thread.rs:90
Dec 01 10:43:57.736 INFO [stdout]   18:     0x7f9aa38d46b9 - start_thread
Dec 01 10:43:57.736 INFO [stdout]   19:     0x7f9aa33f441c - clone
Dec 01 10:43:57.736 INFO [stdout]   20:                0x0 - <unknown>
Dec 01 10:43:57.736 INFO [stdout] 
Dec 01 10:43:57.736 INFO [stdout] ---- terminal::iterm2::tests::read_url_with_http_url_returns_content_when_status_200 stdout ----
Dec 01 10:43:57.736 INFO [stdout] thread 'terminal::iterm2::tests::read_url_with_http_url_returns_content_when_status_200' panicked at 'Unexpected error: Err(Inner { kind: Hyper(Error { kind: Connect, cause: Custom { kind: Other, error: StringError("failed to lookup address information: Temporary failure in name resolution") } }), url: Some("https://eu.httpbin.org/bytes/100") }
Dec 01 10:43:57.736 INFO [stdout] 
Dec 01 10:43:57.736 INFO [stdout] stack backtrace:
Dec 01 10:43:57.736 INFO [stdout]    0:     0x5635b8222c05 - backtrace::backtrace::libunwind::trace::he75458e1cbd68ede
Dec 01 10:43:57.736 INFO [stdout]                         at /cargo-home/registry/src/github.com-1ecc6299db9ec823/backtrace-0.3.9/src/backtrace/libunwind.rs:53
Dec 01 10:43:57.736 INFO [stdout]                          - backtrace::backtrace::trace::h390dec61a04df8f9
Dec 01 10:43:57.736 INFO [stdout]                         at /cargo-home/registry/src/github.com-1ecc6299db9ec823/backtrace-0.3.9/src/backtrace/mod.rs:42
Dec 01 10:43:57.736 INFO [stdout]    1:     0x5635b821d39e - backtrace::capture::Backtrace::new_unresolved::h33524aa8140d078b
Dec 01 10:43:57.736 INFO [stdout]                         at /cargo-home/registry/src/github.com-1ecc6299db9ec823/backtrace-0.3.9/src/capture.rs:88
Dec 01 10:43:57.736 INFO [stdout]    2:     0x5635b821ba93 - failure::backtrace::internal::InternalBacktrace::new::h035892d5c3756806
Dec 01 10:43:57.736 INFO [stdout]                         at /cargo-home/registry/src/github.com-1ecc6299db9ec823/failure-0.1.3/src/backtrace/internal.rs:44
Dec 01 10:43:57.736 INFO [stdout]    3:     0x5635b821af3c - failure::backtrace::Backtrace::new::h3131dde2245e449e
Dec 01 10:43:57.736 INFO [stdout]                         at /cargo-home/registry/src/github.com-1ecc6299db9ec823/failure-0.1.3/src/backtrace/mod.rs:111
Dec 01 10:43:57.736 INFO [stdout]    4:     0x5635b7cc25df - <failure::error::error_impl::ErrorImpl as core::convert::From<F>>::from::h840e241e75161504
Dec 01 10:43:57.737 INFO [stdout]                         at /cargo-home/registry/src/github.com-1ecc6299db9ec823/failure-0.1.3/src/error/error_impl.rs:19
Dec 01 10:43:57.737 INFO [stdout]    5:     0x5635b7cb7f52 - <failure::error::Error as core::convert::From<F>>::from::hacb65ed6363ba9ca
Dec 01 10:43:57.737 INFO [stdout]                         at /cargo-home/registry/src/github.com-1ecc6299db9ec823/failure-0.1.3/src/error/mod.rs:36
Dec 01 10:43:57.737 INFO [stdout]    6:     0x5635b7cb70eb - mdcat::terminal::iterm2::read_url::h95b8aa8deb88b834
Dec 01 10:43:57.737 INFO [stdout]                         at src/terminal/iterm2/mod.rs:80
Dec 01 10:43:57.737 INFO [stdout]    7:     0x5635b7cb9ce1 - mdcat::terminal::iterm2::tests::read_url_with_http_url_returns_content_when_status_200::h883321f1b77c657c
Dec 01 10:43:57.737 INFO [stdout]                         at src/terminal/iterm2/mod.rs:158
Dec 01 10:43:57.737 INFO [stdout]    8:     0x5635b7cb9c69 - mdcat::terminal::iterm2::tests::read_url_with_http_url_returns_content_when_status_200::{{closure}}::h524b9b63e6a32515
Dec 01 10:43:57.737 INFO [stdout]                         at src/terminal/iterm2/mod.rs:154
Dec 01 10:43:57.737 INFO [stdout]    9:     0x5635b7cbf10d - core::ops::function::FnOnce::call_once::hd9327c085ce93f27
Dec 01 10:43:57.737 INFO [stdout]                         at libcore/ops/function.rs:238
Dec 01 10:43:57.737 INFO [stdout]   10:     0x5635b7cc8d3e - test::run_test::{{closure}}::h3a5dfbe1d2fab93e
Dec 01 10:43:57.737 INFO [stdout]                         at libtest/lib.rs:1461
Dec 01 10:43:57.737 INFO [stdout]                          - core::ops::function::FnOnce::call_once::h1d9a9e4523345f36
Dec 01 10:43:57.737 INFO [stdout]                         at libcore/ops/function.rs:238
Dec 01 10:43:57.737 INFO [stdout]                          - <F as alloc::boxed::FnBox<A>>::call_box::hbea525814fa423cc
Dec 01 10:43:57.737 INFO [stdout]                         at liballoc/boxed.rs:646
Dec 01 10:43:57.737 INFO [stdout]   11:     0x5635b82746c9 - __rust_maybe_catch_panic
Dec 01 10:43:57.737 INFO [stdout]                         at libpanic_unwind/lib.rs:103
Dec 01 10:43:57.737 INFO [stdout]   12:     0x5635b7cd469d - std::panicking::try::h52ce98afaa08c3ec
Dec 01 10:43:57.737 INFO [stdout]                         at libstd/panicking.rs:289
Dec 01 10:43:57.737 INFO [stdout]                          - std::panic::catch_unwind::h8b1fa14840c8b239
Dec 01 10:43:57.737 INFO [stdout]                         at libstd/panic.rs:392
Dec 01 10:43:57.737 INFO [stdout]                          - test::run_test::run_test_inner::{{closure}}::h0c1fb56af3cc46d2
Dec 01 10:43:57.737 INFO [stdout]                         at libtest/lib.rs:1416
Dec 01 10:43:57.737 INFO [stdout]                          - std::sys_common::backtrace::__rust_begin_short_backtrace::h0ff507d7422944d3
Dec 01 10:43:57.737 INFO [stdout]                         at libstd/sys_common/backtrace.rs:136
Dec 01 10:43:57.737 INFO [stdout]   13:     0x5635b7ceccd4 - std::thread::Builder::spawn::{{closure}}::{{closure}}::h9015d15de724c3f6
Dec 01 10:43:57.737 INFO [stdout]                         at libstd/thread/mod.rs:409
Dec 01 10:43:57.737 INFO [stdout]                          - <std::panic::AssertUnwindSafe<F> as core::ops::function::FnOnce<()>>::call_once::hdade3f732363d95a
Dec 01 10:43:57.737 INFO [stdout]                         at libstd/panic.rs:313
Dec 01 10:43:57.737 INFO [stdout]                          - std::panicking::try::do_call::hba0bdcc3670471cc
Dec 01 10:43:57.737 INFO [stdout]                         at libstd/panicking.rs:310
Dec 01 10:43:57.737 INFO [stdout]   14:     0x5635b82746c9 - __rust_maybe_catch_panic
Dec 01 10:43:57.737 INFO [stdout]                         at libpanic_unwind/lib.rs:103
Dec 01 10:43:57.737 INFO [stdout]   15:     0x5635b7cdd5a6 - std::panicking::try::ha2cf51a98ef1d8df
Dec 01 10:43:57.737 INFO [stdout]                         at libstd/panicking.rs:289
Dec 01 10:43:57.737 INFO [stdout]                          - std::panic::catch_unwind::h9dbc14b90b636a56
Dec 01 10:43:57.737 INFO [stdout]                         at libstd/panic.rs:392
Dec 01 10:43:57.737 INFO [stdout]                          - std::thread::Builder::spawn::{{closure}}::h1e078d6b2c4e6a8f
Dec 01 10:43:57.737 INFO [stdout]                         at libstd/thread/mod.rs:408
Dec 01 10:43:57.737 INFO [stdout]                          - <F as alloc::boxed::FnBox<A>>::call_box::hdac52587b00591af
Dec 01 10:43:57.737 INFO [stdout]                         at liballoc/boxed.rs:646
Dec 01 10:43:57.737 INFO [stdout]   16:     0x5635b8264aea - <alloc::boxed::Box<(dyn alloc::boxed::FnBox<A, Output=R> + 'a)> as core::ops::function::FnOnce<A>>::call_once::hfedf8d10954bca7a
Dec 01 10:43:57.737 INFO [stdout]                         at liballoc/boxed.rs:656
Dec 01 10:43:57.737 INFO [stdout]                          - std::sys_common::thread::start_thread::h75d887c7d2cc4479
Dec 01 10:43:57.737 INFO [stdout]                         at libstd/sys_common/thread.rs:24
Dec 01 10:43:57.737 INFO [stdout]   17:     0x5635b824f135 - std::sys::unix::thread::Thread::new::thread_start::h8414caee632bf9ed
Dec 01 10:43:57.737 INFO [stdout]                         at libstd/sys/unix/thread.rs:90
Dec 01 10:43:57.737 INFO [stdout]   18:     0x7f9aa38d46b9 - start_thread
Dec 01 10:43:57.737 INFO [stdout]   19:     0x7f9aa33f441c - clone
Dec 01 10:43:57.737 INFO [stdout]   20:                0x0 - <unknown>)', src/terminal/iterm2/mod.rs:159:9
Dec 01 10:43:57.737 INFO [stdout] stack backtrace:
Dec 01 10:43:57.737 INFO [stdout]    0:     0x5635b8262aee - std::sys::unix::backtrace::tracing::imp::unwind_backtrace::h15749a98198ba25f
Dec 01 10:43:57.737 INFO [stdout]                                at libstd/sys/unix/backtrace/tracing/gcc_s.rs:49
Dec 01 10:43:57.737 INFO [stdout]    1:     0x5635b824ff96 - std::sys_common::backtrace::print::h0ba65c811294dbf0
Dec 01 10:43:57.737 INFO [stdout]                                at libstd/sys_common/backtrace.rs:71
Dec 01 10:43:57.737 INFO [stdout]                                at libstd/sys_common/backtrace.rs:59
Dec 01 10:43:57.737 INFO [stdout]    2:     0x5635b824e25d - std::panicking::default_hook::{{closure}}::h42bb31757f0fee64
Dec 01 10:43:57.737 INFO [stdout]                                at libstd/panicking.rs:211
Dec 01 10:43:57.737 INFO [stdout]    3:     0x5635b824df6b - std::panicking::default_hook::hebc8848d7aa7dbd9
Dec 01 10:43:57.737 INFO [stdout]                                at libstd/panicking.rs:221
Dec 01 10:43:57.737 INFO [stdout]    4:     0x5635b824e90c - std::panicking::rust_panic_with_hook::h86e619a638415243
Dec 01 10:43:57.737 INFO [stdout]                                at libstd/panicking.rs:477
Dec 01 10:43:57.737 INFO [stdout]    5:     0x5635b824e4c9 - std::panicking::continue_panic_fmt::h2d2d2bfb065a70b2
Dec 01 10:43:57.737 INFO [stdout]                                at libstd/panicking.rs:391
Dec 01 10:43:57.737 INFO [stdout]    6:     0x5635b824e42d - std::panicking::begin_panic_fmt::ha5097e2056ef3d5a
Dec 01 10:43:57.737 INFO [stdout]                                at libstd/panicking.rs:346
Dec 01 10:43:57.737 INFO [stdout]    7:     0x5635b7cb9e01 - mdcat::terminal::iterm2::tests::read_url_with_http_url_returns_content_when_status_200::h883321f1b77c657c
Dec 01 10:43:57.737 INFO [stdout]                                at src/terminal/iterm2/mod.rs:159
Dec 01 10:43:57.737 INFO [stdout]    8:     0x5635b7cb9c69 - mdcat::terminal::iterm2::tests::read_url_with_http_url_returns_content_when_status_200::{{closure}}::h524b9b63e6a32515
Dec 01 10:43:57.737 INFO [stdout]                                at src/terminal/iterm2/mod.rs:154
Dec 01 10:43:57.737 INFO [stdout]    9:     0x5635b7cbf10d - core::ops::function::FnOnce::call_once::hd9327c085ce93f27
Dec 01 10:43:57.737 INFO [stdout]                                at libcore/ops/function.rs:238
Dec 01 10:43:57.737 INFO [stdout]   10:     0x5635b7cc8d3e - <F as alloc::boxed::FnBox<A>>::call_box::hbea525814fa423cc
Dec 01 10:43:57.737 INFO [stdout]                                at libtest/lib.rs:1461
Dec 01 10:43:57.737 INFO [stdout]                                at libcore/ops/function.rs:238
Dec 01 10:43:57.737 INFO [stdout]                                at liballoc/boxed.rs:646
Dec 01 10:43:57.737 INFO [stdout]   11:     0x5635b82746c9 - __rust_maybe_catch_panic
Dec 01 10:43:57.737 INFO [stdout]                                at libpanic_unwind/lib.rs:103
Dec 01 10:43:57.737 INFO [stdout]   12:     0x5635b7cd469d - std::sys_common::backtrace::__rust_begin_short_backtrace::h0ff507d7422944d3
Dec 01 10:43:57.737 INFO [stdout]                                at libstd/panicking.rs:289
Dec 01 10:43:57.737 INFO [stdout]                                at libstd/panic.rs:392
Dec 01 10:43:57.737 INFO [stdout]                                at libtest/lib.rs:1416
Dec 01 10:43:57.737 INFO [stdout]                                at libstd/sys_common/backtrace.rs:136
Dec 01 10:43:57.738 INFO [stdout]   13:     0x5635b7ceccd4 - std::panicking::try::do_call::hba0bdcc3670471cc
Dec 01 10:43:57.738 INFO [stdout]                                at libstd/thread/mod.rs:409
Dec 01 10:43:57.738 INFO [stdout]                                at libstd/panic.rs:313
Dec 01 10:43:57.738 INFO [stdout]                                at libstd/panicking.rs:310
Dec 01 10:43:57.738 INFO [stdout]   14:     0x5635b82746c9 - __rust_maybe_catch_panic
Dec 01 10:43:57.738 INFO [stdout]                                at libpanic_unwind/lib.rs:103
Dec 01 10:43:57.738 INFO [stdout]   15:     0x5635b7cdd5a6 - <F as alloc::boxed::FnBox<A>>::call_box::hdac52587b00591af
Dec 01 10:43:57.738 INFO [stdout]                                at libstd/panicking.rs:289
Dec 01 10:43:57.738 INFO [stdout]                                at libstd/panic.rs:392
Dec 01 10:43:57.738 INFO [stdout]                                at libstd/thread/mod.rs:408
Dec 01 10:43:57.738 INFO [stdout]                                at liballoc/boxed.rs:646
Dec 01 10:43:57.738 INFO [stdout]   16:     0x5635b8264aea - std::sys_common::thread::start_thread::h75d887c7d2cc4479
Dec 01 10:43:57.738 INFO [stdout]                                at liballoc/boxed.rs:656
Dec 01 10:43:57.738 INFO [stdout]                                at libstd/sys_common/thread.rs:24
Dec 01 10:43:57.738 INFO [stdout]   17:     0x5635b824f135 - std::sys::unix::thread::Thread::new::thread_start::h8414caee632bf9ed
Dec 01 10:43:57.738 INFO [stdout]                                at libstd/sys/unix/thread.rs:90
Dec 01 10:43:57.738 INFO [stdout]   18:     0x7f9aa38d46b9 - start_thread
Dec 01 10:43:57.738 INFO [stdout]   19:     0x7f9aa33f441c - clone
Dec 01 10:43:57.738 INFO [stdout]   20:                0x0 - <unknown>
Dec 01 10:43:57.738 INFO [stdout] 
Dec 01 10:43:57.738 INFO [stdout] 
Dec 01 10:43:57.738 INFO [stdout] failures:
Dec 01 10:43:57.738 INFO [stdout]     terminal::iterm2::tests::read_url_with_http_url_fails_when_status_404
Dec 01 10:43:57.738 INFO [stdout]     terminal::iterm2::tests::read_url_with_http_url_returns_content_when_status_200
Dec 01 10:43:57.738 INFO [stdout] 
Dec 01 10:43:57.738 INFO [stdout] test result: FAILED. 7 passed; 2 failed; 0 ignored; 0 measured; 0 filtered out
Dec 01 10:43:57.738 INFO [stdout] 
Dec 01 10:43:57.749 INFO [stderr] error: test failed, to rerun pass '--lib'
Dec 01 10:43:57.749 INFO [stderr] su: No module specific data is present
Dec 01 10:43:58.231 INFO running `"docker" "inspect" "184fec875703b04bd54b431265810da9cd8f5a90ad7fe8cad56f09183f679c80"`
Dec 01 10:43:58.416 INFO running `"docker" "rm" "-f" "184fec875703b04bd54b431265810da9cd8f5a90ad7fe8cad56f09183f679c80"`
Dec 01 10:43:58.659 INFO [stdout] 184fec875703b04bd54b431265810da9cd8f5a90ad7fe8cad56f09183f679c80
