Dec 01 11:44:52.175 INFO testing kurtlawrence/papyrus against 1.30.1 for beta-1.31-5
Dec 01 11:44:52.175 INFO running `"docker" "create" "-v" "/mnt/big/crater/work/local/target-dirs/beta-1.31-5/worker-7/1.30.1:/target:rw,Z" "-v" "/mnt/big/crater/work/local/test-source/worker-7/beta-1.31-5/1.30.1:/source:ro,Z" "-v" "/mnt/big/crater/work/local/cargo-home:/cargo-home:ro,Z" "-v" "/mnt/big/crater/work/local/rustup-home:/rustup-home:ro,Z" "-e" "USER_ID=1000" "-e" "SOURCE_DIR=/source" "-e" "USER_ID=1000" "-e" "CMD=cargo +1.30.1 build --frozen" "-e" "CARGO_TARGET_DIR=/target" "-e" "CARGO_INCREMENTAL=0" "-e" "RUST_BACKTRACE=full" "-e" "RUSTFLAGS=--cap-lints=warn" "-e" "CARGO_HOME=/cargo-home" "-e" "RUSTUP_HOME=/rustup-home" "-m" "1536M" "--network" "none" "crater"`
Dec 01 11:44:52.687 INFO [stdout] a08d550581ccd478fb96e4fd3c39cabb2cdc3748014c3b4721c26597877d688a
Dec 01 11:44:52.689 INFO running `"docker" "start" "-a" "a08d550581ccd478fb96e4fd3c39cabb2cdc3748014c3b4721c26597877d688a"`
Dec 01 11:44:55.011 INFO [stderr] usermod: no changes
Dec 01 11:44:55.409 INFO [stderr]    Compiling string v0.1.2
Dec 01 11:44:55.409 INFO [stderr]    Compiling encoding_rs v0.8.13
Dec 01 11:44:55.427 INFO [stderr]    Compiling argparse v0.2.2
Dec 01 11:44:55.430 INFO [stderr]    Compiling rand_xorshift v0.1.0
Dec 01 11:44:55.436 INFO [stderr]    Compiling rand_hc v0.1.0
Dec 01 11:44:55.437 INFO [stderr]    Compiling rand_isaac v0.1.1
Dec 01 11:44:55.440 INFO [stderr]    Compiling arrayvec v0.4.8
Dec 01 11:44:55.456 INFO [stderr]    Compiling smallvec v0.6.6
Dec 01 11:44:59.153 INFO [stderr]    Compiling rand v0.5.5
Dec 01 11:44:59.599 INFO [stderr]    Compiling iovec v0.1.2
Dec 01 11:44:59.599 INFO [stderr]    Compiling net2 v0.2.33
Dec 01 11:44:59.647 INFO [stderr]    Compiling num_cpus v1.8.0
Dec 01 11:44:59.815 INFO [stderr]    Compiling memchr v2.1.1
Dec 01 11:45:00.407 INFO [stderr]    Compiling time v0.1.40
Dec 01 11:45:01.387 INFO [stderr]    Compiling termios v0.3.1
Dec 01 11:45:03.255 INFO [stderr]    Compiling dirs v1.0.4
Dec 01 11:45:09.199 INFO [stderr]    Compiling openssl-sys v0.9.39
Dec 01 11:45:09.239 INFO [stderr]    Compiling crossbeam-epoch v0.6.1
Dec 01 11:45:09.247 INFO [stderr]    Compiling smallstr v0.1.0
Dec 01 11:45:09.459 INFO [stderr]    Compiling bytes v0.4.11
Dec 01 11:45:10.364 INFO [stderr]    Compiling term_cursor v0.2.1
Dec 01 11:45:10.507 INFO [stderr]    Compiling nom v4.1.1
Dec 01 11:45:10.800 INFO [stderr]    Compiling futures-cpupool v0.1.8
Dec 01 11:45:12.723 INFO [stderr]    Compiling syn v0.15.22
Dec 01 11:45:18.739 INFO [stderr]    Compiling mio v0.6.16
Dec 01 11:45:18.918 INFO [stderr]    Compiling backtrace v0.3.9
Dec 01 11:45:18.955 INFO [stderr]    Compiling nix v0.7.0
Dec 01 11:45:19.998 INFO [stderr]    Compiling chrono v0.4.6
Dec 01 11:45:20.035 INFO [stderr]    Compiling serde_urlencoded v0.5.4
Dec 01 11:45:20.289 INFO [stderr]    Compiling rand_pcg v0.1.1
Dec 01 11:45:23.715 INFO [stderr]    Compiling rand_chacha v0.1.0
Dec 01 11:45:23.819 INFO [stderr]    Compiling crossbeam-deque v0.6.2
Dec 01 11:45:25.352 INFO [stderr]    Compiling tokio-io v0.1.10
Dec 01 11:45:27.905 INFO [stderr]    Compiling http v0.1.14
Dec 01 11:45:27.935 INFO [stderr]    Compiling openssl v0.10.15
Dec 01 11:45:33.819 INFO [stderr]    Compiling parking_lot_core v0.3.1
Dec 01 11:45:33.819 INFO [stderr]    Compiling phf_generator v0.7.23
Dec 01 11:45:33.999 INFO [stderr]    Compiling uuid v0.7.1
Dec 01 11:45:36.227 INFO [stderr]    Compiling rand v0.6.1
Dec 01 11:45:45.435 INFO [stderr]    Compiling tokio-codec v0.1.1
Dec 01 11:45:45.447 INFO [stderr]    Compiling mio-uds v0.6.7
Dec 01 11:45:49.043 INFO [stderr]    Compiling simplelog v0.5.3
Dec 01 11:45:49.267 INFO [stderr]    Compiling phf_codegen v0.7.23
Dec 01 11:45:49.485 INFO [stderr]    Compiling parking_lot v0.6.4
Dec 01 11:45:49.735 INFO [stderr]    Compiling native-tls v0.2.2
Dec 01 11:45:53.207 INFO [stderr]    Compiling tokio-threadpool v0.1.9
Dec 01 11:45:53.207 INFO [stderr]    Compiling terminfo v0.6.1
Dec 01 11:45:53.219 INFO [stderr]    Compiling mime_guess v2.0.0-alpha.6
Dec 01 11:45:54.515 INFO [stderr]    Compiling h2 v0.1.13
Dec 01 11:45:54.851 INFO [stderr]    Compiling tokio-reactor v0.1.7
Dec 01 11:46:07.112 INFO [stderr]    Compiling tokio-uds v0.2.4
Dec 01 11:46:10.076 INFO [stderr]    Compiling tokio-tcp v0.1.2
Dec 01 11:46:10.347 INFO [stderr]    Compiling tokio-udp v0.1.3
Dec 01 11:46:18.275 INFO [stderr]    Compiling tokio-fs v0.1.4
Dec 01 11:46:19.639 INFO [stderr]    Compiling synstructure v0.10.1
Dec 01 11:46:25.007 INFO [stderr]    Compiling tokio v0.1.13
Dec 01 11:46:31.971 INFO [stderr]    Compiling failure_derive v0.1.3
Dec 01 11:46:32.542 INFO [stderr]    Compiling hyper v0.12.16
Dec 01 11:46:40.307 INFO [stderr]    Compiling failure v0.1.3
Dec 01 11:46:44.997 INFO [stderr]    Compiling mortal v0.1.5
Dec 01 11:46:49.445 INFO [stderr]    Compiling hyper-tls v0.3.1
Dec 01 11:46:51.833 INFO [stderr]    Compiling linefeed v0.5.3
Dec 01 11:46:53.726 INFO [stderr]    Compiling reqwest v0.9.5
Dec 01 11:47:05.918 INFO [stderr]    Compiling papyrus v0.6.1 (/source)
Dec 01 11:47:24.387 INFO [stderr]     Finished dev [unoptimized + debuginfo] target(s) in 2m 29s
Dec 01 11:47:24.424 INFO [stderr] su: No module specific data is present
Dec 01 11:47:25.008 INFO running `"docker" "inspect" "a08d550581ccd478fb96e4fd3c39cabb2cdc3748014c3b4721c26597877d688a"`
Dec 01 11:47:25.237 INFO running `"docker" "rm" "-f" "a08d550581ccd478fb96e4fd3c39cabb2cdc3748014c3b4721c26597877d688a"`
Dec 01 11:47:25.598 INFO [stdout] a08d550581ccd478fb96e4fd3c39cabb2cdc3748014c3b4721c26597877d688a
Dec 01 11:47:25.604 INFO running `"docker" "create" "-v" "/mnt/big/crater/work/local/target-dirs/beta-1.31-5/worker-7/1.30.1:/target:rw,Z" "-v" "/mnt/big/crater/work/local/test-source/worker-7/beta-1.31-5/1.30.1:/source:ro,Z" "-v" "/mnt/big/crater/work/local/cargo-home:/cargo-home:ro,Z" "-v" "/mnt/big/crater/work/local/rustup-home:/rustup-home:ro,Z" "-e" "USER_ID=1000" "-e" "SOURCE_DIR=/source" "-e" "USER_ID=1000" "-e" "CMD=cargo +1.30.1 test --frozen --no-run" "-e" "CARGO_TARGET_DIR=/target" "-e" "CARGO_INCREMENTAL=0" "-e" "RUST_BACKTRACE=full" "-e" "RUSTFLAGS=--cap-lints=warn" "-e" "CARGO_HOME=/cargo-home" "-e" "RUSTUP_HOME=/rustup-home" "-m" "1536M" "--network" "none" "crater"`
Dec 01 11:47:26.032 INFO [stdout] 4940efe38f05fd36aafd590137a874960d97918fec9cc41c068dd08a8eff897b
Dec 01 11:47:26.037 INFO running `"docker" "start" "-a" "4940efe38f05fd36aafd590137a874960d97918fec9cc41c068dd08a8eff897b"`
Dec 01 11:47:27.739 INFO [stderr] usermod: no changes
Dec 01 11:47:28.145 INFO [stderr]    Compiling itertools v0.7.11
Dec 01 11:47:28.155 INFO [stderr]    Compiling itertools-num v0.1.3
Dec 01 11:47:28.163 INFO [stderr]    Compiling aho-corasick v0.6.9
Dec 01 11:47:28.171 INFO [stderr]    Compiling csv-core v0.1.4
Dec 01 11:47:28.172 INFO [stderr]    Compiling criterion-stats v0.2.5
Dec 01 11:47:28.173 INFO [stderr]    Compiling serde_derive v1.0.80
Dec 01 11:47:32.095 INFO [stderr]    Compiling csv v1.0.2
Dec 01 11:47:32.623 INFO [stderr]    Compiling regex v1.0.6
Dec 01 11:47:37.675 INFO [stderr]    Compiling criterion-plot v0.2.5
Dec 01 11:47:50.955 INFO [stderr]    Compiling handlebars v0.32.4
Dec 01 11:48:13.215 INFO [stderr]    Compiling criterion v0.2.5
Dec 01 11:48:26.303 INFO [stderr]    Compiling papyrus v0.6.1 (/source)
Dec 01 11:48:37.942 INFO [stderr] warning: unused variable: `repl`
Dec 01 11:48:37.943 INFO [stderr]  --> tests/file.rs:5:6
Dec 01 11:48:37.943 INFO [stderr]   |
Dec 01 11:48:37.943 INFO [stderr] 5 |     let repl = papyrus::Repl::new();
Dec 01 11:48:37.943 INFO [stderr]   |         ^^^^ help: consider using `_repl` instead
Dec 01 11:48:37.943 INFO [stderr]   |
Dec 01 11:48:37.943 INFO [stderr]   = note: #[warn(unused_variables)] on by default
Dec 01 11:48:37.943 INFO [stderr] 
Dec 01 11:48:49.311 INFO [stderr]     Finished dev [unoptimized + debuginfo] target(s) in 1m 21s
Dec 01 11:48:49.347 INFO [stderr] su: No module specific data is present
Dec 01 11:48:50.411 INFO running `"docker" "inspect" "4940efe38f05fd36aafd590137a874960d97918fec9cc41c068dd08a8eff897b"`
Dec 01 11:48:50.622 INFO running `"docker" "rm" "-f" "4940efe38f05fd36aafd590137a874960d97918fec9cc41c068dd08a8eff897b"`
Dec 01 11:48:50.855 INFO [stdout] 4940efe38f05fd36aafd590137a874960d97918fec9cc41c068dd08a8eff897b
Dec 01 11:48:50.863 INFO running `"docker" "create" "-v" "/mnt/big/crater/work/local/target-dirs/beta-1.31-5/worker-7/1.30.1:/target:rw,Z" "-v" "/mnt/big/crater/work/local/test-source/worker-7/beta-1.31-5/1.30.1:/source:ro,Z" "-v" "/mnt/big/crater/work/local/cargo-home:/cargo-home:ro,Z" "-v" "/mnt/big/crater/work/local/rustup-home:/rustup-home:ro,Z" "-e" "USER_ID=1000" "-e" "SOURCE_DIR=/source" "-e" "USER_ID=1000" "-e" "CMD=cargo +1.30.1 test --frozen" "-e" "CARGO_TARGET_DIR=/target" "-e" "CARGO_INCREMENTAL=0" "-e" "RUST_BACKTRACE=full" "-e" "RUSTFLAGS=--cap-lints=warn" "-e" "CARGO_HOME=/cargo-home" "-e" "RUSTUP_HOME=/rustup-home" "-m" "1536M" "--network" "none" "crater"`
Dec 01 11:48:51.375 INFO [stdout] 0dff6c3ab6051ddb806655dfbe5a37a0e591399c71240770f7162360ca6e971c
Dec 01 11:48:51.381 INFO running `"docker" "start" "-a" "0dff6c3ab6051ddb806655dfbe5a37a0e591399c71240770f7162360ca6e971c"`
Dec 01 11:48:52.604 INFO [stderr] usermod: no changes
Dec 01 11:48:53.023 INFO [stderr]     Finished dev [unoptimized + debuginfo] target(s) in 0.40s
Dec 01 11:48:53.063 INFO [stderr]      Running /target/debug/deps/papyrus-86399c81521e5b58
Dec 01 11:48:53.099 INFO [stdout] 
Dec 01 11:48:53.099 INFO [stdout] running 21 tests
Dec 01 11:48:53.111 INFO [stdout] test input::tests::fail_parse_cmd ... ok
Dec 01 11:48:53.295 INFO [stdout] test compile::tests::test_10_stmts_compile ... FAILED
Dec 01 11:48:53.303 INFO [stdout] test compile::tests::fail_compile ... FAILED
Dec 01 11:48:53.303 INFO [stdout] test input::tests::handle_input ... ok
Dec 01 11:48:53.303 INFO [stdout] test compile::tests::test_build_compile_dir ... FAILED
Dec 01 11:48:53.303 INFO [stdout] test compile::tests::fail_runtime ... FAILED
Dec 01 11:48:53.303 INFO [stdout] test compile::tests::test_run_success ... FAILED
Dec 01 11:48:53.303 INFO [stdout] test repl::command::tests::help_response_types ... ok
Dec 01 11:48:53.303 INFO [stdout] test repl::command::tests::find_cmd ... ok
Dec 01 11:48:53.303 INFO [stdout] test repl::command::tests::test_clone ... ok
Dec 01 11:48:53.303 INFO [stdout] test compile::tests::test_20_stmts_compile ... FAILED
Dec 01 11:48:53.599 INFO [stdout] test tests::create_file_and_dir_test ... FAILED
Dec 01 11:48:53.615 INFO [stdout] test version::parse_test ... ok
Dec 01 11:48:53.631 INFO [stdout] test input::tests::determine_result ... ok
Dec 01 11:48:53.631 INFO [stdout] test input::tests::test_unclosed_delimiter ... ok
Dec 01 11:48:53.631 INFO [stdout] test input::tests::test_exprs ... ok
Dec 01 11:48:53.631 INFO [stdout] test input::tests::fail_parse_program ... ok
Dec 01 11:48:53.631 INFO [stdout] test input::tests::test_items ... ok
Dec 01 11:48:53.631 INFO [stdout] test repl::tests::load_rscript_script ... FAILED
Dec 01 11:48:53.639 INFO [stdout] test repl::tests::load_rs_source ... FAILED
Dec 01 11:48:53.703 INFO [stdout] test version::test_web_req ... FAILED
Dec 01 11:48:53.703 INFO [stdout] 
Dec 01 11:48:53.704 INFO [stdout] failures:
Dec 01 11:48:53.704 INFO [stdout] 
Dec 01 11:48:53.704 INFO [stdout] ---- compile::tests::test_10_stmts_compile stdout ----
Dec 01 11:48:53.704 INFO [stdout] thread 'compile::tests::test_10_stmts_compile' panicked at 'called `Result::unwrap()` on an `Err` value: IOError("failed creating directory \"test/stmts-10/src\"")', libcore/result.rs:1009:5
Dec 01 11:48:53.704 INFO [stdout] stack backtrace:
Dec 01 11:48:53.704 INFO [stdout]    0:     0x7fa3242f57ce - std::sys::unix::backtrace::tracing::imp::unwind_backtrace::h15749a98198ba25f
Dec 01 11:48:53.704 INFO [stdout]                                at libstd/sys/unix/backtrace/tracing/gcc_s.rs:49
Dec 01 11:48:53.704 INFO [stdout]    1:     0x7fa3242ce966 - std::sys_common::backtrace::print::h0ba65c811294dbf0
Dec 01 11:48:53.704 INFO [stdout]                                at libstd/sys_common/backtrace.rs:71
Dec 01 11:48:53.704 INFO [stdout]                                at libstd/sys_common/backtrace.rs:59
Dec 01 11:48:53.704 INFO [stdout]    2:     0x7fa3242cc5bd - std::panicking::default_hook::{{closure}}::h42bb31757f0fee64
Dec 01 11:48:53.704 INFO [stdout]                                at libstd/panicking.rs:211
Dec 01 11:48:53.704 INFO [stdout]    3:     0x7fa3242cc2cb - std::panicking::default_hook::hebc8848d7aa7dbd9
Dec 01 11:48:53.704 INFO [stdout]                                at libstd/panicking.rs:221
Dec 01 11:48:53.704 INFO [stdout]    4:     0x7fa3242ccc6c - std::panicking::rust_panic_with_hook::h86e619a638415243
Dec 01 11:48:53.704 INFO [stdout]                                at libstd/panicking.rs:477
Dec 01 11:48:53.704 INFO [stdout]    5:     0x7fa3242cc829 - std::panicking::continue_panic_fmt::h2d2d2bfb065a70b2
Dec 01 11:48:53.704 INFO [stdout]                                at libstd/panicking.rs:391
Dec 01 11:48:53.704 INFO [stdout]    6:     0x7fa3242cc725 - rust_begin_unwind
Dec 01 11:48:53.704 INFO [stdout]                                at libstd/panicking.rs:326
Dec 01 11:48:53.704 INFO [stdout]    7:     0x7fa32435ff6b - core::panicking::panic_fmt::h2155aa66b67fe83c
Dec 01 11:48:53.704 INFO [stdout]                                at libcore/panicking.rs:77
Dec 01 11:48:53.704 INFO [stdout]    8:     0x557fedb3f103 - core::result::unwrap_failed::h324a6d365202d253
Dec 01 11:48:53.704 INFO [stdout]                                at libcore/macros.rs:26
Dec 01 11:48:53.704 INFO [stdout]    9:     0x557fedb3909f - <core::result::Result<T, E>>::unwrap::h0b6f219f048e88b7
Dec 01 11:48:53.704 INFO [stdout]                                at libcore/result.rs:808
Dec 01 11:48:53.704 INFO [stdout]   10:     0x557fedb070fe - papyrus::compile::tests::test_10_stmts_compile::h50901422a50edf02
Dec 01 11:48:53.704 INFO [stdout]                                at src/compile.rs:319
Dec 01 11:48:53.704 INFO [stdout]   11:     0x557fedb06fc9 - papyrus::compile::tests::test_10_stmts_compile::{{closure}}::h390735361d71ad6b
Dec 01 11:48:53.704 INFO [stdout]                                at src/compile.rs:312
Dec 01 11:48:53.704 INFO [stdout]   12:     0x557fedb17f1d - core::ops::function::FnOnce::call_once::h3e81275a396f4541
Dec 01 11:48:53.704 INFO [stdout]                                at libcore/ops/function.rs:238
Dec 01 11:48:53.704 INFO [stdout]   13:     0x7fa325034dae - <F as alloc::boxed::FnBox<A>>::call_box::hbea525814fa423cc
Dec 01 11:48:53.704 INFO [stdout]                                at libtest/lib.rs:1461
Dec 01 11:48:53.704 INFO [stdout]                                at libcore/ops/function.rs:238
Dec 01 11:48:53.704 INFO [stdout]                                at liballoc/boxed.rs:646
Dec 01 11:48:53.704 INFO [stdout]   14:     0x7fa32430c5b9 - __rust_maybe_catch_panic
Dec 01 11:48:53.704 INFO [stdout]                                at libpanic_unwind/lib.rs:103
Dec 01 11:48:53.704 INFO [stdout]   15:     0x7fa3250421ed - std::sys_common::backtrace::__rust_begin_short_backtrace::h0ff507d7422944d3
Dec 01 11:48:53.704 INFO [stdout]                                at libstd/panicking.rs:289
Dec 01 11:48:53.704 INFO [stdout]                                at libstd/panic.rs:392
Dec 01 11:48:53.704 INFO [stdout]                                at libtest/lib.rs:1416
Dec 01 11:48:53.704 INFO [stdout]                                at libstd/sys_common/backtrace.rs:136
Dec 01 11:48:53.704 INFO [stdout]   16:     0x7fa32505fff4 - std::panicking::try::do_call::hba0bdcc3670471cc
Dec 01 11:48:53.704 INFO [stdout]                                at libstd/thread/mod.rs:409
Dec 01 11:48:53.704 INFO [stdout]                                at libstd/panic.rs:313
Dec 01 11:48:53.704 INFO [stdout]                                at libstd/panicking.rs:310
Dec 01 11:48:53.704 INFO [stdout]   17:     0x7fa32430c5b9 - __rust_maybe_catch_panic
Dec 01 11:48:53.704 INFO [stdout]                                at libpanic_unwind/lib.rs:103
Dec 01 11:48:53.704 INFO [stdout]   18:     0x7fa32504cbd6 - <F as alloc::boxed::FnBox<A>>::call_box::hdac52587b00591af
Dec 01 11:48:53.704 INFO [stdout]                                at libstd/panicking.rs:289
Dec 01 11:48:53.704 INFO [stdout]                                at libstd/panic.rs:392
Dec 01 11:48:53.704 INFO [stdout]                                at libstd/thread/mod.rs:408
Dec 01 11:48:53.704 INFO [stdout]                                at liballoc/boxed.rs:646
Dec 01 11:48:53.704 INFO [stdout]   19:     0x7fa3242f9cca - std::sys_common::thread::start_thread::h75d887c7d2cc4479
Dec 01 11:48:53.704 INFO [stdout]                                at liballoc/boxed.rs:656
Dec 01 11:48:53.704 INFO [stdout]                                at libstd/sys_common/thread.rs:24
Dec 01 11:48:53.704 INFO [stdout]   20:     0x7fa3242cd8f5 - std::sys::unix::thread::Thread::new::thread_start::h8414caee632bf9ed
Dec 01 11:48:53.704 INFO [stdout]                                at libstd/sys/unix/thread.rs:90
Dec 01 11:48:53.704 INFO [stdout]   21:     0x7fa3231df6b9 - start_thread
Dec 01 11:48:53.704 INFO [stdout]   22:     0x7fa323fb541c - clone
Dec 01 11:48:53.704 INFO [stdout]   23:                0x0 - <unknown>
Dec 01 11:48:53.704 INFO [stdout] 
Dec 01 11:48:53.704 INFO [stdout] ---- compile::tests::fail_compile stdout ----
Dec 01 11:48:53.704 INFO [stdout] thread 'compile::tests::fail_compile' panicked at 'called `Result::unwrap()` on an `Err` value: IOError("failed creating directory \"tests/compile-dir/test-run/src\"")', libcore/result.rs:1009:5
Dec 01 11:48:53.705 INFO [stdout] stack backtrace:
Dec 01 11:48:53.705 INFO [stdout]    0:     0x7fa3242f57ce - std::sys::unix::backtrace::tracing::imp::unwind_backtrace::h15749a98198ba25f
Dec 01 11:48:53.705 INFO [stdout]                                at libstd/sys/unix/backtrace/tracing/gcc_s.rs:49
Dec 01 11:48:53.705 INFO [stdout]    1:     0x7fa3242ce966 - std::sys_common::backtrace::print::h0ba65c811294dbf0
Dec 01 11:48:53.705 INFO [stdout]                                at libstd/sys_common/backtrace.rs:71
Dec 01 11:48:53.705 INFO [stdout]                                at libstd/sys_common/backtrace.rs:59
Dec 01 11:48:53.705 INFO [stdout]    2:     0x7fa3242cc5bd - std::panicking::default_hook::{{closure}}::h42bb31757f0fee64
Dec 01 11:48:53.705 INFO [stdout]                                at libstd/panicking.rs:211
Dec 01 11:48:53.705 INFO [stdout]    3:     0x7fa3242cc2cb - std::panicking::default_hook::hebc8848d7aa7dbd9
Dec 01 11:48:53.705 INFO [stdout]                                at libstd/panicking.rs:221
Dec 01 11:48:53.705 INFO [stdout]    4:     0x7fa3242ccc6c - std::panicking::rust_panic_with_hook::h86e619a638415243
Dec 01 11:48:53.705 INFO [stdout]                                at libstd/panicking.rs:477
Dec 01 11:48:53.705 INFO [stdout]    5:     0x7fa3242cc829 - std::panicking::continue_panic_fmt::h2d2d2bfb065a70b2
Dec 01 11:48:53.705 INFO [stdout]                                at libstd/panicking.rs:391
Dec 01 11:48:53.705 INFO [stdout]    6:     0x7fa3242cc725 - rust_begin_unwind
Dec 01 11:48:53.705 INFO [stdout]                                at libstd/panicking.rs:326
Dec 01 11:48:53.705 INFO [stdout]    7:     0x7fa32435ff6b - core::panicking::panic_fmt::h2155aa66b67fe83c
Dec 01 11:48:53.705 INFO [stdout]                                at libcore/panicking.rs:77
Dec 01 11:48:53.705 INFO [stdout]    8:     0x557fedb3f103 - core::result::unwrap_failed::h324a6d365202d253
Dec 01 11:48:53.705 INFO [stdout]                                at libcore/macros.rs:26
Dec 01 11:48:53.705 INFO [stdout]    9:     0x557fedb3909f - <core::result::Result<T, E>>::unwrap::h0b6f219f048e88b7
Dec 01 11:48:53.705 INFO [stdout]                                at libcore/result.rs:808
Dec 01 11:48:53.705 INFO [stdout]   10:     0x557fedb06b95 - papyrus::compile::tests::fail_compile::he5aac6cd3eafef8c
Dec 01 11:48:53.705 INFO [stdout]                                at src/compile.rs:281
Dec 01 11:48:53.705 INFO [stdout]   11:     0x557fedb06a69 - papyrus::compile::tests::fail_compile::{{closure}}::hf63f80bb2e657f29
Dec 01 11:48:53.705 INFO [stdout]                                at src/compile.rs:271
Dec 01 11:48:53.705 INFO [stdout]   12:     0x557fedb1814d - core::ops::function::FnOnce::call_once::h8dd77c69ccfffaed
Dec 01 11:48:53.705 INFO [stdout]                                at libcore/ops/function.rs:238
Dec 01 11:48:53.705 INFO [stdout]   13:     0x7fa325034dae - <F as alloc::boxed::FnBox<A>>::call_box::hbea525814fa423cc
Dec 01 11:48:53.705 INFO [stdout]                                at libtest/lib.rs:1461
Dec 01 11:48:53.705 INFO [stdout]                                at libcore/ops/function.rs:238
Dec 01 11:48:53.705 INFO [stdout]                                at liballoc/boxed.rs:646
Dec 01 11:48:53.705 INFO [stdout]   14:     0x7fa32430c5b9 - __rust_maybe_catch_panic
Dec 01 11:48:53.705 INFO [stdout]                                at libpanic_unwind/lib.rs:103
Dec 01 11:48:53.705 INFO [stdout]   15:     0x7fa3250421ed - std::sys_common::backtrace::__rust_begin_short_backtrace::h0ff507d7422944d3
Dec 01 11:48:53.705 INFO [stdout]                                at libstd/panicking.rs:289
Dec 01 11:48:53.705 INFO [stdout]                                at libstd/panic.rs:392
Dec 01 11:48:53.705 INFO [stdout]                                at libtest/lib.rs:1416
Dec 01 11:48:53.705 INFO [stdout]                                at libstd/sys_common/backtrace.rs:136
Dec 01 11:48:53.705 INFO [stdout]   16:     0x7fa32505fff4 - std::panicking::try::do_call::hba0bdcc3670471cc
Dec 01 11:48:53.705 INFO [stdout]                                at libstd/thread/mod.rs:409
Dec 01 11:48:53.705 INFO [stdout]                                at libstd/panic.rs:313
Dec 01 11:48:53.705 INFO [stdout]                                at libstd/panicking.rs:310
Dec 01 11:48:53.705 INFO [stdout]   17:     0x7fa32430c5b9 - __rust_maybe_catch_panic
Dec 01 11:48:53.705 INFO [stdout]                                at libpanic_unwind/lib.rs:103
Dec 01 11:48:53.705 INFO [stdout]   18:     0x7fa32504cbd6 - <F as alloc::boxed::FnBox<A>>::call_box::hdac52587b00591af
Dec 01 11:48:53.705 INFO [stdout]                                at libstd/panicking.rs:289
Dec 01 11:48:53.705 INFO [stdout]                                at libstd/panic.rs:392
Dec 01 11:48:53.705 INFO [stdout]                                at libstd/thread/mod.rs:408
Dec 01 11:48:53.705 INFO [stdout]                                at liballoc/boxed.rs:646
Dec 01 11:48:53.705 INFO [stdout]   19:     0x7fa3242f9cca - std::sys_common::thread::start_thread::h75d887c7d2cc4479
Dec 01 11:48:53.705 INFO [stdout]                                at liballoc/boxed.rs:656
Dec 01 11:48:53.705 INFO [stdout]                                at libstd/sys_common/thread.rs:24
Dec 01 11:48:53.705 INFO [stdout]   20:     0x7fa3242cd8f5 - std::sys::unix::thread::Thread::new::thread_start::h8414caee632bf9ed
Dec 01 11:48:53.705 INFO [stdout]                                at libstd/sys/unix/thread.rs:90
Dec 01 11:48:53.705 INFO [stdout]   21:     0x7fa3231df6b9 - start_thread
Dec 01 11:48:53.705 INFO [stdout]   22:     0x7fa323fb541c - clone
Dec 01 11:48:53.705 INFO [stdout]   23:                0x0 - <unknown>
Dec 01 11:48:53.705 INFO [stdout] 
Dec 01 11:48:53.705 INFO [stdout] ---- compile::tests::test_build_compile_dir stdout ----
Dec 01 11:48:53.705 INFO [stdout] thread 'compile::tests::test_build_compile_dir' panicked at 'called `Result::unwrap()` on an `Err` value: IOError("failed creating directory \"tests/compile-dir/test-dir/src\"")', libcore/result.rs:1009:5
Dec 01 11:48:53.705 INFO [stdout] stack backtrace:
Dec 01 11:48:53.705 INFO [stdout]    0:     0x7fa3242f57ce - std::sys::unix::backtrace::tracing::imp::unwind_backtrace::h15749a98198ba25f
Dec 01 11:48:53.705 INFO [stdout]                                at libstd/sys/unix/backtrace/tracing/gcc_s.rs:49
Dec 01 11:48:53.705 INFO [stdout]    1:     0x7fa3242ce966 - std::sys_common::backtrace::print::h0ba65c811294dbf0
Dec 01 11:48:53.705 INFO [stdout]                                at libstd/sys_common/backtrace.rs:71
Dec 01 11:48:53.705 INFO [stdout]                                at libstd/sys_common/backtrace.rs:59
Dec 01 11:48:53.705 INFO [stdout]    2:     0x7fa3242cc5bd - std::panicking::default_hook::{{closure}}::h42bb31757f0fee64
Dec 01 11:48:53.705 INFO [stdout]                                at libstd/panicking.rs:211
Dec 01 11:48:53.705 INFO [stdout]    3:     0x7fa3242cc2cb - std::panicking::default_hook::hebc8848d7aa7dbd9
Dec 01 11:48:53.705 INFO [stdout]                                at libstd/panicking.rs:221
Dec 01 11:48:53.705 INFO [stdout]    4:     0x7fa3242ccc6c - std::panicking::rust_panic_with_hook::h86e619a638415243
Dec 01 11:48:53.705 INFO [stdout]                                at libstd/panicking.rs:477
Dec 01 11:48:53.705 INFO [stdout]    5:     0x7fa3242cc829 - std::panicking::continue_panic_fmt::h2d2d2bfb065a70b2
Dec 01 11:48:53.705 INFO [stdout]                                at libstd/panicking.rs:391
Dec 01 11:48:53.705 INFO [stdout]    6:     0x7fa3242cc725 - rust_begin_unwind
Dec 01 11:48:53.705 INFO [stdout]                                at libstd/panicking.rs:326
Dec 01 11:48:53.705 INFO [stdout]    7:     0x7fa32435ff6b - core::panicking::panic_fmt::h2155aa66b67fe83c
Dec 01 11:48:53.705 INFO [stdout]                                at libcore/panicking.rs:77
Dec 01 11:48:53.705 INFO [stdout]    8:     0x557fedb3f103 - core::result::unwrap_failed::h324a6d365202d253
Dec 01 11:48:53.705 INFO [stdout]                                at libcore/macros.rs:26
Dec 01 11:48:53.705 INFO [stdout]    9:     0x557fedb39188 - <core::result::Result<T, E>>::unwrap::h1c133521e439c12c
Dec 01 11:48:53.705 INFO [stdout]                                at libcore/result.rs:808
Dec 01 11:48:53.705 INFO [stdout]   10:     0x557fedb06609 - papyrus::compile::tests::test_build_compile_dir::hc8ba6bde9ed3fcea
Dec 01 11:48:53.705 INFO [stdout]                                at src/compile.rs:240
Dec 01 11:48:53.706 INFO [stdout]   11:     0x557fedb064e9 - papyrus::compile::tests::test_build_compile_dir::{{closure}}::h81f58a0eb5f64ae1
Dec 01 11:48:53.706 INFO [stdout]                                at src/compile.rs:232
Dec 01 11:48:53.706 INFO [stdout]   12:     0x557fedb17d8d - core::ops::function::FnOnce::call_once::h10c07fbe88642c9c
Dec 01 11:48:53.706 INFO [stdout]                                at libcore/ops/function.rs:238
Dec 01 11:48:53.706 INFO [stdout]   13:     0x7fa325034dae - <F as alloc::boxed::FnBox<A>>::call_box::hbea525814fa423cc
Dec 01 11:48:53.706 INFO [stdout]                                at libtest/lib.rs:1461
Dec 01 11:48:53.706 INFO [stdout]                                at libcore/ops/function.rs:238
Dec 01 11:48:53.706 INFO [stdout]                                at liballoc/boxed.rs:646
Dec 01 11:48:53.706 INFO [stdout]   14:     0x7fa32430c5b9 - __rust_maybe_catch_panic
Dec 01 11:48:53.706 INFO [stdout]                                at libpanic_unwind/lib.rs:103
Dec 01 11:48:53.706 INFO [stdout]   15:     0x7fa3250421ed - std::sys_common::backtrace::__rust_begin_short_backtrace::h0ff507d7422944d3
Dec 01 11:48:53.706 INFO [stdout]                                at libstd/panicking.rs:289
Dec 01 11:48:53.706 INFO [stdout]                                at libstd/panic.rs:392
Dec 01 11:48:53.706 INFO [stdout]                                at libtest/lib.rs:1416
Dec 01 11:48:53.706 INFO [stdout]                                at libstd/sys_common/backtrace.rs:136
Dec 01 11:48:53.706 INFO [stdout]   16:     0x7fa32505fff4 - std::panicking::try::do_call::hba0bdcc3670471cc
Dec 01 11:48:53.706 INFO [stdout]                                at libstd/thread/mod.rs:409
Dec 01 11:48:53.706 INFO [stdout]                                at libstd/panic.rs:313
Dec 01 11:48:53.706 INFO [stdout]                                at libstd/panicking.rs:310
Dec 01 11:48:53.706 INFO [stdout]   17:     0x7fa32430c5b9 - __rust_maybe_catch_panic
Dec 01 11:48:53.706 INFO [stdout]                                at libpanic_unwind/lib.rs:103
Dec 01 11:48:53.706 INFO [stdout]   18:     0x7fa32504cbd6 - <F as alloc::boxed::FnBox<A>>::call_box::hdac52587b00591af
Dec 01 11:48:53.706 INFO [stdout]                                at libstd/panicking.rs:289
Dec 01 11:48:53.706 INFO [stdout]                                at libstd/panic.rs:392
Dec 01 11:48:53.706 INFO [stdout]                                at libstd/thread/mod.rs:408
Dec 01 11:48:53.706 INFO [stdout]                                at liballoc/boxed.rs:646
Dec 01 11:48:53.706 INFO [stdout]   19:     0x7fa3242f9cca - std::sys_common::thread::start_thread::h75d887c7d2cc4479
Dec 01 11:48:53.706 INFO [stdout]                                at liballoc/boxed.rs:656
Dec 01 11:48:53.706 INFO [stdout]                                at libstd/sys_common/thread.rs:24
Dec 01 11:48:53.706 INFO [stdout]   20:     0x7fa3242cd8f5 - std::sys::unix::thread::Thread::new::thread_start::h8414caee632bf9ed
Dec 01 11:48:53.706 INFO [stdout]                                at libstd/sys/unix/thread.rs:90
Dec 01 11:48:53.706 INFO [stdout]   21:     0x7fa3231df6b9 - start_thread
Dec 01 11:48:53.706 INFO [stdout]   22:     0x7fa323fb541c - clone
Dec 01 11:48:53.706 INFO [stdout]   23:                0x0 - <unknown>
Dec 01 11:48:53.706 INFO [stdout] 
Dec 01 11:48:53.706 INFO [stdout] ---- compile::tests::fail_runtime stdout ----
Dec 01 11:48:53.706 INFO [stdout] thread 'compile::tests::fail_runtime' panicked at 'called `Result::unwrap()` on an `Err` value: IOError("failed creating directory \"tests/compile-dir/test-run/src\"")', libcore/result.rs:1009:5
Dec 01 11:48:53.706 INFO [stdout] stack backtrace:
Dec 01 11:48:53.706 INFO [stdout]    0:     0x7fa3242f57ce - std::sys::unix::backtrace::tracing::imp::unwind_backtrace::h15749a98198ba25f
Dec 01 11:48:53.706 INFO [stdout]                                at libstd/sys/unix/backtrace/tracing/gcc_s.rs:49
Dec 01 11:48:53.706 INFO [stdout]    1:     0x7fa3242ce966 - std::sys_common::backtrace::print::h0ba65c811294dbf0
Dec 01 11:48:53.706 INFO [stdout]                                at libstd/sys_common/backtrace.rs:71
Dec 01 11:48:53.706 INFO [stdout]                                at libstd/sys_common/backtrace.rs:59
Dec 01 11:48:53.706 INFO [stdout]    2:     0x7fa3242cc5bd - std::panicking::default_hook::{{closure}}::h42bb31757f0fee64
Dec 01 11:48:53.706 INFO [stdout]                                at libstd/panicking.rs:211
Dec 01 11:48:53.706 INFO [stdout]    3:     0x7fa3242cc2cb - std::panicking::default_hook::hebc8848d7aa7dbd9
Dec 01 11:48:53.706 INFO [stdout]                                at libstd/panicking.rs:221
Dec 01 11:48:53.706 INFO [stdout]    4:     0x7fa3242ccc6c - std::panicking::rust_panic_with_hook::h86e619a638415243
Dec 01 11:48:53.706 INFO [stdout]                                at libstd/panicking.rs:477
Dec 01 11:48:53.706 INFO [stdout]    5:     0x7fa3242cc829 - std::panicking::continue_panic_fmt::h2d2d2bfb065a70b2
Dec 01 11:48:53.706 INFO [stdout]                                at libstd/panicking.rs:391
Dec 01 11:48:53.706 INFO [stdout]    6:     0x7fa3242cc725 - rust_begin_unwind
Dec 01 11:48:53.706 INFO [stdout]                                at libstd/panicking.rs:326
Dec 01 11:48:53.706 INFO [stdout]    7:     0x7fa32435ff6b - core::panicking::panic_fmt::h2155aa66b67fe83c
Dec 01 11:48:53.706 INFO [stdout]                                at libcore/panicking.rs:77
Dec 01 11:48:53.706 INFO [stdout]    8:     0x557fedb3f103 - core::result::unwrap_failed::h324a6d365202d253
Dec 01 11:48:53.706 INFO [stdout]                                at libcore/macros.rs:26
Dec 01 11:48:53.706 INFO [stdout]    9:     0x557fedb3909f - <core::result::Result<T, E>>::unwrap::h0b6f219f048e88b7
Dec 01 11:48:53.706 INFO [stdout]                                at libcore/result.rs:808
Dec 01 11:48:53.706 INFO [stdout]   10:     0x557fedb06deb - papyrus::compile::tests::fail_runtime::h3dda0949b23bee16
Dec 01 11:48:53.706 INFO [stdout]                                at src/compile.rs:300
Dec 01 11:48:53.706 INFO [stdout]   11:     0x557fedb06cb9 - papyrus::compile::tests::fail_runtime::{{closure}}::h1448bb71b7372491
Dec 01 11:48:53.706 INFO [stdout]                                at src/compile.rs:290
Dec 01 11:48:53.706 INFO [stdout]   12:     0x557fedb17f5d - core::ops::function::FnOnce::call_once::h6797029587f12370
Dec 01 11:48:53.706 INFO [stdout]                                at libcore/ops/function.rs:238
Dec 01 11:48:53.706 INFO [stdout]   13:     0x7fa325034dae - <F as alloc::boxed::FnBox<A>>::call_box::hbea525814fa423cc
Dec 01 11:48:53.706 INFO [stdout]                                at libtest/lib.rs:1461
Dec 01 11:48:53.706 INFO [stdout]                                at libcore/ops/function.rs:238
Dec 01 11:48:53.706 INFO [stdout]                                at liballoc/boxed.rs:646
Dec 01 11:48:53.706 INFO [stdout]   14:     0x7fa32430c5b9 - __rust_maybe_catch_panic
Dec 01 11:48:53.706 INFO [stdout]                                at libpanic_unwind/lib.rs:103
Dec 01 11:48:53.706 INFO [stdout]   15:     0x7fa3250421ed - std::sys_common::backtrace::__rust_begin_short_backtrace::h0ff507d7422944d3
Dec 01 11:48:53.706 INFO [stdout]                                at libstd/panicking.rs:289
Dec 01 11:48:53.706 INFO [stdout]                                at libstd/panic.rs:392
Dec 01 11:48:53.706 INFO [stdout]                                at libtest/lib.rs:1416
Dec 01 11:48:53.706 INFO [stdout]                                at libstd/sys_common/backtrace.rs:136
Dec 01 11:48:53.706 INFO [stdout]   16:     0x7fa32505fff4 - std::panicking::try::do_call::hba0bdcc3670471cc
Dec 01 11:48:53.706 INFO [stdout]                                at libstd/thread/mod.rs:409
Dec 01 11:48:53.706 INFO [stdout]                                at libstd/panic.rs:313
Dec 01 11:48:53.706 INFO [stdout]                                at libstd/panicking.rs:310
Dec 01 11:48:53.706 INFO [stdout]   17:     0x7fa32430c5b9 - __rust_maybe_catch_panic
Dec 01 11:48:53.706 INFO [stdout]                                at libpanic_unwind/lib.rs:103
Dec 01 11:48:53.706 INFO [stdout]   18:     0x7fa32504cbd6 - <F as alloc::boxed::FnBox<A>>::call_box::hdac52587b00591af
Dec 01 11:48:53.706 INFO [stdout]                                at libstd/panicking.rs:289
Dec 01 11:48:53.706 INFO [stdout]                                at libstd/panic.rs:392
Dec 01 11:48:53.706 INFO [stdout]                                at libstd/thread/mod.rs:408
Dec 01 11:48:53.707 INFO [stdout]                                at liballoc/boxed.rs:646
Dec 01 11:48:53.707 INFO [stdout]   19:     0x7fa3242f9cca - std::sys_common::thread::start_thread::h75d887c7d2cc4479
Dec 01 11:48:53.707 INFO [stdout]                                at liballoc/boxed.rs:656
Dec 01 11:48:53.707 INFO [stdout]                                at libstd/sys_common/thread.rs:24
Dec 01 11:48:53.707 INFO [stdout]   20:     0x7fa3242cd8f5 - std::sys::unix::thread::Thread::new::thread_start::h8414caee632bf9ed
Dec 01 11:48:53.707 INFO [stdout]                                at libstd/sys/unix/thread.rs:90
Dec 01 11:48:53.707 INFO [stdout]   21:     0x7fa3231df6b9 - start_thread
Dec 01 11:48:53.707 INFO [stdout]   22:     0x7fa323fb541c - clone
Dec 01 11:48:53.707 INFO [stdout]   23:                0x0 - <unknown>
Dec 01 11:48:53.707 INFO [stdout] 
Dec 01 11:48:53.707 INFO [stdout] ---- compile::tests::test_run_success stdout ----
Dec 01 11:48:53.707 INFO [stdout] thread 'compile::tests::test_run_success' panicked at 'called `Result::unwrap()` on an `Err` value: IOError("failed creating directory \"tests/compile-dir/test-run/src\"")', libcore/result.rs:1009:5
Dec 01 11:48:53.707 INFO [stdout] stack backtrace:
Dec 01 11:48:53.707 INFO [stdout]    0:     0x7fa3242f57ce - std::sys::unix::backtrace::tracing::imp::unwind_backtrace::h15749a98198ba25f
Dec 01 11:48:53.707 INFO [stdout]                                at libstd/sys/unix/backtrace/tracing/gcc_s.rs:49
Dec 01 11:48:53.707 INFO [stdout]    1:     0x7fa3242ce966 - std::sys_common::backtrace::print::h0ba65c811294dbf0
Dec 01 11:48:53.707 INFO [stdout]                                at libstd/sys_common/backtrace.rs:71
Dec 01 11:48:53.707 INFO [stdout]                                at libstd/sys_common/backtrace.rs:59
Dec 01 11:48:53.707 INFO [stdout]    2:     0x7fa3242cc5bd - std::panicking::default_hook::{{closure}}::h42bb31757f0fee64
Dec 01 11:48:53.707 INFO [stdout]                                at libstd/panicking.rs:211
Dec 01 11:48:53.707 INFO [stdout]    3:     0x7fa3242cc2cb - std::panicking::default_hook::hebc8848d7aa7dbd9
Dec 01 11:48:53.707 INFO [stdout]                                at libstd/panicking.rs:221
Dec 01 11:48:53.707 INFO [stdout]    4:     0x7fa3242ccc6c - std::panicking::rust_panic_with_hook::h86e619a638415243
Dec 01 11:48:53.707 INFO [stdout]                                at libstd/panicking.rs:477
Dec 01 11:48:53.707 INFO [stdout]    5:     0x7fa3242cc829 - std::panicking::continue_panic_fmt::h2d2d2bfb065a70b2
Dec 01 11:48:53.707 INFO [stdout]                                at libstd/panicking.rs:391
Dec 01 11:48:53.707 INFO [stdout]    6:     0x7fa3242cc725 - rust_begin_unwind
Dec 01 11:48:53.707 INFO [stdout]                                at libstd/panicking.rs:326
Dec 01 11:48:53.707 INFO [stdout]    7:     0x7fa32435ff6b - core::panicking::panic_fmt::h2155aa66b67fe83c
Dec 01 11:48:53.707 INFO [stdout]                                at libcore/panicking.rs:77
Dec 01 11:48:53.707 INFO [stdout]    8:     0x557fedb3f103 - core::result::unwrap_failed::h324a6d365202d253
Dec 01 11:48:53.707 INFO [stdout]                                at libcore/macros.rs:26
Dec 01 11:48:53.707 INFO [stdout]    9:     0x557fedb3909f - <core::result::Result<T, E>>::unwrap::h0b6f219f048e88b7
Dec 01 11:48:53.707 INFO [stdout]                                at libcore/result.rs:808
Dec 01 11:48:53.707 INFO [stdout]   10:     0x557fedb0688b - papyrus::compile::tests::test_run_success::hae4faedd4b0a5563
Dec 01 11:48:53.707 INFO [stdout]                                at src/compile.rs:258
Dec 01 11:48:53.707 INFO [stdout]   11:     0x557fedb06759 - papyrus::compile::tests::test_run_success::{{closure}}::h7e75ca310c2dbb21
Dec 01 11:48:53.707 INFO [stdout]                                at src/compile.rs:248
Dec 01 11:48:53.707 INFO [stdout]   12:     0x557fedb17fdd - core::ops::function::FnOnce::call_once::h7bc9e30c1e656ab2
Dec 01 11:48:53.707 INFO [stdout]                                at libcore/ops/function.rs:238
Dec 01 11:48:53.707 INFO [stdout]   13:     0x7fa325034dae - <F as alloc::boxed::FnBox<A>>::call_box::hbea525814fa423cc
Dec 01 11:48:53.707 INFO [stdout]                                at libtest/lib.rs:1461
Dec 01 11:48:53.707 INFO [stdout]                                at libcore/ops/function.rs:238
Dec 01 11:48:53.707 INFO [stdout]                                at liballoc/boxed.rs:646
Dec 01 11:48:53.707 INFO [stdout]   14:     0x7fa32430c5b9 - __rust_maybe_catch_panic
Dec 01 11:48:53.707 INFO [stdout]                                at libpanic_unwind/lib.rs:103
Dec 01 11:48:53.707 INFO [stdout]   15:     0x7fa3250421ed - std::sys_common::backtrace::__rust_begin_short_backtrace::h0ff507d7422944d3
Dec 01 11:48:53.707 INFO [stdout]                                at libstd/panicking.rs:289
Dec 01 11:48:53.707 INFO [stdout]                                at libstd/panic.rs:392
Dec 01 11:48:53.707 INFO [stdout]                                at libtest/lib.rs:1416
Dec 01 11:48:53.707 INFO [stdout]                                at libstd/sys_common/backtrace.rs:136
Dec 01 11:48:53.707 INFO [stdout]   16:     0x7fa32505fff4 - std::panicking::try::do_call::hba0bdcc3670471cc
Dec 01 11:48:53.707 INFO [stdout]                                at libstd/thread/mod.rs:409
Dec 01 11:48:53.707 INFO [stdout]                                at libstd/panic.rs:313
Dec 01 11:48:53.707 INFO [stdout]                                at libstd/panicking.rs:310
Dec 01 11:48:53.707 INFO [stdout]   17:     0x7fa32430c5b9 - __rust_maybe_catch_panic
Dec 01 11:48:53.707 INFO [stdout]                                at libpanic_unwind/lib.rs:103
Dec 01 11:48:53.707 INFO [stdout]   18:     0x7fa32504cbd6 - <F as alloc::boxed::FnBox<A>>::call_box::hdac52587b00591af
Dec 01 11:48:53.707 INFO [stdout]                                at libstd/panicking.rs:289
Dec 01 11:48:53.707 INFO [stdout]                                at libstd/panic.rs:392
Dec 01 11:48:53.707 INFO [stdout]                                at libstd/thread/mod.rs:408
Dec 01 11:48:53.707 INFO [stdout]                                at liballoc/boxed.rs:646
Dec 01 11:48:53.707 INFO [stdout]   19:     0x7fa3242f9cca - std::sys_common::thread::start_thread::h75d887c7d2cc4479
Dec 01 11:48:53.707 INFO [stdout]                                at liballoc/boxed.rs:656
Dec 01 11:48:53.707 INFO [stdout]                                at libstd/sys_common/thread.rs:24
Dec 01 11:48:53.707 INFO [stdout]   20:     0x7fa3242cd8f5 - std::sys::unix::thread::Thread::new::thread_start::h8414caee632bf9ed
Dec 01 11:48:53.707 INFO [stdout]                                at libstd/sys/unix/thread.rs:90
Dec 01 11:48:53.707 INFO [stdout]   21:     0x7fa3231df6b9 - start_thread
Dec 01 11:48:53.707 INFO [stdout]   22:     0x7fa323fb541c - clone
Dec 01 11:48:53.707 INFO [stdout]   23:                0x0 - <unknown>
Dec 01 11:48:53.707 INFO [stdout] 
Dec 01 11:48:53.707 INFO [stdout] ---- compile::tests::test_20_stmts_compile stdout ----
Dec 01 11:48:53.707 INFO [stdout] thread 'compile::tests::test_20_stmts_compile' panicked at 'called `Result::unwrap()` on an `Err` value: IOError("failed creating directory \"test/stmts-20/src\"")', libcore/result.rs:1009:5
Dec 01 11:48:53.707 INFO [stdout] stack backtrace:
Dec 01 11:48:53.707 INFO [stdout]    0:     0x7fa3242f57ce - std::sys::unix::backtrace::tracing::imp::unwind_backtrace::h15749a98198ba25f
Dec 01 11:48:53.707 INFO [stdout]                                at libstd/sys/unix/backtrace/tracing/gcc_s.rs:49
Dec 01 11:48:53.707 INFO [stdout]    1:     0x7fa3242ce966 - std::sys_common::backtrace::print::h0ba65c811294dbf0
Dec 01 11:48:53.707 INFO [stdout]                                at libstd/sys_common/backtrace.rs:71
Dec 01 11:48:53.707 INFO [stdout]                                at libstd/sys_common/backtrace.rs:59
Dec 01 11:48:53.707 INFO [stdout]    2:     0x7fa3242cc5bd - std::panicking::default_hook::{{closure}}::h42bb31757f0fee64
Dec 01 11:48:53.707 INFO [stdout]                                at libstd/panicking.rs:211
Dec 01 11:48:53.707 INFO [stdout]    3:     0x7fa3242cc2cb - std::panicking::default_hook::hebc8848d7aa7dbd9
Dec 01 11:48:53.707 INFO [stdout]                                at libstd/panicking.rs:221
Dec 01 11:48:53.707 INFO [stdout]    4:     0x7fa3242ccc6c - std::panicking::rust_panic_with_hook::h86e619a638415243
Dec 01 11:48:53.707 INFO [stdout]                                at libstd/panicking.rs:477
Dec 01 11:48:53.708 INFO [stdout]    5:     0x7fa3242cc829 - std::panicking::continue_panic_fmt::h2d2d2bfb065a70b2
Dec 01 11:48:53.708 INFO [stdout]                                at libstd/panicking.rs:391
Dec 01 11:48:53.708 INFO [stdout]    6:     0x7fa3242cc725 - rust_begin_unwind
Dec 01 11:48:53.708 INFO [stdout]                                at libstd/panicking.rs:326
Dec 01 11:48:53.708 INFO [stdout]    7:     0x7fa32435ff6b - core::panicking::panic_fmt::h2155aa66b67fe83c
Dec 01 11:48:53.708 INFO [stdout]                                at libcore/panicking.rs:77
Dec 01 11:48:53.708 INFO [stdout]    8:     0x557fedb3f103 - core::result::unwrap_failed::h324a6d365202d253
Dec 01 11:48:53.708 INFO [stdout]                                at libcore/macros.rs:26
Dec 01 11:48:53.708 INFO [stdout]    9:     0x557fedb3909f - <core::result::Result<T, E>>::unwrap::h0b6f219f048e88b7
Dec 01 11:48:53.708 INFO [stdout]                                at libcore/result.rs:808
Dec 01 11:48:53.708 INFO [stdout]   10:     0x557fedb074ee - papyrus::compile::tests::test_20_stmts_compile::h8a5f256567c0f1e8
Dec 01 11:48:53.708 INFO [stdout]                                at src/compile.rs:337
Dec 01 11:48:53.708 INFO [stdout]   11:     0x557fedb073b9 - papyrus::compile::tests::test_20_stmts_compile::{{closure}}::h7855523b069444d4
Dec 01 11:48:53.708 INFO [stdout]                                at src/compile.rs:330
Dec 01 11:48:53.708 INFO [stdout]   12:     0x557fedb1858d - core::ops::function::FnOnce::call_once::hfafbc75c60157f6c
Dec 01 11:48:53.708 INFO [stdout]                                at libcore/ops/function.rs:238
Dec 01 11:48:53.708 INFO [stdout]   13:     0x7fa325034dae - <F as alloc::boxed::FnBox<A>>::call_box::hbea525814fa423cc
Dec 01 11:48:53.708 INFO [stdout]                                at libtest/lib.rs:1461
Dec 01 11:48:53.708 INFO [stdout]                                at libcore/ops/function.rs:238
Dec 01 11:48:53.708 INFO [stdout]                                at liballoc/boxed.rs:646
Dec 01 11:48:53.708 INFO [stdout]   14:     0x7fa32430c5b9 - __rust_maybe_catch_panic
Dec 01 11:48:53.708 INFO [stdout]                                at libpanic_unwind/lib.rs:103
Dec 01 11:48:53.708 INFO [stdout]   15:     0x7fa3250421ed - std::sys_common::backtrace::__rust_begin_short_backtrace::h0ff507d7422944d3
Dec 01 11:48:53.708 INFO [stdout]                                at libstd/panicking.rs:289
Dec 01 11:48:53.708 INFO [stdout]                                at libstd/panic.rs:392
Dec 01 11:48:53.708 INFO [stdout]                                at libtest/lib.rs:1416
Dec 01 11:48:53.708 INFO [stdout]                                at libstd/sys_common/backtrace.rs:136
Dec 01 11:48:53.708 INFO [stdout]   16:     0x7fa32505fff4 - std::panicking::try::do_call::hba0bdcc3670471cc
Dec 01 11:48:53.708 INFO [stdout]                                at libstd/thread/mod.rs:409
Dec 01 11:48:53.708 INFO [stdout]                                at libstd/panic.rs:313
Dec 01 11:48:53.708 INFO [stdout]                                at libstd/panicking.rs:310
Dec 01 11:48:53.708 INFO [stdout]   17:     0x7fa32430c5b9 - __rust_maybe_catch_panic
Dec 01 11:48:53.708 INFO [stdout]                                at libpanic_unwind/lib.rs:103
Dec 01 11:48:53.708 INFO [stdout]   18:     0x7fa32504cbd6 - <F as alloc::boxed::FnBox<A>>::call_box::hdac52587b00591af
Dec 01 11:48:53.708 INFO [stdout]                                at libstd/panicking.rs:289
Dec 01 11:48:53.708 INFO [stdout]                                at libstd/panic.rs:392
Dec 01 11:48:53.708 INFO [stdout]                                at libstd/thread/mod.rs:408
Dec 01 11:48:53.708 INFO [stdout]                                at liballoc/boxed.rs:646
Dec 01 11:48:53.708 INFO [stdout]   19:     0x7fa3242f9cca - std::sys_common::thread::start_thread::h75d887c7d2cc4479
Dec 01 11:48:53.708 INFO [stdout]                                at liballoc/boxed.rs:656
Dec 01 11:48:53.708 INFO [stdout]                                at libstd/sys_common/thread.rs:24
Dec 01 11:48:53.708 INFO [stdout]   20:     0x7fa3242cd8f5 - std::sys::unix::thread::Thread::new::thread_start::h8414caee632bf9ed
Dec 01 11:48:53.708 INFO [stdout]                                at libstd/sys/unix/thread.rs:90
Dec 01 11:48:53.708 INFO [stdout]   21:     0x7fa3231df6b9 - start_thread
Dec 01 11:48:53.708 INFO [stdout]   22:     0x7fa323fb541c - clone
Dec 01 11:48:53.708 INFO [stdout]   23:                0x0 - <unknown>
Dec 01 11:48:53.708 INFO [stdout] 
Dec 01 11:48:53.708 INFO [stdout] ---- tests::create_file_and_dir_test stdout ----
Dec 01 11:48:53.708 INFO [stdout] thread 'tests::create_file_and_dir_test' panicked at 'called `Result::unwrap()` on an `Err` value: Os { code: 30, kind: Other, message: "Read-only file system" }
Dec 01 11:48:53.708 INFO [stdout] 
Dec 01 11:48:53.708 INFO [stdout] stack backtrace:
Dec 01 11:48:53.708 INFO [stdout]    0:     0x557fee29e7a5 - backtrace::backtrace::libunwind::trace::h7db97b2639f089ca
Dec 01 11:48:53.708 INFO [stdout]                         at /cargo-home/registry/src/github.com-1ecc6299db9ec823/backtrace-0.3.9/src/backtrace/libunwind.rs:53
Dec 01 11:48:53.708 INFO [stdout]                          - backtrace::backtrace::trace::h33bbde9614f1006e
Dec 01 11:48:53.708 INFO [stdout]                         at /cargo-home/registry/src/github.com-1ecc6299db9ec823/backtrace-0.3.9/src/backtrace/mod.rs:42
Dec 01 11:48:53.708 INFO [stdout]    1:     0x557fee298f3e - backtrace::capture::Backtrace::new_unresolved::h4cb68cff8665592a
Dec 01 11:48:53.708 INFO [stdout]                         at /cargo-home/registry/src/github.com-1ecc6299db9ec823/backtrace-0.3.9/src/capture.rs:88
Dec 01 11:48:53.708 INFO [stdout]    2:     0x557fee297553 - failure::backtrace::internal::InternalBacktrace::new::hfb43b4394dcbddbf
Dec 01 11:48:53.708 INFO [stdout]                         at /cargo-home/registry/src/github.com-1ecc6299db9ec823/failure-0.1.3/src/backtrace/internal.rs:44
Dec 01 11:48:53.708 INFO [stdout]    3:     0x557fee2966ac - failure::backtrace::Backtrace::new::h5222192ec8ce3d37
Dec 01 11:48:53.708 INFO [stdout]                         at /cargo-home/registry/src/github.com-1ecc6299db9ec823/failure-0.1.3/src/backtrace/mod.rs:111
Dec 01 11:48:53.708 INFO [stdout]    4:     0x557fedb04a6d - <failure::error::error_impl::ErrorImpl as core::convert::From<F>>::from::h27a6ac22faa4a5ab
Dec 01 11:48:53.708 INFO [stdout]                         at /cargo-home/registry/src/github.com-1ecc6299db9ec823/failure-0.1.3/src/error/error_impl.rs:19
Dec 01 11:48:53.708 INFO [stdout]    5:     0x557fedaf81fe - <failure::error::Error as core::convert::From<F>>::from::hd4f4597d5d0cc2df
Dec 01 11:48:53.708 INFO [stdout]                         at /cargo-home/registry/src/github.com-1ecc6299db9ec823/failure-0.1.3/src/error/mod.rs:36
Dec 01 11:48:53.708 INFO [stdout]    6:     0x557fedb0351e - <T as core::convert::Into<U>>::into::h019aacd22e39eb7e
Dec 01 11:48:53.708 INFO [stdout]                         at libcore/convert.rs:456
Dec 01 11:48:53.708 INFO [stdout]    7:     0x557fedb16fed - <failure::context::Context<D>>::with_err::hc05eea3639213911
Dec 01 11:48:53.708 INFO [stdout]                         at /cargo-home/registry/src/github.com-1ecc6299db9ec823/failure-0.1.3/src/context.rs:105
Dec 01 11:48:53.708 INFO [stdout]    8:     0x557fedb04805 - failure::Fail::context::h9f7a49af3c66f506
Dec 01 11:48:53.708 INFO [stdout]                         at /cargo-home/registry/src/github.com-1ecc6299db9ec823/failure-0.1.3/src/lib.rs:153
Dec 01 11:48:53.708 INFO [stdout]    9:     0x557fedaf32f5 - <core::result::Result<T, E> as failure::result_ext::ResultExt<T, E>>::context::{{closure}}::h0b7e0d0f2d1ca2a6
Dec 01 11:48:53.708 INFO [stdout]                         at /cargo-home/registry/src/github.com-1ecc6299db9ec823/failure-0.1.3/src/result_ext.rs:164
Dec 01 11:48:53.708 INFO [stdout]   10:     0x557fedb39d3f - <core::result::Result<T, E>>::map_err::h081cac64fbb45e64
Dec 01 11:48:53.708 INFO [stdout]                         at libcore/result.rs:530
Dec 01 11:48:53.708 INFO [stdout]   11:     0x557fedb36e8d - <core::result::Result<T, E> as failure::result_ext::ResultExt<T, E>>::context::h600fe85f46e7e794
Dec 01 11:48:53.708 INFO [stdout]                         at /cargo-home/registry/src/github.com-1ecc6299db9ec823/failure-0.1.3/src/result_ext.rs:164
Dec 01 11:48:53.708 INFO [stdout]   12:     0x557fedb059f8 - papyrus::create_file_and_dir::h118b3528b2724137
Dec 01 11:48:53.708 INFO [stdout]                         at src/lib.rs:140
Dec 01 11:48:53.708 INFO [stdout]   13:     0x557fedb089e0 - papyrus::tests::create_file_and_dir_test::h6600dc5e5309137b
Dec 01 11:48:53.708 INFO [stdout]                         at src/lib.rs:151
Dec 01 11:48:53.708 INFO [stdout]   14:     0x557fedb08959 - papyrus::tests::create_file_and_dir_test::{{closure}}::hb3afa5efbd51dc9f
Dec 01 11:48:53.708 INFO [stdout]                         at src/lib.rs:148
Dec 01 11:48:53.708 INFO [stdout]   15:     0x557fedb1818d - core::ops::function::FnOnce::call_once::h95d7eaae113f793b
Dec 01 11:48:53.708 INFO [stdout]                         at libcore/ops/function.rs:238
Dec 01 11:48:53.708 INFO [stdout]   16:     0x7fa325034dae - test::run_test::{{closure}}::h3a5dfbe1d2fab93e
Dec 01 11:48:53.708 INFO [stdout]                         at libtest/lib.rs:1461
Dec 01 11:48:53.708 INFO [stdout]                          - core::ops::function::FnOnce::call_once::h1d9a9e4523345f36
Dec 01 11:48:53.708 INFO [stdout]                         at libcore/ops/function.rs:238
Dec 01 11:48:53.708 INFO [stdout]                          - <F as alloc::boxed::FnBox<A>>::call_box::hbea525814fa423cc
Dec 01 11:48:53.709 INFO [stdout]                         at liballoc/boxed.rs:646
Dec 01 11:48:53.709 INFO [stdout]   17:     0x7fa32430c5b9 - __rust_maybe_catch_panic
Dec 01 11:48:53.709 INFO [stdout]                         at libpanic_unwind/lib.rs:103
Dec 01 11:48:53.709 INFO [stdout]   18:     0x7fa3250421ed - std::panicking::try::h52ce98afaa08c3ec
Dec 01 11:48:53.709 INFO [stdout]                         at libstd/panicking.rs:289
Dec 01 11:48:53.709 INFO [stdout]                          - std::panic::catch_unwind::h8b1fa14840c8b239
Dec 01 11:48:53.709 INFO [stdout]                         at libstd/panic.rs:392
Dec 01 11:48:53.709 INFO [stdout]                          - test::run_test::run_test_inner::{{closure}}::h0c1fb56af3cc46d2
Dec 01 11:48:53.709 INFO [stdout]                         at libtest/lib.rs:1416
Dec 01 11:48:53.709 INFO [stdout]                          - std::sys_common::backtrace::__rust_begin_short_backtrace::h0ff507d7422944d3
Dec 01 11:48:53.709 INFO [stdout]                         at libstd/sys_common/backtrace.rs:136
Dec 01 11:48:53.709 INFO [stdout]   19:     0x7fa32505fff4 - std::thread::Builder::spawn::{{closure}}::{{closure}}::h9015d15de724c3f6
Dec 01 11:48:53.709 INFO [stdout]                         at libstd/thread/mod.rs:409
Dec 01 11:48:53.709 INFO [stdout]                          - <std::panic::AssertUnwindSafe<F> as core::ops::function::FnOnce<()>>::call_once::hdade3f732363d95a
Dec 01 11:48:53.709 INFO [stdout]                         at libstd/panic.rs:313
Dec 01 11:48:53.709 INFO [stdout]                          - std::panicking::try::do_call::hba0bdcc3670471cc
Dec 01 11:48:53.709 INFO [stdout]                         at libstd/panicking.rs:310
Dec 01 11:48:53.709 INFO [stdout]   20:     0x7fa32430c5b9 - __rust_maybe_catch_panic
Dec 01 11:48:53.709 INFO [stdout]                         at libpanic_unwind/lib.rs:103
Dec 01 11:48:53.709 INFO [stdout]   21:     0x7fa32504cbd6 - std::panicking::try::ha2cf51a98ef1d8df
Dec 01 11:48:53.709 INFO [stdout]                         at libstd/panicking.rs:289
Dec 01 11:48:53.709 INFO [stdout]                          - std::panic::catch_unwind::h9dbc14b90b636a56
Dec 01 11:48:53.709 INFO [stdout]                         at libstd/panic.rs:392
Dec 01 11:48:53.709 INFO [stdout]                          - std::thread::Builder::spawn::{{closure}}::h1e078d6b2c4e6a8f
Dec 01 11:48:53.709 INFO [stdout]                         at libstd/thread/mod.rs:408
Dec 01 11:48:53.709 INFO [stdout]                          - <F as alloc::boxed::FnBox<A>>::call_box::hdac52587b00591af
Dec 01 11:48:53.709 INFO [stdout]                         at liballoc/boxed.rs:646
Dec 01 11:48:53.709 INFO [stdout]   22:     0x7fa3242f9cca - <alloc::boxed::Box<(dyn alloc::boxed::FnBox<A, Output=R> + 'a)> as core::ops::function::FnOnce<A>>::call_once::hfedf8d10954bca7a
Dec 01 11:48:53.709 INFO [stdout]                         at liballoc/boxed.rs:656
Dec 01 11:48:53.709 INFO [stdout]                          - std::sys_common::thread::start_thread::h75d887c7d2cc4479
Dec 01 11:48:53.709 INFO [stdout]                         at libstd/sys_common/thread.rs:24
Dec 01 11:48:53.709 INFO [stdout]   23:     0x7fa3242cd8f5 - std::sys::unix::thread::Thread::new::thread_start::h8414caee632bf9ed
Dec 01 11:48:53.709 INFO [stdout]                         at libstd/sys/unix/thread.rs:90
Dec 01 11:48:53.709 INFO [stdout]   24:     0x7fa3231df6b9 - start_thread
Dec 01 11:48:53.709 INFO [stdout]   25:     0x7fa323fb541c - clone
Dec 01 11:48:53.709 INFO [stdout]   26:                0x0 - <unknown>
Dec 01 11:48:53.709 INFO [stdout] 
Dec 01 11:48:53.709 INFO [stdout] failed creating file "foo.txt"', libcore/result.rs:1009:5
Dec 01 11:48:53.709 INFO [stdout] stack backtrace:
Dec 01 11:48:53.709 INFO [stdout]    0:     0x7fa3242f57ce - std::sys::unix::backtrace::tracing::imp::unwind_backtrace::h15749a98198ba25f
Dec 01 11:48:53.709 INFO [stdout]                                at libstd/sys/unix/backtrace/tracing/gcc_s.rs:49
Dec 01 11:48:53.709 INFO [stdout]    1:     0x7fa3242ce966 - std::sys_common::backtrace::print::h0ba65c811294dbf0
Dec 01 11:48:53.709 INFO [stdout]                                at libstd/sys_common/backtrace.rs:71
Dec 01 11:48:53.709 INFO [stdout]                                at libstd/sys_common/backtrace.rs:59
Dec 01 11:48:53.709 INFO [stdout]    2:     0x7fa3242cc5bd - std::panicking::default_hook::{{closure}}::h42bb31757f0fee64
Dec 01 11:48:53.709 INFO [stdout]                                at libstd/panicking.rs:211
Dec 01 11:48:53.709 INFO [stdout]    3:     0x7fa3242cc2cb - std::panicking::default_hook::hebc8848d7aa7dbd9
Dec 01 11:48:53.709 INFO [stdout]                                at libstd/panicking.rs:221
Dec 01 11:48:53.709 INFO [stdout]    4:     0x7fa3242ccc6c - std::panicking::rust_panic_with_hook::h86e619a638415243
Dec 01 11:48:53.709 INFO [stdout]                                at libstd/panicking.rs:477
Dec 01 11:48:53.709 INFO [stdout]    5:     0x7fa3242cc829 - std::panicking::continue_panic_fmt::h2d2d2bfb065a70b2
Dec 01 11:48:53.709 INFO [stdout]                                at libstd/panicking.rs:391
Dec 01 11:48:53.709 INFO [stdout]    6:     0x7fa3242cc725 - rust_begin_unwind
Dec 01 11:48:53.709 INFO [stdout]                                at libstd/panicking.rs:326
Dec 01 11:48:53.709 INFO [stdout]    7:     0x7fa32435ff6b - core::panicking::panic_fmt::h2155aa66b67fe83c
Dec 01 11:48:53.709 INFO [stdout]                                at libcore/panicking.rs:77
Dec 01 11:48:53.709 INFO [stdout]    8:     0x557fedb3ee43 - core::result::unwrap_failed::h007d18ccea9c1cc6
Dec 01 11:48:53.709 INFO [stdout]                                at libcore/macros.rs:26
Dec 01 11:48:53.709 INFO [stdout]    9:     0x557fedb392cc - <core::result::Result<T, E>>::unwrap::h2ab0dbccff421c47
Dec 01 11:48:53.709 INFO [stdout]                                at libcore/result.rs:808
Dec 01 11:48:53.709 INFO [stdout]   10:     0x557fedb089ea - papyrus::tests::create_file_and_dir_test::h6600dc5e5309137b
Dec 01 11:48:53.709 INFO [stdout]                                at src/lib.rs:151
Dec 01 11:48:53.709 INFO [stdout]   11:     0x557fedb08959 - papyrus::tests::create_file_and_dir_test::{{closure}}::hb3afa5efbd51dc9f
Dec 01 11:48:53.709 INFO [stdout]                                at src/lib.rs:148
Dec 01 11:48:53.709 INFO [stdout]   12:     0x557fedb1818d - core::ops::function::FnOnce::call_once::h95d7eaae113f793b
Dec 01 11:48:53.709 INFO [stdout]                                at libcore/ops/function.rs:238
Dec 01 11:48:53.709 INFO [stdout]   13:     0x7fa325034dae - <F as alloc::boxed::FnBox<A>>::call_box::hbea525814fa423cc
Dec 01 11:48:53.709 INFO [stdout]                                at libtest/lib.rs:1461
Dec 01 11:48:53.709 INFO [stdout]                                at libcore/ops/function.rs:238
Dec 01 11:48:53.709 INFO [stdout]                                at liballoc/boxed.rs:646
Dec 01 11:48:53.709 INFO [stdout]   14:     0x7fa32430c5b9 - __rust_maybe_catch_panic
Dec 01 11:48:53.709 INFO [stdout]                                at libpanic_unwind/lib.rs:103
Dec 01 11:48:53.709 INFO [stdout]   15:     0x7fa3250421ed - std::sys_common::backtrace::__rust_begin_short_backtrace::h0ff507d7422944d3
Dec 01 11:48:53.709 INFO [stdout]                                at libstd/panicking.rs:289
Dec 01 11:48:53.710 INFO [stdout]                                at libstd/panic.rs:392
Dec 01 11:48:53.710 INFO [stdout]                                at libtest/lib.rs:1416
Dec 01 11:48:53.710 INFO [stdout]                                at libstd/sys_common/backtrace.rs:136
Dec 01 11:48:53.710 INFO [stdout]   16:     0x7fa32505fff4 - std::panicking::try::do_call::hba0bdcc3670471cc
Dec 01 11:48:53.710 INFO [stdout]                                at libstd/thread/mod.rs:409
Dec 01 11:48:53.710 INFO [stdout]                                at libstd/panic.rs:313
Dec 01 11:48:53.710 INFO [stdout]                                at libstd/panicking.rs:310
Dec 01 11:48:53.710 INFO [stdout]   17:     0x7fa32430c5b9 - __rust_maybe_catch_panic
Dec 01 11:48:53.710 INFO [stdout]                                at libpanic_unwind/lib.rs:103
Dec 01 11:48:53.710 INFO [stdout]   18:     0x7fa32504cbd6 - <F as alloc::boxed::FnBox<A>>::call_box::hdac52587b00591af
Dec 01 11:48:53.710 INFO [stdout]                                at libstd/panicking.rs:289
Dec 01 11:48:53.710 INFO [stdout]                                at libstd/panic.rs:392
Dec 01 11:48:53.710 INFO [stdout]                                at libstd/thread/mod.rs:408
Dec 01 11:48:53.710 INFO [stdout]                                at liballoc/boxed.rs:646
Dec 01 11:48:53.710 INFO [stdout]   19:     0x7fa3242f9cca - std::sys_common::thread::start_thread::h75d887c7d2cc4479
Dec 01 11:48:53.710 INFO [stdout]                                at liballoc/boxed.rs:656
Dec 01 11:48:53.710 INFO [stdout]                                at libstd/sys_common/thread.rs:24
Dec 01 11:48:53.710 INFO [stdout]   20:     0x7fa3242cd8f5 - std::sys::unix::thread::Thread::new::thread_start::h8414caee632bf9ed
Dec 01 11:48:53.710 INFO [stdout]                                at libstd/sys/unix/thread.rs:90
Dec 01 11:48:53.710 INFO [stdout]   21:     0x7fa3231df6b9 - start_thread
Dec 01 11:48:53.710 INFO [stdout]   22:     0x7fa323fb541c - clone
Dec 01 11:48:53.710 INFO [stdout]   23:                0x0 - <unknown>
Dec 01 11:48:53.710 INFO [stdout] 
Dec 01 11:48:53.710 INFO [stdout] ---- repl::tests::load_rscript_script stdout ----
Dec 01 11:48:53.710 INFO [stdout] test-src/expr.rscript
Dec 01 11:48:53.710 INFO [stdout] thread 'repl::tests::load_rscript_script' panicked at 'called `Result::unwrap()` on an `Err` value: IOError("failed creating directory \"test/expr/src\"")', libcore/result.rs:1009:5
Dec 01 11:48:53.710 INFO [stdout] stack backtrace:
Dec 01 11:48:53.710 INFO [stdout]    0:     0x7fa3242f57ce - std::sys::unix::backtrace::tracing::imp::unwind_backtrace::h15749a98198ba25f
Dec 01 11:48:53.710 INFO [stdout]                                at libstd/sys/unix/backtrace/tracing/gcc_s.rs:49
Dec 01 11:48:53.710 INFO [stdout]    1:     0x7fa3242ce966 - std::sys_common::backtrace::print::h0ba65c811294dbf0
Dec 01 11:48:53.710 INFO [stdout]                                at libstd/sys_common/backtrace.rs:71
Dec 01 11:48:53.710 INFO [stdout]                                at libstd/sys_common/backtrace.rs:59
Dec 01 11:48:53.710 INFO [stdout]    2:     0x7fa3242cc5bd - std::panicking::default_hook::{{closure}}::h42bb31757f0fee64
Dec 01 11:48:53.710 INFO [stdout]                                at libstd/panicking.rs:211
Dec 01 11:48:53.718 INFO [stdout]    3:     0x7fa3242cc2cb - std::panicking::default_hook::hebc8848d7aa7dbd9
Dec 01 11:48:53.719 INFO [stdout]                                at libstd/panicking.rs:221
Dec 01 11:48:53.719 INFO [stdout]    4:     0x7fa3242cccc3 - std::panicking::rust_panic_with_hook::h86e619a638415243
Dec 01 11:48:53.719 INFO [stdout]                                at libstd/panicking.rs:481
Dec 01 11:48:53.719 INFO [stdout]    5:     0x7fa3242cc829 - std::panicking::continue_panic_fmt::h2d2d2bfb065a70b2
Dec 01 11:48:53.719 INFO [stdout]                                at libstd/panicking.rs:391
Dec 01 11:48:53.719 INFO [stdout]    6:     0x7fa3242cc725 - rust_begin_unwind
Dec 01 11:48:53.719 INFO [stdout]                                at libstd/panicking.rs:326
Dec 01 11:48:53.719 INFO [stdout]    7:     0x7fa32435ff6b - core::panicking::panic_fmt::h2155aa66b67fe83c
Dec 01 11:48:53.719 INFO [stdout]                                at libcore/panicking.rs:77
Dec 01 11:48:53.719 INFO [stdout]    8:     0x557fedb3f103 - core::result::unwrap_failed::h324a6d365202d253
Dec 01 11:48:53.719 INFO [stdout]                                at libcore/macros.rs:26
Dec 01 11:48:53.719 INFO [stdout]    9:     0x557fedb3909f - <core::result::Result<T, E>>::unwrap::h0b6f219f048e88b7
Dec 01 11:48:53.719 INFO [stdout]                                at libcore/result.rs:808
Dec 01 11:48:53.719 INFO [stdout]   10:     0x557fedb2b928 - papyrus::repl::eval::h3d1ee0a6a180c477
Dec 01 11:48:53.719 INFO [stdout]                                at src/repl/mod.rs:339
Dec 01 11:48:53.719 INFO [stdout]   11:     0x557fedb1693f - papyrus::repl::tests::load_rscript_script::h3f5f0ac2531fb50b
Dec 01 11:48:53.719 INFO [stdout]                                at src/repl/tests.rs:48
Dec 01 11:48:53.719 INFO [stdout]   12:     0x557fedb16139 - papyrus::repl::tests::load_rscript_script::{{closure}}::h6f44de2ce97298cd
Dec 01 11:48:53.719 INFO [stdout]                                at src/repl/tests.rs:38
Dec 01 11:48:53.719 INFO [stdout]   13:     0x557fedb1854d - core::ops::function::FnOnce::call_once::hea7cd2435ee92253
Dec 01 11:48:53.719 INFO [stdout]                                at libcore/ops/function.rs:238
Dec 01 11:48:53.719 INFO [stdout]   14:     0x7fa325034dae - <F as alloc::boxed::FnBox<A>>::call_box::hbea525814fa423cc
Dec 01 11:48:53.719 INFO [stdout]                                at libtest/lib.rs:1461
Dec 01 11:48:53.719 INFO [stdout]                                at libcore/ops/function.rs:238
Dec 01 11:48:53.719 INFO [stdout]                                at liballoc/boxed.rs:646
Dec 01 11:48:53.719 INFO [stdout]   15:     0x7fa32430c5b9 - __rust_maybe_catch_panic
Dec 01 11:48:53.719 INFO [stdout]                                at libpanic_unwind/lib.rs:103
Dec 01 11:48:53.719 INFO [stdout]   16:     0x7fa3250421ed - std::sys_common::backtrace::__rust_begin_short_backtrace::h0ff507d7422944d3
Dec 01 11:48:53.719 INFO [stdout]                                at libstd/panicking.rs:289
Dec 01 11:48:53.719 INFO [stdout]                                at libstd/panic.rs:392
Dec 01 11:48:53.719 INFO [stdout]                                at libtest/lib.rs:1416
Dec 01 11:48:53.719 INFO [stdout]                                at libstd/sys_common/backtrace.rs:136
Dec 01 11:48:53.719 INFO [stdout]   17:     0x7fa32505fff4 - std::panicking::try::do_call::hba0bdcc3670471cc
Dec 01 11:48:53.719 INFO [stdout]                                at libstd/thread/mod.rs:409
Dec 01 11:48:53.719 INFO [stdout]                                at libstd/panic.rs:313
Dec 01 11:48:53.719 INFO [stdout]                                at libstd/panicking.rs:310
Dec 01 11:48:53.719 INFO [stdout]   18:     0x7fa32430c5b9 - __rust_maybe_catch_panic
Dec 01 11:48:53.719 INFO [stdout]                                at libpanic_unwind/lib.rs:103
Dec 01 11:48:53.719 INFO [stdout]   19:     0x7fa32504cbd6 - <F as alloc::boxed::FnBox<A>>::call_box::hdac52587b00591af
Dec 01 11:48:53.719 INFO [stdout]                                at libstd/panicking.rs:289
Dec 01 11:48:53.719 INFO [stdout]                                at libstd/panic.rs:392
Dec 01 11:48:53.719 INFO [stdout]                                at libstd/thread/mod.rs:408
Dec 01 11:48:53.719 INFO [stdout]                                at liballoc/boxed.rs:646
Dec 01 11:48:53.719 INFO [stdout]   20:     0x7fa3242f9cca - std::sys_common::thread::start_thread::h75d887c7d2cc4479
Dec 01 11:48:53.719 INFO [stdout]                                at liballoc/boxed.rs:656
Dec 01 11:48:53.719 INFO [stdout]                                at libstd/sys_common/thread.rs:24
Dec 01 11:48:53.719 INFO [stdout]   21:     0x7fa3242cd8f5 - std::sys::unix::thread::Thread::new::thread_start::h8414caee632bf9ed
Dec 01 11:48:53.719 INFO [stdout]                                at libstd/sys/unix/thread.rs:90
Dec 01 11:48:53.719 INFO [stdout]   22:     0x7fa3231df6b9 - start_thread
Dec 01 11:48:53.719 INFO [stdout]   23:     0x7fa323fb541c - clone
Dec 01 11:48:53.719 INFO [stdout]   24:                0x0 - <unknown>
Dec 01 11:48:53.719 INFO [stdout] 
Dec 01 11:48:53.719 INFO [stdout] ---- repl::tests::load_rs_source stdout ----
Dec 01 11:48:53.719 INFO [stdout] test-src/with-crate.rs
Dec 01 11:48:53.719 INFO [stdout] thread 'repl::tests::load_rs_source' panicked at 'called `Result::unwrap()` on an `Err` value: IOError("failed creating directory \"test/with-crate/src\"")', libcore/result.rs:1009:5
Dec 01 11:48:53.719 INFO [stdout] stack backtrace:
Dec 01 11:48:53.719 INFO [stdout]    0:     0x7fa3242f57ce - std::sys::unix::backtrace::tracing::imp::unwind_backtrace::h15749a98198ba25f
Dec 01 11:48:53.719 INFO [stdout]                                at libstd/sys/unix/backtrace/tracing/gcc_s.rs:49
Dec 01 11:48:53.719 INFO [stdout]    1:     0x7fa3242ce966 - std::sys_common::backtrace::print::h0ba65c811294dbf0
Dec 01 11:48:53.719 INFO [stdout]                                at libstd/sys_common/backtrace.rs:71
Dec 01 11:48:53.719 INFO [stdout]                                at libstd/sys_common/backtrace.rs:59
Dec 01 11:48:53.719 INFO [stdout]    2:     0x7fa3242cc5bd - std::panicking::default_hook::{{closure}}::h42bb31757f0fee64
Dec 01 11:48:53.719 INFO [stdout]                                at libstd/panicking.rs:211
Dec 01 11:48:53.719 INFO [stdout]    3:     0x7fa3242cc2cb - std::panicking::default_hook::hebc8848d7aa7dbd9
Dec 01 11:48:53.719 INFO [stdout]                                at libstd/panicking.rs:221
Dec 01 11:48:53.719 INFO [stdout]    4:     0x7fa3242cccc3 - std::panicking::rust_panic_with_hook::h86e619a638415243
Dec 01 11:48:53.719 INFO [stdout]                                at libstd/panicking.rs:481
Dec 01 11:48:53.719 INFO [stdout]    5:     0x7fa3242cc829 - std::panicking::continue_panic_fmt::h2d2d2bfb065a70b2
Dec 01 11:48:53.719 INFO [stdout]                                at libstd/panicking.rs:391
Dec 01 11:48:53.719 INFO [stdout]    6:     0x7fa3242cc725 - rust_begin_unwind
Dec 01 11:48:53.719 INFO [stdout]                                at libstd/panicking.rs:326
Dec 01 11:48:53.719 INFO [stdout]    7:     0x7fa32435ff6b - core::panicking::panic_fmt::h2155aa66b67fe83c
Dec 01 11:48:53.719 INFO [stdout]                                at libcore/panicking.rs:77
Dec 01 11:48:53.719 INFO [stdout]    8:     0x557fedb3f103 - core::result::unwrap_failed::h324a6d365202d253
Dec 01 11:48:53.719 INFO [stdout]                                at libcore/macros.rs:26
Dec 01 11:48:53.719 INFO [stdout]    9:     0x557fedb3909f - <core::result::Result<T, E>>::unwrap::h0b6f219f048e88b7
Dec 01 11:48:53.719 INFO [stdout]                                at libcore/result.rs:808
Dec 01 11:48:53.719 INFO [stdout]   10:     0x557fedb2b928 - papyrus::repl::eval::h3d1ee0a6a180c477
Dec 01 11:48:53.719 INFO [stdout]                                at src/repl/mod.rs:339
Dec 01 11:48:53.719 INFO [stdout]   11:     0x557fedb15bef - papyrus::repl::tests::load_rs_source::heb65c58497249c2f
Dec 01 11:48:53.719 INFO [stdout]                                at src/repl/tests.rs:14
Dec 01 11:48:53.719 INFO [stdout]   12:     0x557fedb153e9 - papyrus::repl::tests::load_rs_source::{{closure}}::h49830c9e03ad509a
Dec 01 11:48:53.719 INFO [stdout]                                at src/repl/tests.rs:4
Dec 01 11:48:53.719 INFO [stdout]   13:     0x557fedb1861d - core::ops::function::FnOnce::call_once::hff102bf43b3a2c60
Dec 01 11:48:53.720 INFO [stdout]                                at libcore/ops/function.rs:238
Dec 01 11:48:53.720 INFO [stdout]   14:     0x7fa325034dae - <F as alloc::boxed::FnBox<A>>::call_box::hbea525814fa423cc
Dec 01 11:48:53.720 INFO [stdout]                                at libtest/lib.rs:1461
Dec 01 11:48:53.720 INFO [stdout]                                at libcore/ops/function.rs:238
Dec 01 11:48:53.720 INFO [stdout]                                at liballoc/boxed.rs:646
Dec 01 11:48:53.720 INFO [stdout]   15:     0x7fa32430c5b9 - __rust_maybe_catch_panic
Dec 01 11:48:53.720 INFO [stdout]                                at libpanic_unwind/lib.rs:103
Dec 01 11:48:53.720 INFO [stdout]   16:     0x7fa3250421ed - std::sys_common::backtrace::__rust_begin_short_backtrace::h0ff507d7422944d3
Dec 01 11:48:53.720 INFO [stdout]                                at libstd/panicking.rs:289
Dec 01 11:48:53.720 INFO [stdout]                                at libstd/panic.rs:392
Dec 01 11:48:53.720 INFO [stdout]                                at libtest/lib.rs:1416
Dec 01 11:48:53.720 INFO [stdout]                                at libstd/sys_common/backtrace.rs:136
Dec 01 11:48:53.720 INFO [stdout]   17:     0x7fa32505fff4 - std::panicking::try::do_call::hba0bdcc3670471cc
Dec 01 11:48:53.720 INFO [stdout]                                at libstd/thread/mod.rs:409
Dec 01 11:48:53.720 INFO [stdout]                                at libstd/panic.rs:313
Dec 01 11:48:53.720 INFO [stdout]                                at libstd/panicking.rs:310
Dec 01 11:48:53.720 INFO [stdout]   18:     0x7fa32430c5b9 - __rust_maybe_catch_panic
Dec 01 11:48:53.720 INFO [stdout]                                at libpanic_unwind/lib.rs:103
Dec 01 11:48:53.720 INFO [stdout]   19:     0x7fa32504cbd6 - <F as alloc::boxed::FnBox<A>>::call_box::hdac52587b00591af
Dec 01 11:48:53.720 INFO [stdout]                                at libstd/panicking.rs:289
Dec 01 11:48:53.720 INFO [stdout]                                at libstd/panic.rs:392
Dec 01 11:48:53.720 INFO [stdout]                                at libstd/thread/mod.rs:408
Dec 01 11:48:53.720 INFO [stdout]                                at liballoc/boxed.rs:646
Dec 01 11:48:53.720 INFO [stdout]   20:     0x7fa3242f9cca - std::sys_common::thread::start_thread::h75d887c7d2cc4479
Dec 01 11:48:53.720 INFO [stdout]                                at liballoc/boxed.rs:656
Dec 01 11:48:53.720 INFO [stdout]                                at libstd/sys_common/thread.rs:24
Dec 01 11:48:53.720 INFO [stdout]   21:     0x7fa3242cd8f5 - std::sys::unix::thread::Thread::new::thread_start::h8414caee632bf9ed
Dec 01 11:48:53.720 INFO [stdout]                                at libstd/sys/unix/thread.rs:90
Dec 01 11:48:53.720 INFO [stdout]   22:     0x7fa3231df6b9 - start_thread
Dec 01 11:48:53.720 INFO [stdout]   23:     0x7fa323fb541c - clone
Dec 01 11:48:53.720 INFO [stdout]   24:                0x0 - <unknown>
Dec 01 11:48:53.720 INFO [stdout] 
Dec 01 11:48:53.720 INFO [stdout] ---- version::test_web_req stdout ----
Dec 01 11:48:53.720 INFO [stdout] thread 'version::test_web_req' panicked at 'failed to query crates.io', src/version.rs:68:13
Dec 01 11:48:53.720 INFO [stdout] stack backtrace:
Dec 01 11:48:53.720 INFO [stdout]    0:     0x7fa3242f57ce - std::sys::unix::backtrace::tracing::imp::unwind_backtrace::h15749a98198ba25f
Dec 01 11:48:53.720 INFO [stdout]                                at libstd/sys/unix/backtrace/tracing/gcc_s.rs:49
Dec 01 11:48:53.720 INFO [stdout]    1:     0x7fa3242ce966 - std::sys_common::backtrace::print::h0ba65c811294dbf0
Dec 01 11:48:53.720 INFO [stdout]                                at libstd/sys_common/backtrace.rs:71
Dec 01 11:48:53.720 INFO [stdout]                                at libstd/sys_common/backtrace.rs:59
Dec 01 11:48:53.720 INFO [stdout]    2:     0x7fa3242cc5bd - std::panicking::default_hook::{{closure}}::h42bb31757f0fee64
Dec 01 11:48:53.720 INFO [stdout]                                at libstd/panicking.rs:211
Dec 01 11:48:53.720 INFO [stdout]    3:     0x7fa3242cc2cb - std::panicking::default_hook::hebc8848d7aa7dbd9
Dec 01 11:48:53.720 INFO [stdout]                                at libstd/panicking.rs:221
Dec 01 11:48:53.720 INFO [stdout]    4:     0x7fa3242cccc3 - std::panicking::rust_panic_with_hook::h86e619a638415243
Dec 01 11:48:53.720 INFO [stdout]                                at libstd/panicking.rs:481
Dec 01 11:48:53.720 INFO [stdout]    5:     0x557fee130b3f - std::panicking::begin_panic::hbd0712c2fbbc5aa7
Dec 01 11:48:53.720 INFO [stdout]                                at libstd/panicking.rs:411
Dec 01 11:48:53.720 INFO [stdout]    6:     0x557fedb084fc - papyrus::version::test_web_req::h352553e81f0c6dcb
Dec 01 11:48:53.720 INFO [stdout]                                at src/version.rs:68
Dec 01 11:48:53.720 INFO [stdout]    7:     0x557fedb08459 - papyrus::version::test_web_req::{{closure}}::hfdbacb722b7656ec
Dec 01 11:48:53.720 INFO [stdout]                                at src/version.rs:64
Dec 01 11:48:53.720 INFO [stdout]    8:     0x557fedb1849d - core::ops::function::FnOnce::call_once::he3340ff506a2a234
Dec 01 11:48:53.720 INFO [stdout]                                at libcore/ops/function.rs:238
Dec 01 11:48:53.720 INFO [stdout]    9:     0x7fa325034dae - <F as alloc::boxed::FnBox<A>>::call_box::hbea525814fa423cc
Dec 01 11:48:53.720 INFO [stdout]                                at libtest/lib.rs:1461
Dec 01 11:48:53.720 INFO [stdout]                                at libcore/ops/function.rs:238
Dec 01 11:48:53.720 INFO [stdout]                                at liballoc/boxed.rs:646
Dec 01 11:48:53.720 INFO [stdout]   10:     0x7fa32430c5b9 - __rust_maybe_catch_panic
Dec 01 11:48:53.720 INFO [stdout]                                at libpanic_unwind/lib.rs:103
Dec 01 11:48:53.720 INFO [stdout]   11:     0x7fa3250421ed - std::sys_common::backtrace::__rust_begin_short_backtrace::h0ff507d7422944d3
Dec 01 11:48:53.720 INFO [stdout]                                at libstd/panicking.rs:289
Dec 01 11:48:53.720 INFO [stdout]                                at libstd/panic.rs:392
Dec 01 11:48:53.720 INFO [stdout]                                at libtest/lib.rs:1416
Dec 01 11:48:53.720 INFO [stdout]                                at libstd/sys_common/backtrace.rs:136
Dec 01 11:48:53.720 INFO [stdout]   12:     0x7fa32505fff4 - std::panicking::try::do_call::hba0bdcc3670471cc
Dec 01 11:48:53.720 INFO [stdout]                                at libstd/thread/mod.rs:409
Dec 01 11:48:53.720 INFO [stdout]                                at libstd/panic.rs:313
Dec 01 11:48:53.720 INFO [stdout]                                at libstd/panicking.rs:310
Dec 01 11:48:53.720 INFO [stdout]   13:     0x7fa32430c5b9 - __rust_maybe_catch_panic
Dec 01 11:48:53.720 INFO [stdout]                                at libpanic_unwind/lib.rs:103
Dec 01 11:48:53.720 INFO [stdout]   14:     0x7fa32504cbd6 - <F as alloc::boxed::FnBox<A>>::call_box::hdac52587b00591af
Dec 01 11:48:53.720 INFO [stdout]                                at libstd/panicking.rs:289
Dec 01 11:48:53.720 INFO [stdout]                                at libstd/panic.rs:392
Dec 01 11:48:53.720 INFO [stdout]                                at libstd/thread/mod.rs:408
Dec 01 11:48:53.720 INFO [stdout]                                at liballoc/boxed.rs:646
Dec 01 11:48:53.720 INFO [stdout]   15:     0x7fa3242f9cca - std::sys_common::thread::start_thread::h75d887c7d2cc4479
Dec 01 11:48:53.720 INFO [stdout]                                at liballoc/boxed.rs:656
Dec 01 11:48:53.720 INFO [stdout]                                at libstd/sys_common/thread.rs:24
Dec 01 11:48:53.720 INFO [stdout]   16:     0x7fa3242cd8f5 - std::sys::unix::thread::Thread::new::thread_start::h8414caee632bf9ed
Dec 01 11:48:53.720 INFO [stdout]                                at libstd/sys/unix/thread.rs:90
Dec 01 11:48:53.720 INFO [stdout]   17:     0x7fa3231df6b9 - start_thread
Dec 01 11:48:53.720 INFO [stdout]   18:     0x7fa323fb541c - clone
Dec 01 11:48:53.720 INFO [stdout]   19:                0x0 - <unknown>
Dec 01 11:48:53.720 INFO [stdout] 
Dec 01 11:48:53.720 INFO [stdout] 
Dec 01 11:48:53.721 INFO [stdout] failures:
Dec 01 11:48:53.721 INFO [stdout]     compile::tests::fail_compile
Dec 01 11:48:53.721 INFO [stdout]     compile::tests::fail_runtime
Dec 01 11:48:53.721 INFO [stdout]     compile::tests::test_10_stmts_compile
Dec 01 11:48:53.721 INFO [stdout]     compile::tests::test_20_stmts_compile
Dec 01 11:48:53.721 INFO [stdout]     compile::tests::test_build_compile_dir
Dec 01 11:48:53.721 INFO [stdout]     compile::tests::test_run_success
Dec 01 11:48:53.721 INFO [stdout]     repl::tests::load_rs_source
Dec 01 11:48:53.721 INFO [stdout]     repl::tests::load_rscript_script
Dec 01 11:48:53.721 INFO [stdout]     tests::create_file_and_dir_test
Dec 01 11:48:53.721 INFO [stdout]     version::test_web_req
Dec 01 11:48:53.721 INFO [stdout] 
Dec 01 11:48:53.721 INFO [stdout] test result: FAILED. 11 passed; 10 failed; 0 ignored; 0 measured; 0 filtered out
Dec 01 11:48:53.721 INFO [stdout] 
Dec 01 11:48:53.723 INFO [stderr] error: test failed, to rerun pass '--lib'
Dec 01 11:48:53.725 INFO [stderr] su: No module specific data is present
Dec 01 11:48:54.589 INFO running `"docker" "inspect" "0dff6c3ab6051ddb806655dfbe5a37a0e591399c71240770f7162360ca6e971c"`
Dec 01 11:48:54.859 INFO running `"docker" "rm" "-f" "0dff6c3ab6051ddb806655dfbe5a37a0e591399c71240770f7162360ca6e971c"`
Dec 01 11:48:55.171 INFO [stdout] 0dff6c3ab6051ddb806655dfbe5a37a0e591399c71240770f7162360ca6e971c
