Dec 01 12:14:32.532 INFO testing kobalazs/docker-puzzles against 1.30.1 for beta-1.31-5
Dec 01 12:14:32.532 INFO running `"docker" "create" "-v" "/mnt/big/crater/work/local/target-dirs/beta-1.31-5/worker-1/1.30.1:/target:rw,Z" "-v" "/mnt/big/crater/work/local/test-source/worker-1/beta-1.31-5/1.30.1:/source:ro,Z" "-v" "/mnt/big/crater/work/local/cargo-home:/cargo-home:ro,Z" "-v" "/mnt/big/crater/work/local/rustup-home:/rustup-home:ro,Z" "-e" "USER_ID=1000" "-e" "SOURCE_DIR=/source" "-e" "USER_ID=1000" "-e" "CMD=cargo +1.30.1 build --frozen" "-e" "CARGO_TARGET_DIR=/target" "-e" "CARGO_INCREMENTAL=0" "-e" "RUST_BACKTRACE=full" "-e" "RUSTFLAGS=--cap-lints=warn" "-e" "CARGO_HOME=/cargo-home" "-e" "RUSTUP_HOME=/rustup-home" "-m" "1536M" "--network" "none" "crater"`
Dec 01 12:14:32.807 INFO [stdout] 14bbd49e0b338b1f1771d56941115775d546b1fb89d190f20adc7f9ac57942a5
Dec 01 12:14:32.809 INFO running `"docker" "start" "-a" "14bbd49e0b338b1f1771d56941115775d546b1fb89d190f20adc7f9ac57942a5"`
Dec 01 12:14:33.247 INFO [stderr] usermod: no changes
Dec 01 12:14:33.336 INFO [stderr]    Compiling docker-puzzles v0.1.0 (/source)
Dec 01 12:14:36.767 INFO [stderr]     Finished dev [unoptimized + debuginfo] target(s) in 3.49s
Dec 01 12:14:36.770 INFO [stderr] su: No module specific data is present
Dec 01 12:14:37.022 INFO running `"docker" "inspect" "14bbd49e0b338b1f1771d56941115775d546b1fb89d190f20adc7f9ac57942a5"`
Dec 01 12:14:37.104 INFO running `"docker" "rm" "-f" "14bbd49e0b338b1f1771d56941115775d546b1fb89d190f20adc7f9ac57942a5"`
Dec 01 12:14:37.218 INFO [stdout] 14bbd49e0b338b1f1771d56941115775d546b1fb89d190f20adc7f9ac57942a5
Dec 01 12:14:37.220 INFO running `"docker" "create" "-v" "/mnt/big/crater/work/local/target-dirs/beta-1.31-5/worker-1/1.30.1:/target:rw,Z" "-v" "/mnt/big/crater/work/local/test-source/worker-1/beta-1.31-5/1.30.1:/source:ro,Z" "-v" "/mnt/big/crater/work/local/cargo-home:/cargo-home:ro,Z" "-v" "/mnt/big/crater/work/local/rustup-home:/rustup-home:ro,Z" "-e" "USER_ID=1000" "-e" "SOURCE_DIR=/source" "-e" "USER_ID=1000" "-e" "CMD=cargo +1.30.1 test --frozen --no-run" "-e" "CARGO_TARGET_DIR=/target" "-e" "CARGO_INCREMENTAL=0" "-e" "RUST_BACKTRACE=full" "-e" "RUSTFLAGS=--cap-lints=warn" "-e" "CARGO_HOME=/cargo-home" "-e" "RUSTUP_HOME=/rustup-home" "-m" "1536M" "--network" "none" "crater"`
Dec 01 12:14:37.375 INFO [stdout] 47be6f226b8a0d10ee57b6123d4087de1cf486c820a1bff53d0b9f5dc334fc6c
Dec 01 12:14:37.377 INFO running `"docker" "start" "-a" "47be6f226b8a0d10ee57b6123d4087de1cf486c820a1bff53d0b9f5dc334fc6c"`
Dec 01 12:14:37.795 INFO [stderr] usermod: no changes
Dec 01 12:14:37.847 INFO [stderr]    Compiling docker-puzzles v0.1.0 (/source)
Dec 01 12:14:39.599 INFO [stderr]     Finished dev [unoptimized + debuginfo] target(s) in 1.79s
Dec 01 12:14:39.609 INFO [stderr] su: No module specific data is present
Dec 01 12:14:40.310 INFO running `"docker" "inspect" "47be6f226b8a0d10ee57b6123d4087de1cf486c820a1bff53d0b9f5dc334fc6c"`
Dec 01 12:14:40.550 INFO running `"docker" "rm" "-f" "47be6f226b8a0d10ee57b6123d4087de1cf486c820a1bff53d0b9f5dc334fc6c"`
Dec 01 12:14:40.810 INFO [stdout] 47be6f226b8a0d10ee57b6123d4087de1cf486c820a1bff53d0b9f5dc334fc6c
Dec 01 12:14:40.817 INFO running `"docker" "create" "-v" "/mnt/big/crater/work/local/target-dirs/beta-1.31-5/worker-1/1.30.1:/target:rw,Z" "-v" "/mnt/big/crater/work/local/test-source/worker-1/beta-1.31-5/1.30.1:/source:ro,Z" "-v" "/mnt/big/crater/work/local/cargo-home:/cargo-home:ro,Z" "-v" "/mnt/big/crater/work/local/rustup-home:/rustup-home:ro,Z" "-e" "USER_ID=1000" "-e" "SOURCE_DIR=/source" "-e" "USER_ID=1000" "-e" "CMD=cargo +1.30.1 test --frozen" "-e" "CARGO_TARGET_DIR=/target" "-e" "CARGO_INCREMENTAL=0" "-e" "RUST_BACKTRACE=full" "-e" "RUSTFLAGS=--cap-lints=warn" "-e" "CARGO_HOME=/cargo-home" "-e" "RUSTUP_HOME=/rustup-home" "-m" "1536M" "--network" "none" "crater"`
Dec 01 12:14:41.207 INFO [stdout] da38b2f0d14cfa066bb8f30f09712ec327713faac2297812055a09fdc66624d1
Dec 01 12:14:41.212 INFO running `"docker" "start" "-a" "da38b2f0d14cfa066bb8f30f09712ec327713faac2297812055a09fdc66624d1"`
Dec 01 12:14:42.485 INFO [stderr] usermod: no changes
Dec 01 12:14:42.548 INFO [stderr]     Finished dev [unoptimized + debuginfo] target(s) in 0.04s
Dec 01 12:14:42.563 INFO [stderr]      Running /target/debug/deps/docker_puzzles-f9eb6cd7a8c4a9bb
Dec 01 12:14:42.563 INFO [stdout] 
Dec 01 12:14:42.563 INFO [stdout] running 7 tests
Dec 01 12:14:42.591 INFO [stdout] test fs_handler::tests::it_returns_error_when_calling_on_missing_directory ... ok
Dec 01 12:14:42.602 INFO [stdout] test config::tests::it_returns_config_if_arg_found ... ok
Dec 01 12:14:42.607 INFO [stdout] test config::tests::it_returns_error_if_arg_not_found ... ok
Dec 01 12:14:42.616 INFO [stdout] test tests::calling_with_valid_directory ... FAILED
Dec 01 12:14:42.622 INFO [stdout] test tests::calling_with_invalid_directory ... FAILED
Dec 01 12:14:42.622 INFO [stdout] test fs_handler::tests::it_collects_all_files ... FAILED
Dec 01 12:14:42.622 INFO [stdout] test tests::calling_without_args ... FAILED
Dec 01 12:14:42.622 INFO [stdout] 
Dec 01 12:14:42.622 INFO [stdout] failures:
Dec 01 12:14:42.622 INFO [stdout] 
Dec 01 12:14:42.622 INFO [stdout] ---- tests::calling_with_valid_directory stdout ----
Dec 01 12:14:42.622 INFO [stdout] thread 'tests::calling_with_valid_directory' panicked at 'Failed to execute process: Os { code: 2, kind: NotFound, message: "No such file or directory" }', libcore/result.rs:1009:5
Dec 01 12:14:42.622 INFO [stdout] stack backtrace:
Dec 01 12:14:42.622 INFO [stdout]    0:     0x55a6222cb88e - std::sys::unix::backtrace::tracing::imp::unwind_backtrace::h15749a98198ba25f
Dec 01 12:14:42.622 INFO [stdout]                                at libstd/sys/unix/backtrace/tracing/gcc_s.rs:49
Dec 01 12:14:42.622 INFO [stdout]    1:     0x55a6222ba0a6 - std::sys_common::backtrace::print::h0ba65c811294dbf0
Dec 01 12:14:42.622 INFO [stdout]                                at libstd/sys_common/backtrace.rs:71
Dec 01 12:14:42.622 INFO [stdout]                                at libstd/sys_common/backtrace.rs:59
Dec 01 12:14:42.622 INFO [stdout]    2:     0x55a6222b84cd - std::panicking::default_hook::{{closure}}::h42bb31757f0fee64
Dec 01 12:14:42.622 INFO [stdout]                                at libstd/panicking.rs:211
Dec 01 12:14:42.622 INFO [stdout]    3:     0x55a6222b81db - std::panicking::default_hook::hebc8848d7aa7dbd9
Dec 01 12:14:42.622 INFO [stdout]                                at libstd/panicking.rs:221
Dec 01 12:14:42.622 INFO [stdout]    4:     0x55a6222b8b7c - std::panicking::rust_panic_with_hook::h86e619a638415243
Dec 01 12:14:42.622 INFO [stdout]                                at libstd/panicking.rs:477
Dec 01 12:14:42.622 INFO [stdout]    5:     0x55a6222b8739 - std::panicking::continue_panic_fmt::h2d2d2bfb065a70b2
Dec 01 12:14:42.622 INFO [stdout]                                at libstd/panicking.rs:391
Dec 01 12:14:42.622 INFO [stdout]    6:     0x55a6222b8635 - rust_begin_unwind
Dec 01 12:14:42.622 INFO [stdout]                                at libstd/panicking.rs:326
Dec 01 12:14:42.622 INFO [stdout]    7:     0x55a62230d86b - core::panicking::panic_fmt::h2155aa66b67fe83c
Dec 01 12:14:42.622 INFO [stdout]                                at libcore/panicking.rs:77
Dec 01 12:14:42.622 INFO [stdout]    8:     0x55a62224a8e3 - core::result::unwrap_failed::hb4b3b3792aaea214
Dec 01 12:14:42.622 INFO [stdout]                                at libcore/macros.rs:26
Dec 01 12:14:42.622 INFO [stdout]    9:     0x55a622249f46 - <core::result::Result<T, E>>::expect::heee16e3cab3ad4aa
Dec 01 12:14:42.622 INFO [stdout]                                at libcore/result.rs:835
Dec 01 12:14:42.622 INFO [stdout]   10:     0x55a62224b12c - docker_puzzles::tests::calling_with_valid_directory::h598dc30353366d92
Dec 01 12:14:42.622 INFO [stdout]                                at src/tests.rs:34
Dec 01 12:14:42.622 INFO [stdout]   11:     0x55a62224b079 - docker_puzzles::tests::calling_with_valid_directory::{{closure}}::h430136c4cd0dc7fc
Dec 01 12:14:42.622 INFO [stdout]                                at src/tests.rs:33
Dec 01 12:14:42.622 INFO [stdout]   12:     0x55a62224d5ed - core::ops::function::FnOnce::call_once::h39a592ee1da9dde1
Dec 01 12:14:42.622 INFO [stdout]                                at libcore/ops/function.rs:238
Dec 01 12:14:42.622 INFO [stdout]   13:     0x55a622252c3e - <F as alloc::boxed::FnBox<A>>::call_box::hbea525814fa423cc
Dec 01 12:14:42.622 INFO [stdout]                                at libtest/lib.rs:1461
Dec 01 12:14:42.622 INFO [stdout]                                at libcore/ops/function.rs:238
Dec 01 12:14:42.622 INFO [stdout]                                at liballoc/boxed.rs:646
Dec 01 12:14:42.622 INFO [stdout]   14:     0x55a6222ddb29 - __rust_maybe_catch_panic
Dec 01 12:14:42.622 INFO [stdout]                                at libpanic_unwind/lib.rs:103
Dec 01 12:14:42.622 INFO [stdout]   15:     0x55a62225e59d - std::sys_common::backtrace::__rust_begin_short_backtrace::h0ff507d7422944d3
Dec 01 12:14:42.622 INFO [stdout]                                at libstd/panicking.rs:289
Dec 01 12:14:42.622 INFO [stdout]                                at libstd/panic.rs:392
Dec 01 12:14:42.622 INFO [stdout]                                at libtest/lib.rs:1416
Dec 01 12:14:42.622 INFO [stdout]                                at libstd/sys_common/backtrace.rs:136
Dec 01 12:14:42.622 INFO [stdout]   16:     0x55a622276bd4 - std::panicking::try::do_call::hba0bdcc3670471cc
Dec 01 12:14:42.622 INFO [stdout]                                at libstd/thread/mod.rs:409
Dec 01 12:14:42.622 INFO [stdout]                                at libstd/panic.rs:313
Dec 01 12:14:42.622 INFO [stdout]                                at libstd/panicking.rs:310
Dec 01 12:14:42.622 INFO [stdout]   17:     0x55a6222ddb29 - __rust_maybe_catch_panic
Dec 01 12:14:42.622 INFO [stdout]                                at libpanic_unwind/lib.rs:103
Dec 01 12:14:42.622 INFO [stdout]   18:     0x55a6222674a6 - <F as alloc::boxed::FnBox<A>>::call_box::hdac52587b00591af
Dec 01 12:14:42.622 INFO [stdout]                                at libstd/panicking.rs:289
Dec 01 12:14:42.622 INFO [stdout]                                at libstd/panic.rs:392
Dec 01 12:14:42.622 INFO [stdout]                                at libstd/thread/mod.rs:408
Dec 01 12:14:42.622 INFO [stdout]                                at liballoc/boxed.rs:646
Dec 01 12:14:42.622 INFO [stdout]   19:     0x55a6222cd7aa - std::sys_common::thread::start_thread::h75d887c7d2cc4479
Dec 01 12:14:42.622 INFO [stdout]                                at liballoc/boxed.rs:656
Dec 01 12:14:42.622 INFO [stdout]                                at libstd/sys_common/thread.rs:24
Dec 01 12:14:42.622 INFO [stdout]   20:     0x55a6222b92e5 - std::sys::unix::thread::Thread::new::thread_start::h8414caee632bf9ed
Dec 01 12:14:42.622 INFO [stdout]                                at libstd/sys/unix/thread.rs:90
Dec 01 12:14:42.622 INFO [stdout]   21:     0x7f37151416b9 - start_thread
Dec 01 12:14:42.622 INFO [stdout]   22:     0x7f3714c6141c - clone
Dec 01 12:14:42.622 INFO [stdout]   23:                0x0 - <unknown>
Dec 01 12:14:42.622 INFO [stdout] 
Dec 01 12:14:42.622 INFO [stdout] ---- tests::calling_with_invalid_directory stdout ----
Dec 01 12:14:42.622 INFO [stdout] thread 'tests::calling_with_invalid_directory' panicked at 'Failed to execute process: Os { code: 2, kind: NotFound, message: "No such file or directory" }', libcore/result.rs:1009:5
Dec 01 12:14:42.622 INFO [stdout] stack backtrace:
Dec 01 12:14:42.622 INFO [stdout]    0:     0x55a6222cb88e - std::sys::unix::backtrace::tracing::imp::unwind_backtrace::h15749a98198ba25f
Dec 01 12:14:42.622 INFO [stdout]                                at libstd/sys/unix/backtrace/tracing/gcc_s.rs:49
Dec 01 12:14:42.622 INFO [stdout]    1:     0x55a6222ba0a6 - std::sys_common::backtrace::print::h0ba65c811294dbf0
Dec 01 12:14:42.622 INFO [stdout]                                at libstd/sys_common/backtrace.rs:71
Dec 01 12:14:42.622 INFO [stdout]                                at libstd/sys_common/backtrace.rs:59
Dec 01 12:14:42.622 INFO [stdout]    2:     0x55a6222b84cd - std::panicking::default_hook::{{closure}}::h42bb31757f0fee64
Dec 01 12:14:42.622 INFO [stdout]                                at libstd/panicking.rs:211
Dec 01 12:14:42.622 INFO [stdout]    3:     0x55a6222b81db - std::panicking::default_hook::hebc8848d7aa7dbd9
Dec 01 12:14:42.622 INFO [stdout]                                at libstd/panicking.rs:221
Dec 01 12:14:42.622 INFO [stdout]    4:     0x55a6222b8b7c - std::panicking::rust_panic_with_hook::h86e619a638415243
Dec 01 12:14:42.622 INFO [stdout]                                at libstd/panicking.rs:477
Dec 01 12:14:42.623 INFO [stdout]    5:     0x55a6222b8739 - std::panicking::continue_panic_fmt::h2d2d2bfb065a70b2
Dec 01 12:14:42.623 INFO [stdout]                                at libstd/panicking.rs:391
Dec 01 12:14:42.623 INFO [stdout]    6:     0x55a6222b8635 - rust_begin_unwind
Dec 01 12:14:42.623 INFO [stdout]                                at libstd/panicking.rs:326
Dec 01 12:14:42.623 INFO [stdout]    7:     0x55a62230d86b - core::panicking::panic_fmt::h2155aa66b67fe83c
Dec 01 12:14:42.623 INFO [stdout]                                at libcore/panicking.rs:77
Dec 01 12:14:42.623 INFO [stdout]    8:     0x55a62224a8e3 - core::result::unwrap_failed::hb4b3b3792aaea214
Dec 01 12:14:42.623 INFO [stdout]                                at libcore/macros.rs:26
Dec 01 12:14:42.623 INFO [stdout]    9:     0x55a622249f46 - <core::result::Result<T, E>>::expect::heee16e3cab3ad4aa
Dec 01 12:14:42.623 INFO [stdout]                                at libcore/result.rs:835
Dec 01 12:14:42.623 INFO [stdout]   10:     0x55a62224ae23 - docker_puzzles::tests::calling_with_invalid_directory::hac1aa62b24b3cd31
Dec 01 12:14:42.623 INFO [stdout]                                at src/tests.rs:21
Dec 01 12:14:42.623 INFO [stdout]   11:     0x55a62224ad79 - docker_puzzles::tests::calling_with_invalid_directory::{{closure}}::h426b2a388f439683
Dec 01 12:14:42.623 INFO [stdout]                                at src/tests.rs:20
Dec 01 12:14:42.623 INFO [stdout]   12:     0x55a62224d6ed - core::ops::function::FnOnce::call_once::h912f1ead125e5ca0
Dec 01 12:14:42.623 INFO [stdout]                                at libcore/ops/function.rs:238
Dec 01 12:14:42.623 INFO [stdout]   13:     0x55a622252c3e - <F as alloc::boxed::FnBox<A>>::call_box::hbea525814fa423cc
Dec 01 12:14:42.623 INFO [stdout]                                at libtest/lib.rs:1461
Dec 01 12:14:42.623 INFO [stdout]                                at libcore/ops/function.rs:238
Dec 01 12:14:42.623 INFO [stdout]                                at liballoc/boxed.rs:646
Dec 01 12:14:42.623 INFO [stdout]   14:     0x55a6222ddb29 - __rust_maybe_catch_panic
Dec 01 12:14:42.623 INFO [stdout]                                at libpanic_unwind/lib.rs:103
Dec 01 12:14:42.623 INFO [stdout]   15:     0x55a62225e59d - std::sys_common::backtrace::__rust_begin_short_backtrace::h0ff507d7422944d3
Dec 01 12:14:42.623 INFO [stdout]                                at libstd/panicking.rs:289
Dec 01 12:14:42.623 INFO [stdout]                                at libstd/panic.rs:392
Dec 01 12:14:42.623 INFO [stdout]                                at libtest/lib.rs:1416
Dec 01 12:14:42.623 INFO [stdout]                                at libstd/sys_common/backtrace.rs:136
Dec 01 12:14:42.623 INFO [stdout]   16:     0x55a622276bd4 - std::panicking::try::do_call::hba0bdcc3670471cc
Dec 01 12:14:42.623 INFO [stdout]                                at libstd/thread/mod.rs:409
Dec 01 12:14:42.623 INFO [stdout]                                at libstd/panic.rs:313
Dec 01 12:14:42.623 INFO [stdout]                                at libstd/panicking.rs:310
Dec 01 12:14:42.623 INFO [stdout]   17:     0x55a6222ddb29 - __rust_maybe_catch_panic
Dec 01 12:14:42.623 INFO [stdout]                                at libpanic_unwind/lib.rs:103
Dec 01 12:14:42.623 INFO [stdout]   18:     0x55a6222674a6 - <F as alloc::boxed::FnBox<A>>::call_box::hdac52587b00591af
Dec 01 12:14:42.623 INFO [stdout]                                at libstd/panicking.rs:289
Dec 01 12:14:42.623 INFO [stdout]                                at libstd/panic.rs:392
Dec 01 12:14:42.623 INFO [stdout]                                at libstd/thread/mod.rs:408
Dec 01 12:14:42.623 INFO [stdout]                                at liballoc/boxed.rs:646
Dec 01 12:14:42.623 INFO [stdout]   19:     0x55a6222cd7aa - std::sys_common::thread::start_thread::h75d887c7d2cc4479
Dec 01 12:14:42.623 INFO [stdout]                                at liballoc/boxed.rs:656
Dec 01 12:14:42.623 INFO [stdout]                                at libstd/sys_common/thread.rs:24
Dec 01 12:14:42.623 INFO [stdout]   20:     0x55a6222b92e5 - std::sys::unix::thread::Thread::new::thread_start::h8414caee632bf9ed
Dec 01 12:14:42.623 INFO [stdout]                                at libstd/sys/unix/thread.rs:90
Dec 01 12:14:42.623 INFO [stdout]   21:     0x7f37151416b9 - start_thread
Dec 01 12:14:42.623 INFO [stdout]   22:     0x7f3714c6141c - clone
Dec 01 12:14:42.623 INFO [stdout]   23:                0x0 - <unknown>
Dec 01 12:14:42.623 INFO [stdout] 
Dec 01 12:14:42.623 INFO [stdout] ---- fs_handler::tests::it_collects_all_files stdout ----
Dec 01 12:14:42.623 INFO [stdout] thread 'fs_handler::tests::it_collects_all_files' panicked at 'assertion failed: `(left == right)`
Dec 01 12:14:42.623 INFO [stdout]   left: `"./assets/a/Puzzlefile"`,
Dec 01 12:14:42.623 INFO [stdout]  right: `"./assets/b/Puzzlefile"`', src/fs_handler.rs:33:9
Dec 01 12:14:42.623 INFO [stdout] stack backtrace:
Dec 01 12:14:42.623 INFO [stdout]    0:     0x55a6222cb88e - std::sys::unix::backtrace::tracing::imp::unwind_backtrace::h15749a98198ba25f
Dec 01 12:14:42.623 INFO [stdout]                                at libstd/sys/unix/backtrace/tracing/gcc_s.rs:49
Dec 01 12:14:42.623 INFO [stdout]    1:     0x55a6222ba0a6 - std::sys_common::backtrace::print::h0ba65c811294dbf0
Dec 01 12:14:42.623 INFO [stdout]                                at libstd/sys_common/backtrace.rs:71
Dec 01 12:14:42.623 INFO [stdout]                                at libstd/sys_common/backtrace.rs:59
Dec 01 12:14:42.623 INFO [stdout]    2:     0x55a6222b84cd - std::panicking::default_hook::{{closure}}::h42bb31757f0fee64
Dec 01 12:14:42.623 INFO [stdout]                                at libstd/panicking.rs:211
Dec 01 12:14:42.623 INFO [stdout]    3:     0x55a6222b81db - std::panicking::default_hook::hebc8848d7aa7dbd9
Dec 01 12:14:42.623 INFO [stdout]                                at libstd/panicking.rs:221
Dec 01 12:14:42.623 INFO [stdout]    4:     0x55a6222b8b7c - std::panicking::rust_panic_with_hook::h86e619a638415243
Dec 01 12:14:42.623 INFO [stdout]                                at libstd/panicking.rs:477
Dec 01 12:14:42.623 INFO [stdout]    5:     0x55a6222b8739 - std::panicking::continue_panic_fmt::h2d2d2bfb065a70b2
Dec 01 12:14:42.623 INFO [stdout]                                at libstd/panicking.rs:391
Dec 01 12:14:42.623 INFO [stdout]    6:     0x55a6222b869d - std::panicking::begin_panic_fmt::ha5097e2056ef3d5a
Dec 01 12:14:42.623 INFO [stdout]                                at libstd/panicking.rs:346
Dec 01 12:14:42.623 INFO [stdout]    7:     0x55a62224ceb7 - docker_puzzles::fs_handler::tests::it_collects_all_files::h4071d37cfc528156
Dec 01 12:14:42.623 INFO [stdout]                                at src/fs_handler.rs:33
Dec 01 12:14:42.623 INFO [stdout]    8:     0x55a62224c9a9 - docker_puzzles::fs_handler::tests::it_collects_all_files::{{closure}}::h5320713bfbc9a8ee
Dec 01 12:14:42.623 INFO [stdout]                                at src/fs_handler.rs:30
Dec 01 12:14:42.623 INFO [stdout]    9:     0x55a62224d62d - core::ops::function::FnOnce::call_once::h48ea303df0cf7cab
Dec 01 12:14:42.623 INFO [stdout]                                at libcore/ops/function.rs:238
Dec 01 12:14:42.623 INFO [stdout]   10:     0x55a622252c3e - <F as alloc::boxed::FnBox<A>>::call_box::hbea525814fa423cc
Dec 01 12:14:42.623 INFO [stdout]                                at libtest/lib.rs:1461
Dec 01 12:14:42.623 INFO [stdout]                                at libcore/ops/function.rs:238
Dec 01 12:14:42.623 INFO [stdout]                                at liballoc/boxed.rs:646
Dec 01 12:14:42.623 INFO [stdout]   11:     0x55a6222ddb29 - __rust_maybe_catch_panic
Dec 01 12:14:42.623 INFO [stdout]                                at libpanic_unwind/lib.rs:103
Dec 01 12:14:42.623 INFO [stdout]   12:     0x55a62225e59d - std::sys_common::backtrace::__rust_begin_short_backtrace::h0ff507d7422944d3
Dec 01 12:14:42.623 INFO [stdout]                                at libstd/panicking.rs:289
Dec 01 12:14:42.623 INFO [stdout]                                at libstd/panic.rs:392
Dec 01 12:14:42.623 INFO [stdout]                                at libtest/lib.rs:1416
Dec 01 12:14:42.623 INFO [stdout]                                at libstd/sys_common/backtrace.rs:136
Dec 01 12:14:42.623 INFO [stdout]   13:     0x55a622276bd4 - std::panicking::try::do_call::hba0bdcc3670471cc
Dec 01 12:14:42.623 INFO [stdout]                                at libstd/thread/mod.rs:409
Dec 01 12:14:42.623 INFO [stdout]                                at libstd/panic.rs:313
Dec 01 12:14:42.623 INFO [stdout]                                at libstd/panicking.rs:310
Dec 01 12:14:42.623 INFO [stdout]   14:     0x55a6222ddb29 - __rust_maybe_catch_panic
Dec 01 12:14:42.623 INFO [stdout]                                at libpanic_unwind/lib.rs:103
Dec 01 12:14:42.623 INFO [stdout]   15:     0x55a6222674a6 - <F as alloc::boxed::FnBox<A>>::call_box::hdac52587b00591af
Dec 01 12:14:42.624 INFO [stdout]                                at libstd/panicking.rs:289
Dec 01 12:14:42.624 INFO [stdout]                                at libstd/panic.rs:392
Dec 01 12:14:42.624 INFO [stdout]                                at libstd/thread/mod.rs:408
Dec 01 12:14:42.624 INFO [stdout]                                at liballoc/boxed.rs:646
Dec 01 12:14:42.624 INFO [stdout]   16:     0x55a6222cd7aa - std::sys_common::thread::start_thread::h75d887c7d2cc4479
Dec 01 12:14:42.624 INFO [stdout]                                at liballoc/boxed.rs:656
Dec 01 12:14:42.624 INFO [stdout]                                at libstd/sys_common/thread.rs:24
Dec 01 12:14:42.624 INFO [stdout]   17:     0x55a6222b92e5 - std::sys::unix::thread::Thread::new::thread_start::h8414caee632bf9ed
Dec 01 12:14:42.624 INFO [stdout]                                at libstd/sys/unix/thread.rs:90
Dec 01 12:14:42.624 INFO [stdout]   18:     0x7f37151416b9 - start_thread
Dec 01 12:14:42.624 INFO [stdout]   19:     0x7f3714c6141c - clone
Dec 01 12:14:42.624 INFO [stdout]   20:                0x0 - <unknown>
Dec 01 12:14:42.624 INFO [stdout] 
Dec 01 12:14:42.624 INFO [stdout] ---- tests::calling_without_args stdout ----
Dec 01 12:14:42.624 INFO [stdout] thread 'tests::calling_without_args' panicked at 'Failed to execute process: Os { code: 2, kind: NotFound, message: "No such file or directory" }', libcore/result.rs:1009:5
Dec 01 12:14:42.624 INFO [stdout] stack backtrace:
Dec 01 12:14:42.624 INFO [stdout]    0:     0x55a6222cb88e - std::sys::unix::backtrace::tracing::imp::unwind_backtrace::h15749a98198ba25f
Dec 01 12:14:42.624 INFO [stdout]                                at libstd/sys/unix/backtrace/tracing/gcc_s.rs:49
Dec 01 12:14:42.624 INFO [stdout]    1:     0x55a6222ba0a6 - std::sys_common::backtrace::print::h0ba65c811294dbf0
Dec 01 12:14:42.624 INFO [stdout]                                at libstd/sys_common/backtrace.rs:71
Dec 01 12:14:42.624 INFO [stdout]                                at libstd/sys_common/backtrace.rs:59
Dec 01 12:14:42.624 INFO [stdout]    2:     0x55a6222b84cd - std::panicking::default_hook::{{closure}}::h42bb31757f0fee64
Dec 01 12:14:42.624 INFO [stdout]                                at libstd/panicking.rs:211
Dec 01 12:14:42.624 INFO [stdout]    3:     0x55a6222b81db - std::panicking::default_hook::hebc8848d7aa7dbd9
Dec 01 12:14:42.624 INFO [stdout]                                at libstd/panicking.rs:221
Dec 01 12:14:42.624 INFO [stdout]    4:     0x55a6222b8b7c - std::panicking::rust_panic_with_hook::h86e619a638415243
Dec 01 12:14:42.624 INFO [stdout]                                at libstd/panicking.rs:477
Dec 01 12:14:42.624 INFO [stdout]    5:     0x55a6222b8739 - std::panicking::continue_panic_fmt::h2d2d2bfb065a70b2
Dec 01 12:14:42.624 INFO [stdout]                                at libstd/panicking.rs:391
Dec 01 12:14:42.624 INFO [stdout]    6:     0x55a6222b8635 - rust_begin_unwind
Dec 01 12:14:42.624 INFO [stdout]                                at libstd/panicking.rs:326
Dec 01 12:14:42.624 INFO [stdout]    7:     0x55a62230d86b - core::panicking::panic_fmt::h2155aa66b67fe83c
Dec 01 12:14:42.624 INFO [stdout]                                at libcore/panicking.rs:77
Dec 01 12:14:42.624 INFO [stdout]    8:     0x55a62224a8e3 - core::result::unwrap_failed::hb4b3b3792aaea214
Dec 01 12:14:42.624 INFO [stdout]                                at libcore/macros.rs:26
Dec 01 12:14:42.624 INFO [stdout]    9:     0x55a622249f46 - <core::result::Result<T, E>>::expect::heee16e3cab3ad4aa
Dec 01 12:14:42.624 INFO [stdout]                                at libcore/result.rs:835
Dec 01 12:14:42.624 INFO [stdout]   10:     0x55a62224ab17 - docker_puzzles::tests::calling_without_args::ha879fc678c4a40e7
Dec 01 12:14:42.624 INFO [stdout]                                at src/tests.rs:9
Dec 01 12:14:42.624 INFO [stdout]   11:     0x55a62224aa99 - docker_puzzles::tests::calling_without_args::{{closure}}::h4303f3a1835f61c6
Dec 01 12:14:42.624 INFO [stdout]                                at src/tests.rs:8
Dec 01 12:14:42.624 INFO [stdout]   12:     0x55a62224d72d - core::ops::function::FnOnce::call_once::ha2588ead8dfacb23
Dec 01 12:14:42.624 INFO [stdout]                                at libcore/ops/function.rs:238
Dec 01 12:14:42.624 INFO [stdout]   13:     0x55a622252c3e - <F as alloc::boxed::FnBox<A>>::call_box::hbea525814fa423cc
Dec 01 12:14:42.624 INFO [stdout]                                at libtest/lib.rs:1461
Dec 01 12:14:42.624 INFO [stdout]                                at libcore/ops/function.rs:238
Dec 01 12:14:42.624 INFO [stdout]                                at liballoc/boxed.rs:646
Dec 01 12:14:42.624 INFO [stdout]   14:     0x55a6222ddb29 - __rust_maybe_catch_panic
Dec 01 12:14:42.624 INFO [stdout]                                at libpanic_unwind/lib.rs:103
Dec 01 12:14:42.624 INFO [stdout]   15:     0x55a62225e59d - std::sys_common::backtrace::__rust_begin_short_backtrace::h0ff507d7422944d3
Dec 01 12:14:42.624 INFO [stdout]                                at libstd/panicking.rs:289
Dec 01 12:14:42.624 INFO [stdout]                                at libstd/panic.rs:392
Dec 01 12:14:42.624 INFO [stdout]                                at libtest/lib.rs:1416
Dec 01 12:14:42.624 INFO [stdout]                                at libstd/sys_common/backtrace.rs:136
Dec 01 12:14:42.624 INFO [stdout]   16:     0x55a622276bd4 - std::panicking::try::do_call::hba0bdcc3670471cc
Dec 01 12:14:42.624 INFO [stdout]                                at libstd/thread/mod.rs:409
Dec 01 12:14:42.624 INFO [stdout]                                at libstd/panic.rs:313
Dec 01 12:14:42.624 INFO [stdout]                                at libstd/panicking.rs:310
Dec 01 12:14:42.624 INFO [stdout]   17:     0x55a6222ddb29 - __rust_maybe_catch_panic
Dec 01 12:14:42.624 INFO [stdout]                                at libpanic_unwind/lib.rs:103
Dec 01 12:14:42.624 INFO [stdout]   18:     0x55a6222674a6 - <F as alloc::boxed::FnBox<A>>::call_box::hdac52587b00591af
Dec 01 12:14:42.624 INFO [stdout]                                at libstd/panicking.rs:289
Dec 01 12:14:42.624 INFO [stdout]                                at libstd/panic.rs:392
Dec 01 12:14:42.624 INFO [stdout]                                at libstd/thread/mod.rs:408
Dec 01 12:14:42.624 INFO [stdout]                                at liballoc/boxed.rs:646
Dec 01 12:14:42.624 INFO [stdout]   19:     0x55a6222cd7aa - std::sys_common::thread::start_thread::h75d887c7d2cc4479
Dec 01 12:14:42.624 INFO [stdout]                                at liballoc/boxed.rs:656
Dec 01 12:14:42.624 INFO [stdout]                                at libstd/sys_common/thread.rs:24
Dec 01 12:14:42.624 INFO [stdout]   20:     0x55a6222b92e5 - std::sys::unix::thread::Thread::new::thread_start::h8414caee632bf9ed
Dec 01 12:14:42.624 INFO [stdout]                                at libstd/sys/unix/thread.rs:90
Dec 01 12:14:42.624 INFO [stdout]   21:     0x7f37151416b9 - start_thread
Dec 01 12:14:42.624 INFO [stdout]   22:     0x7f3714c6141c - clone
Dec 01 12:14:42.624 INFO [stdout]   23:                0x0 - <unknown>
Dec 01 12:14:42.624 INFO [stdout] 
Dec 01 12:14:42.624 INFO [stdout] 
Dec 01 12:14:42.624 INFO [stdout] failures:
Dec 01 12:14:42.624 INFO [stdout]     fs_handler::tests::it_collects_all_files
Dec 01 12:14:42.624 INFO [stdout]     tests::calling_with_invalid_directory
Dec 01 12:14:42.624 INFO [stdout]     tests::calling_with_valid_directory
Dec 01 12:14:42.624 INFO [stdout]     tests::calling_without_args
Dec 01 12:14:42.624 INFO [stdout] 
Dec 01 12:14:42.624 INFO [stdout] test result: FAILED. 3 passed; 4 failed; 0 ignored; 0 measured; 0 filtered out
Dec 01 12:14:42.624 INFO [stdout] 
Dec 01 12:14:42.624 INFO [stderr] error: test failed, to rerun pass '--lib'
Dec 01 12:14:42.631 INFO [stderr] su: No module specific data is present
Dec 01 12:14:43.015 INFO running `"docker" "inspect" "da38b2f0d14cfa066bb8f30f09712ec327713faac2297812055a09fdc66624d1"`
Dec 01 12:14:43.211 INFO running `"docker" "rm" "-f" "da38b2f0d14cfa066bb8f30f09712ec327713faac2297812055a09fdc66624d1"`
Dec 01 12:14:43.434 INFO [stdout] da38b2f0d14cfa066bb8f30f09712ec327713faac2297812055a09fdc66624d1
