Dec 01 13:27:12.064 INFO testing josler/promptly-rs against 1.30.1 for beta-1.31-5
Dec 01 13:27:12.064 INFO running `"docker" "create" "-v" "/mnt/big/crater/work/local/target-dirs/beta-1.31-5/worker-7/1.30.1:/target:rw,Z" "-v" "/mnt/big/crater/work/local/test-source/worker-7/beta-1.31-5/1.30.1:/source:ro,Z" "-v" "/mnt/big/crater/work/local/cargo-home:/cargo-home:ro,Z" "-v" "/mnt/big/crater/work/local/rustup-home:/rustup-home:ro,Z" "-e" "USER_ID=1000" "-e" "SOURCE_DIR=/source" "-e" "USER_ID=1000" "-e" "CMD=cargo +1.30.1 build --frozen" "-e" "CARGO_TARGET_DIR=/target" "-e" "CARGO_INCREMENTAL=0" "-e" "RUST_BACKTRACE=full" "-e" "RUSTFLAGS=--cap-lints=warn" "-e" "CARGO_HOME=/cargo-home" "-e" "RUSTUP_HOME=/rustup-home" "-m" "1536M" "--network" "none" "crater"`
Dec 01 13:27:12.628 INFO [stdout] 398da6b12965d2ac34c624db37a4cc831381ae07c3ef3e09f8f598285071b0d8
Dec 01 13:27:12.631 INFO running `"docker" "start" "-a" "398da6b12965d2ac34c624db37a4cc831381ae07c3ef3e09f8f598285071b0d8"`
Dec 01 13:27:14.462 INFO [stderr] usermod: no changes
Dec 01 13:27:14.631 INFO [stderr]    Compiling dirs v1.0.4
Dec 01 13:27:14.631 INFO [stderr]    Compiling termion v1.5.1
Dec 01 13:27:14.640 INFO [stderr]    Compiling backtrace-sys v0.1.24
Dec 01 13:27:14.640 INFO [stderr]    Compiling syn v0.15.13
Dec 01 13:27:15.951 INFO [stderr]    Compiling backtrace v0.3.9
Dec 01 13:27:18.760 INFO [stderr]    Compiling failure v0.1.2
Dec 01 13:27:30.351 INFO [stderr]    Compiling serde_derive v1.0.80
Dec 01 13:27:47.603 INFO [stderr]    Compiling promptly v0.1.0 (/source)
Dec 01 13:27:51.563 INFO [stderr]     Finished dev [unoptimized + debuginfo] target(s) in 37.07s
Dec 01 13:27:51.571 INFO [stderr] su: No module specific data is present
Dec 01 13:27:51.880 INFO running `"docker" "inspect" "398da6b12965d2ac34c624db37a4cc831381ae07c3ef3e09f8f598285071b0d8"`
Dec 01 13:27:52.034 INFO running `"docker" "rm" "-f" "398da6b12965d2ac34c624db37a4cc831381ae07c3ef3e09f8f598285071b0d8"`
Dec 01 13:27:52.141 INFO [stdout] 398da6b12965d2ac34c624db37a4cc831381ae07c3ef3e09f8f598285071b0d8
Dec 01 13:27:52.145 INFO running `"docker" "create" "-v" "/mnt/big/crater/work/local/target-dirs/beta-1.31-5/worker-7/1.30.1:/target:rw,Z" "-v" "/mnt/big/crater/work/local/test-source/worker-7/beta-1.31-5/1.30.1:/source:ro,Z" "-v" "/mnt/big/crater/work/local/cargo-home:/cargo-home:ro,Z" "-v" "/mnt/big/crater/work/local/rustup-home:/rustup-home:ro,Z" "-e" "USER_ID=1000" "-e" "SOURCE_DIR=/source" "-e" "USER_ID=1000" "-e" "CMD=cargo +1.30.1 test --frozen --no-run" "-e" "CARGO_TARGET_DIR=/target" "-e" "CARGO_INCREMENTAL=0" "-e" "RUST_BACKTRACE=full" "-e" "RUSTFLAGS=--cap-lints=warn" "-e" "CARGO_HOME=/cargo-home" "-e" "RUSTUP_HOME=/rustup-home" "-m" "1536M" "--network" "none" "crater"`
Dec 01 13:27:52.401 INFO [stdout] 4696f5a89bf9013c5c1ea7491122206e7d3b4edbe2423efb7127b1f936126807
Dec 01 13:27:52.404 INFO running `"docker" "start" "-a" "4696f5a89bf9013c5c1ea7491122206e7d3b4edbe2423efb7127b1f936126807"`
Dec 01 13:27:52.774 INFO [stderr] usermod: no changes
Dec 01 13:27:52.875 INFO [stderr]    Compiling promptly v0.1.0 (/source)
Dec 01 13:27:54.642 INFO [stderr]     Finished dev [unoptimized + debuginfo] target(s) in 1.83s
Dec 01 13:27:54.648 INFO [stderr] su: No module specific data is present
Dec 01 13:27:54.916 INFO running `"docker" "inspect" "4696f5a89bf9013c5c1ea7491122206e7d3b4edbe2423efb7127b1f936126807"`
Dec 01 13:27:55.012 INFO running `"docker" "rm" "-f" "4696f5a89bf9013c5c1ea7491122206e7d3b4edbe2423efb7127b1f936126807"`
Dec 01 13:27:55.155 INFO [stdout] 4696f5a89bf9013c5c1ea7491122206e7d3b4edbe2423efb7127b1f936126807
Dec 01 13:27:55.156 INFO running `"docker" "create" "-v" "/mnt/big/crater/work/local/target-dirs/beta-1.31-5/worker-7/1.30.1:/target:rw,Z" "-v" "/mnt/big/crater/work/local/test-source/worker-7/beta-1.31-5/1.30.1:/source:ro,Z" "-v" "/mnt/big/crater/work/local/cargo-home:/cargo-home:ro,Z" "-v" "/mnt/big/crater/work/local/rustup-home:/rustup-home:ro,Z" "-e" "USER_ID=1000" "-e" "SOURCE_DIR=/source" "-e" "USER_ID=1000" "-e" "CMD=cargo +1.30.1 test --frozen" "-e" "CARGO_TARGET_DIR=/target" "-e" "CARGO_INCREMENTAL=0" "-e" "RUST_BACKTRACE=full" "-e" "RUSTFLAGS=--cap-lints=warn" "-e" "CARGO_HOME=/cargo-home" "-e" "RUSTUP_HOME=/rustup-home" "-m" "1536M" "--network" "none" "crater"`
Dec 01 13:27:55.343 INFO [stdout] 87fa2e1cb841b1447a2f8cbc600785e099aae73d33b64e2f4ace758a38cec2c6
Dec 01 13:27:55.345 INFO running `"docker" "start" "-a" "87fa2e1cb841b1447a2f8cbc600785e099aae73d33b64e2f4ace758a38cec2c6"`
Dec 01 13:27:55.927 INFO [stderr] usermod: no changes
Dec 01 13:27:56.030 INFO [stderr]     Finished dev [unoptimized + debuginfo] target(s) in 0.08s
Dec 01 13:27:56.044 INFO [stderr]      Running /target/debug/deps/promptly-6528b4cb5910ca4b
Dec 01 13:27:56.047 INFO [stdout] 
Dec 01 13:27:56.047 INFO [stdout] running 2 tests
Dec 01 13:27:56.047 INFO [stdout] test question::tests::test_format ... ok
Dec 01 13:27:56.075 INFO [stdout] test question::tests::test_run_command_spaces ... FAILED
Dec 01 13:27:56.075 INFO [stdout] 
Dec 01 13:27:56.075 INFO [stdout] failures:
Dec 01 13:27:56.075 INFO [stdout] 
Dec 01 13:27:56.075 INFO [stdout] ---- question::tests::test_run_command_spaces stdout ----
Dec 01 13:27:56.075 INFO [stdout] thread 'question::tests::test_run_command_spaces' panicked at 'called `Result::unwrap()` on an `Err` value: Os { code: 2, kind: NotFound, message: "No such file or directory" }', libcore/result.rs:1009:5
Dec 01 13:27:56.075 INFO [stdout] stack backtrace:
Dec 01 13:27:56.075 INFO [stdout]    0:     0x56472d60e68e - std::sys::unix::backtrace::tracing::imp::unwind_backtrace::h15749a98198ba25f
Dec 01 13:27:56.075 INFO [stdout]                                at libstd/sys/unix/backtrace/tracing/gcc_s.rs:49
Dec 01 13:27:56.075 INFO [stdout]    1:     0x56472d5fd4f6 - std::sys_common::backtrace::print::h0ba65c811294dbf0
Dec 01 13:27:56.075 INFO [stdout]                                at libstd/sys_common/backtrace.rs:71
Dec 01 13:27:56.075 INFO [stdout]                                at libstd/sys_common/backtrace.rs:59
Dec 01 13:27:56.075 INFO [stdout]    2:     0x56472d5fb91d - std::panicking::default_hook::{{closure}}::h42bb31757f0fee64
Dec 01 13:27:56.075 INFO [stdout]                                at libstd/panicking.rs:211
Dec 01 13:27:56.075 INFO [stdout]    3:     0x56472d5fb62b - std::panicking::default_hook::hebc8848d7aa7dbd9
Dec 01 13:27:56.075 INFO [stdout]                                at libstd/panicking.rs:221
Dec 01 13:27:56.075 INFO [stdout]    4:     0x56472d5fbfcc - std::panicking::rust_panic_with_hook::h86e619a638415243
Dec 01 13:27:56.075 INFO [stdout]                                at libstd/panicking.rs:477
Dec 01 13:27:56.075 INFO [stdout]    5:     0x56472d5fbb89 - std::panicking::continue_panic_fmt::h2d2d2bfb065a70b2
Dec 01 13:27:56.075 INFO [stdout]                                at libstd/panicking.rs:391
Dec 01 13:27:56.075 INFO [stdout]    6:     0x56472d5fba85 - rust_begin_unwind
Dec 01 13:27:56.075 INFO [stdout]                                at libstd/panicking.rs:326
Dec 01 13:27:56.075 INFO [stdout]    7:     0x56472d64fe1b - core::panicking::panic_fmt::h2155aa66b67fe83c
Dec 01 13:27:56.075 INFO [stdout]                                at libcore/panicking.rs:77
Dec 01 13:27:56.075 INFO [stdout]    8:     0x56472d5f9053 - core::result::unwrap_failed::h6e3484ef7cfa6026
Dec 01 13:27:56.075 INFO [stdout]                                at libcore/macros.rs:26
Dec 01 13:27:56.075 INFO [stdout]    9:     0x56472d5b1ec2 - <core::result::Result<T, E>>::unwrap::hcebff99217736957
Dec 01 13:27:56.075 INFO [stdout]                                at libcore/result.rs:808
Dec 01 13:27:56.075 INFO [stdout]   10:     0x56472d5b25a2 - promptly::question::tests::test_run_command_spaces::hb2171378edfa2a83
Dec 01 13:27:56.075 INFO [stdout]                                at src/question.rs:128
Dec 01 13:27:56.075 INFO [stdout]   11:     0x56472d5b2539 - promptly::question::tests::test_run_command_spaces::{{closure}}::hf0e6755d7c946d6f
Dec 01 13:27:56.075 INFO [stdout]                                at src/question.rs:126
Dec 01 13:27:56.075 INFO [stdout]   12:     0x56472d5b12cd - core::ops::function::FnOnce::call_once::hbb775f4b59f31282
Dec 01 13:27:56.075 INFO [stdout]                                at libcore/ops/function.rs:238
Dec 01 13:27:56.075 INFO [stdout]   13:     0x56472d5b4c4e - <F as alloc::boxed::FnBox<A>>::call_box::hbea525814fa423cc
Dec 01 13:27:56.075 INFO [stdout]                                at libtest/lib.rs:1461
Dec 01 13:27:56.075 INFO [stdout]                                at libcore/ops/function.rs:238
Dec 01 13:27:56.075 INFO [stdout]                                at liballoc/boxed.rs:646
Dec 01 13:27:56.075 INFO [stdout]   14:     0x56472d620249 - __rust_maybe_catch_panic
Dec 01 13:27:56.075 INFO [stdout]                                at libpanic_unwind/lib.rs:103
Dec 01 13:27:56.075 INFO [stdout]   15:     0x56472d5c05ad - std::sys_common::backtrace::__rust_begin_short_backtrace::h0ff507d7422944d3
Dec 01 13:27:56.075 INFO [stdout]                                at libstd/panicking.rs:289
Dec 01 13:27:56.075 INFO [stdout]                                at libstd/panic.rs:392
Dec 01 13:27:56.075 INFO [stdout]                                at libtest/lib.rs:1416
Dec 01 13:27:56.075 INFO [stdout]                                at libstd/sys_common/backtrace.rs:136
Dec 01 13:27:56.075 INFO [stdout]   16:     0x56472d5d8be4 - std::panicking::try::do_call::hba0bdcc3670471cc
Dec 01 13:27:56.075 INFO [stdout]                                at libstd/thread/mod.rs:409
Dec 01 13:27:56.075 INFO [stdout]                                at libstd/panic.rs:313
Dec 01 13:27:56.075 INFO [stdout]                                at libstd/panicking.rs:310
Dec 01 13:27:56.075 INFO [stdout]   17:     0x56472d620249 - __rust_maybe_catch_panic
Dec 01 13:27:56.075 INFO [stdout]                                at libpanic_unwind/lib.rs:103
Dec 01 13:27:56.075 INFO [stdout]   18:     0x56472d5c94b6 - <F as alloc::boxed::FnBox<A>>::call_box::hdac52587b00591af
Dec 01 13:27:56.075 INFO [stdout]                                at libstd/panicking.rs:289
Dec 01 13:27:56.075 INFO [stdout]                                at libstd/panic.rs:392
Dec 01 13:27:56.075 INFO [stdout]                                at libstd/thread/mod.rs:408
Dec 01 13:27:56.075 INFO [stdout]                                at liballoc/boxed.rs:646
Dec 01 13:27:56.075 INFO [stdout]   19:     0x56472d6105ba - std::sys_common::thread::start_thread::h75d887c7d2cc4479
Dec 01 13:27:56.075 INFO [stdout]                                at liballoc/boxed.rs:656
Dec 01 13:27:56.075 INFO [stdout]                                at libstd/sys_common/thread.rs:24
Dec 01 13:27:56.075 INFO [stdout]   20:     0x56472d5fc735 - std::sys::unix::thread::Thread::new::thread_start::h8414caee632bf9ed
Dec 01 13:27:56.075 INFO [stdout]                                at libstd/sys/unix/thread.rs:90
Dec 01 13:27:56.075 INFO [stdout]   21:     0x7f8647a5d6b9 - start_thread
Dec 01 13:27:56.075 INFO [stdout]   22:     0x7f864757d41c - clone
Dec 01 13:27:56.075 INFO [stdout]   23:                0x0 - <unknown>
Dec 01 13:27:56.075 INFO [stdout] 
Dec 01 13:27:56.075 INFO [stdout] 
Dec 01 13:27:56.075 INFO [stdout] failures:
Dec 01 13:27:56.075 INFO [stdout]     question::tests::test_run_command_spaces
Dec 01 13:27:56.075 INFO [stdout] 
Dec 01 13:27:56.075 INFO [stdout] test result: FAILED. 1 passed; 1 failed; 0 ignored; 0 measured; 0 filtered out
Dec 01 13:27:56.075 INFO [stdout] 
Dec 01 13:27:56.077 INFO [stderr] error: test failed, to rerun pass '--bin promptly'
Dec 01 13:27:56.079 INFO [stderr] su: No module specific data is present
Dec 01 13:27:56.435 INFO running `"docker" "inspect" "87fa2e1cb841b1447a2f8cbc600785e099aae73d33b64e2f4ace758a38cec2c6"`
Dec 01 13:27:56.528 INFO running `"docker" "rm" "-f" "87fa2e1cb841b1447a2f8cbc600785e099aae73d33b64e2f4ace758a38cec2c6"`
Dec 01 13:27:56.619 INFO [stdout] 87fa2e1cb841b1447a2f8cbc600785e099aae73d33b64e2f4ace758a38cec2c6
