Dec 01 14:16:28.907 INFO testing jayjamesjay/http_req against 1.30.1 for beta-1.31-5
Dec 01 14:16:28.907 INFO running `"docker" "create" "-v" "/mnt/big/crater/work/local/target-dirs/beta-1.31-5/worker-6/1.30.1:/target:rw,Z" "-v" "/mnt/big/crater/work/local/test-source/worker-6/beta-1.31-5/1.30.1:/source:ro,Z" "-v" "/mnt/big/crater/work/local/cargo-home:/cargo-home:ro,Z" "-v" "/mnt/big/crater/work/local/rustup-home:/rustup-home:ro,Z" "-e" "USER_ID=1000" "-e" "SOURCE_DIR=/source" "-e" "USER_ID=1000" "-e" "CMD=cargo +1.30.1 build --frozen" "-e" "CARGO_TARGET_DIR=/target" "-e" "CARGO_INCREMENTAL=0" "-e" "RUST_BACKTRACE=full" "-e" "RUSTFLAGS=--cap-lints=warn" "-e" "CARGO_HOME=/cargo-home" "-e" "RUSTUP_HOME=/rustup-home" "-m" "1536M" "--network" "none" "crater"`
Dec 01 14:16:29.438 INFO [stdout] 1c91b7edab8f921cc4865786447280e9947b445a052c9d1c9f6cd34930a43d65
Dec 01 14:16:29.440 INFO running `"docker" "start" "-a" "1c91b7edab8f921cc4865786447280e9947b445a052c9d1c9f6cd34930a43d65"`
Dec 01 14:16:29.955 INFO [stderr] usermod: no changes
Dec 01 14:16:30.031 INFO [stderr]    Compiling openssl-sys v0.9.39
Dec 01 14:16:31.555 INFO [stderr]    Compiling openssl v0.10.15
Dec 01 14:16:31.555 INFO [stderr]    Compiling native-tls v0.2.2
Dec 01 14:16:38.864 INFO [stderr]    Compiling http_req v0.3.1 (/source)
Dec 01 14:16:40.345 INFO [stderr]     Finished dev [unoptimized + debuginfo] target(s) in 10.37s
Dec 01 14:16:40.346 INFO [stderr] su: No module specific data is present
Dec 01 14:16:40.975 INFO running `"docker" "inspect" "1c91b7edab8f921cc4865786447280e9947b445a052c9d1c9f6cd34930a43d65"`
Dec 01 14:16:41.268 INFO running `"docker" "rm" "-f" "1c91b7edab8f921cc4865786447280e9947b445a052c9d1c9f6cd34930a43d65"`
Dec 01 14:16:41.621 INFO [stdout] 1c91b7edab8f921cc4865786447280e9947b445a052c9d1c9f6cd34930a43d65
Dec 01 14:16:41.625 INFO running `"docker" "create" "-v" "/mnt/big/crater/work/local/target-dirs/beta-1.31-5/worker-6/1.30.1:/target:rw,Z" "-v" "/mnt/big/crater/work/local/test-source/worker-6/beta-1.31-5/1.30.1:/source:ro,Z" "-v" "/mnt/big/crater/work/local/cargo-home:/cargo-home:ro,Z" "-v" "/mnt/big/crater/work/local/rustup-home:/rustup-home:ro,Z" "-e" "USER_ID=1000" "-e" "SOURCE_DIR=/source" "-e" "USER_ID=1000" "-e" "CMD=cargo +1.30.1 test --frozen --no-run" "-e" "CARGO_TARGET_DIR=/target" "-e" "CARGO_INCREMENTAL=0" "-e" "RUST_BACKTRACE=full" "-e" "RUSTFLAGS=--cap-lints=warn" "-e" "CARGO_HOME=/cargo-home" "-e" "RUSTUP_HOME=/rustup-home" "-m" "1536M" "--network" "none" "crater"`
Dec 01 14:16:42.111 INFO [stdout] 8d6972237c91adb09521dc9fdd05fae7bc92fef84c8fca6df1dcad93333d4fb8
Dec 01 14:16:42.112 INFO running `"docker" "start" "-a" "8d6972237c91adb09521dc9fdd05fae7bc92fef84c8fca6df1dcad93333d4fb8"`
Dec 01 14:16:43.254 INFO [stderr] usermod: no changes
Dec 01 14:16:43.360 INFO [stderr]    Compiling http_req v0.3.1 (/source)
Dec 01 14:16:46.860 INFO [stderr]     Finished dev [unoptimized + debuginfo] target(s) in 3.57s
Dec 01 14:16:46.865 INFO [stderr] su: No module specific data is present
Dec 01 14:16:47.212 INFO running `"docker" "inspect" "8d6972237c91adb09521dc9fdd05fae7bc92fef84c8fca6df1dcad93333d4fb8"`
Dec 01 14:16:47.280 INFO running `"docker" "rm" "-f" "8d6972237c91adb09521dc9fdd05fae7bc92fef84c8fca6df1dcad93333d4fb8"`
Dec 01 14:16:47.408 INFO [stdout] 8d6972237c91adb09521dc9fdd05fae7bc92fef84c8fca6df1dcad93333d4fb8
Dec 01 14:16:47.423 INFO running `"docker" "create" "-v" "/mnt/big/crater/work/local/target-dirs/beta-1.31-5/worker-6/1.30.1:/target:rw,Z" "-v" "/mnt/big/crater/work/local/test-source/worker-6/beta-1.31-5/1.30.1:/source:ro,Z" "-v" "/mnt/big/crater/work/local/cargo-home:/cargo-home:ro,Z" "-v" "/mnt/big/crater/work/local/rustup-home:/rustup-home:ro,Z" "-e" "USER_ID=1000" "-e" "SOURCE_DIR=/source" "-e" "USER_ID=1000" "-e" "CMD=cargo +1.30.1 test --frozen" "-e" "CARGO_TARGET_DIR=/target" "-e" "CARGO_INCREMENTAL=0" "-e" "RUST_BACKTRACE=full" "-e" "RUSTFLAGS=--cap-lints=warn" "-e" "CARGO_HOME=/cargo-home" "-e" "RUSTUP_HOME=/rustup-home" "-m" "1536M" "--network" "none" "crater"`
Dec 01 14:16:47.661 INFO [stdout] e808290aae13fe7665e29f086c1a3757c9d5d79a24bab16bb602456bd56283aa
Dec 01 14:16:47.667 INFO running `"docker" "start" "-a" "e808290aae13fe7665e29f086c1a3757c9d5d79a24bab16bb602456bd56283aa"`
Dec 01 14:16:48.230 INFO [stderr] usermod: no changes
Dec 01 14:16:48.304 INFO [stderr]     Finished dev [unoptimized + debuginfo] target(s) in 0.04s
Dec 01 14:16:48.314 INFO [stderr]      Running /target/debug/deps/http_req-2d42be87a2fba71a
Dec 01 14:16:48.317 INFO [stdout] 
Dec 01 14:16:48.317 INFO [stdout] running 46 tests
Dec 01 14:16:48.317 INFO [stdout] test request::tests::request_b_connect ... ignored
Dec 01 14:16:48.317 INFO [stdout] test request::tests::request_b_handle_stream ... ignored
Dec 01 14:16:48.317 INFO [stdout] test request::tests::request_b_secure_conn ... ignored
Dec 01 14:16:48.317 INFO [stdout] test request::tests::request_b_send ... ignored
Dec 01 14:16:48.318 INFO [stdout] test request::tests::request_get ... ignored
Dec 01 14:16:48.318 INFO [stdout] test request::tests::request_head ... ignored
Dec 01 14:16:48.320 INFO [stdout] test request::tests::request_b_method ... ok
Dec 01 14:16:48.320 INFO [stdout] test request::tests::request_b_new ... ok
Dec 01 14:16:48.321 INFO [stdout] test request::tests::request_b_default_headers ... ok
Dec 01 14:16:48.321 INFO [stdout] test request::tests::request_b_body ... ok
Dec 01 14:16:48.321 INFO [stdout] test response::tests::elements_find ... ok
Dec 01 14:16:48.321 INFO [stdout] test request::tests::request_b_set_headers ... ok
Dec 01 14:16:48.321 INFO [stdout] test response::tests::res_headers ... ok
Dec 01 14:16:48.321 INFO [stdout] test response::tests::res_new ... ok
Dec 01 14:16:48.321 INFO [stdout] test response::tests::res_parse_headers ... ok
Dec 01 14:16:48.321 INFO [stdout] test response::tests::res_parse_status_line ... ok
Dec 01 14:16:48.322 INFO [stdout] test response::tests::res_reason ... ok
Dec 01 14:16:48.324 INFO [stdout] test response::tests::res_content_len ... ok
Dec 01 14:16:48.325 INFO [stdout] test request::tests::request_b_msg ... ok
Dec 01 14:16:48.325 INFO [stdout] test request::tests::request_b_add_header ... ok
Dec 01 14:16:48.325 INFO [stdout] test response::tests::res_try_from ... ok
Dec 01 14:16:48.325 INFO [stdout] test response::tests::res_append_body ... ok
Dec 01 14:16:48.325 INFO [stdout] test response::tests::status_code_from ... ok
Dec 01 14:16:48.325 INFO [stdout] test response::tests::status_code_client_err ... ok
Dec 01 14:16:48.325 INFO [stdout] test response::tests::res_version ... ok
Dec 01 14:16:48.325 INFO [stdout] test response::tests::status_code_redirect ... ok
Dec 01 14:16:48.326 INFO [stdout] test response::tests::status_code_info ... ok
Dec 01 14:16:48.326 INFO [stdout] test response::tests::u16_from_status_code ... ok
Dec 01 14:16:48.326 INFO [stdout] test url::tests::fragment_url ... ok
Dec 01 14:16:48.326 INFO [stdout] test response::tests::status_from ... ok
Dec 01 14:16:48.326 INFO [stdout] test response::tests::status_code_success ... ok
Dec 01 14:16:48.326 INFO [stdout] test response::tests::status_code_server_err ... ok
Dec 01 14:16:48.327 INFO [stdout] test url::tests::parse_url ... ok
Dec 01 14:16:48.327 INFO [stdout] test url::tests::full_parse ... ok
Dec 01 14:16:48.327 INFO [stdout] test url::tests::host_url ... ok
Dec 01 14:16:48.327 INFO [stdout] test url::tests::path_url ... ok
Dec 01 14:16:48.327 INFO [stdout] test url::tests::query_url ... ok
Dec 01 14:16:48.327 INFO [stdout] test url::tests::port_url ... ok
Dec 01 14:16:48.327 INFO [stdout] test url::tests::remove_space ... ok
Dec 01 14:16:48.327 INFO [stdout] test url::tests::resource_url ... ok
Dec 01 14:16:48.328 INFO [stdout] test url::tests::uesr_info_url ... ok
Dec 01 14:16:48.328 INFO [stdout] test url::tests::scheme_url ... ok
Dec 01 14:16:48.328 INFO [stdout] test response::tests::res_status_code ... ok
Dec 01 14:16:48.344 INFO [stdout] test response::tests::res_body ... ok
Dec 01 14:16:48.344 INFO [stdout] test response::tests::res_parse_head ... ok
Dec 01 14:16:48.359 INFO [stdout] test response::tests::res_from_empty ... ok
Dec 01 14:16:48.359 INFO [stdout] 
Dec 01 14:16:48.359 INFO [stdout] test result: ok. 40 passed; 0 failed; 6 ignored; 0 measured; 0 filtered out
Dec 01 14:16:48.359 INFO [stdout] 
Dec 01 14:16:48.363 INFO [stderr]    Doc-tests http_req
Dec 01 14:16:49.385 INFO [stdout] 
Dec 01 14:16:49.385 INFO [stdout] running 2 tests
Dec 01 14:16:50.974 INFO [stdout] test src/response.rs - response::StatusCode (line 150) ... ok
Dec 01 14:16:51.475 INFO [stdout] test src/lib.rs -  (line 6) ... FAILED
Dec 01 14:16:51.475 INFO [stdout] 
Dec 01 14:16:51.475 INFO [stdout] failures:
Dec 01 14:16:51.475 INFO [stdout] 
Dec 01 14:16:51.475 INFO [stdout] ---- src/lib.rs -  (line 6) stdout ----
Dec 01 14:16:51.475 INFO [stdout] thread 'src/lib.rs -  (line 6)' panicked at 'test executable failed:
Dec 01 14:16:51.476 INFO [stdout] 
Dec 01 14:16:51.476 INFO [stdout] thread 'main' panicked at 'called `Result::unwrap()` on an `Err` value: IO(Custom { kind: Other, error: StringError("failed to lookup address information: Temporary failure in name resolution") })', libcore/result.rs:1009:5
Dec 01 14:16:51.476 INFO [stdout] stack backtrace:
Dec 01 14:16:51.476 INFO [stdout]    0:     0x55ddb4b973ee - std::sys::unix::backtrace::tracing::imp::unwind_backtrace::h15749a98198ba25f
Dec 01 14:16:51.476 INFO [stdout]                                at libstd/sys/unix/backtrace/tracing/gcc_s.rs:49
Dec 01 14:16:51.476 INFO [stdout]    1:     0x55ddb4b8be46 - std::sys_common::backtrace::print::h0ba65c811294dbf0
Dec 01 14:16:51.476 INFO [stdout]                                at libstd/sys_common/backtrace.rs:71
Dec 01 14:16:51.476 INFO [stdout]                                at libstd/sys_common/backtrace.rs:59
Dec 01 14:16:51.476 INFO [stdout]    2:     0x55ddb4b8a61d - std::panicking::default_hook::{{closure}}::h42bb31757f0fee64
Dec 01 14:16:51.476 INFO [stdout]                                at libstd/panicking.rs:211
Dec 01 14:16:51.476 INFO [stdout]    3:     0x55ddb4b8a390 - std::panicking::default_hook::hebc8848d7aa7dbd9
Dec 01 14:16:51.476 INFO [stdout]                                at libstd/panicking.rs:227
Dec 01 14:16:51.476 INFO [stdout]    4:     0x55ddb4b8accc - std::panicking::rust_panic_with_hook::h86e619a638415243
Dec 01 14:16:51.476 INFO [stdout]                                at libstd/panicking.rs:477
Dec 01 14:16:51.476 INFO [stdout]    5:     0x55ddb4b8a889 - std::panicking::continue_panic_fmt::h2d2d2bfb065a70b2
Dec 01 14:16:51.476 INFO [stdout]                                at libstd/panicking.rs:391
Dec 01 14:16:51.476 INFO [stdout]    6:     0x55ddb4b8a785 - rust_begin_unwind
Dec 01 14:16:51.476 INFO [stdout]                                at libstd/panicking.rs:326
Dec 01 14:16:51.476 INFO [stdout]    7:     0x55ddb4bd552b - core::panicking::panic_fmt::h2155aa66b67fe83c
Dec 01 14:16:51.476 INFO [stdout]                                at libcore/panicking.rs:77
Dec 01 14:16:51.476 INFO [stdout]    8:     0x55ddb4b380a0 - core::result::unwrap_failed::hffa9c9ea9276f094
Dec 01 14:16:51.476 INFO [stdout]    9:     0x55ddb4b37f11 - <core::result::Result<T, E>>::unwrap::hb1b32389c981fd03
Dec 01 14:16:51.476 INFO [stdout]   10:     0x55ddb4b38457 - rust_out::main::h944e552f3f67b4ba
Dec 01 14:16:51.476 INFO [stdout]   11:     0x55ddb4b38662 - std::rt::lang_start::{{closure}}::h728c831e7cc482ed
Dec 01 14:16:51.476 INFO [stdout]   12:     0x55ddb4b8a722 - std::panicking::try::do_call::h47665672c57b11e4
Dec 01 14:16:51.476 INFO [stdout]                                at libstd/rt.rs:59
Dec 01 14:16:51.476 INFO [stdout]                                at libstd/panicking.rs:310
Dec 01 14:16:51.476 INFO [stdout]   13:     0x55ddb4ba5cd9 - __rust_maybe_catch_panic
Dec 01 14:16:51.476 INFO [stdout]                                at libpanic_unwind/lib.rs:103
Dec 01 14:16:51.476 INFO [stdout]   14:     0x55ddb4b92585 - std::rt::lang_start_internal::had9505969b8e20a2
Dec 01 14:16:51.476 INFO [stdout]                                at libstd/panicking.rs:289
Dec 01 14:16:51.476 INFO [stdout]                                at libstd/panic.rs:392
Dec 01 14:16:51.476 INFO [stdout]                                at libstd/rt.rs:58
Dec 01 14:16:51.476 INFO [stdout]   15:     0x55ddb4b38643 - std::rt::lang_start::hcf64ef8c79b4db31
Dec 01 14:16:51.476 INFO [stdout]   16:     0x55ddb4b385fa - main
Dec 01 14:16:51.476 INFO [stdout]   17:     0x7fc2b5e5882f - __libc_start_main
Dec 01 14:16:51.476 INFO [stdout]   18:     0x55ddb4b37cb8 - _start
Dec 01 14:16:51.476 INFO [stdout]   19:                0x0 - <unknown>
Dec 01 14:16:51.476 INFO [stdout] 
Dec 01 14:16:51.476 INFO [stdout] ', librustdoc/test.rs:367:17
Dec 01 14:16:51.476 INFO [stdout] stack backtrace:
Dec 01 14:16:51.476 INFO [stdout]    0:     0x7fc3bf4d87ce - std::sys::unix::backtrace::tracing::imp::unwind_backtrace::h15749a98198ba25f
Dec 01 14:16:51.476 INFO [stdout]                                at libstd/sys/unix/backtrace/tracing/gcc_s.rs:49
Dec 01 14:16:51.476 INFO [stdout]    1:     0x7fc3bf4b1966 - std::sys_common::backtrace::print::h0ba65c811294dbf0
Dec 01 14:16:51.476 INFO [stdout]                                at libstd/sys_common/backtrace.rs:71
Dec 01 14:16:51.476 INFO [stdout]                                at libstd/sys_common/backtrace.rs:59
Dec 01 14:16:51.476 INFO [stdout]    2:     0x7fc3bf4af5bd - std::panicking::default_hook::{{closure}}::h42bb31757f0fee64
Dec 01 14:16:51.476 INFO [stdout]                                at libstd/panicking.rs:211
Dec 01 14:16:51.476 INFO [stdout]    3:     0x7fc3bf4af2cb - std::panicking::default_hook::hebc8848d7aa7dbd9
Dec 01 14:16:51.476 INFO [stdout]                                at libstd/panicking.rs:221
Dec 01 14:16:51.476 INFO [stdout]    4:     0x7fc3c16226a1 - rustc::util::common::panic_hook::h9a39743bb116fb66
Dec 01 14:16:51.476 INFO [stdout]    5:     0x7fc3bf4afcc3 - std::panicking::rust_panic_with_hook::h86e619a638415243
Dec 01 14:16:51.476 INFO [stdout]                                at libstd/panicking.rs:481
Dec 01 14:16:51.476 INFO [stdout]    6:     0x7fc3bf4af829 - std::panicking::continue_panic_fmt::h2d2d2bfb065a70b2
Dec 01 14:16:51.476 INFO [stdout]                                at libstd/panicking.rs:391
Dec 01 14:16:51.476 INFO [stdout]    7:     0x7fc3bf4af78d - std::panicking::begin_panic_fmt::ha5097e2056ef3d5a
Dec 01 14:16:51.476 INFO [stdout]                                at libstd/panicking.rs:346
Dec 01 14:16:51.476 INFO [stdout]    8:     0x564f89b2d473 - rustdoc::test::Collector::add_test::{{closure}}::{{closure}}::{{closure}}::h071753b32990ff99
Dec 01 14:16:51.476 INFO [stdout]                                at librustdoc/test.rs:367
Dec 01 14:16:51.476 INFO [stdout]                                at librustdoc/test.rs:564
Dec 01 14:16:51.476 INFO [stdout]    9:     0x564f89ae9990 - <scoped_tls::ScopedKey<T>>::set::h9896b6fe380ee541
Dec 01 14:16:51.476 INFO [stdout]                                at /cargo/registry/src/github.com-1ecc6299db9ec823/scoped-tls-0.1.2/src/lib.rs:155
Dec 01 14:16:51.476 INFO [stdout]                                at libsyntax/lib.rs:108
Dec 01 14:16:51.476 INFO [stdout]                                at /cargo/registry/src/github.com-1ecc6299db9ec823/scoped-tls-0.1.2/src/lib.rs:155
Dec 01 14:16:51.476 INFO [stdout]   10:     0x564f899125cd - syntax::with_globals::h851ff797fe7b24af
Dec 01 14:16:51.476 INFO [stdout]                                at libsyntax/lib.rs:107
Dec 01 14:16:51.476 INFO [stdout]   11:     0x564f89962484 - std::panicking::try::do_call::h43316ef786a5afc6
Dec 01 14:16:51.476 INFO [stdout]                                at librustdoc/test.rs:561
Dec 01 14:16:51.476 INFO [stdout]                                at libstd/panic.rs:313
Dec 01 14:16:51.476 INFO [stdout]                                at libstd/panicking.rs:310
Dec 01 14:16:51.476 INFO [stdout]   12:     0x7fc3bf4ef5b9 - __rust_maybe_catch_panic
Dec 01 14:16:51.476 INFO [stdout]                                at libpanic_unwind/lib.rs:103
Dec 01 14:16:51.476 INFO [stdout]   13:     0x564f899d8f03 - rustc_driver::in_named_rustc_thread::h7a18544b9923f524
Dec 01 14:16:51.476 INFO [stdout]                                at libstd/panicking.rs:289
Dec 01 14:16:51.476 INFO [stdout]                                at libstd/panic.rs:392
Dec 01 14:16:51.476 INFO [stdout]                                at librustc_driver/lib.rs:1574
Dec 01 14:16:51.476 INFO [stdout]   14:     0x564f89b05cfc - <F as alloc::boxed::FnBox<A>>::call_box::h2226feb604beb2d6
Dec 01 14:16:51.476 INFO [stdout]                                at librustdoc/test.rs:561
Dec 01 14:16:51.476 INFO [stdout]                                at liballoc/boxed.rs:646
Dec 01 14:16:51.476 INFO [stdout]   15:     0x7fc3c0b3cdf2 - <F as alloc::boxed::FnBox<A>>::call_box::hf3e9d4c572efaf22
Dec 01 14:16:51.476 INFO [stdout]                                at libtest/lib.rs:1454
Dec 01 14:16:51.476 INFO [stdout]                                at liballoc/boxed.rs:646
Dec 01 14:16:51.476 INFO [stdout]   16:     0x7fc3bf4ef5b9 - __rust_maybe_catch_panic
Dec 01 14:16:51.476 INFO [stdout]                                at libpanic_unwind/lib.rs:103
Dec 01 14:16:51.477 INFO [stdout]   17:     0x7fc3c0b4a1ed - std::sys_common::backtrace::__rust_begin_short_backtrace::h0ff507d7422944d3
Dec 01 14:16:51.477 INFO [stdout]                                at libstd/panicking.rs:289
Dec 01 14:16:51.477 INFO [stdout]                                at libstd/panic.rs:392
Dec 01 14:16:51.477 INFO [stdout]                                at libtest/lib.rs:1416
Dec 01 14:16:51.477 INFO [stdout]                                at libstd/sys_common/backtrace.rs:136
Dec 01 14:16:51.477 INFO [stdout]   18:     0x7fc3c0b67ff4 - std::panicking::try::do_call::hba0bdcc3670471cc
Dec 01 14:16:51.477 INFO [stdout]                                at libstd/thread/mod.rs:409
Dec 01 14:16:51.477 INFO [stdout]                                at libstd/panic.rs:313
Dec 01 14:16:51.477 INFO [stdout]                                at libstd/panicking.rs:310
Dec 01 14:16:51.477 INFO [stdout]   19:     0x7fc3bf4ef5b9 - __rust_maybe_catch_panic
Dec 01 14:16:51.477 INFO [stdout]                                at libpanic_unwind/lib.rs:103
Dec 01 14:16:51.477 INFO [stdout]   20:     0x7fc3c0b54bd6 - <F as alloc::boxed::FnBox<A>>::call_box::hdac52587b00591af
Dec 01 14:16:51.477 INFO [stdout]                                at libstd/panicking.rs:289
Dec 01 14:16:51.477 INFO [stdout]                                at libstd/panic.rs:392
Dec 01 14:16:51.477 INFO [stdout]                                at libstd/thread/mod.rs:408
Dec 01 14:16:51.477 INFO [stdout]                                at liballoc/boxed.rs:646
Dec 01 14:16:51.477 INFO [stdout]   21:     0x7fc3bf4dccca - std::sys_common::thread::start_thread::h75d887c7d2cc4479
Dec 01 14:16:51.477 INFO [stdout]                                at liballoc/boxed.rs:656
Dec 01 14:16:51.477 INFO [stdout]                                at libstd/sys_common/thread.rs:24
Dec 01 14:16:51.477 INFO [stdout]   22:     0x7fc3bf4b08f5 - std::sys::unix::thread::Thread::new::thread_start::h8414caee632bf9ed
Dec 01 14:16:51.477 INFO [stdout]                                at libstd/sys/unix/thread.rs:90
Dec 01 14:16:51.477 INFO [stdout]   23:     0x7fc3bf2456b9 - start_thread
Dec 01 14:16:51.477 INFO [stdout]   24:     0x7fc3bed6541c - clone
Dec 01 14:16:51.477 INFO [stdout]   25:                0x0 - <unknown>
Dec 01 14:16:51.477 INFO [stdout] query stack during panic:
Dec 01 14:16:51.477 INFO [stdout] end of query stack
Dec 01 14:16:51.477 INFO [stdout] 
Dec 01 14:16:51.477 INFO [stdout] 
Dec 01 14:16:51.477 INFO [stdout] failures:
Dec 01 14:16:51.477 INFO [stdout]     src/lib.rs -  (line 6)
Dec 01 14:16:51.477 INFO [stdout] 
Dec 01 14:16:51.477 INFO [stdout] test result: FAILED. 1 passed; 1 failed; 0 ignored; 0 measured; 0 filtered out
Dec 01 14:16:51.477 INFO [stdout] 
Dec 01 14:16:51.479 INFO [stderr] error: test failed, to rerun pass '--doc'
Dec 01 14:16:51.480 INFO [stderr] su: No module specific data is present
Dec 01 14:16:52.138 INFO running `"docker" "inspect" "e808290aae13fe7665e29f086c1a3757c9d5d79a24bab16bb602456bd56283aa"`
Dec 01 14:16:52.372 INFO running `"docker" "rm" "-f" "e808290aae13fe7665e29f086c1a3757c9d5d79a24bab16bb602456bd56283aa"`
Dec 01 14:16:52.751 INFO [stdout] e808290aae13fe7665e29f086c1a3757c9d5d79a24bab16bb602456bd56283aa
