Dec 01 15:37:51.436 INFO testing hummingly/ics against 1.30.1 for beta-1.31-5
Dec 01 15:37:51.436 INFO running `"docker" "create" "-v" "/mnt/big/crater/work/local/target-dirs/beta-1.31-5/worker-6/1.30.1:/target:rw,Z" "-v" "/mnt/big/crater/work/local/test-source/worker-6/beta-1.31-5/1.30.1:/source:ro,Z" "-v" "/mnt/big/crater/work/local/cargo-home:/cargo-home:ro,Z" "-v" "/mnt/big/crater/work/local/rustup-home:/rustup-home:ro,Z" "-e" "USER_ID=1000" "-e" "SOURCE_DIR=/source" "-e" "USER_ID=1000" "-e" "CMD=cargo +1.30.1 build --frozen" "-e" "CARGO_TARGET_DIR=/target" "-e" "CARGO_INCREMENTAL=0" "-e" "RUST_BACKTRACE=full" "-e" "RUSTFLAGS=--cap-lints=warn" "-e" "CARGO_HOME=/cargo-home" "-e" "RUSTUP_HOME=/rustup-home" "-m" "1536M" "--network" "none" "crater"`
Dec 01 15:37:51.987 INFO [stdout] e090b0f481087008b8f0dd647e90a12eda1099a94170c9fc46b0af82f549f569
Dec 01 15:37:51.995 INFO running `"docker" "start" "-a" "e090b0f481087008b8f0dd647e90a12eda1099a94170c9fc46b0af82f549f569"`
Dec 01 15:37:52.931 INFO [stderr] usermod: no changes
Dec 01 15:37:53.079 INFO [stderr]    Compiling libc v0.2.44
Dec 01 15:37:53.079 INFO [stderr]    Compiling regex v1.1.0
Dec 01 15:37:53.079 INFO [stderr]    Compiling regex-syntax v0.6.4
Dec 01 15:37:57.717 INFO [stderr]    Compiling memchr v2.1.1
Dec 01 15:37:59.559 INFO [stderr]    Compiling aho-corasick v0.6.9
Dec 01 15:38:15.562 INFO [stderr]    Compiling ics v0.2.2 (/source)
Dec 01 15:38:19.841 INFO [stderr]     Finished dev [unoptimized + debuginfo] target(s) in 26.88s
Dec 01 15:38:19.842 INFO [stderr] su: No module specific data is present
Dec 01 15:38:20.156 INFO running `"docker" "inspect" "e090b0f481087008b8f0dd647e90a12eda1099a94170c9fc46b0af82f549f569"`
Dec 01 15:38:20.340 INFO running `"docker" "rm" "-f" "e090b0f481087008b8f0dd647e90a12eda1099a94170c9fc46b0af82f549f569"`
Dec 01 15:38:20.540 INFO [stdout] e090b0f481087008b8f0dd647e90a12eda1099a94170c9fc46b0af82f549f569
Dec 01 15:38:20.545 INFO running `"docker" "create" "-v" "/mnt/big/crater/work/local/target-dirs/beta-1.31-5/worker-6/1.30.1:/target:rw,Z" "-v" "/mnt/big/crater/work/local/test-source/worker-6/beta-1.31-5/1.30.1:/source:ro,Z" "-v" "/mnt/big/crater/work/local/cargo-home:/cargo-home:ro,Z" "-v" "/mnt/big/crater/work/local/rustup-home:/rustup-home:ro,Z" "-e" "USER_ID=1000" "-e" "SOURCE_DIR=/source" "-e" "USER_ID=1000" "-e" "CMD=cargo +1.30.1 test --frozen --no-run" "-e" "CARGO_TARGET_DIR=/target" "-e" "CARGO_INCREMENTAL=0" "-e" "RUST_BACKTRACE=full" "-e" "RUSTFLAGS=--cap-lints=warn" "-e" "CARGO_HOME=/cargo-home" "-e" "RUSTUP_HOME=/rustup-home" "-m" "1536M" "--network" "none" "crater"`
Dec 01 15:38:20.810 INFO [stdout] 056edff1ce038b3ce5dc3717165a17812e0d2fee5eb94c54e06a375ebeaf8ffd
Dec 01 15:38:20.813 INFO running `"docker" "start" "-a" "056edff1ce038b3ce5dc3717165a17812e0d2fee5eb94c54e06a375ebeaf8ffd"`
Dec 01 15:38:21.696 INFO [stderr] usermod: no changes
Dec 01 15:38:21.839 INFO [stderr]    Compiling ics v0.2.2 (/source)
Dec 01 15:38:29.543 INFO [stderr]     Finished dev [unoptimized + debuginfo] target(s) in 7.81s
Dec 01 15:38:29.548 INFO [stderr] su: No module specific data is present
Dec 01 15:38:30.165 INFO running `"docker" "inspect" "056edff1ce038b3ce5dc3717165a17812e0d2fee5eb94c54e06a375ebeaf8ffd"`
Dec 01 15:38:30.503 INFO running `"docker" "rm" "-f" "056edff1ce038b3ce5dc3717165a17812e0d2fee5eb94c54e06a375ebeaf8ffd"`
Dec 01 15:38:30.817 INFO [stdout] 056edff1ce038b3ce5dc3717165a17812e0d2fee5eb94c54e06a375ebeaf8ffd
Dec 01 15:38:30.823 INFO running `"docker" "create" "-v" "/mnt/big/crater/work/local/target-dirs/beta-1.31-5/worker-6/1.30.1:/target:rw,Z" "-v" "/mnt/big/crater/work/local/test-source/worker-6/beta-1.31-5/1.30.1:/source:ro,Z" "-v" "/mnt/big/crater/work/local/cargo-home:/cargo-home:ro,Z" "-v" "/mnt/big/crater/work/local/rustup-home:/rustup-home:ro,Z" "-e" "USER_ID=1000" "-e" "SOURCE_DIR=/source" "-e" "USER_ID=1000" "-e" "CMD=cargo +1.30.1 test --frozen" "-e" "CARGO_TARGET_DIR=/target" "-e" "CARGO_INCREMENTAL=0" "-e" "RUST_BACKTRACE=full" "-e" "RUSTFLAGS=--cap-lints=warn" "-e" "CARGO_HOME=/cargo-home" "-e" "RUSTUP_HOME=/rustup-home" "-m" "1536M" "--network" "none" "crater"`
Dec 01 15:38:31.248 INFO [stdout] 1e1f42e82e5982101c9d22195530a027838b5d354746ffdbde29551eb726cb9c
Dec 01 15:38:31.259 INFO running `"docker" "start" "-a" "1e1f42e82e5982101c9d22195530a027838b5d354746ffdbde29551eb726cb9c"`
Dec 01 15:38:32.272 INFO [stderr] usermod: no changes
Dec 01 15:38:32.318 INFO [stderr]     Finished dev [unoptimized + debuginfo] target(s) in 0.02s
Dec 01 15:38:32.329 INFO [stderr]      Running /target/debug/deps/ics-fb2af3729137809b
Dec 01 15:38:32.335 INFO [stdout] 
Dec 01 15:38:32.335 INFO [stdout] running 7 tests
Dec 01 15:38:32.339 INFO [stdout] test components::contentline::line_folding_tests::multibytes ... ok
Dec 01 15:38:32.339 INFO [stdout] test components::contentline::line_folding_tests::multi_lines ... ok
Dec 01 15:38:32.339 INFO [stdout] test macros::test::parameters_btreemap ... ok
Dec 01 15:38:32.340 INFO [stdout] test components::contentline::line_folding_tests::over_limit ... ok
Dec 01 15:38:32.342 INFO [stdout] test util::escape_text_tests::no_escaped_chars ... ok
Dec 01 15:38:32.342 INFO [stdout] test util::escape_text_tests::escaped_chars ... ok
Dec 01 15:38:32.342 INFO [stdout] test util::escape_text_tests::escape_property ... ok
Dec 01 15:38:32.342 INFO [stdout] 
Dec 01 15:38:32.342 INFO [stdout] test result: ok. 7 passed; 0 failed; 0 ignored; 0 measured; 0 filtered out
Dec 01 15:38:32.343 INFO [stdout] 
Dec 01 15:38:32.343 INFO [stderr]      Running /target/debug/deps/components-4dcd6cad82fbbcb1
Dec 01 15:38:32.345 INFO [stdout] 
Dec 01 15:38:32.345 INFO [stdout] running 6 tests
Dec 01 15:38:32.347 INFO [stdout] test event ... ok
Dec 01 15:38:32.349 INFO [stdout] test journal ... ok
Dec 01 15:38:32.349 INFO [stdout] test freebusy ... ok
Dec 01 15:38:32.349 INFO [stdout] test alarm ... ok
Dec 01 15:38:32.349 INFO [stdout] test todo ... ok
Dec 01 15:38:32.350 INFO [stdout] test time ... ok
Dec 01 15:38:32.350 INFO [stdout] 
Dec 01 15:38:32.350 INFO [stdout] test result: ok. 6 passed; 0 failed; 0 ignored; 0 measured; 0 filtered out
Dec 01 15:38:32.350 INFO [stdout] 
Dec 01 15:38:32.350 INFO [stderr]      Running /target/debug/deps/ical-ef03f30c2c5af7f3
Dec 01 15:38:32.352 INFO [stdout] 
Dec 01 15:38:32.352 INFO [stdout] running 2 tests
Dec 01 15:38:32.353 INFO [stdout] test icalendar_event ... ok
Dec 01 15:38:32.353 INFO [stdout] test icalendar_todo ... ok
Dec 01 15:38:32.353 INFO [stdout] 
Dec 01 15:38:32.354 INFO [stdout] test result: ok. 2 passed; 0 failed; 0 ignored; 0 measured; 0 filtered out
Dec 01 15:38:32.354 INFO [stdout] 
Dec 01 15:38:32.354 INFO [stderr]    Doc-tests ics
Dec 01 15:38:33.638 INFO [stdout] 
Dec 01 15:38:33.638 INFO [stdout] running 4 tests
Dec 01 15:38:37.660 INFO [stdout] test src/components/mod.rs - components (line 8) ... ok
Dec 01 15:38:37.875 INFO [stdout] test src/macros.rs - parameters (line 4) ... ok
Dec 01 15:38:38.292 INFO [stdout] test src/util.rs - util::escape_text (line 8) ... ok
Dec 01 15:38:38.833 INFO [stdout] test src/lib.rs -  (line 30) ... FAILED
Dec 01 15:38:38.833 INFO [stdout] 
Dec 01 15:38:38.833 INFO [stdout] failures:
Dec 01 15:38:38.833 INFO [stdout] 
Dec 01 15:38:38.833 INFO [stdout] ---- src/lib.rs -  (line 30) stdout ----
Dec 01 15:38:38.833 INFO [stdout] thread 'src/lib.rs -  (line 30)' panicked at 'test executable failed:
Dec 01 15:38:38.833 INFO [stdout] 
Dec 01 15:38:38.833 INFO [stdout] thread 'main' panicked at 'Unable to create file: Os { code: 30, kind: Other, message: "Read-only file system" }', libcore/result.rs:1009:5
Dec 01 15:38:38.833 INFO [stdout] stack backtrace:
Dec 01 15:38:38.833 INFO [stdout]    0:     0x556032781cbe - std::sys::unix::backtrace::tracing::imp::unwind_backtrace::h15749a98198ba25f
Dec 01 15:38:38.833 INFO [stdout]                                at libstd/sys/unix/backtrace/tracing/gcc_s.rs:49
Dec 01 15:38:38.833 INFO [stdout]    1:     0x556032779fa6 - std::sys_common::backtrace::print::h0ba65c811294dbf0
Dec 01 15:38:38.833 INFO [stdout]                                at libstd/sys_common/backtrace.rs:71
Dec 01 15:38:38.833 INFO [stdout]                                at libstd/sys_common/backtrace.rs:59
Dec 01 15:38:38.833 INFO [stdout]    2:     0x5560327788ed - std::panicking::default_hook::{{closure}}::h42bb31757f0fee64
Dec 01 15:38:38.833 INFO [stdout]                                at libstd/panicking.rs:211
Dec 01 15:38:38.833 INFO [stdout]    3:     0x556032778660 - std::panicking::default_hook::hebc8848d7aa7dbd9
Dec 01 15:38:38.833 INFO [stdout]                                at libstd/panicking.rs:227
Dec 01 15:38:38.833 INFO [stdout]    4:     0x556032778eec - std::panicking::rust_panic_with_hook::h86e619a638415243
Dec 01 15:38:38.833 INFO [stdout]                                at libstd/panicking.rs:477
Dec 01 15:38:38.833 INFO [stdout]    5:     0x556032778aa9 - std::panicking::continue_panic_fmt::h2d2d2bfb065a70b2
Dec 01 15:38:38.833 INFO [stdout]                                at libstd/panicking.rs:391
Dec 01 15:38:38.833 INFO [stdout]    6:     0x5560327789a5 - rust_begin_unwind
Dec 01 15:38:38.833 INFO [stdout]                                at libstd/panicking.rs:326
Dec 01 15:38:38.833 INFO [stdout]    7:     0x5560327bf49b - core::panicking::panic_fmt::h2155aa66b67fe83c
Dec 01 15:38:38.833 INFO [stdout]                                at libcore/panicking.rs:77
Dec 01 15:38:38.833 INFO [stdout]    8:     0x5560327553a0 - core::result::unwrap_failed::he95ac664820a4bda
Dec 01 15:38:38.833 INFO [stdout]    9:     0x55603275521e - <core::result::Result<T, E>>::expect::h41e5db769980d0c5
Dec 01 15:38:38.833 INFO [stdout]   10:     0x556032755bca - rust_out::main::h944e552f3f67b4ba
Dec 01 15:38:38.833 INFO [stdout]   11:     0x556032755f62 - std::rt::lang_start::{{closure}}::h728c831e7cc482ed
Dec 01 15:38:38.833 INFO [stdout]   12:     0x556032778992 - std::panicking::try::do_call::h47665672c57b11e4
Dec 01 15:38:38.833 INFO [stdout]                                at libstd/rt.rs:59
Dec 01 15:38:38.833 INFO [stdout]                                at libstd/panicking.rs:310
Dec 01 15:38:38.833 INFO [stdout]   13:     0x5560327906c9 - __rust_maybe_catch_panic
Dec 01 15:38:38.833 INFO [stdout]                                at libpanic_unwind/lib.rs:103
Dec 01 15:38:38.833 INFO [stdout]   14:     0x55603277f245 - std::rt::lang_start_internal::had9505969b8e20a2
Dec 01 15:38:38.833 INFO [stdout]                                at libstd/panicking.rs:289
Dec 01 15:38:38.833 INFO [stdout]                                at libstd/panic.rs:392
Dec 01 15:38:38.833 INFO [stdout]                                at libstd/rt.rs:58
Dec 01 15:38:38.833 INFO [stdout]   15:     0x556032755f43 - std::rt::lang_start::hcf64ef8c79b4db31
Dec 01 15:38:38.833 INFO [stdout]   16:     0x556032755d2a - main
Dec 01 15:38:38.833 INFO [stdout]   17:     0x7fc10981382f - __libc_start_main
Dec 01 15:38:38.833 INFO [stdout]   18:     0x556032753508 - _start
Dec 01 15:38:38.833 INFO [stdout]   19:                0x0 - <unknown>
Dec 01 15:38:38.833 INFO [stdout] 
Dec 01 15:38:38.833 INFO [stdout] ', librustdoc/test.rs:367:17
Dec 01 15:38:38.833 INFO [stdout] stack backtrace:
Dec 01 15:38:38.833 INFO [stdout]    0:     0x7fa4ab3e27ce - std::sys::unix::backtrace::tracing::imp::unwind_backtrace::h15749a98198ba25f
Dec 01 15:38:38.833 INFO [stdout]                                at libstd/sys/unix/backtrace/tracing/gcc_s.rs:49
Dec 01 15:38:38.834 INFO [stdout]    1:     0x7fa4ab3bb966 - std::sys_common::backtrace::print::h0ba65c811294dbf0
Dec 01 15:38:38.834 INFO [stdout]                                at libstd/sys_common/backtrace.rs:71
Dec 01 15:38:38.834 INFO [stdout]                                at libstd/sys_common/backtrace.rs:59
Dec 01 15:38:38.834 INFO [stdout]    2:     0x7fa4ab3b95bd - std::panicking::default_hook::{{closure}}::h42bb31757f0fee64
Dec 01 15:38:38.834 INFO [stdout]                                at libstd/panicking.rs:211
Dec 01 15:38:38.834 INFO [stdout]    3:     0x7fa4ab3b92cb - std::panicking::default_hook::hebc8848d7aa7dbd9
Dec 01 15:38:38.834 INFO [stdout]                                at libstd/panicking.rs:221
Dec 01 15:38:38.834 INFO [stdout]    4:     0x7fa4ad52c6a1 - rustc::util::common::panic_hook::h9a39743bb116fb66
Dec 01 15:38:38.834 INFO [stdout]    5:     0x7fa4ab3b9cc3 - std::panicking::rust_panic_with_hook::h86e619a638415243
Dec 01 15:38:38.834 INFO [stdout]                                at libstd/panicking.rs:481
Dec 01 15:38:38.834 INFO [stdout]    6:     0x7fa4ab3b9829 - std::panicking::continue_panic_fmt::h2d2d2bfb065a70b2
Dec 01 15:38:38.834 INFO [stdout]                                at libstd/panicking.rs:391
Dec 01 15:38:38.834 INFO [stdout]    7:     0x7fa4ab3b978d - std::panicking::begin_panic_fmt::ha5097e2056ef3d5a
Dec 01 15:38:38.834 INFO [stdout]                                at libstd/panicking.rs:346
Dec 01 15:38:38.834 INFO [stdout]    8:     0x555842c18473 - rustdoc::test::Collector::add_test::{{closure}}::{{closure}}::{{closure}}::h071753b32990ff99
Dec 01 15:38:38.834 INFO [stdout]                                at librustdoc/test.rs:367
Dec 01 15:38:38.834 INFO [stdout]                                at librustdoc/test.rs:564
Dec 01 15:38:38.834 INFO [stdout]    9:     0x555842bd4990 - <scoped_tls::ScopedKey<T>>::set::h9896b6fe380ee541
Dec 01 15:38:38.834 INFO [stdout]                                at /cargo/registry/src/github.com-1ecc6299db9ec823/scoped-tls-0.1.2/src/lib.rs:155
Dec 01 15:38:38.834 INFO [stdout]                                at libsyntax/lib.rs:108
Dec 01 15:38:38.834 INFO [stdout]                                at /cargo/registry/src/github.com-1ecc6299db9ec823/scoped-tls-0.1.2/src/lib.rs:155
Dec 01 15:38:38.834 INFO [stdout]   10:     0x5558429fd5cd - syntax::with_globals::h851ff797fe7b24af
Dec 01 15:38:38.834 INFO [stdout]                                at libsyntax/lib.rs:107
Dec 01 15:38:38.834 INFO [stdout]   11:     0x555842a4d484 - std::panicking::try::do_call::h43316ef786a5afc6
Dec 01 15:38:38.834 INFO [stdout]                                at librustdoc/test.rs:561
Dec 01 15:38:38.834 INFO [stdout]                                at libstd/panic.rs:313
Dec 01 15:38:38.834 INFO [stdout]                                at libstd/panicking.rs:310
Dec 01 15:38:38.834 INFO [stdout]   12:     0x7fa4ab3f95b9 - __rust_maybe_catch_panic
Dec 01 15:38:38.834 INFO [stdout]                                at libpanic_unwind/lib.rs:103
Dec 01 15:38:38.834 INFO [stdout]   13:     0x555842ac3f03 - rustc_driver::in_named_rustc_thread::h7a18544b9923f524
Dec 01 15:38:38.834 INFO [stdout]                                at libstd/panicking.rs:289
Dec 01 15:38:38.834 INFO [stdout]                                at libstd/panic.rs:392
Dec 01 15:38:38.834 INFO [stdout]                                at librustc_driver/lib.rs:1574
Dec 01 15:38:38.834 INFO [stdout]   14:     0x555842bf0cfc - <F as alloc::boxed::FnBox<A>>::call_box::h2226feb604beb2d6
Dec 01 15:38:38.834 INFO [stdout]                                at librustdoc/test.rs:561
Dec 01 15:38:38.834 INFO [stdout]                                at liballoc/boxed.rs:646
Dec 01 15:38:38.834 INFO [stdout]   15:     0x7fa4aca46df2 - <F as alloc::boxed::FnBox<A>>::call_box::hf3e9d4c572efaf22
Dec 01 15:38:38.834 INFO [stdout]                                at libtest/lib.rs:1454
Dec 01 15:38:38.834 INFO [stdout]                                at liballoc/boxed.rs:646
Dec 01 15:38:38.834 INFO [stdout]   16:     0x7fa4ab3f95b9 - __rust_maybe_catch_panic
Dec 01 15:38:38.834 INFO [stdout]                                at libpanic_unwind/lib.rs:103
Dec 01 15:38:38.834 INFO [stdout]   17:     0x7fa4aca541ed - std::sys_common::backtrace::__rust_begin_short_backtrace::h0ff507d7422944d3
Dec 01 15:38:38.834 INFO [stdout]                                at libstd/panicking.rs:289
Dec 01 15:38:38.834 INFO [stdout]                                at libstd/panic.rs:392
Dec 01 15:38:38.834 INFO [stdout]                                at libtest/lib.rs:1416
Dec 01 15:38:38.834 INFO [stdout]                                at libstd/sys_common/backtrace.rs:136
Dec 01 15:38:38.834 INFO [stdout]   18:     0x7fa4aca71ff4 - std::panicking::try::do_call::hba0bdcc3670471cc
Dec 01 15:38:38.834 INFO [stdout]                                at libstd/thread/mod.rs:409
Dec 01 15:38:38.834 INFO [stdout]                                at libstd/panic.rs:313
Dec 01 15:38:38.834 INFO [stdout]                                at libstd/panicking.rs:310
Dec 01 15:38:38.834 INFO [stdout]   19:     0x7fa4ab3f95b9 - __rust_maybe_catch_panic
Dec 01 15:38:38.834 INFO [stdout]                                at libpanic_unwind/lib.rs:103
Dec 01 15:38:38.834 INFO [stdout]   20:     0x7fa4aca5ebd6 - <F as alloc::boxed::FnBox<A>>::call_box::hdac52587b00591af
Dec 01 15:38:38.834 INFO [stdout]                                at libstd/panicking.rs:289
Dec 01 15:38:38.834 INFO [stdout]                                at libstd/panic.rs:392
Dec 01 15:38:38.834 INFO [stdout]                                at libstd/thread/mod.rs:408
Dec 01 15:38:38.834 INFO [stdout]                                at liballoc/boxed.rs:646
Dec 01 15:38:38.834 INFO [stdout]   21:     0x7fa4ab3e6cca - std::sys_common::thread::start_thread::h75d887c7d2cc4479
Dec 01 15:38:38.835 INFO [stdout]                                at liballoc/boxed.rs:656
Dec 01 15:38:38.835 INFO [stdout]                                at libstd/sys_common/thread.rs:24
Dec 01 15:38:38.835 INFO [stdout]   22:     0x7fa4ab3ba8f5 - std::sys::unix::thread::Thread::new::thread_start::h8414caee632bf9ed
Dec 01 15:38:38.835 INFO [stdout]                                at libstd/sys/unix/thread.rs:90
Dec 01 15:38:38.835 INFO [stdout]   23:     0x7fa4ab14f6b9 - start_thread
Dec 01 15:38:38.836 INFO [stdout]   24:     0x7fa4aac6f41c - clone
Dec 01 15:38:38.836 INFO [stdout]   25:                0x0 - <unknown>
Dec 01 15:38:38.836 INFO [stdout] query stack during panic:
Dec 01 15:38:38.836 INFO [stdout] end of query stack
Dec 01 15:38:38.836 INFO [stdout] 
Dec 01 15:38:38.836 INFO [stdout] 
Dec 01 15:38:38.836 INFO [stdout] failures:
Dec 01 15:38:38.836 INFO [stdout]     src/lib.rs -  (line 30)
Dec 01 15:38:38.836 INFO [stdout] 
Dec 01 15:38:38.836 INFO [stdout] test result: FAILED. 3 passed; 1 failed; 0 ignored; 0 measured; 0 filtered out
Dec 01 15:38:38.836 INFO [stdout] 
Dec 01 15:38:38.850 INFO [stderr] error: test failed, to rerun pass '--doc'
Dec 01 15:38:38.855 INFO [stderr] su: No module specific data is present
Dec 01 15:38:39.320 INFO running `"docker" "inspect" "1e1f42e82e5982101c9d22195530a027838b5d354746ffdbde29551eb726cb9c"`
Dec 01 15:38:39.428 INFO running `"docker" "rm" "-f" "1e1f42e82e5982101c9d22195530a027838b5d354746ffdbde29551eb726cb9c"`
Dec 01 15:38:39.530 INFO [stdout] 1e1f42e82e5982101c9d22195530a027838b5d354746ffdbde29551eb726cb9c
