Dec 01 16:28:37.306 INFO testing golden-coders/bibliology against 1.30.1 for beta-1.31-5
Dec 01 16:28:37.306 INFO running `"docker" "create" "-v" "/mnt/big/crater/work/local/target-dirs/beta-1.31-5/worker-1/1.30.1:/target:rw,Z" "-v" "/mnt/big/crater/work/local/test-source/worker-1/beta-1.31-5/1.30.1:/source:ro,Z" "-v" "/mnt/big/crater/work/local/cargo-home:/cargo-home:ro,Z" "-v" "/mnt/big/crater/work/local/rustup-home:/rustup-home:ro,Z" "-e" "USER_ID=1000" "-e" "SOURCE_DIR=/source" "-e" "USER_ID=1000" "-e" "CMD=cargo +1.30.1 build --frozen" "-e" "CARGO_TARGET_DIR=/target" "-e" "CARGO_INCREMENTAL=0" "-e" "RUST_BACKTRACE=full" "-e" "RUSTFLAGS=--cap-lints=warn" "-e" "CARGO_HOME=/cargo-home" "-e" "RUSTUP_HOME=/rustup-home" "-m" "1536M" "--network" "none" "crater"`
Dec 01 16:28:37.525 INFO [stdout] 4c4d19a475f9af1ff5246c870010350764fc12be6a04b63f4a68049b3b65727c
Dec 01 16:28:37.527 INFO running `"docker" "start" "-a" "4c4d19a475f9af1ff5246c870010350764fc12be6a04b63f4a68049b3b65727c"`
Dec 01 16:28:37.867 INFO [stderr] usermod: no changes
Dec 01 16:28:38.104 INFO [stderr]    Compiling toml v0.4.6
Dec 01 16:28:38.104 INFO [stderr]    Compiling serde_derive v1.0.71
Dec 01 16:28:54.590 INFO [stderr]    Compiling bibliology v0.1.0 (/source)
Dec 01 16:28:56.471 INFO [stderr]     Finished dev [unoptimized + debuginfo] target(s) in 18.59s
Dec 01 16:28:56.507 INFO [stderr] su: No module specific data is present
Dec 01 16:28:57.161 INFO running `"docker" "inspect" "4c4d19a475f9af1ff5246c870010350764fc12be6a04b63f4a68049b3b65727c"`
Dec 01 16:28:57.424 INFO running `"docker" "rm" "-f" "4c4d19a475f9af1ff5246c870010350764fc12be6a04b63f4a68049b3b65727c"`
Dec 01 16:28:57.747 INFO [stdout] 4c4d19a475f9af1ff5246c870010350764fc12be6a04b63f4a68049b3b65727c
Dec 01 16:28:57.759 INFO running `"docker" "create" "-v" "/mnt/big/crater/work/local/target-dirs/beta-1.31-5/worker-1/1.30.1:/target:rw,Z" "-v" "/mnt/big/crater/work/local/test-source/worker-1/beta-1.31-5/1.30.1:/source:ro,Z" "-v" "/mnt/big/crater/work/local/cargo-home:/cargo-home:ro,Z" "-v" "/mnt/big/crater/work/local/rustup-home:/rustup-home:ro,Z" "-e" "USER_ID=1000" "-e" "SOURCE_DIR=/source" "-e" "USER_ID=1000" "-e" "CMD=cargo +1.30.1 test --frozen --no-run" "-e" "CARGO_TARGET_DIR=/target" "-e" "CARGO_INCREMENTAL=0" "-e" "RUST_BACKTRACE=full" "-e" "RUSTFLAGS=--cap-lints=warn" "-e" "CARGO_HOME=/cargo-home" "-e" "RUSTUP_HOME=/rustup-home" "-m" "1536M" "--network" "none" "crater"`
Dec 01 16:28:58.204 INFO [stdout] 56cb51dc6aab3893c602411ce60f081c81e292c8912a419ac26629c8fd56ca28
Dec 01 16:28:58.215 INFO running `"docker" "start" "-a" "56cb51dc6aab3893c602411ce60f081c81e292c8912a419ac26629c8fd56ca28"`
Dec 01 16:28:59.435 INFO [stderr] usermod: no changes
Dec 01 16:28:59.675 INFO [stderr]    Compiling bibliology v0.1.0 (/source)
Dec 01 16:29:02.119 INFO [stderr]     Finished dev [unoptimized + debuginfo] target(s) in 2.66s
Dec 01 16:29:02.140 INFO [stderr] su: No module specific data is present
Dec 01 16:29:02.759 INFO running `"docker" "inspect" "56cb51dc6aab3893c602411ce60f081c81e292c8912a419ac26629c8fd56ca28"`
Dec 01 16:29:03.051 INFO running `"docker" "rm" "-f" "56cb51dc6aab3893c602411ce60f081c81e292c8912a419ac26629c8fd56ca28"`
Dec 01 16:29:03.198 INFO [stdout] 56cb51dc6aab3893c602411ce60f081c81e292c8912a419ac26629c8fd56ca28
Dec 01 16:29:03.200 INFO running `"docker" "create" "-v" "/mnt/big/crater/work/local/target-dirs/beta-1.31-5/worker-1/1.30.1:/target:rw,Z" "-v" "/mnt/big/crater/work/local/test-source/worker-1/beta-1.31-5/1.30.1:/source:ro,Z" "-v" "/mnt/big/crater/work/local/cargo-home:/cargo-home:ro,Z" "-v" "/mnt/big/crater/work/local/rustup-home:/rustup-home:ro,Z" "-e" "USER_ID=1000" "-e" "SOURCE_DIR=/source" "-e" "USER_ID=1000" "-e" "CMD=cargo +1.30.1 test --frozen" "-e" "CARGO_TARGET_DIR=/target" "-e" "CARGO_INCREMENTAL=0" "-e" "RUST_BACKTRACE=full" "-e" "RUSTFLAGS=--cap-lints=warn" "-e" "CARGO_HOME=/cargo-home" "-e" "RUSTUP_HOME=/rustup-home" "-m" "1536M" "--network" "none" "crater"`
Dec 01 16:29:03.429 INFO [stdout] d2cd3e3f0af16434641adba5acbf79c9057c6c4bfb3141f36d1431c0f0079258
Dec 01 16:29:03.431 INFO running `"docker" "start" "-a" "d2cd3e3f0af16434641adba5acbf79c9057c6c4bfb3141f36d1431c0f0079258"`
Dec 01 16:29:03.937 INFO [stderr] usermod: no changes
Dec 01 16:29:04.145 INFO [stderr]     Finished dev [unoptimized + debuginfo] target(s) in 0.17s
Dec 01 16:29:04.169 INFO [stderr]      Running /target/debug/deps/bibliology-bf2383cb52bdfe87
Dec 01 16:29:04.179 INFO [stdout] 
Dec 01 16:29:04.179 INFO [stdout] running 2 tests
Dec 01 16:29:04.239 INFO [stdout] test config::test::fail_to_create_config ... ok
Dec 01 16:29:04.311 INFO [stdout] test config::test::succeed_to_create_config ... FAILED
Dec 01 16:29:04.311 INFO [stderr] error: test failed, to rerun pass '--lib'
Dec 01 16:29:04.311 INFO [stdout] 
Dec 01 16:29:04.311 INFO [stderr] su: No module specific data is present
Dec 01 16:29:04.311 INFO [stdout] failures:
Dec 01 16:29:04.311 INFO [stdout] 
Dec 01 16:29:04.311 INFO [stdout] ---- config::test::succeed_to_create_config stdout ----
Dec 01 16:29:04.311 INFO [stdout] thread 'config::test::succeed_to_create_config' panicked at 'called `Result::unwrap()` on an `Err` value: Os { code: 2, kind: NotFound, message: "No such file or directory" }
Dec 01 16:29:04.311 INFO [stdout] 
Dec 01 16:29:04.311 INFO [stdout] stack backtrace:
Dec 01 16:29:04.311 INFO [stdout]    0:     0x5592a1a21745 - backtrace::backtrace::libunwind::trace::hcb9f3e969b3ced5e
Dec 01 16:29:04.312 INFO [stdout]                         at /cargo-home/registry/src/github.com-1ecc6299db9ec823/backtrace-0.3.9/src/backtrace/libunwind.rs:53
Dec 01 16:29:04.312 INFO [stdout]                          - backtrace::backtrace::trace::h598802913965afdb
Dec 01 16:29:04.312 INFO [stdout]                         at /cargo-home/registry/src/github.com-1ecc6299db9ec823/backtrace-0.3.9/src/backtrace/mod.rs:42
Dec 01 16:29:04.312 INFO [stdout]    1:     0x5592a1a1bede - backtrace::capture::Backtrace::new_unresolved::h05bb150476322872
Dec 01 16:29:04.312 INFO [stdout]                         at /cargo-home/registry/src/github.com-1ecc6299db9ec823/backtrace-0.3.9/src/capture.rs:88
Dec 01 16:29:04.312 INFO [stdout]    2:     0x5592a1a1a5b3 - failure::backtrace::internal::InternalBacktrace::new::h3955517e4061b8da
Dec 01 16:29:04.312 INFO [stdout]                         at /cargo-home/registry/src/github.com-1ecc6299db9ec823/failure-0.1.2/src/backtrace/internal.rs:44
Dec 01 16:29:04.312 INFO [stdout]    3:     0x5592a1a19a1c - failure::backtrace::Backtrace::new::h318a9279daaf9df6
Dec 01 16:29:04.312 INFO [stdout]                         at /cargo-home/registry/src/github.com-1ecc6299db9ec823/failure-0.1.2/src/backtrace/mod.rs:111
Dec 01 16:29:04.312 INFO [stdout]    4:     0x5592a1999cbd - <failure::error::error_impl::ErrorImpl as core::convert::From<F>>::from::h0a8ee63258d9a9e6
Dec 01 16:29:04.312 INFO [stdout]                         at /cargo-home/registry/src/github.com-1ecc6299db9ec823/failure-0.1.2/src/error/error_impl.rs:20
Dec 01 16:29:04.312 INFO [stdout]    5:     0x5592a198c8ae - <failure::error::Error as core::convert::From<F>>::from::hbbe9a8329ec24bbf
Dec 01 16:29:04.312 INFO [stdout]                         at /cargo-home/registry/src/github.com-1ecc6299db9ec823/failure-0.1.2/src/error/mod.rs:36
Dec 01 16:29:04.312 INFO [stdout]    6:     0x5592a1980a48 - bibliology::config::Config::new::h161722a43b3df399
Dec 01 16:29:04.312 INFO [stdout]                         at src/config/mod.rs:73
Dec 01 16:29:04.312 INFO [stdout]    7:     0x5592a1997954 - bibliology::config::test::succeed_to_create_config::hd17c60cbc1fce442
Dec 01 16:29:04.312 INFO [stdout]                         at src/config/test.rs:7
Dec 01 16:29:04.312 INFO [stdout]    8:     0x5592a1997919 - bibliology::config::test::succeed_to_create_config::{{closure}}::h1e7a8ab7022ecb7e
Dec 01 16:29:04.312 INFO [stdout]                         at src/config/test.rs:6
Dec 01 16:29:04.312 INFO [stdout]    9:     0x5592a198ca7d - core::ops::function::FnOnce::call_once::hce52a426d599a1e0
Dec 01 16:29:04.312 INFO [stdout]                         at libcore/ops/function.rs:238
Dec 01 16:29:04.312 INFO [stdout]   10:     0x5592a199d3ee - test::run_test::{{closure}}::h3a5dfbe1d2fab93e
Dec 01 16:29:04.312 INFO [stdout]                         at libtest/lib.rs:1461
Dec 01 16:29:04.312 INFO [stdout]                          - core::ops::function::FnOnce::call_once::h1d9a9e4523345f36
Dec 01 16:29:04.312 INFO [stdout]                         at libcore/ops/function.rs:238
Dec 01 16:29:04.312 INFO [stdout]                          - <F as alloc::boxed::FnBox<A>>::call_box::hbea525814fa423cc
Dec 01 16:29:04.312 INFO [stdout]                         at liballoc/boxed.rs:646
Dec 01 16:29:04.312 INFO [stdout]   11:     0x5592a1a63fb9 - __rust_maybe_catch_panic
Dec 01 16:29:04.312 INFO [stdout]                         at libpanic_unwind/lib.rs:103
Dec 01 16:29:04.312 INFO [stdout]   12:     0x5592a19a8d4d - std::panicking::try::h52ce98afaa08c3ec
Dec 01 16:29:04.312 INFO [stdout]                         at libstd/panicking.rs:289
Dec 01 16:29:04.312 INFO [stdout]                          - std::panic::catch_unwind::h8b1fa14840c8b239
Dec 01 16:29:04.312 INFO [stdout]                         at libstd/panic.rs:392
Dec 01 16:29:04.312 INFO [stdout]                          - test::run_test::run_test_inner::{{closure}}::h0c1fb56af3cc46d2
Dec 01 16:29:04.312 INFO [stdout]                         at libtest/lib.rs:1416
Dec 01 16:29:04.312 INFO [stdout]                          - std::sys_common::backtrace::__rust_begin_short_backtrace::h0ff507d7422944d3
Dec 01 16:29:04.312 INFO [stdout]                         at libstd/sys_common/backtrace.rs:136
Dec 01 16:29:04.312 INFO [stdout]   13:     0x5592a19c1384 - std::thread::Builder::spawn::{{closure}}::{{closure}}::h9015d15de724c3f6
Dec 01 16:29:04.312 INFO [stdout]                         at libstd/thread/mod.rs:409
Dec 01 16:29:04.312 INFO [stdout]                          - <std::panic::AssertUnwindSafe<F> as core::ops::function::FnOnce<()>>::call_once::hdade3f732363d95a
Dec 01 16:29:04.312 INFO [stdout]                         at libstd/panic.rs:313
Dec 01 16:29:04.312 INFO [stdout]                          - std::panicking::try::do_call::hba0bdcc3670471cc
Dec 01 16:29:04.312 INFO [stdout]                         at libstd/panicking.rs:310
Dec 01 16:29:04.312 INFO [stdout]   14:     0x5592a1a63fb9 - __rust_maybe_catch_panic
Dec 01 16:29:04.312 INFO [stdout]                         at libpanic_unwind/lib.rs:103
Dec 01 16:29:04.312 INFO [stdout]   15:     0x5592a19b1c56 - std::panicking::try::ha2cf51a98ef1d8df
Dec 01 16:29:04.312 INFO [stdout]                         at libstd/panicking.rs:289
Dec 01 16:29:04.312 INFO [stdout]                          - std::panic::catch_unwind::h9dbc14b90b636a56
Dec 01 16:29:04.312 INFO [stdout]                         at libstd/panic.rs:392
Dec 01 16:29:04.312 INFO [stdout]                          - std::thread::Builder::spawn::{{closure}}::h1e078d6b2c4e6a8f
Dec 01 16:29:04.312 INFO [stdout]                         at libstd/thread/mod.rs:408
Dec 01 16:29:04.312 INFO [stdout]                          - <F as alloc::boxed::FnBox<A>>::call_box::hdac52587b00591af
Dec 01 16:29:04.312 INFO [stdout]                         at liballoc/boxed.rs:646
Dec 01 16:29:04.312 INFO [stdout]   16:     0x5592a1a56a4a - <alloc::boxed::Box<(dyn alloc::boxed::FnBox<A, Output=R> + 'a)> as core::ops::function::FnOnce<A>>::call_once::hfedf8d10954bca7a
Dec 01 16:29:04.312 INFO [stdout]                         at liballoc/boxed.rs:656
Dec 01 16:29:04.312 INFO [stdout]                          - std::sys_common::thread::start_thread::h75d887c7d2cc4479
Dec 01 16:29:04.312 INFO [stdout]                         at libstd/sys_common/thread.rs:24
Dec 01 16:29:04.312 INFO [stdout]   17:     0x5592a1a47585 - std::sys::unix::thread::Thread::new::thread_start::h8414caee632bf9ed
Dec 01 16:29:04.312 INFO [stdout]                         at libstd/sys/unix/thread.rs:90
Dec 01 16:29:04.312 INFO [stdout]   18:     0x7fa9e1f6c6b9 - start_thread
Dec 01 16:29:04.312 INFO [stdout]   19:     0x7fa9e1a8c41c - clone
Dec 01 16:29:04.312 INFO [stdout]   20:                0x0 - <unknown>', libcore/result.rs:1009:5
Dec 01 16:29:04.312 INFO [stdout] stack backtrace:
Dec 01 16:29:04.312 INFO [stdout]    0:     0x5592a1a550de - std::sys::unix::backtrace::tracing::imp::unwind_backtrace::h15749a98198ba25f
Dec 01 16:29:04.312 INFO [stdout]                                at libstd/sys/unix/backtrace/tracing/gcc_s.rs:49
Dec 01 16:29:04.312 INFO [stdout]    1:     0x5592a1a48346 - std::sys_common::backtrace::print::h0ba65c811294dbf0
Dec 01 16:29:04.312 INFO [stdout]                                at libstd/sys_common/backtrace.rs:71
Dec 01 16:29:04.312 INFO [stdout]                                at libstd/sys_common/backtrace.rs:59
Dec 01 16:29:04.312 INFO [stdout]    2:     0x5592a1a4676d - std::panicking::default_hook::{{closure}}::h42bb31757f0fee64
Dec 01 16:29:04.312 INFO [stdout]                                at libstd/panicking.rs:211
Dec 01 16:29:04.312 INFO [stdout]    3:     0x5592a1a4647b - std::panicking::default_hook::hebc8848d7aa7dbd9
Dec 01 16:29:04.312 INFO [stdout]                                at libstd/panicking.rs:221
Dec 01 16:29:04.312 INFO [stdout]    4:     0x5592a1a46e1c - std::panicking::rust_panic_with_hook::h86e619a638415243
Dec 01 16:29:04.312 INFO [stdout]                                at libstd/panicking.rs:477
Dec 01 16:29:04.312 INFO [stdout]    5:     0x5592a1a469d9 - std::panicking::continue_panic_fmt::h2d2d2bfb065a70b2
Dec 01 16:29:04.312 INFO [stdout]                                at libstd/panicking.rs:391
Dec 01 16:29:04.312 INFO [stdout]    6:     0x5592a1a468d5 - rust_begin_unwind
Dec 01 16:29:04.312 INFO [stdout]                                at libstd/panicking.rs:326
Dec 01 16:29:04.312 INFO [stdout]    7:     0x5592a1a98d7b - core::panicking::panic_fmt::h2155aa66b67fe83c
Dec 01 16:29:04.312 INFO [stdout]                                at libcore/panicking.rs:77
Dec 01 16:29:04.312 INFO [stdout]    8:     0x5592a199761d - core::result::unwrap_failed::h479c22ce45f48a54
Dec 01 16:29:04.312 INFO [stdout]                                at libcore/macros.rs:26
Dec 01 16:29:04.312 INFO [stdout]    9:     0x5592a1996720 - <core::result::Result<T, E>>::unwrap::h825bfe27dc4d27bb
Dec 01 16:29:04.312 INFO [stdout]                                at libcore/result.rs:808
Dec 01 16:29:04.312 INFO [stdout]   10:     0x5592a199797a - bibliology::config::test::succeed_to_create_config::hd17c60cbc1fce442
Dec 01 16:29:04.313 INFO [stdout]                                at src/config/test.rs:7
Dec 01 16:29:04.313 INFO [stdout]   11:     0x5592a1997919 - bibliology::config::test::succeed_to_create_config::{{closure}}::h1e7a8ab7022ecb7e
Dec 01 16:29:04.313 INFO [stdout]                                at src/config/test.rs:6
Dec 01 16:29:04.313 INFO [stdout]   12:     0x5592a198ca7d - core::ops::function::FnOnce::call_once::hce52a426d599a1e0
Dec 01 16:29:04.313 INFO [stdout]                                at libcore/ops/function.rs:238
Dec 01 16:29:04.313 INFO [stdout]   13:     0x5592a199d3ee - <F as alloc::boxed::FnBox<A>>::call_box::hbea525814fa423cc
Dec 01 16:29:04.313 INFO [stdout]                                at libtest/lib.rs:1461
Dec 01 16:29:04.313 INFO [stdout]                                at libcore/ops/function.rs:238
Dec 01 16:29:04.313 INFO [stdout]                                at liballoc/boxed.rs:646
Dec 01 16:29:04.313 INFO [stdout]   14:     0x5592a1a63fb9 - __rust_maybe_catch_panic
Dec 01 16:29:04.313 INFO [stdout]                                at libpanic_unwind/lib.rs:103
Dec 01 16:29:04.313 INFO [stdout]   15:     0x5592a19a8d4d - std::sys_common::backtrace::__rust_begin_short_backtrace::h0ff507d7422944d3
Dec 01 16:29:04.313 INFO [stdout]                                at libstd/panicking.rs:289
Dec 01 16:29:04.313 INFO [stdout]                                at libstd/panic.rs:392
Dec 01 16:29:04.313 INFO [stdout]                                at libtest/lib.rs:1416
Dec 01 16:29:04.313 INFO [stdout]                                at libstd/sys_common/backtrace.rs:136
Dec 01 16:29:04.313 INFO [stdout]   16:     0x5592a19c1384 - std::panicking::try::do_call::hba0bdcc3670471cc
Dec 01 16:29:04.313 INFO [stdout]                                at libstd/thread/mod.rs:409
Dec 01 16:29:04.313 INFO [stdout]                                at libstd/panic.rs:313
Dec 01 16:29:04.313 INFO [stdout]                                at libstd/panicking.rs:310
Dec 01 16:29:04.313 INFO [stdout]   17:     0x5592a1a63fb9 - __rust_maybe_catch_panic
Dec 01 16:29:04.313 INFO [stdout]                                at libpanic_unwind/lib.rs:103
Dec 01 16:29:04.313 INFO [stdout]   18:     0x5592a19b1c56 - <F as alloc::boxed::FnBox<A>>::call_box::hdac52587b00591af
Dec 01 16:29:04.313 INFO [stdout]                                at libstd/panicking.rs:289
Dec 01 16:29:04.313 INFO [stdout]                                at libstd/panic.rs:392
Dec 01 16:29:04.313 INFO [stdout]                                at libstd/thread/mod.rs:408
Dec 01 16:29:04.313 INFO [stdout]                                at liballoc/boxed.rs:646
Dec 01 16:29:04.313 INFO [stdout]   19:     0x5592a1a56a4a - std::sys_common::thread::start_thread::h75d887c7d2cc4479
Dec 01 16:29:04.313 INFO [stdout]                                at liballoc/boxed.rs:656
Dec 01 16:29:04.313 INFO [stdout]                                at libstd/sys_common/thread.rs:24
Dec 01 16:29:04.313 INFO [stdout]   20:     0x5592a1a47585 - std::sys::unix::thread::Thread::new::thread_start::h8414caee632bf9ed
Dec 01 16:29:04.313 INFO [stdout]                                at libstd/sys/unix/thread.rs:90
Dec 01 16:29:04.313 INFO [stdout]   21:     0x7fa9e1f6c6b9 - start_thread
Dec 01 16:29:04.313 INFO [stdout]   22:     0x7fa9e1a8c41c - clone
Dec 01 16:29:04.313 INFO [stdout]   23:                0x0 - <unknown>
Dec 01 16:29:04.313 INFO [stdout] 
Dec 01 16:29:04.313 INFO [stdout] 
Dec 01 16:29:04.313 INFO [stdout] failures:
Dec 01 16:29:04.313 INFO [stdout]     config::test::succeed_to_create_config
Dec 01 16:29:04.313 INFO [stdout] 
Dec 01 16:29:04.313 INFO [stdout] test result: FAILED. 1 passed; 1 failed; 0 ignored; 0 measured; 0 filtered out
Dec 01 16:29:04.313 INFO [stdout] 
Dec 01 16:29:05.211 INFO running `"docker" "inspect" "d2cd3e3f0af16434641adba5acbf79c9057c6c4bfb3141f36d1431c0f0079258"`
Dec 01 16:29:05.469 INFO running `"docker" "rm" "-f" "d2cd3e3f0af16434641adba5acbf79c9057c6c4bfb3141f36d1431c0f0079258"`
Dec 01 16:29:05.585 INFO [stdout] d2cd3e3f0af16434641adba5acbf79c9057c6c4bfb3141f36d1431c0f0079258
