Dec 01 17:04:00.285 INFO testing fuchsnj/google-jwt-verify against 1.30.1 for beta-1.31-5
Dec 01 17:04:00.285 INFO running `"docker" "create" "-v" "/mnt/big/crater/work/local/target-dirs/beta-1.31-5/worker-4/1.30.1:/target:rw,Z" "-v" "/mnt/big/crater/work/local/test-source/worker-4/beta-1.31-5/1.30.1:/source:ro,Z" "-v" "/mnt/big/crater/work/local/cargo-home:/cargo-home:ro,Z" "-v" "/mnt/big/crater/work/local/rustup-home:/rustup-home:ro,Z" "-e" "USER_ID=1000" "-e" "SOURCE_DIR=/source" "-e" "USER_ID=1000" "-e" "CMD=cargo +1.30.1 build --frozen" "-e" "CARGO_TARGET_DIR=/target" "-e" "CARGO_INCREMENTAL=0" "-e" "RUST_BACKTRACE=full" "-e" "RUSTFLAGS=--cap-lints=warn" "-e" "CARGO_HOME=/cargo-home" "-e" "RUSTUP_HOME=/rustup-home" "-m" "1536M" "--network" "none" "crater"`
Dec 01 17:04:00.819 INFO [stdout] 8f902bf7be6c0cb7e68437002efbc8e81236fe0b3e29649fe0821ed96315120a
Dec 01 17:04:00.821 INFO running `"docker" "start" "-a" "8f902bf7be6c0cb7e68437002efbc8e81236fe0b3e29649fe0821ed96315120a"`
Dec 01 17:04:02.235 INFO [stderr] usermod: no changes
Dec 01 17:04:02.601 INFO [stderr]    Compiling openssl v0.10.7
Dec 01 17:04:02.611 INFO [stderr]    Compiling tokio-threadpool v0.1.3
Dec 01 17:04:02.611 INFO [stderr]    Compiling serde_urlencoded v0.5.2
Dec 01 17:04:02.611 INFO [stderr]    Compiling serde_derive v1.0.55
Dec 01 17:04:11.231 INFO [stderr]    Compiling tokio-fs v0.1.0
Dec 01 17:04:15.233 INFO [stderr]    Compiling tokio v0.1.6
Dec 01 17:04:22.899 INFO [stderr]    Compiling tokio-core v0.1.17
Dec 01 17:04:32.277 INFO [stderr]    Compiling tokio-proto v0.1.1
Dec 01 17:04:32.279 INFO [stderr]    Compiling tokio-tls v0.1.4
Dec 01 17:04:39.573 INFO [stderr]    Compiling hyper v0.11.27
Dec 01 17:04:50.435 INFO [stderr]    Compiling hyper-tls v0.1.3
Dec 01 17:04:52.879 INFO [stderr]    Compiling reqwest v0.8.5
Dec 01 17:05:00.525 INFO [stderr]    Compiling google-jwt-verify v0.1.0 (/source)
Dec 01 17:05:05.612 INFO [stderr]     Finished dev [unoptimized + debuginfo] target(s) in 1m 03s
Dec 01 17:05:05.626 INFO [stderr] su: No module specific data is present
Dec 01 17:05:06.409 INFO running `"docker" "inspect" "8f902bf7be6c0cb7e68437002efbc8e81236fe0b3e29649fe0821ed96315120a"`
Dec 01 17:05:06.666 INFO running `"docker" "rm" "-f" "8f902bf7be6c0cb7e68437002efbc8e81236fe0b3e29649fe0821ed96315120a"`
Dec 01 17:05:06.943 INFO [stdout] 8f902bf7be6c0cb7e68437002efbc8e81236fe0b3e29649fe0821ed96315120a
Dec 01 17:05:06.951 INFO running `"docker" "create" "-v" "/mnt/big/crater/work/local/target-dirs/beta-1.31-5/worker-4/1.30.1:/target:rw,Z" "-v" "/mnt/big/crater/work/local/test-source/worker-4/beta-1.31-5/1.30.1:/source:ro,Z" "-v" "/mnt/big/crater/work/local/cargo-home:/cargo-home:ro,Z" "-v" "/mnt/big/crater/work/local/rustup-home:/rustup-home:ro,Z" "-e" "USER_ID=1000" "-e" "SOURCE_DIR=/source" "-e" "USER_ID=1000" "-e" "CMD=cargo +1.30.1 test --frozen --no-run" "-e" "CARGO_TARGET_DIR=/target" "-e" "CARGO_INCREMENTAL=0" "-e" "RUST_BACKTRACE=full" "-e" "RUSTFLAGS=--cap-lints=warn" "-e" "CARGO_HOME=/cargo-home" "-e" "RUSTUP_HOME=/rustup-home" "-m" "1536M" "--network" "none" "crater"`
Dec 01 17:05:07.482 INFO [stdout] 04c1b2c7bc7c64e863ca27b78097509e3ca654b8e7f760b0e271ae7a704b06c6
Dec 01 17:05:07.484 INFO running `"docker" "start" "-a" "04c1b2c7bc7c64e863ca27b78097509e3ca654b8e7f760b0e271ae7a704b06c6"`
Dec 01 17:05:08.842 INFO [stderr] usermod: no changes
Dec 01 17:05:09.092 INFO [stderr]    Compiling google-jwt-verify v0.1.0 (/source)
Dec 01 17:05:18.620 INFO [stderr]     Finished dev [unoptimized + debuginfo] target(s) in 9.75s
Dec 01 17:05:18.635 INFO [stderr] su: No module specific data is present
Dec 01 17:05:20.334 INFO running `"docker" "inspect" "04c1b2c7bc7c64e863ca27b78097509e3ca654b8e7f760b0e271ae7a704b06c6"`
Dec 01 17:05:20.661 INFO running `"docker" "rm" "-f" "04c1b2c7bc7c64e863ca27b78097509e3ca654b8e7f760b0e271ae7a704b06c6"`
Dec 01 17:05:20.999 INFO [stdout] 04c1b2c7bc7c64e863ca27b78097509e3ca654b8e7f760b0e271ae7a704b06c6
Dec 01 17:05:21.005 INFO running `"docker" "create" "-v" "/mnt/big/crater/work/local/target-dirs/beta-1.31-5/worker-4/1.30.1:/target:rw,Z" "-v" "/mnt/big/crater/work/local/test-source/worker-4/beta-1.31-5/1.30.1:/source:ro,Z" "-v" "/mnt/big/crater/work/local/cargo-home:/cargo-home:ro,Z" "-v" "/mnt/big/crater/work/local/rustup-home:/rustup-home:ro,Z" "-e" "USER_ID=1000" "-e" "SOURCE_DIR=/source" "-e" "USER_ID=1000" "-e" "CMD=cargo +1.30.1 test --frozen" "-e" "CARGO_TARGET_DIR=/target" "-e" "CARGO_INCREMENTAL=0" "-e" "RUST_BACKTRACE=full" "-e" "RUSTFLAGS=--cap-lints=warn" "-e" "CARGO_HOME=/cargo-home" "-e" "RUSTUP_HOME=/rustup-home" "-m" "1536M" "--network" "none" "crater"`
Dec 01 17:05:21.490 INFO [stdout] a269ecf9a48927d639031d7be5205090bfa843d1d0f53b719b95f15bda56cced
Dec 01 17:05:21.492 INFO running `"docker" "start" "-a" "a269ecf9a48927d639031d7be5205090bfa843d1d0f53b719b95f15bda56cced"`
Dec 01 17:05:24.119 INFO [stderr] usermod: no changes
Dec 01 17:05:24.451 INFO [stderr]     Finished dev [unoptimized + debuginfo] target(s) in 0.28s
Dec 01 17:05:24.471 INFO [stdout] 
Dec 01 17:05:24.471 INFO [stdout] running 5 tests
Dec 01 17:05:24.471 INFO [stdout] test test::decode_keys ... ok
Dec 01 17:05:24.471 INFO [stderr]      Running /target/debug/deps/google_jwt_verify-860c41ce82e9a1da
Dec 01 17:05:24.479 INFO [stdout] test test::test_client ... ok
Dec 01 17:05:24.479 INFO [stdout] test test::test_client_invalid_client_id ... ok
Dec 01 17:05:24.479 INFO [stdout] test test::test_id_token ... ok
Dec 01 17:05:24.683 INFO [stdout] test key_provider::test_google_provider ... FAILED
Dec 01 17:05:24.683 INFO [stdout] 
Dec 01 17:05:24.683 INFO [stdout] failures:
Dec 01 17:05:24.683 INFO [stdout] 
Dec 01 17:05:24.683 INFO [stdout] ---- key_provider::test_google_provider stdout ----
Dec 01 17:05:24.683 INFO [stdout] thread 'key_provider::test_google_provider' panicked at 'assertion failed: provider.get_key("test").is_ok()', src/key_provider.rs:60:5
Dec 01 17:05:24.683 INFO [stdout] stack backtrace:
Dec 01 17:05:24.683 INFO [stdout]    0:     0x55a84c3ce8de - std::sys::unix::backtrace::tracing::imp::unwind_backtrace::h15749a98198ba25f
Dec 01 17:05:24.683 INFO [stdout]                                at libstd/sys/unix/backtrace/tracing/gcc_s.rs:49
Dec 01 17:05:24.683 INFO [stdout]    1:     0x55a84c3c0986 - std::sys_common::backtrace::print::h0ba65c811294dbf0
Dec 01 17:05:24.683 INFO [stdout]                                at libstd/sys_common/backtrace.rs:71
Dec 01 17:05:24.683 INFO [stdout]                                at libstd/sys_common/backtrace.rs:59
Dec 01 17:05:24.683 INFO [stdout]    2:     0x55a84c3bec4d - std::panicking::default_hook::{{closure}}::h42bb31757f0fee64
Dec 01 17:05:24.683 INFO [stdout]                                at libstd/panicking.rs:211
Dec 01 17:05:24.683 INFO [stdout]    3:     0x55a84c3be95b - std::panicking::default_hook::hebc8848d7aa7dbd9
Dec 01 17:05:24.683 INFO [stdout]                                at libstd/panicking.rs:221
Dec 01 17:05:24.683 INFO [stdout]    4:     0x55a84c3bf2fc - std::panicking::rust_panic_with_hook::h86e619a638415243
Dec 01 17:05:24.683 INFO [stdout]                                at libstd/panicking.rs:477
Dec 01 17:05:24.683 INFO [stdout]    5:     0x55a84c32597f - std::panicking::begin_panic::h3e118dc4d6f0a7d5
Dec 01 17:05:24.683 INFO [stdout]                                at libstd/panicking.rs:411
Dec 01 17:05:24.683 INFO [stdout]    6:     0x55a84bf65eee - google_jwt_verify::key_provider::test_google_provider::he6f15deaa12b3065
Dec 01 17:05:24.683 INFO [stdout]                                at src/key_provider.rs:60
Dec 01 17:05:24.683 INFO [stdout]    7:     0x55a84bf65e39 - google_jwt_verify::key_provider::test_google_provider::{{closure}}::h62915c3e0e3989e2
Dec 01 17:05:24.683 INFO [stdout]                                at src/key_provider.rs:58
Dec 01 17:05:24.683 INFO [stdout]    8:     0x55a84bf67cfd - core::ops::function::FnOnce::call_once::hed8e49cba1cb628d
Dec 01 17:05:24.683 INFO [stdout]                                at libcore/ops/function.rs:238
Dec 01 17:05:24.683 INFO [stdout]    9:     0x55a84bf8914e - <F as alloc::boxed::FnBox<A>>::call_box::hbea525814fa423cc
Dec 01 17:05:24.683 INFO [stdout]                                at libtest/lib.rs:1461
Dec 01 17:05:24.683 INFO [stdout]                                at libcore/ops/function.rs:238
Dec 01 17:05:24.683 INFO [stdout]                                at liballoc/boxed.rs:646
Dec 01 17:05:24.683 INFO [stdout]   10:     0x55a84c3dd869 - __rust_maybe_catch_panic
Dec 01 17:05:24.683 INFO [stdout]                                at libpanic_unwind/lib.rs:103
Dec 01 17:05:24.683 INFO [stdout]   11:     0x55a84bf94aad - std::sys_common::backtrace::__rust_begin_short_backtrace::h0ff507d7422944d3
Dec 01 17:05:24.683 INFO [stdout]                                at libstd/panicking.rs:289
Dec 01 17:05:24.683 INFO [stdout]                                at libstd/panic.rs:392
Dec 01 17:05:24.683 INFO [stdout]                                at libtest/lib.rs:1416
Dec 01 17:05:24.683 INFO [stdout]                                at libstd/sys_common/backtrace.rs:136
Dec 01 17:05:24.683 INFO [stdout]   12:     0x55a84bfad0e4 - std::panicking::try::do_call::hba0bdcc3670471cc
Dec 01 17:05:24.683 INFO [stdout]                                at libstd/thread/mod.rs:409
Dec 01 17:05:24.683 INFO [stdout]                                at libstd/panic.rs:313
Dec 01 17:05:24.683 INFO [stdout]                                at libstd/panicking.rs:310
Dec 01 17:05:24.683 INFO [stdout]   13:     0x55a84c3dd869 - __rust_maybe_catch_panic
Dec 01 17:05:24.684 INFO [stdout]                                at libpanic_unwind/lib.rs:103
Dec 01 17:05:24.684 INFO [stdout]   14:     0x55a84bf9d9b6 - <F as alloc::boxed::FnBox<A>>::call_box::hdac52587b00591af
Dec 01 17:05:24.684 INFO [stdout]                                at libstd/panicking.rs:289
Dec 01 17:05:24.684 INFO [stdout]                                at libstd/panic.rs:392
Dec 01 17:05:24.684 INFO [stdout]                                at libstd/thread/mod.rs:408
Dec 01 17:05:24.684 INFO [stdout]                                at liballoc/boxed.rs:646
Dec 01 17:05:24.684 INFO [stdout]   15:     0x55a84c3d041a - std::sys_common::thread::start_thread::h75d887c7d2cc4479
Dec 01 17:05:24.684 INFO [stdout]                                at liballoc/boxed.rs:656
Dec 01 17:05:24.684 INFO [stdout]                                at libstd/sys_common/thread.rs:24
Dec 01 17:05:24.684 INFO [stdout]   16:     0x55a84c3bfb25 - std::sys::unix::thread::Thread::new::thread_start::h8414caee632bf9ed
Dec 01 17:05:24.684 INFO [stdout]                                at libstd/sys/unix/thread.rs:90
Dec 01 17:05:24.684 INFO [stdout]   17:     0x7fdc50e5f6b9 - start_thread
Dec 01 17:05:24.684 INFO [stdout]   18:     0x7fdc5097f41c - clone
Dec 01 17:05:24.684 INFO [stdout]   19:                0x0 - <unknown>
Dec 01 17:05:24.684 INFO [stdout] 
Dec 01 17:05:24.684 INFO [stdout] 
Dec 01 17:05:24.684 INFO [stdout] failures:
Dec 01 17:05:24.684 INFO [stdout]     key_provider::test_google_provider
Dec 01 17:05:24.684 INFO [stdout] 
Dec 01 17:05:24.684 INFO [stdout] test result: FAILED. 4 passed; 1 failed; 0 ignored; 0 measured; 0 filtered out
Dec 01 17:05:24.684 INFO [stdout] 
Dec 01 17:05:24.691 INFO [stderr] error: test failed, to rerun pass '--lib'
Dec 01 17:05:24.691 INFO [stderr] su: No module specific data is present
Dec 01 17:05:25.856 INFO running `"docker" "inspect" "a269ecf9a48927d639031d7be5205090bfa843d1d0f53b719b95f15bda56cced"`
Dec 01 17:05:26.165 INFO running `"docker" "rm" "-f" "a269ecf9a48927d639031d7be5205090bfa843d1d0f53b719b95f15bda56cced"`
Dec 01 17:05:26.455 INFO [stdout] a269ecf9a48927d639031d7be5205090bfa843d1d0f53b719b95f15bda56cced
