Dec 01 17:10:00.238 INFO testing frigus02/crypto-playground against 1.30.1 for beta-1.31-5
Dec 01 17:10:00.238 INFO running `"docker" "create" "-v" "/mnt/big/crater/work/local/target-dirs/beta-1.31-5/worker-3/1.30.1:/target:rw,Z" "-v" "/mnt/big/crater/work/local/test-source/worker-3/beta-1.31-5/1.30.1:/source:ro,Z" "-v" "/mnt/big/crater/work/local/cargo-home:/cargo-home:ro,Z" "-v" "/mnt/big/crater/work/local/rustup-home:/rustup-home:ro,Z" "-e" "USER_ID=1000" "-e" "SOURCE_DIR=/source" "-e" "USER_ID=1000" "-e" "CMD=cargo +1.30.1 build --frozen" "-e" "CARGO_TARGET_DIR=/target" "-e" "CARGO_INCREMENTAL=0" "-e" "RUST_BACKTRACE=full" "-e" "RUSTFLAGS=--cap-lints=warn" "-e" "CARGO_HOME=/cargo-home" "-e" "RUSTUP_HOME=/rustup-home" "-m" "1536M" "--network" "none" "crater"`
Dec 01 17:10:00.397 INFO [stdout] 9568ab19f3230ab82ad80b1d588d98bc5e5e652124dcf36861f6bd3bd823e773
Dec 01 17:10:00.400 INFO running `"docker" "start" "-a" "9568ab19f3230ab82ad80b1d588d98bc5e5e652124dcf36861f6bd3bd823e773"`
Dec 01 17:10:00.809 INFO [stderr] usermod: no changes
Dec 01 17:10:00.854 INFO [stderr]    Compiling crypto-playground v0.1.0 (/source)
Dec 01 17:10:01.693 INFO [stderr] warning: unused variable: `bytes`
Dec 01 17:10:01.693 INFO [stderr]  --> src/challenges/break_repeating_key_xor.rs:9:9
Dec 01 17:10:01.693 INFO [stderr]   |
Dec 01 17:10:01.694 INFO [stderr] 9 |     let bytes = base64::decode(base64);
Dec 01 17:10:01.694 INFO [stderr]   |         ^^^^^ help: consider using `_bytes` instead
Dec 01 17:10:01.694 INFO [stderr]   |
Dec 01 17:10:01.694 INFO [stderr]   = note: #[warn(unused_variables)] on by default
Dec 01 17:10:01.694 INFO [stderr] 
Dec 01 17:10:01.733 INFO [stderr] warning: function is never used: `get`
Dec 01 17:10:01.733 INFO [stderr]  --> src/analysis/hemming_distance.rs:1:1
Dec 01 17:10:01.733 INFO [stderr]   |
Dec 01 17:10:01.733 INFO [stderr] 1 | pub fn get(bytes_a: &[u8], bytes_b: &[u8]) -> Result<u8, String> {
Dec 01 17:10:01.733 INFO [stderr]   | ^^^^^^^^^^^^^^^^^^^^^^^^^^^^^^^^^^^^^^^^^^^^^^^^^^^^^^^^^^^^^^^^
Dec 01 17:10:01.733 INFO [stderr]   |
Dec 01 17:10:01.733 INFO [stderr]   = note: #[warn(dead_code)] on by default
Dec 01 17:10:01.733 INFO [stderr] 
Dec 01 17:10:03.020 INFO [stderr]     Finished dev [unoptimized + debuginfo] target(s) in 2.19s
Dec 01 17:10:03.020 INFO [stderr] su: No module specific data is present
Dec 01 17:10:03.523 INFO running `"docker" "inspect" "9568ab19f3230ab82ad80b1d588d98bc5e5e652124dcf36861f6bd3bd823e773"`
Dec 01 17:10:03.731 INFO running `"docker" "rm" "-f" "9568ab19f3230ab82ad80b1d588d98bc5e5e652124dcf36861f6bd3bd823e773"`
Dec 01 17:10:03.915 INFO [stdout] 9568ab19f3230ab82ad80b1d588d98bc5e5e652124dcf36861f6bd3bd823e773
Dec 01 17:10:03.921 INFO running `"docker" "create" "-v" "/mnt/big/crater/work/local/target-dirs/beta-1.31-5/worker-3/1.30.1:/target:rw,Z" "-v" "/mnt/big/crater/work/local/test-source/worker-3/beta-1.31-5/1.30.1:/source:ro,Z" "-v" "/mnt/big/crater/work/local/cargo-home:/cargo-home:ro,Z" "-v" "/mnt/big/crater/work/local/rustup-home:/rustup-home:ro,Z" "-e" "USER_ID=1000" "-e" "SOURCE_DIR=/source" "-e" "USER_ID=1000" "-e" "CMD=cargo +1.30.1 test --frozen --no-run" "-e" "CARGO_TARGET_DIR=/target" "-e" "CARGO_INCREMENTAL=0" "-e" "RUST_BACKTRACE=full" "-e" "RUSTFLAGS=--cap-lints=warn" "-e" "CARGO_HOME=/cargo-home" "-e" "RUSTUP_HOME=/rustup-home" "-m" "1536M" "--network" "none" "crater"`
Dec 01 17:10:04.422 INFO [stdout] 287c538114fc2c0cd45a4fadccb73bac31d56bd22131d3b6e6720ca7ac85cd47
Dec 01 17:10:04.427 INFO running `"docker" "start" "-a" "287c538114fc2c0cd45a4fadccb73bac31d56bd22131d3b6e6720ca7ac85cd47"`
Dec 01 17:10:05.672 INFO [stderr] usermod: no changes
Dec 01 17:10:05.767 INFO [stderr]    Compiling crypto-playground v0.1.0 (/source)
Dec 01 17:10:06.792 INFO [stderr] warning: unused variable: `bytes`
Dec 01 17:10:06.792 INFO [stderr]  --> src/challenges/break_repeating_key_xor.rs:9:9
Dec 01 17:10:06.792 INFO [stderr]   |
Dec 01 17:10:06.792 INFO [stderr] 9 |     let bytes = base64::decode(base64);
Dec 01 17:10:06.792 INFO [stderr]   |         ^^^^^ help: consider using `_bytes` instead
Dec 01 17:10:06.792 INFO [stderr]   |
Dec 01 17:10:06.794 INFO [stderr]   = note: #[warn(unused_variables)] on by default
Dec 01 17:10:06.794 INFO [stderr] 
Dec 01 17:10:08.227 INFO [stderr]     Finished dev [unoptimized + debuginfo] target(s) in 2.52s
Dec 01 17:10:08.235 INFO [stderr] su: No module specific data is present
Dec 01 17:10:08.790 INFO running `"docker" "inspect" "287c538114fc2c0cd45a4fadccb73bac31d56bd22131d3b6e6720ca7ac85cd47"`
Dec 01 17:10:08.851 INFO running `"docker" "rm" "-f" "287c538114fc2c0cd45a4fadccb73bac31d56bd22131d3b6e6720ca7ac85cd47"`
Dec 01 17:10:08.945 INFO [stdout] 287c538114fc2c0cd45a4fadccb73bac31d56bd22131d3b6e6720ca7ac85cd47
Dec 01 17:10:08.947 INFO running `"docker" "create" "-v" "/mnt/big/crater/work/local/target-dirs/beta-1.31-5/worker-3/1.30.1:/target:rw,Z" "-v" "/mnt/big/crater/work/local/test-source/worker-3/beta-1.31-5/1.30.1:/source:ro,Z" "-v" "/mnt/big/crater/work/local/cargo-home:/cargo-home:ro,Z" "-v" "/mnt/big/crater/work/local/rustup-home:/rustup-home:ro,Z" "-e" "USER_ID=1000" "-e" "SOURCE_DIR=/source" "-e" "USER_ID=1000" "-e" "CMD=cargo +1.30.1 test --frozen" "-e" "CARGO_TARGET_DIR=/target" "-e" "CARGO_INCREMENTAL=0" "-e" "RUST_BACKTRACE=full" "-e" "RUSTFLAGS=--cap-lints=warn" "-e" "CARGO_HOME=/cargo-home" "-e" "RUSTUP_HOME=/rustup-home" "-m" "1536M" "--network" "none" "crater"`
Dec 01 17:10:09.136 INFO [stdout] ab412a41de77f55a844a1a2b3a15509d848d9baa1cecccf365e298b7348bcc2f
Dec 01 17:10:09.140 INFO running `"docker" "start" "-a" "ab412a41de77f55a844a1a2b3a15509d848d9baa1cecccf365e298b7348bcc2f"`
Dec 01 17:10:09.506 INFO [stderr] usermod: no changes
Dec 01 17:10:09.551 INFO [stderr]     Finished dev [unoptimized + debuginfo] target(s) in 0.02s
Dec 01 17:10:09.567 INFO [stderr]      Running /target/debug/deps/crypto_playground-6810af6dea45eb6c
Dec 01 17:10:09.575 INFO [stdout] 
Dec 01 17:10:09.575 INFO [stdout] running 14 tests
Dec 01 17:10:09.575 INFO [stdout] test challenges::repeating_key_xor::tests::run_test ... ok
Dec 01 17:10:09.575 INFO [stdout] test challenges::hex_to_base64::tests::run_test ... ok
Dec 01 17:10:09.575 INFO [stdout] test challenges::fixed_xor::tests::run_test ... ok
Dec 01 17:10:09.575 INFO [stdout] test challenges::single_byte_xor::tests::run_test ... ok
Dec 01 17:10:09.575 INFO [stdout] test encoding::base64::tests::decode_test ... ok
Dec 01 17:10:09.575 INFO [stdout] test encoding::xor::tests::encode_repeating_key_test ... ok
Dec 01 17:10:09.575 INFO [stdout] test encoding::xor::tests::encode_fixed_length_test ... ok
Dec 01 17:10:09.575 INFO [stdout] test encoding::xor::tests::encode_single_byte_test ... ok
Dec 01 17:10:09.591 INFO [stdout] test encoding::base64::tests::encode_test ... ok
Dec 01 17:10:09.591 INFO [stdout] test encoding::hex::tests::decode_test ... ok
Dec 01 17:10:09.591 INFO [stdout] test encoding::hex::tests::encode_test ... ok
Dec 01 17:10:09.591 INFO [stdout] test analysis::hemming_distance::tests::get_test ... ok
Dec 01 17:10:09.598 INFO [stdout] test challenges::detect_single_char_xor::tests::run_test ... ok
Dec 01 17:10:09.605 INFO [stdout] test challenges::break_repeating_key_xor::tests::run_test ... FAILED
Dec 01 17:10:09.605 INFO [stdout] 
Dec 01 17:10:09.605 INFO [stdout] failures:
Dec 01 17:10:09.605 INFO [stdout] 
Dec 01 17:10:09.605 INFO [stdout] ---- challenges::break_repeating_key_xor::tests::run_test stdout ----
Dec 01 17:10:09.605 INFO [stdout] thread 'challenges::break_repeating_key_xor::tests::run_test' panicked at 'assertion failed: `(left == right)`
Dec 01 17:10:09.605 INFO [stdout]   left: `"Cooking MC\'s like a pound of bacon"`,
Dec 01 17:10:09.605 INFO [stdout]  right: `"hello"`', src/challenges/break_repeating_key_xor.rs:28:9
Dec 01 17:10:09.605 INFO [stdout] stack backtrace:
Dec 01 17:10:09.605 INFO [stdout]    0:     0x55e424695c0e - std::sys::unix::backtrace::tracing::imp::unwind_backtrace::h15749a98198ba25f
Dec 01 17:10:09.605 INFO [stdout]                                at libstd/sys/unix/backtrace/tracing/gcc_s.rs:49
Dec 01 17:10:09.605 INFO [stdout]    1:     0x55e424688f66 - std::sys_common::backtrace::print::h0ba65c811294dbf0
Dec 01 17:10:09.605 INFO [stdout]                                at libstd/sys_common/backtrace.rs:71
Dec 01 17:10:09.605 INFO [stdout]                                at libstd/sys_common/backtrace.rs:59
Dec 01 17:10:09.606 INFO [stdout]    2:     0x55e42468738d - std::panicking::default_hook::{{closure}}::h42bb31757f0fee64
Dec 01 17:10:09.606 INFO [stdout]                                at libstd/panicking.rs:211
Dec 01 17:10:09.606 INFO [stdout]    3:     0x55e42468709b - std::panicking::default_hook::hebc8848d7aa7dbd9
Dec 01 17:10:09.606 INFO [stdout]                                at libstd/panicking.rs:221
Dec 01 17:10:09.606 INFO [stdout]    4:     0x55e424687a3c - std::panicking::rust_panic_with_hook::h86e619a638415243
Dec 01 17:10:09.606 INFO [stdout]                                at libstd/panicking.rs:477
Dec 01 17:10:09.606 INFO [stdout]    5:     0x55e4246875f9 - std::panicking::continue_panic_fmt::h2d2d2bfb065a70b2
Dec 01 17:10:09.606 INFO [stdout]                                at libstd/panicking.rs:391
Dec 01 17:10:09.606 INFO [stdout]    6:     0x55e42468755d - std::panicking::begin_panic_fmt::ha5097e2056ef3d5a
Dec 01 17:10:09.606 INFO [stdout]                                at libstd/panicking.rs:346
Dec 01 17:10:09.606 INFO [stdout]    7:     0x55e424624f3c - crypto_playground::challenges::break_repeating_key_xor::tests::run_test::h494d105f54bdcd59
Dec 01 17:10:09.606 INFO [stdout]                                at src/challenges/break_repeating_key_xor.rs:28
Dec 01 17:10:09.606 INFO [stdout]    8:     0x55e424624aa9 - crypto_playground::challenges::break_repeating_key_xor::tests::run_test::{{closure}}::h28eca48ade45cb2b
Dec 01 17:10:09.606 INFO [stdout]                                at src/challenges/break_repeating_key_xor.rs:21
Dec 01 17:10:09.606 INFO [stdout]    9:     0x55e42461dbfd - core::ops::function::FnOnce::call_once::h4eee911692249f47
Dec 01 17:10:09.606 INFO [stdout]                                at libcore/ops/function.rs:238
Dec 01 17:10:09.606 INFO [stdout]   10:     0x55e42463229e - <F as alloc::boxed::FnBox<A>>::call_box::hbea525814fa423cc
Dec 01 17:10:09.606 INFO [stdout]                                at libtest/lib.rs:1461
Dec 01 17:10:09.606 INFO [stdout]                                at libcore/ops/function.rs:238
Dec 01 17:10:09.606 INFO [stdout]                                at liballoc/boxed.rs:646
Dec 01 17:10:09.606 INFO [stdout]   11:     0x55e4246a4a79 - __rust_maybe_catch_panic
Dec 01 17:10:09.606 INFO [stdout]                                at libpanic_unwind/lib.rs:103
Dec 01 17:10:09.606 INFO [stdout]   12:     0x55e42463dbfd - std::sys_common::backtrace::__rust_begin_short_backtrace::h0ff507d7422944d3
Dec 01 17:10:09.606 INFO [stdout]                                at libstd/panicking.rs:289
Dec 01 17:10:09.606 INFO [stdout]                                at libstd/panic.rs:392
Dec 01 17:10:09.606 INFO [stdout]                                at libtest/lib.rs:1416
Dec 01 17:10:09.606 INFO [stdout]                                at libstd/sys_common/backtrace.rs:136
Dec 01 17:10:09.606 INFO [stdout]   13:     0x55e424656234 - std::panicking::try::do_call::hba0bdcc3670471cc
Dec 01 17:10:09.606 INFO [stdout]                                at libstd/thread/mod.rs:409
Dec 01 17:10:09.606 INFO [stdout]                                at libstd/panic.rs:313
Dec 01 17:10:09.606 INFO [stdout]                                at libstd/panicking.rs:310
Dec 01 17:10:09.606 INFO [stdout]   14:     0x55e4246a4a79 - __rust_maybe_catch_panic
Dec 01 17:10:09.606 INFO [stdout]                                at libpanic_unwind/lib.rs:103
Dec 01 17:10:09.606 INFO [stdout]   15:     0x55e424646b06 - <F as alloc::boxed::FnBox<A>>::call_box::hdac52587b00591af
Dec 01 17:10:09.606 INFO [stdout]                                at libstd/panicking.rs:289
Dec 01 17:10:09.606 INFO [stdout]                                at libstd/panic.rs:392
Dec 01 17:10:09.606 INFO [stdout]                                at libstd/thread/mod.rs:408
Dec 01 17:10:09.606 INFO [stdout]                                at liballoc/boxed.rs:646
Dec 01 17:10:09.606 INFO [stdout]   16:     0x55e42469751a - std::sys_common::thread::start_thread::h75d887c7d2cc4479
Dec 01 17:10:09.606 INFO [stdout]                                at liballoc/boxed.rs:656
Dec 01 17:10:09.606 INFO [stdout]                                at libstd/sys_common/thread.rs:24
Dec 01 17:10:09.606 INFO [stdout]   17:     0x55e4246881a5 - std::sys::unix::thread::Thread::new::thread_start::h8414caee632bf9ed
Dec 01 17:10:09.606 INFO [stdout]                                at libstd/sys/unix/thread.rs:90
Dec 01 17:10:09.606 INFO [stdout]   18:     0x7fdb4587f6b9 - start_thread
Dec 01 17:10:09.606 INFO [stdout]   19:     0x7fdb4539f41c - clone
Dec 01 17:10:09.606 INFO [stdout]   20:                0x0 - <unknown>
Dec 01 17:10:09.606 INFO [stdout] 
Dec 01 17:10:09.606 INFO [stdout] 
Dec 01 17:10:09.606 INFO [stdout] failures:
Dec 01 17:10:09.606 INFO [stdout]     challenges::break_repeating_key_xor::tests::run_test
Dec 01 17:10:09.606 INFO [stdout] 
Dec 01 17:10:09.606 INFO [stdout] test result: FAILED. 13 passed; 1 failed; 0 ignored; 0 measured; 0 filtered out
Dec 01 17:10:09.606 INFO [stdout] 
Dec 01 17:10:09.609 INFO [stderr] error: test failed, to rerun pass '--bin crypto-playground'
Dec 01 17:10:09.610 INFO [stderr] su: No module specific data is present
Dec 01 17:10:09.987 INFO running `"docker" "inspect" "ab412a41de77f55a844a1a2b3a15509d848d9baa1cecccf365e298b7348bcc2f"`
Dec 01 17:10:10.107 INFO running `"docker" "rm" "-f" "ab412a41de77f55a844a1a2b3a15509d848d9baa1cecccf365e298b7348bcc2f"`
Dec 01 17:10:10.249 INFO [stdout] ab412a41de77f55a844a1a2b3a15509d848d9baa1cecccf365e298b7348bcc2f
