Dec 01 18:33:32.427 INFO testing eightbitraptor/otaku_v2 against 1.30.1 for beta-1.31-5
Dec 01 18:33:32.428 INFO running `"docker" "create" "-v" "/mnt/big/crater/work/local/target-dirs/beta-1.31-5/worker-1/1.30.1:/target:rw,Z" "-v" "/mnt/big/crater/work/local/test-source/worker-1/beta-1.31-5/1.30.1:/source:ro,Z" "-v" "/mnt/big/crater/work/local/cargo-home:/cargo-home:ro,Z" "-v" "/mnt/big/crater/work/local/rustup-home:/rustup-home:ro,Z" "-e" "USER_ID=1000" "-e" "SOURCE_DIR=/source" "-e" "USER_ID=1000" "-e" "CMD=cargo +1.30.1 build --frozen" "-e" "CARGO_TARGET_DIR=/target" "-e" "CARGO_INCREMENTAL=0" "-e" "RUST_BACKTRACE=full" "-e" "RUSTFLAGS=--cap-lints=warn" "-e" "CARGO_HOME=/cargo-home" "-e" "RUSTUP_HOME=/rustup-home" "-m" "1536M" "--network" "none" "crater"`
Dec 01 18:33:32.899 INFO [stdout] 9f30cf6534a972412f94c8b11c544efa834cb3b52eb5eca113da6ffeb57bbbf0
Dec 01 18:33:32.903 INFO running `"docker" "start" "-a" "9f30cf6534a972412f94c8b11c544efa834cb3b52eb5eca113da6ffeb57bbbf0"`
Dec 01 18:33:33.739 INFO [stderr] usermod: no changes
Dec 01 18:33:34.021 INFO [stderr]    Compiling net2 v0.2.32
Dec 01 18:33:34.027 INFO [stderr]    Compiling num_cpus v1.8.0
Dec 01 18:33:34.031 INFO [stderr]    Compiling openssl-sys v0.9.31
Dec 01 18:33:34.031 INFO [stderr]    Compiling sqlite3-src v0.2.9
Dec 01 18:33:34.031 INFO [stderr]    Compiling rand v0.3.22
Dec 01 18:33:34.031 INFO [stderr]    Compiling tokio-io v0.1.6
Dec 01 18:33:34.043 INFO [stderr]    Compiling serde_urlencoded v0.5.2
Dec 01 18:33:36.414 INFO [stderr]    Compiling uuid v0.5.1
Dec 01 18:33:38.906 INFO [stderr]    Compiling mio v0.6.14
Dec 01 18:33:39.611 INFO [stderr]    Compiling sqlite3-sys v0.12.0
Dec 01 18:33:39.863 INFO [stderr]    Compiling tokio-threadpool v0.1.3
Dec 01 18:33:39.863 INFO [stderr]    Compiling futures-cpupool v0.1.8
Dec 01 18:33:40.663 INFO [stderr]    Compiling openssl v0.9.24
Dec 01 18:33:41.185 INFO [stderr]    Compiling sqlite v0.23.9
Dec 01 18:33:48.407 INFO [stderr]    Compiling tokio-reactor v0.1.1
Dec 01 18:33:50.255 INFO [stderr]    Compiling tokio-fs v0.1.0
Dec 01 18:33:52.719 INFO [stderr]    Compiling tokio-udp v0.1.0
Dec 01 18:33:52.719 INFO [stderr]    Compiling tokio-tcp v0.1.0
Dec 01 18:33:55.995 INFO [stderr]    Compiling tokio v0.1.6
Dec 01 18:33:58.455 INFO [stderr]    Compiling native-tls v0.1.5
Dec 01 18:34:00.394 INFO [stderr]    Compiling tokio-core v0.1.17
Dec 01 18:34:03.975 INFO [stderr]    Compiling tokio-proto v0.1.1
Dec 01 18:34:03.975 INFO [stderr]    Compiling tokio-tls v0.1.4
Dec 01 18:34:08.694 INFO [stderr]    Compiling hyper v0.11.27
Dec 01 18:34:20.620 INFO [stderr]    Compiling hyper-tls v0.1.3
Dec 01 18:34:23.668 INFO [stderr]    Compiling reqwest v0.8.5
Dec 01 18:34:33.801 INFO [stderr]    Compiling otaku v0.1.0 (/source)
Dec 01 18:34:41.403 INFO [stderr]     Finished dev [unoptimized + debuginfo] target(s) in 1m 07s
Dec 01 18:34:41.420 INFO [stderr] su: No module specific data is present
Dec 01 18:34:42.375 INFO running `"docker" "inspect" "9f30cf6534a972412f94c8b11c544efa834cb3b52eb5eca113da6ffeb57bbbf0"`
Dec 01 18:34:42.677 INFO running `"docker" "rm" "-f" "9f30cf6534a972412f94c8b11c544efa834cb3b52eb5eca113da6ffeb57bbbf0"`
Dec 01 18:34:42.918 INFO [stdout] 9f30cf6534a972412f94c8b11c544efa834cb3b52eb5eca113da6ffeb57bbbf0
Dec 01 18:34:42.927 INFO running `"docker" "create" "-v" "/mnt/big/crater/work/local/target-dirs/beta-1.31-5/worker-1/1.30.1:/target:rw,Z" "-v" "/mnt/big/crater/work/local/test-source/worker-1/beta-1.31-5/1.30.1:/source:ro,Z" "-v" "/mnt/big/crater/work/local/cargo-home:/cargo-home:ro,Z" "-v" "/mnt/big/crater/work/local/rustup-home:/rustup-home:ro,Z" "-e" "USER_ID=1000" "-e" "SOURCE_DIR=/source" "-e" "USER_ID=1000" "-e" "CMD=cargo +1.30.1 test --frozen --no-run" "-e" "CARGO_TARGET_DIR=/target" "-e" "CARGO_INCREMENTAL=0" "-e" "RUST_BACKTRACE=full" "-e" "RUSTFLAGS=--cap-lints=warn" "-e" "CARGO_HOME=/cargo-home" "-e" "RUSTUP_HOME=/rustup-home" "-m" "1536M" "--network" "none" "crater"`
Dec 01 18:34:43.435 INFO [stdout] a91c6cc8b6fb301d37f4791cbb440f61b6bd45ed3caf876bf575d49903ef3a60
Dec 01 18:34:43.437 INFO running `"docker" "start" "-a" "a91c6cc8b6fb301d37f4791cbb440f61b6bd45ed3caf876bf575d49903ef3a60"`
Dec 01 18:34:45.056 INFO [stderr] usermod: no changes
Dec 01 18:34:45.387 INFO [stderr]    Compiling nanoid v0.2.0
Dec 01 18:34:45.399 INFO [stderr]    Compiling rayon-core v1.4.0
Dec 01 18:34:45.439 INFO [stderr]    Compiling png v0.12.0
Dec 01 18:34:49.351 INFO [stderr]    Compiling rayon v1.0.1
Dec 01 18:34:53.963 INFO [stderr]    Compiling jpeg-decoder v0.1.14
Dec 01 18:34:57.607 INFO [stderr]    Compiling image v0.19.0
Dec 01 18:35:14.487 INFO [stderr]    Compiling otaku v0.1.0 (/source)
Dec 01 18:35:24.255 INFO [stderr]     Finished dev [unoptimized + debuginfo] target(s) in 39.15s
Dec 01 18:35:24.268 INFO [stderr] su: No module specific data is present
Dec 01 18:35:24.696 INFO running `"docker" "inspect" "a91c6cc8b6fb301d37f4791cbb440f61b6bd45ed3caf876bf575d49903ef3a60"`
Dec 01 18:35:24.812 INFO running `"docker" "rm" "-f" "a91c6cc8b6fb301d37f4791cbb440f61b6bd45ed3caf876bf575d49903ef3a60"`
Dec 01 18:35:24.915 INFO [stdout] a91c6cc8b6fb301d37f4791cbb440f61b6bd45ed3caf876bf575d49903ef3a60
Dec 01 18:35:24.920 INFO running `"docker" "create" "-v" "/mnt/big/crater/work/local/target-dirs/beta-1.31-5/worker-1/1.30.1:/target:rw,Z" "-v" "/mnt/big/crater/work/local/test-source/worker-1/beta-1.31-5/1.30.1:/source:ro,Z" "-v" "/mnt/big/crater/work/local/cargo-home:/cargo-home:ro,Z" "-v" "/mnt/big/crater/work/local/rustup-home:/rustup-home:ro,Z" "-e" "USER_ID=1000" "-e" "SOURCE_DIR=/source" "-e" "USER_ID=1000" "-e" "CMD=cargo +1.30.1 test --frozen" "-e" "CARGO_TARGET_DIR=/target" "-e" "CARGO_INCREMENTAL=0" "-e" "RUST_BACKTRACE=full" "-e" "RUSTFLAGS=--cap-lints=warn" "-e" "CARGO_HOME=/cargo-home" "-e" "RUSTUP_HOME=/rustup-home" "-m" "1536M" "--network" "none" "crater"`
Dec 01 18:35:25.203 INFO [stdout] 81c91461a512b9fc7e5a2dc5b774b91eb8b17e09cbb1df647b932e9b76965be6
Dec 01 18:35:25.205 INFO running `"docker" "start" "-a" "81c91461a512b9fc7e5a2dc5b774b91eb8b17e09cbb1df647b932e9b76965be6"`
Dec 01 18:35:26.048 INFO [stderr] usermod: no changes
Dec 01 18:35:26.360 INFO [stderr]     Finished dev [unoptimized + debuginfo] target(s) in 0.27s
Dec 01 18:35:26.369 INFO [stderr]      Running /target/debug/deps/otaku-ebe8a6e78305dd8a
Dec 01 18:35:26.379 INFO [stdout] 
Dec 01 18:35:26.379 INFO [stdout] running 8 tests
Dec 01 18:35:26.382 INFO [stdout] test catalogue::tests::test_we_can_open_the_db ... ok
Dec 01 18:35:26.385 INFO [stdout] test catalogue::tests::test_db_state_when_db_is_not_bootstrapped ... ok
Dec 01 18:35:26.393 INFO [stdout] test catalogue::tests::test_db_state_when_db_is_badly_bootstrapped ... ok
Dec 01 18:35:26.405 INFO [stdout] test catalogue::tests::test_we_can_bootstrap_the_db ... ok
Dec 01 18:35:26.435 INFO [stdout] test catalogue::tests::test_db_state_when_db_db_state ... ok
Dec 01 18:35:26.475 INFO [stdout] test catalogue::tests::test_inserting_images_into_the_catalogue ... ok
Dec 01 18:35:26.524 INFO [stdout] test downloader::tests::test_it_downloads_an_image_from_a_url ... FAILED
Dec 01 18:35:26.524 INFO [stdout] test downloader::tests::test_it_can_open_the_saved_image ... FAILED
Dec 01 18:35:26.524 INFO [stdout] 
Dec 01 18:35:26.524 INFO [stdout] failures:
Dec 01 18:35:26.524 INFO [stdout] 
Dec 01 18:35:26.524 INFO [stdout] ---- downloader::tests::test_it_downloads_an_image_from_a_url stdout ----
Dec 01 18:35:26.524 INFO [stdout] thread 'downloader::tests::test_it_downloads_an_image_from_a_url' panicked at 'failed to download file: OtakuError', libcore/result.rs:1009:5
Dec 01 18:35:26.524 INFO [stdout] stack backtrace:
Dec 01 18:35:26.524 INFO [stdout]    0:     0x55e66f15ab2e - std::sys::unix::backtrace::tracing::imp::unwind_backtrace::h15749a98198ba25f
Dec 01 18:35:26.524 INFO [stdout]                                at libstd/sys/unix/backtrace/tracing/gcc_s.rs:49
Dec 01 18:35:26.524 INFO [stdout]    1:     0x55e66f14cb36 - std::sys_common::backtrace::print::h0ba65c811294dbf0
Dec 01 18:35:26.524 INFO [stdout]                                at libstd/sys_common/backtrace.rs:71
Dec 01 18:35:26.524 INFO [stdout]                                at libstd/sys_common/backtrace.rs:59
Dec 01 18:35:26.524 INFO [stdout]    2:     0x55e66f14adfd - std::panicking::default_hook::{{closure}}::h42bb31757f0fee64
Dec 01 18:35:26.524 INFO [stdout]                                at libstd/panicking.rs:211
Dec 01 18:35:26.524 INFO [stdout]    3:     0x55e66f14ab0b - std::panicking::default_hook::hebc8848d7aa7dbd9
Dec 01 18:35:26.524 INFO [stdout]                                at libstd/panicking.rs:221
Dec 01 18:35:26.524 INFO [stdout]    4:     0x55e66f14b4ac - std::panicking::rust_panic_with_hook::h86e619a638415243
Dec 01 18:35:26.524 INFO [stdout]                                at libstd/panicking.rs:477
Dec 01 18:35:26.524 INFO [stdout]    5:     0x55e66f14b069 - std::panicking::continue_panic_fmt::h2d2d2bfb065a70b2
Dec 01 18:35:26.524 INFO [stdout]                                at libstd/panicking.rs:391
Dec 01 18:35:26.524 INFO [stdout]    6:     0x55e66f14af65 - rust_begin_unwind
Dec 01 18:35:26.524 INFO [stdout]                                at libstd/panicking.rs:326
Dec 01 18:35:26.524 INFO [stdout]    7:     0x55e66f19a83b - core::panicking::panic_fmt::h2155aa66b67fe83c
Dec 01 18:35:26.524 INFO [stdout]                                at libcore/panicking.rs:77
Dec 01 18:35:26.524 INFO [stdout]    8:     0x55e66ed6bbc9 - core::result::unwrap_failed::hff2a9c32919f5b9b
Dec 01 18:35:26.524 INFO [stdout]                                at libcore/macros.rs:26
Dec 01 18:35:26.524 INFO [stdout]    9:     0x55e66ed6aa54 - <core::result::Result<T, E>>::expect::h99d1742aee1ec738
Dec 01 18:35:26.524 INFO [stdout]                                at libcore/result.rs:835
Dec 01 18:35:26.525 INFO [stdout]   10:     0x55e66ed721ad - otaku::downloader::tests::test_it_downloads_an_image_from_a_url::h82a134f3c733e7f0
Dec 01 18:35:26.525 INFO [stdout]                                at src/downloader.rs:34
Dec 01 18:35:26.525 INFO [stdout]   11:     0x55e66ed72119 - otaku::downloader::tests::test_it_downloads_an_image_from_a_url::{{closure}}::h316388b85903d31a
Dec 01 18:35:26.525 INFO [stdout]                                at src/downloader.rs:29
Dec 01 18:35:26.525 INFO [stdout]   12:     0x55e66ed6cb4d - core::ops::function::FnOnce::call_once::h3919e57734819ea6
Dec 01 18:35:26.525 INFO [stdout]                                at libcore/ops/function.rs:238
Dec 01 18:35:26.525 INFO [stdout]   13:     0x55e66ed7694e - <F as alloc::boxed::FnBox<A>>::call_box::hbea525814fa423cc
Dec 01 18:35:26.525 INFO [stdout]                                at libtest/lib.rs:1461
Dec 01 18:35:26.525 INFO [stdout]                                at libcore/ops/function.rs:238
Dec 01 18:35:26.525 INFO [stdout]                                at liballoc/boxed.rs:646
Dec 01 18:35:26.525 INFO [stdout]   14:     0x55e66f169c99 - __rust_maybe_catch_panic
Dec 01 18:35:26.525 INFO [stdout]                                at libpanic_unwind/lib.rs:103
Dec 01 18:35:26.525 INFO [stdout]   15:     0x55e66ed822ad - std::sys_common::backtrace::__rust_begin_short_backtrace::h0ff507d7422944d3
Dec 01 18:35:26.525 INFO [stdout]                                at libstd/panicking.rs:289
Dec 01 18:35:26.525 INFO [stdout]                                at libstd/panic.rs:392
Dec 01 18:35:26.525 INFO [stdout]                                at libtest/lib.rs:1416
Dec 01 18:35:26.525 INFO [stdout]                                at libstd/sys_common/backtrace.rs:136
Dec 01 18:35:26.525 INFO [stdout]   16:     0x55e66ed9a8e4 - std::panicking::try::do_call::hba0bdcc3670471cc
Dec 01 18:35:26.525 INFO [stdout]                                at libstd/thread/mod.rs:409
Dec 01 18:35:26.525 INFO [stdout]                                at libstd/panic.rs:313
Dec 01 18:35:26.525 INFO [stdout]                                at libstd/panicking.rs:310
Dec 01 18:35:26.525 INFO [stdout]   17:     0x55e66f169c99 - __rust_maybe_catch_panic
Dec 01 18:35:26.525 INFO [stdout]                                at libpanic_unwind/lib.rs:103
Dec 01 18:35:26.525 INFO [stdout]   18:     0x55e66ed8b1b6 - <F as alloc::boxed::FnBox<A>>::call_box::hdac52587b00591af
Dec 01 18:35:26.525 INFO [stdout]                                at libstd/panicking.rs:289
Dec 01 18:35:26.525 INFO [stdout]                                at libstd/panic.rs:392
Dec 01 18:35:26.525 INFO [stdout]                                at libstd/thread/mod.rs:408
Dec 01 18:35:26.525 INFO [stdout]                                at liballoc/boxed.rs:646
Dec 01 18:35:26.525 INFO [stdout]   19:     0x55e66f15c66a - std::sys_common::thread::start_thread::h75d887c7d2cc4479
Dec 01 18:35:26.525 INFO [stdout]                                at liballoc/boxed.rs:656
Dec 01 18:35:26.525 INFO [stdout]                                at libstd/sys_common/thread.rs:24
Dec 01 18:35:26.525 INFO [stdout]   20:     0x55e66f14bcd5 - std::sys::unix::thread::Thread::new::thread_start::h8414caee632bf9ed
Dec 01 18:35:26.525 INFO [stdout]                                at libstd/sys/unix/thread.rs:90
Dec 01 18:35:26.525 INFO [stdout]   21:     0x7fbb22df16b9 - start_thread
Dec 01 18:35:26.525 INFO [stdout]   22:     0x7fbb2291141c - clone
Dec 01 18:35:26.525 INFO [stdout]   23:                0x0 - <unknown>
Dec 01 18:35:26.525 INFO [stdout] 
Dec 01 18:35:26.525 INFO [stdout] ---- downloader::tests::test_it_can_open_the_saved_image stdout ----
Dec 01 18:35:26.525 INFO [stdout] thread 'downloader::tests::test_it_can_open_the_saved_image' panicked at 'failed to download file: OtakuError', libcore/result.rs:1009:5
Dec 01 18:35:26.525 INFO [stdout] stack backtrace:
Dec 01 18:35:26.525 INFO [stdout]    0:     0x55e66f15ab2e - std::sys::unix::backtrace::tracing::imp::unwind_backtrace::h15749a98198ba25f
Dec 01 18:35:26.525 INFO [stdout]                                at libstd/sys/unix/backtrace/tracing/gcc_s.rs:49
Dec 01 18:35:26.525 INFO [stdout]    1:     0x55e66f14cb36 - std::sys_common::backtrace::print::h0ba65c811294dbf0
Dec 01 18:35:26.525 INFO [stdout]                                at libstd/sys_common/backtrace.rs:71
Dec 01 18:35:26.525 INFO [stdout]                                at libstd/sys_common/backtrace.rs:59
Dec 01 18:35:26.525 INFO [stdout]    2:     0x55e66f14adfd - std::panicking::default_hook::{{closure}}::h42bb31757f0fee64
Dec 01 18:35:26.525 INFO [stdout]                                at libstd/panicking.rs:211
Dec 01 18:35:26.525 INFO [stdout]    3:     0x55e66f14ab0b - std::panicking::default_hook::hebc8848d7aa7dbd9
Dec 01 18:35:26.525 INFO [stdout]                                at libstd/panicking.rs:221
Dec 01 18:35:26.525 INFO [stdout]    4:     0x55e66f14b4ac - std::panicking::rust_panic_with_hook::h86e619a638415243
Dec 01 18:35:26.525 INFO [stdout]                                at libstd/panicking.rs:477
Dec 01 18:35:26.525 INFO [stdout]    5:     0x55e66f14b069 - std::panicking::continue_panic_fmt::h2d2d2bfb065a70b2
Dec 01 18:35:26.525 INFO [stdout]                                at libstd/panicking.rs:391
Dec 01 18:35:26.525 INFO [stdout]    6:     0x55e66f14af65 - rust_begin_unwind
Dec 01 18:35:26.525 INFO [stdout]                                at libstd/panicking.rs:326
Dec 01 18:35:26.525 INFO [stdout]    7:     0x55e66f19a83b - core::panicking::panic_fmt::h2155aa66b67fe83c
Dec 01 18:35:26.525 INFO [stdout]                                at libcore/panicking.rs:77
Dec 01 18:35:26.525 INFO [stdout]    8:     0x55e66ed6bbc9 - core::result::unwrap_failed::hff2a9c32919f5b9b
Dec 01 18:35:26.525 INFO [stdout]                                at libcore/macros.rs:26
Dec 01 18:35:26.525 INFO [stdout]    9:     0x55e66ed6aa54 - <core::result::Result<T, E>>::expect::h99d1742aee1ec738
Dec 01 18:35:26.525 INFO [stdout]                                at libcore/result.rs:835
Dec 01 18:35:26.525 INFO [stdout]   10:     0x55e66ed72386 - otaku::downloader::tests::test_it_can_open_the_saved_image::h4982f2a43a2a139d
Dec 01 18:35:26.525 INFO [stdout]                                at src/downloader.rs:48
Dec 01 18:35:26.525 INFO [stdout]   11:     0x55e66ed722e9 - otaku::downloader::tests::test_it_can_open_the_saved_image::{{closure}}::h09166b3a6771bfbd
Dec 01 18:35:26.525 INFO [stdout]                                at src/downloader.rs:40
Dec 01 18:35:26.525 INFO [stdout]   12:     0x55e66ed6cbcd - core::ops::function::FnOnce::call_once::h7c8a5948ad3490e4
Dec 01 18:35:26.525 INFO [stdout]                                at libcore/ops/function.rs:238
Dec 01 18:35:26.525 INFO [stdout]   13:     0x55e66ed7694e - <F as alloc::boxed::FnBox<A>>::call_box::hbea525814fa423cc
Dec 01 18:35:26.525 INFO [stdout]                                at libtest/lib.rs:1461
Dec 01 18:35:26.525 INFO [stdout]                                at libcore/ops/function.rs:238
Dec 01 18:35:26.525 INFO [stdout]                                at liballoc/boxed.rs:646
Dec 01 18:35:26.525 INFO [stdout]   14:     0x55e66f169c99 - __rust_maybe_catch_panic
Dec 01 18:35:26.525 INFO [stdout]                                at libpanic_unwind/lib.rs:103
Dec 01 18:35:26.525 INFO [stdout]   15:     0x55e66ed822ad - std::sys_common::backtrace::__rust_begin_short_backtrace::h0ff507d7422944d3
Dec 01 18:35:26.525 INFO [stdout]                                at libstd/panicking.rs:289
Dec 01 18:35:26.525 INFO [stdout]                                at libstd/panic.rs:392
Dec 01 18:35:26.525 INFO [stdout]                                at libtest/lib.rs:1416
Dec 01 18:35:26.525 INFO [stdout]                                at libstd/sys_common/backtrace.rs:136
Dec 01 18:35:26.525 INFO [stdout]   16:     0x55e66ed9a8e4 - std::panicking::try::do_call::hba0bdcc3670471cc
Dec 01 18:35:26.525 INFO [stdout]                                at libstd/thread/mod.rs:409
Dec 01 18:35:26.525 INFO [stdout]                                at libstd/panic.rs:313
Dec 01 18:35:26.525 INFO [stdout]                                at libstd/panicking.rs:310
Dec 01 18:35:26.525 INFO [stdout]   17:     0x55e66f169c99 - __rust_maybe_catch_panic
Dec 01 18:35:26.525 INFO [stdout]                                at libpanic_unwind/lib.rs:103
Dec 01 18:35:26.525 INFO [stdout]   18:     0x55e66ed8b1b6 - <F as alloc::boxed::FnBox<A>>::call_box::hdac52587b00591af
Dec 01 18:35:26.525 INFO [stdout]                                at libstd/panicking.rs:289
Dec 01 18:35:26.526 INFO [stdout]                                at libstd/panic.rs:392
Dec 01 18:35:26.526 INFO [stdout]                                at libstd/thread/mod.rs:408
Dec 01 18:35:26.526 INFO [stdout]                                at liballoc/boxed.rs:646
Dec 01 18:35:26.526 INFO [stdout]   19:     0x55e66f15c66a - std::sys_common::thread::start_thread::h75d887c7d2cc4479
Dec 01 18:35:26.526 INFO [stdout]                                at liballoc/boxed.rs:656
Dec 01 18:35:26.526 INFO [stdout]                                at libstd/sys_common/thread.rs:24
Dec 01 18:35:26.526 INFO [stdout]   20:     0x55e66f14bcd5 - std::sys::unix::thread::Thread::new::thread_start::h8414caee632bf9ed
Dec 01 18:35:26.526 INFO [stdout]                                at libstd/sys/unix/thread.rs:90
Dec 01 18:35:26.526 INFO [stdout]   21:     0x7fbb22df16b9 - start_thread
Dec 01 18:35:26.526 INFO [stdout]   22:     0x7fbb2291141c - clone
Dec 01 18:35:26.526 INFO [stdout]   23:                0x0 - <unknown>
Dec 01 18:35:26.526 INFO [stdout] 
Dec 01 18:35:26.526 INFO [stdout] 
Dec 01 18:35:26.526 INFO [stdout] failures:
Dec 01 18:35:26.526 INFO [stdout]     downloader::tests::test_it_can_open_the_saved_image
Dec 01 18:35:26.526 INFO [stdout]     downloader::tests::test_it_downloads_an_image_from_a_url
Dec 01 18:35:26.526 INFO [stdout] 
Dec 01 18:35:26.526 INFO [stdout] test result: FAILED. 6 passed; 2 failed; 0 ignored; 0 measured; 0 filtered out
Dec 01 18:35:26.526 INFO [stdout] 
Dec 01 18:35:26.529 INFO [stderr] error: test failed, to rerun pass '--bin otaku'
Dec 01 18:35:26.531 INFO [stderr] su: No module specific data is present
Dec 01 18:35:26.876 INFO running `"docker" "inspect" "81c91461a512b9fc7e5a2dc5b774b91eb8b17e09cbb1df647b932e9b76965be6"`
Dec 01 18:35:27.057 INFO running `"docker" "rm" "-f" "81c91461a512b9fc7e5a2dc5b774b91eb8b17e09cbb1df647b932e9b76965be6"`
Dec 01 18:35:27.243 INFO [stdout] 81c91461a512b9fc7e5a2dc5b774b91eb8b17e09cbb1df647b932e9b76965be6
