Dec 01 18:34:57.566 INFO testing egeromin/wellington against 1.30.1 for beta-1.31-5
Dec 01 18:34:57.566 INFO running `"docker" "create" "-v" "/mnt/big/crater/work/local/target-dirs/beta-1.31-5/worker-6/1.30.1:/target:rw,Z" "-v" "/mnt/big/crater/work/local/test-source/worker-6/beta-1.31-5/1.30.1:/source:ro,Z" "-v" "/mnt/big/crater/work/local/cargo-home:/cargo-home:ro,Z" "-v" "/mnt/big/crater/work/local/rustup-home:/rustup-home:ro,Z" "-e" "USER_ID=1000" "-e" "SOURCE_DIR=/source" "-e" "USER_ID=1000" "-e" "CMD=cargo +1.30.1 build --frozen" "-e" "CARGO_TARGET_DIR=/target" "-e" "CARGO_INCREMENTAL=0" "-e" "RUST_BACKTRACE=full" "-e" "RUSTFLAGS=--cap-lints=warn" "-e" "CARGO_HOME=/cargo-home" "-e" "RUSTUP_HOME=/rustup-home" "-m" "1536M" "--network" "none" "crater"`
Dec 01 18:34:58.075 INFO [stdout] d12a38669af7b11b3691fdbcde68997a1909d5ef2fca83e9c111163be2e1975f
Dec 01 18:34:58.077 INFO running `"docker" "start" "-a" "d12a38669af7b11b3691fdbcde68997a1909d5ef2fca83e9c111163be2e1975f"`
Dec 01 18:34:59.983 INFO [stderr] usermod: no changes
Dec 01 18:35:00.211 INFO [stderr]    Compiling url_serde v0.2.0
Dec 01 18:35:00.227 INFO [stderr]    Compiling handlebars v1.0.4
Dec 01 18:35:11.625 INFO [stderr]    Compiling wellington v0.0.1 (/source)
Dec 01 18:35:22.813 INFO [stderr]     Finished dev [unoptimized + debuginfo] target(s) in 22.79s
Dec 01 18:35:22.820 INFO [stderr] su: No module specific data is present
Dec 01 18:35:23.300 INFO running `"docker" "inspect" "d12a38669af7b11b3691fdbcde68997a1909d5ef2fca83e9c111163be2e1975f"`
Dec 01 18:35:23.422 INFO running `"docker" "rm" "-f" "d12a38669af7b11b3691fdbcde68997a1909d5ef2fca83e9c111163be2e1975f"`
Dec 01 18:35:23.539 INFO [stdout] d12a38669af7b11b3691fdbcde68997a1909d5ef2fca83e9c111163be2e1975f
Dec 01 18:35:23.545 INFO running `"docker" "create" "-v" "/mnt/big/crater/work/local/target-dirs/beta-1.31-5/worker-6/1.30.1:/target:rw,Z" "-v" "/mnt/big/crater/work/local/test-source/worker-6/beta-1.31-5/1.30.1:/source:ro,Z" "-v" "/mnt/big/crater/work/local/cargo-home:/cargo-home:ro,Z" "-v" "/mnt/big/crater/work/local/rustup-home:/rustup-home:ro,Z" "-e" "USER_ID=1000" "-e" "SOURCE_DIR=/source" "-e" "USER_ID=1000" "-e" "CMD=cargo +1.30.1 test --frozen --no-run" "-e" "CARGO_TARGET_DIR=/target" "-e" "CARGO_INCREMENTAL=0" "-e" "RUST_BACKTRACE=full" "-e" "RUSTFLAGS=--cap-lints=warn" "-e" "CARGO_HOME=/cargo-home" "-e" "RUSTUP_HOME=/rustup-home" "-m" "1536M" "--network" "none" "crater"`
Dec 01 18:35:23.831 INFO [stdout] 820e348c75d883242b0ffb4b5136904a10af9da96ff9bffe82170fcacaeaf99c
Dec 01 18:35:23.836 INFO running `"docker" "start" "-a" "820e348c75d883242b0ffb4b5136904a10af9da96ff9bffe82170fcacaeaf99c"`
Dec 01 18:35:24.366 INFO [stderr] usermod: no changes
Dec 01 18:35:24.473 INFO [stderr]    Compiling wellington v0.0.1 (/source)
Dec 01 18:35:31.034 INFO [stderr]     Finished dev [unoptimized + debuginfo] target(s) in 6.64s
Dec 01 18:35:31.042 INFO [stderr] su: No module specific data is present
Dec 01 18:35:31.422 INFO running `"docker" "inspect" "820e348c75d883242b0ffb4b5136904a10af9da96ff9bffe82170fcacaeaf99c"`
Dec 01 18:35:31.525 INFO running `"docker" "rm" "-f" "820e348c75d883242b0ffb4b5136904a10af9da96ff9bffe82170fcacaeaf99c"`
Dec 01 18:35:31.614 INFO [stdout] 820e348c75d883242b0ffb4b5136904a10af9da96ff9bffe82170fcacaeaf99c
Dec 01 18:35:31.617 INFO running `"docker" "create" "-v" "/mnt/big/crater/work/local/target-dirs/beta-1.31-5/worker-6/1.30.1:/target:rw,Z" "-v" "/mnt/big/crater/work/local/test-source/worker-6/beta-1.31-5/1.30.1:/source:ro,Z" "-v" "/mnt/big/crater/work/local/cargo-home:/cargo-home:ro,Z" "-v" "/mnt/big/crater/work/local/rustup-home:/rustup-home:ro,Z" "-e" "USER_ID=1000" "-e" "SOURCE_DIR=/source" "-e" "USER_ID=1000" "-e" "CMD=cargo +1.30.1 test --frozen" "-e" "CARGO_TARGET_DIR=/target" "-e" "CARGO_INCREMENTAL=0" "-e" "RUST_BACKTRACE=full" "-e" "RUSTFLAGS=--cap-lints=warn" "-e" "CARGO_HOME=/cargo-home" "-e" "RUSTUP_HOME=/rustup-home" "-m" "1536M" "--network" "none" "crater"`
Dec 01 18:35:31.920 INFO [stdout] 4a269ce8c5c21b441dbbe4da66f3519fd9ff92e5c87a51ee2c73f652e9999544
Dec 01 18:35:31.922 INFO running `"docker" "start" "-a" "4a269ce8c5c21b441dbbe4da66f3519fd9ff92e5c87a51ee2c73f652e9999544"`
Dec 01 18:35:32.418 INFO [stderr] usermod: no changes
Dec 01 18:35:32.507 INFO [stderr]     Finished dev [unoptimized + debuginfo] target(s) in 0.07s
Dec 01 18:35:32.522 INFO [stderr]      Running /target/debug/deps/wellington-815a9a3594d3fd19
Dec 01 18:35:32.524 INFO [stdout] 
Dec 01 18:35:32.524 INFO [stdout] running 19 tests
Dec 01 18:35:32.526 INFO [stdout] test parser::tests::can_parse_image ... ok
Dec 01 18:35:32.526 INFO [stdout] test parser::tests::check_nested_sidenote_code ... ok
Dec 01 18:35:32.528 INFO [stdout] test parser::tests::check_absolute_links ... ok
Dec 01 18:35:32.531 INFO [stdout] test sidenotes::tests::can_get_first_sidenote ... ok
Dec 01 18:35:32.531 INFO [stdout] test parser::tests::can_rewrite_links ... ok
Dec 01 18:35:32.533 INFO [stdout] test rss::test::can_set ... ok
Dec 01 18:35:32.533 INFO [stdout] test parser::tests::check_catch_sidenote_errors ... ok
Dec 01 18:35:32.534 INFO [stdout] test parser::tests::check_fail_nested_code_sidenote ... ok
Dec 01 18:35:32.535 INFO [stdout] test parser::tests::check_to_markdown ... ok
Dec 01 18:35:32.536 INFO [stdout] test sidenotes::tests::can_parse_remaining ... ok
Dec 01 18:35:32.537 INFO [stdout] test parser::tests::can_get_title ... ok
Dec 01 18:35:32.537 INFO [stdout] test sidenotes::tests::can_use_regex ... ok
Dec 01 18:35:32.537 INFO [stdout] test parser::tests::check_multi_line_sidenotes ... ok
Dec 01 18:35:32.537 INFO [stdout] test toc::tests::can_compute_input_output_filename ... ok
Dec 01 18:35:32.548 INFO [stdout] test toc::tests::can_update ... ok
Dec 01 18:35:32.551 INFO [stdout] test templates::tests::make_without_error ... ok
Dec 01 18:35:32.558 INFO [stdout] test toc::tests::render_index ... ok
Dec 01 18:35:32.563 INFO [stdout] test toc::tests::write_read_index ... ok
Dec 01 18:35:32.584 INFO [stdout] test toc::tests::can_list_dirs ... FAILED
Dec 01 18:35:32.584 INFO [stdout] 
Dec 01 18:35:32.584 INFO [stdout] failures:
Dec 01 18:35:32.584 INFO [stdout] 
Dec 01 18:35:32.585 INFO [stdout] ---- toc::tests::can_list_dirs stdout ----
Dec 01 18:35:32.585 INFO [stdout] thread 'toc::tests::can_list_dirs' panicked at 'assertion failed: `(left == right)`
Dec 01 18:35:32.585 INFO [stdout]   left: `["krasnoyarsk", "yekaterinburg", "irkutsk"]`,
Dec 01 18:35:32.585 INFO [stdout]  right: `["irkutsk", "krasnoyarsk", "yekaterinburg"]`', src/toc.rs:569:9
Dec 01 18:35:32.585 INFO [stdout] stack backtrace:
Dec 01 18:35:32.585 INFO [stdout]    0:     0x560ec4d219ee - std::sys::unix::backtrace::tracing::imp::unwind_backtrace::h15749a98198ba25f
Dec 01 18:35:32.585 INFO [stdout]                                at libstd/sys/unix/backtrace/tracing/gcc_s.rs:49
Dec 01 18:35:32.585 INFO [stdout]    1:     0x560ec4d13af6 - std::sys_common::backtrace::print::h0ba65c811294dbf0
Dec 01 18:35:32.585 INFO [stdout]                                at libstd/sys_common/backtrace.rs:71
Dec 01 18:35:32.585 INFO [stdout]                                at libstd/sys_common/backtrace.rs:59
Dec 01 18:35:32.585 INFO [stdout]    2:     0x560ec4d11f1d - std::panicking::default_hook::{{closure}}::h42bb31757f0fee64
Dec 01 18:35:32.585 INFO [stdout]                                at libstd/panicking.rs:211
Dec 01 18:35:32.585 INFO [stdout]    3:     0x560ec4d11c2b - std::panicking::default_hook::hebc8848d7aa7dbd9
Dec 01 18:35:32.585 INFO [stdout]                                at libstd/panicking.rs:221
Dec 01 18:35:32.585 INFO [stdout]    4:     0x560ec4d125cc - std::panicking::rust_panic_with_hook::h86e619a638415243
Dec 01 18:35:32.585 INFO [stdout]                                at libstd/panicking.rs:477
Dec 01 18:35:32.585 INFO [stdout]    5:     0x560ec4d12189 - std::panicking::continue_panic_fmt::h2d2d2bfb065a70b2
Dec 01 18:35:32.585 INFO [stdout]                                at libstd/panicking.rs:391
Dec 01 18:35:32.585 INFO [stdout]    6:     0x560ec4d120ed - std::panicking::begin_panic_fmt::ha5097e2056ef3d5a
Dec 01 18:35:32.585 INFO [stdout]                                at libstd/panicking.rs:346
Dec 01 18:35:32.585 INFO [stdout]    7:     0x560ec4838ef5 - wellington::toc::tests::can_list_dirs::h8e83bc7433f3d763
Dec 01 18:35:32.585 INFO [stdout]                                at src/toc.rs:569
Dec 01 18:35:32.585 INFO [stdout]    8:     0x560ec4838c19 - wellington::toc::tests::can_list_dirs::{{closure}}::h51cccc65204e151d
Dec 01 18:35:32.585 INFO [stdout]                                at src/toc.rs:558
Dec 01 18:35:32.585 INFO [stdout]    9:     0x560ec47edacd - core::ops::function::FnOnce::call_once::h21008d9b845d0513
Dec 01 18:35:32.585 INFO [stdout]                                at libcore/ops/function.rs:238
Dec 01 18:35:32.585 INFO [stdout]   10:     0x560ec483d10e - <F as alloc::boxed::FnBox<A>>::call_box::hbea525814fa423cc
Dec 01 18:35:32.585 INFO [stdout]                                at libtest/lib.rs:1461
Dec 01 18:35:32.585 INFO [stdout]                                at libcore/ops/function.rs:238
Dec 01 18:35:32.585 INFO [stdout]                                at liballoc/boxed.rs:646
Dec 01 18:35:32.585 INFO [stdout]   11:     0x560ec4d31769 - __rust_maybe_catch_panic
Dec 01 18:35:32.585 INFO [stdout]                                at libpanic_unwind/lib.rs:103
Dec 01 18:35:32.585 INFO [stdout]   12:     0x560ec4848a6d - std::sys_common::backtrace::__rust_begin_short_backtrace::h0ff507d7422944d3
Dec 01 18:35:32.585 INFO [stdout]                                at libstd/panicking.rs:289
Dec 01 18:35:32.585 INFO [stdout]                                at libstd/panic.rs:392
Dec 01 18:35:32.585 INFO [stdout]                                at libtest/lib.rs:1416
Dec 01 18:35:32.585 INFO [stdout]                                at libstd/sys_common/backtrace.rs:136
Dec 01 18:35:32.585 INFO [stdout]   13:     0x560ec48610a4 - std::panicking::try::do_call::hba0bdcc3670471cc
Dec 01 18:35:32.585 INFO [stdout]                                at libstd/thread/mod.rs:409
Dec 01 18:35:32.585 INFO [stdout]                                at libstd/panic.rs:313
Dec 01 18:35:32.585 INFO [stdout]                                at libstd/panicking.rs:310
Dec 01 18:35:32.585 INFO [stdout]   14:     0x560ec4d31769 - __rust_maybe_catch_panic
Dec 01 18:35:32.585 INFO [stdout]                                at libpanic_unwind/lib.rs:103
Dec 01 18:35:32.585 INFO [stdout]   15:     0x560ec4851976 - <F as alloc::boxed::FnBox<A>>::call_box::hdac52587b00591af
Dec 01 18:35:32.585 INFO [stdout]                                at libstd/panicking.rs:289
Dec 01 18:35:32.585 INFO [stdout]                                at libstd/panic.rs:392
Dec 01 18:35:32.585 INFO [stdout]                                at libstd/thread/mod.rs:408
Dec 01 18:35:32.585 INFO [stdout]                                at liballoc/boxed.rs:646
Dec 01 18:35:32.585 INFO [stdout]   16:     0x560ec4d232fa - std::sys_common::thread::start_thread::h75d887c7d2cc4479
Dec 01 18:35:32.585 INFO [stdout]                                at liballoc/boxed.rs:656
Dec 01 18:35:32.585 INFO [stdout]                                at libstd/sys_common/thread.rs:24
Dec 01 18:35:32.585 INFO [stdout]   17:     0x560ec4d12d35 - std::sys::unix::thread::Thread::new::thread_start::h8414caee632bf9ed
Dec 01 18:35:32.585 INFO [stdout]                                at libstd/sys/unix/thread.rs:90
Dec 01 18:35:32.585 INFO [stdout]   18:     0x7f730b5c56b9 - start_thread
Dec 01 18:35:32.585 INFO [stdout]   19:     0x7f730b0e541c - clone
Dec 01 18:35:32.585 INFO [stdout]   20:                0x0 - <unknown>
Dec 01 18:35:32.585 INFO [stdout] 
Dec 01 18:35:32.585 INFO [stdout] 
Dec 01 18:35:32.585 INFO [stdout] failures:
Dec 01 18:35:32.585 INFO [stdout]     toc::tests::can_list_dirs
Dec 01 18:35:32.585 INFO [stdout] 
Dec 01 18:35:32.585 INFO [stdout] test result: FAILED. 18 passed; 1 failed; 0 ignored; 0 measured; 0 filtered out
Dec 01 18:35:32.585 INFO [stdout] 
Dec 01 18:35:32.587 INFO [stderr] error: test failed, to rerun pass '--lib'
Dec 01 18:35:32.588 INFO [stderr] su: No module specific data is present
Dec 01 18:35:32.812 INFO running `"docker" "inspect" "4a269ce8c5c21b441dbbe4da66f3519fd9ff92e5c87a51ee2c73f652e9999544"`
Dec 01 18:35:32.899 INFO running `"docker" "rm" "-f" "4a269ce8c5c21b441dbbe4da66f3519fd9ff92e5c87a51ee2c73f652e9999544"`
Dec 01 18:35:33.001 INFO [stdout] 4a269ce8c5c21b441dbbe4da66f3519fd9ff92e5c87a51ee2c73f652e9999544
