Dec 01 19:26:37.769 INFO testing dialogbox/rust-working-samples against 1.30.1 for beta-1.31-5
Dec 01 19:26:37.769 INFO running `"docker" "create" "-v" "/mnt/big/crater/work/local/target-dirs/beta-1.31-5/worker-0/1.30.1:/target:rw,Z" "-v" "/mnt/big/crater/work/local/test-source/worker-0/beta-1.31-5/1.30.1:/source:ro,Z" "-v" "/mnt/big/crater/work/local/cargo-home:/cargo-home:ro,Z" "-v" "/mnt/big/crater/work/local/rustup-home:/rustup-home:ro,Z" "-e" "USER_ID=1000" "-e" "SOURCE_DIR=/source" "-e" "USER_ID=1000" "-e" "CMD=cargo +1.30.1 build --frozen" "-e" "CARGO_TARGET_DIR=/target" "-e" "CARGO_INCREMENTAL=0" "-e" "RUST_BACKTRACE=full" "-e" "RUSTFLAGS=--cap-lints=warn" "-e" "CARGO_HOME=/cargo-home" "-e" "RUSTUP_HOME=/rustup-home" "-m" "1536M" "--network" "none" "crater"`
Dec 01 19:26:38.111 INFO [stdout] b4fab35b2e494ab1de594d02048293c71da7e8d9b505c4a4cac4e4b3302bf0dd
Dec 01 19:26:38.113 INFO running `"docker" "start" "-a" "b4fab35b2e494ab1de594d02048293c71da7e8d9b505c4a4cac4e4b3302bf0dd"`
Dec 01 19:26:38.612 INFO [stderr] usermod: no changes
Dec 01 19:26:38.821 INFO [stderr]    Compiling openssl v0.10.11
Dec 01 19:26:38.824 INFO [stderr]    Compiling tokio-io v0.1.8
Dec 01 19:26:38.824 INFO [stderr]    Compiling backtrace-sys v0.1.24
Dec 01 19:26:38.824 INFO [stderr]    Compiling openssl-sys v0.9.35
Dec 01 19:26:38.824 INFO [stderr]    Compiling native-tls v0.2.1
Dec 01 19:26:38.850 INFO [stderr]    Compiling tokio-threadpool v0.1.6
Dec 01 19:26:39.423 INFO [stderr]    Compiling backtrace v0.3.9
Dec 01 19:26:41.195 INFO [stderr]    Compiling failure v0.1.2
Dec 01 19:26:43.667 INFO [stderr]    Compiling tokio-codec v0.1.0
Dec 01 19:26:43.667 INFO [stderr]    Compiling tokio-reactor v0.1.5
Dec 01 19:26:43.667 INFO [stderr]    Compiling h2 v0.1.12
Dec 01 19:26:47.411 INFO [stderr]    Compiling tokio-fs v0.1.3
Dec 01 19:26:50.423 INFO [stderr]    Compiling tokio-udp v0.1.2
Dec 01 19:26:50.423 INFO [stderr]    Compiling tokio-uds v0.2.1
Dec 01 19:26:50.423 INFO [stderr]    Compiling tokio-tcp v0.1.1
Dec 01 19:26:55.301 INFO [stderr]    Compiling tokio v0.1.8
Dec 01 19:27:02.685 INFO [stderr]    Compiling hyper v0.12.9
Dec 01 19:27:11.391 INFO [stderr]    Compiling hyper-tls v0.3.0
Dec 01 19:27:14.183 INFO [stderr]    Compiling working-samples v0.1.0 (/source)
Dec 01 19:27:17.701 INFO [stderr] warning: method is never used: `shear`
Dec 01 19:27:17.701 INFO [stderr]   --> src/traitsamples.rs:28:9
Dec 01 19:27:17.701 INFO [stderr]    |
Dec 01 19:27:17.701 INFO [stderr] 28 |         fn shear(&mut self) {
Dec 01 19:27:17.701 INFO [stderr]    |         ^^^^^^^^^^^^^^^^^^^
Dec 01 19:27:17.701 INFO [stderr]    |
Dec 01 19:27:17.701 INFO [stderr]    = note: #[warn(dead_code)] on by default
Dec 01 19:27:17.701 INFO [stderr] 
Dec 01 19:27:24.364 INFO [stderr]     Finished dev [unoptimized + debuginfo] target(s) in 45.73s
Dec 01 19:27:24.382 INFO [stderr] su: No module specific data is present
Dec 01 19:27:24.952 INFO running `"docker" "inspect" "b4fab35b2e494ab1de594d02048293c71da7e8d9b505c4a4cac4e4b3302bf0dd"`
Dec 01 19:27:25.154 INFO running `"docker" "rm" "-f" "b4fab35b2e494ab1de594d02048293c71da7e8d9b505c4a4cac4e4b3302bf0dd"`
Dec 01 19:27:25.351 INFO [stdout] b4fab35b2e494ab1de594d02048293c71da7e8d9b505c4a4cac4e4b3302bf0dd
Dec 01 19:27:25.359 INFO running `"docker" "create" "-v" "/mnt/big/crater/work/local/target-dirs/beta-1.31-5/worker-0/1.30.1:/target:rw,Z" "-v" "/mnt/big/crater/work/local/test-source/worker-0/beta-1.31-5/1.30.1:/source:ro,Z" "-v" "/mnt/big/crater/work/local/cargo-home:/cargo-home:ro,Z" "-v" "/mnt/big/crater/work/local/rustup-home:/rustup-home:ro,Z" "-e" "USER_ID=1000" "-e" "SOURCE_DIR=/source" "-e" "USER_ID=1000" "-e" "CMD=cargo +1.30.1 test --frozen --no-run" "-e" "CARGO_TARGET_DIR=/target" "-e" "CARGO_INCREMENTAL=0" "-e" "RUST_BACKTRACE=full" "-e" "RUSTFLAGS=--cap-lints=warn" "-e" "CARGO_HOME=/cargo-home" "-e" "RUSTUP_HOME=/rustup-home" "-m" "1536M" "--network" "none" "crater"`
Dec 01 19:27:25.772 INFO [stdout] 40d6281d8916193fd5b73418c26578ca6259df56920bf4e67f9d34dce6b9518e
Dec 01 19:27:25.772 INFO running `"docker" "start" "-a" "40d6281d8916193fd5b73418c26578ca6259df56920bf4e67f9d34dce6b9518e"`
Dec 01 19:27:26.975 INFO [stderr] usermod: no changes
Dec 01 19:27:27.194 INFO [stderr]    Compiling working-samples v0.1.0 (/source)
Dec 01 19:27:31.019 INFO [stderr] warning: method is never used: `shear`
Dec 01 19:27:31.019 INFO [stderr]   --> src/traitsamples.rs:28:9
Dec 01 19:27:31.019 INFO [stderr]    |
Dec 01 19:27:31.019 INFO [stderr] 28 |         fn shear(&mut self) {
Dec 01 19:27:31.019 INFO [stderr]    |         ^^^^^^^^^^^^^^^^^^^
Dec 01 19:27:31.019 INFO [stderr]    |
Dec 01 19:27:31.020 INFO [stderr]    = note: #[warn(dead_code)] on by default
Dec 01 19:27:31.020 INFO [stderr] 
Dec 01 19:27:40.723 INFO [stderr]     Finished dev [unoptimized + debuginfo] target(s) in 13.73s
Dec 01 19:27:40.735 INFO [stderr] su: No module specific data is present
Dec 01 19:27:42.071 INFO running `"docker" "inspect" "40d6281d8916193fd5b73418c26578ca6259df56920bf4e67f9d34dce6b9518e"`
Dec 01 19:27:42.291 INFO running `"docker" "rm" "-f" "40d6281d8916193fd5b73418c26578ca6259df56920bf4e67f9d34dce6b9518e"`
Dec 01 19:27:42.507 INFO [stdout] 40d6281d8916193fd5b73418c26578ca6259df56920bf4e67f9d34dce6b9518e
Dec 01 19:27:42.513 INFO running `"docker" "create" "-v" "/mnt/big/crater/work/local/target-dirs/beta-1.31-5/worker-0/1.30.1:/target:rw,Z" "-v" "/mnt/big/crater/work/local/test-source/worker-0/beta-1.31-5/1.30.1:/source:ro,Z" "-v" "/mnt/big/crater/work/local/cargo-home:/cargo-home:ro,Z" "-v" "/mnt/big/crater/work/local/rustup-home:/rustup-home:ro,Z" "-e" "USER_ID=1000" "-e" "SOURCE_DIR=/source" "-e" "USER_ID=1000" "-e" "CMD=cargo +1.30.1 test --frozen" "-e" "CARGO_TARGET_DIR=/target" "-e" "CARGO_INCREMENTAL=0" "-e" "RUST_BACKTRACE=full" "-e" "RUSTFLAGS=--cap-lints=warn" "-e" "CARGO_HOME=/cargo-home" "-e" "RUSTUP_HOME=/rustup-home" "-m" "1536M" "--network" "none" "crater"`
Dec 01 19:27:43.108 INFO [stdout] cd03f47c40a6eb2fd07b56a5dc62463c938e165e819edc2d19b56e02b581af23
Dec 01 19:27:43.110 INFO running `"docker" "start" "-a" "cd03f47c40a6eb2fd07b56a5dc62463c938e165e819edc2d19b56e02b581af23"`
Dec 01 19:27:44.690 INFO [stderr] usermod: no changes
Dec 01 19:27:44.958 INFO [stderr]     Finished dev [unoptimized + debuginfo] target(s) in 0.25s
Dec 01 19:27:44.977 INFO [stderr]      Running /target/debug/deps/working_samples-70438def7091b693
Dec 01 19:27:44.983 INFO [stdout] 
Dec 01 19:27:44.983 INFO [stdout] running 17 tests
Dec 01 19:27:45.071 INFO [stdout] test hn_client::playground::de_list_test ... ok
Dec 01 19:27:45.132 INFO [stdout] test ownership_demo::tests::distinct_lifttime ... ok
Dec 01 19:27:45.135 INFO [stdout] test ownership_demo::tests::move_out_from_vec ... ok
Dec 01 19:27:45.156 INFO [stdout] test ownership_demo::tests::return_ref ... ok
Dec 01 19:27:45.191 INFO [stdout] test ownership_demo::tests::struct_containing_ref ... ok
Dec 01 19:27:45.251 INFO [stdout] test traitsamples::test::bothtest::talk_test ... ok
Dec 01 19:27:45.323 INFO [stdout] Error: an error occurred trying to connect: failed to lookup address information: Temporary failure in name resolution
Dec 01 19:27:45.339 INFO [stdout] test hn_client::playground::top_story_list_test ... ok
Dec 01 19:27:45.339 INFO [stdout] test traitsamples::test::dogtest::talk_test ... ok
Dec 01 19:27:45.340 INFO [stdout] test traitsamples::test::sheeptest::talk_test ... ok
Dec 01 19:27:45.355 INFO [stdout] test hn_client::playground::tokio_async_multirequest_test ... ok
Dec 01 19:27:45.360 INFO [stdout] test word_count::test::count_word_fn_test ... ok
Dec 01 19:27:45.367 INFO [stdout] test hn_client::playground::tokio_async_multirequest_using_client_test ... ok
Dec 01 19:27:45.369 INFO [stdout] test hn_client::playground::get_top_list_sample ... ok
Dec 01 19:27:45.384 INFO [stdout] test word_count::test::count_word_test ... ok
Dec 01 19:27:45.669 INFO [stdout] test hn_client::test::get_top_list_test ... ok
Dec 01 19:27:45.784 INFO [stdout] test hn_client::test::get_item_test ... FAILED
Dec 01 19:27:45.785 INFO [stdout] test hn_client::test::get_from_url_should_panic_for_invalid_url ... ok
Dec 01 19:27:45.785 INFO [stdout] 
Dec 01 19:27:45.785 INFO [stdout] failures:
Dec 01 19:27:45.786 INFO [stdout] 
Dec 01 19:27:45.786 INFO [stdout] ---- hn_client::test::get_item_test stdout ----
Dec 01 19:27:45.786 INFO [stdout] thread 'hn_client::test::get_item_test' panicked at 'Box<Any>', src/hn_client.rs:150:23
Dec 01 19:27:45.786 INFO [stdout] stack backtrace:
Dec 01 19:27:45.786 INFO [stdout]    0:     0x5631d3299ffe - std::sys::unix::backtrace::tracing::imp::unwind_backtrace::h15749a98198ba25f
Dec 01 19:27:45.786 INFO [stdout]                                at libstd/sys/unix/backtrace/tracing/gcc_s.rs:49
Dec 01 19:27:45.786 INFO [stdout]    1:     0x5631d328bb96 - std::sys_common::backtrace::print::h0ba65c811294dbf0
Dec 01 19:27:45.786 INFO [stdout]                                at libstd/sys_common/backtrace.rs:71
Dec 01 19:27:45.786 INFO [stdout]                                at libstd/sys_common/backtrace.rs:59
Dec 01 19:27:45.786 INFO [stdout]    2:     0x5631d3289efd - std::panicking::default_hook::{{closure}}::h42bb31757f0fee64
Dec 01 19:27:45.786 INFO [stdout]                                at libstd/panicking.rs:211
Dec 01 19:27:45.786 INFO [stdout]    3:     0x5631d3289c0b - std::panicking::default_hook::hebc8848d7aa7dbd9
Dec 01 19:27:45.786 INFO [stdout]                                at libstd/panicking.rs:221
Dec 01 19:27:45.786 INFO [stdout]    4:     0x5631d328a5ac - std::panicking::rust_panic_with_hook::h86e619a638415243
Dec 01 19:27:45.786 INFO [stdout]                                at libstd/panicking.rs:477
Dec 01 19:27:45.786 INFO [stdout]    5:     0x5631d2e0b829 - std::panicking::begin_panic::h0ac4b2ee2c9c2ce8
Dec 01 19:27:45.786 INFO [stdout]                                at libstd/panicking.rs:411
Dec 01 19:27:45.786 INFO [stdout]    6:     0x5631d2e09a49 - working_samples::hn_client::test::get_item_test::hf528dd00ae4b4d64
Dec 01 19:27:45.786 INFO [stdout]                                at src/hn_client.rs:150
Dec 01 19:27:45.786 INFO [stdout]    7:     0x5631d2e098b9 - working_samples::hn_client::test::get_item_test::{{closure}}::hb30c146a785106d8
Dec 01 19:27:45.786 INFO [stdout]                                at src/hn_client.rs:143
Dec 01 19:27:45.786 INFO [stdout]    8:     0x5631d2e828ad - core::ops::function::FnOnce::call_once::h819941ece2c20598
Dec 01 19:27:45.786 INFO [stdout]                                at libcore/ops/function.rs:238
Dec 01 19:27:45.786 INFO [stdout]    9:     0x5631d2f23b2e - <F as alloc::boxed::FnBox<A>>::call_box::hbea525814fa423cc
Dec 01 19:27:45.786 INFO [stdout]                                at libtest/lib.rs:1461
Dec 01 19:27:45.786 INFO [stdout]                                at libcore/ops/function.rs:238
Dec 01 19:27:45.786 INFO [stdout]                                at liballoc/boxed.rs:646
Dec 01 19:27:45.787 INFO [stdout]   10:     0x5631d32a9209 - __rust_maybe_catch_panic
Dec 01 19:27:45.787 INFO [stdout]                                at libpanic_unwind/lib.rs:103
Dec 01 19:27:45.787 INFO [stdout]   11:     0x5631d2f2f48d - std::sys_common::backtrace::__rust_begin_short_backtrace::h0ff507d7422944d3
Dec 01 19:27:45.787 INFO [stdout]                                at libstd/panicking.rs:289
Dec 01 19:27:45.787 INFO [stdout]                                at libstd/panic.rs:392
Dec 01 19:27:45.787 INFO [stdout]                                at libtest/lib.rs:1416
Dec 01 19:27:45.787 INFO [stdout]                                at libstd/sys_common/backtrace.rs:136
Dec 01 19:27:45.787 INFO [stdout]   12:     0x5631d2f47ac4 - std::panicking::try::do_call::hba0bdcc3670471cc
Dec 01 19:27:45.787 INFO [stdout]                                at libstd/thread/mod.rs:409
Dec 01 19:27:45.787 INFO [stdout]                                at libstd/panic.rs:313
Dec 01 19:27:45.787 INFO [stdout]                                at libstd/panicking.rs:310
Dec 01 19:27:45.787 INFO [stdout]   13:     0x5631d32a9209 - __rust_maybe_catch_panic
Dec 01 19:27:45.787 INFO [stdout]                                at libpanic_unwind/lib.rs:103
Dec 01 19:27:45.787 INFO [stdout]   14:     0x5631d2f38396 - <F as alloc::boxed::FnBox<A>>::call_box::hdac52587b00591af
Dec 01 19:27:45.787 INFO [stdout]                                at libstd/panicking.rs:289
Dec 01 19:27:45.787 INFO [stdout]                                at libstd/panic.rs:392
Dec 01 19:27:45.787 INFO [stdout]                                at libstd/thread/mod.rs:408
Dec 01 19:27:45.787 INFO [stdout]                                at liballoc/boxed.rs:646
Dec 01 19:27:45.787 INFO [stdout]   15:     0x5631d329bb7a - std::sys_common::thread::start_thread::h75d887c7d2cc4479
Dec 01 19:27:45.787 INFO [stdout]                                at liballoc/boxed.rs:656
Dec 01 19:27:45.787 INFO [stdout]                                at libstd/sys_common/thread.rs:24
Dec 01 19:27:45.787 INFO [stdout]   16:     0x5631d328add5 - std::sys::unix::thread::Thread::new::thread_start::h8414caee632bf9ed
Dec 01 19:27:45.787 INFO [stdout]                                at libstd/sys/unix/thread.rs:90
Dec 01 19:27:45.787 INFO [stdout]   17:     0x7fcec1f146b9 - start_thread
Dec 01 19:27:45.787 INFO [stdout]   18:     0x7fcec1a3441c - clone
Dec 01 19:27:45.787 INFO [stdout]   19:                0x0 - <unknown>
Dec 01 19:27:45.787 INFO [stdout] 
Dec 01 19:27:45.787 INFO [stdout] 
Dec 01 19:27:45.787 INFO [stdout] failures:
Dec 01 19:27:45.787 INFO [stdout]     hn_client::test::get_item_test
Dec 01 19:27:45.787 INFO [stdout] 
Dec 01 19:27:45.787 INFO [stdout] test result: FAILED. 16 passed; 1 failed; 0 ignored; 0 measured; 0 filtered out
Dec 01 19:27:45.787 INFO [stdout] 
Dec 01 19:27:45.795 INFO [stderr] error: test failed, to rerun pass '--lib'
Dec 01 19:27:45.799 INFO [stderr] su: No module specific data is present
Dec 01 19:27:46.945 INFO running `"docker" "inspect" "cd03f47c40a6eb2fd07b56a5dc62463c938e165e819edc2d19b56e02b581af23"`
Dec 01 19:27:47.240 INFO running `"docker" "rm" "-f" "cd03f47c40a6eb2fd07b56a5dc62463c938e165e819edc2d19b56e02b581af23"`
Dec 01 19:27:47.579 INFO [stdout] cd03f47c40a6eb2fd07b56a5dc62463c938e165e819edc2d19b56e02b581af23
