Dec 01 19:39:47.600 INFO testing denniscollective/herstory against 1.30.1 for beta-1.31-5
Dec 01 19:39:47.600 INFO running `"docker" "create" "-v" "/mnt/big/crater/work/local/target-dirs/beta-1.31-5/worker-2/1.30.1:/target:rw,Z" "-v" "/mnt/big/crater/work/local/test-source/worker-2/beta-1.31-5/1.30.1:/source:ro,Z" "-v" "/mnt/big/crater/work/local/cargo-home:/cargo-home:ro,Z" "-v" "/mnt/big/crater/work/local/rustup-home:/rustup-home:ro,Z" "-e" "USER_ID=1000" "-e" "SOURCE_DIR=/source" "-e" "USER_ID=1000" "-e" "CMD=cargo +1.30.1 build --frozen" "-e" "CARGO_TARGET_DIR=/target" "-e" "CARGO_INCREMENTAL=0" "-e" "RUST_BACKTRACE=full" "-e" "RUSTFLAGS=--cap-lints=warn" "-e" "CARGO_HOME=/cargo-home" "-e" "RUSTUP_HOME=/rustup-home" "-m" "1536M" "--network" "none" "crater"`
Dec 01 19:39:48.011 INFO [stdout] dcf5d8c8ea54eae277c1d37750e288489ae1ce1c7ee0dc6f350626fb4fd53c7a
Dec 01 19:39:48.021 INFO running `"docker" "start" "-a" "dcf5d8c8ea54eae277c1d37750e288489ae1ce1c7ee0dc6f350626fb4fd53c7a"`
Dec 01 19:39:49.206 INFO [stderr] usermod: no changes
Dec 01 19:39:49.338 INFO [stderr]    Compiling itoa v0.3.2
Dec 01 19:39:49.338 INFO [stderr]    Compiling libz-sys v1.0.16
Dec 01 19:39:49.338 INFO [stderr]    Compiling openssl-sys v0.9.17
Dec 01 19:39:49.339 INFO [stderr]    Compiling curl-sys v0.3.14
Dec 01 19:39:49.339 INFO [stderr]    Compiling socket2 v0.2.2
Dec 01 19:39:49.339 INFO [stderr]    Compiling backtrace v0.3.3
Dec 01 19:39:50.231 INFO [stderr]    Compiling serde_json v1.0.2
Dec 01 19:39:52.207 INFO [stderr]    Compiling error-chain v0.11.0
Dec 01 19:39:54.814 INFO [stderr]    Compiling curl v0.4.8
Dec 01 19:39:57.223 INFO [stderr]    Compiling herstory v0.1.0 (/source)
Dec 01 19:39:58.319 INFO [stderr] warning: structure field `bodyWiter` should have a snake case name such as `body_witer`
Dec 01 19:39:58.319 INFO [stderr]   --> src/models/request.rs:17:5
Dec 01 19:39:58.319 INFO [stderr]    |
Dec 01 19:39:58.319 INFO [stderr] 17 |     bodyWiter: Arc<Mutex<Vec<u8>>>,
Dec 01 19:39:58.319 INFO [stderr]    |     ^^^^^^^^^^^^^^^^^^^^^^^^^^^^^^
Dec 01 19:39:58.319 INFO [stderr]    |
Dec 01 19:39:58.319 INFO [stderr]    = note: #[warn(non_snake_case)] on by default
Dec 01 19:39:58.319 INFO [stderr] 
Dec 01 19:39:58.319 INFO [stderr] warning: variable `bodyWriter` should have a snake case name such as `body_writer`
Dec 01 19:39:58.319 INFO [stderr]   --> src/models/request.rs:25:13
Dec 01 19:39:58.319 INFO [stderr]    |
Dec 01 19:39:58.319 INFO [stderr] 25 |         let bodyWriter: Arc<Mutex<Vec<u8>>> = Arc::new(Mutex::new(Vec::new()));
Dec 01 19:39:58.319 INFO [stderr]    |             ^^^^^^^^^^
Dec 01 19:39:58.319 INFO [stderr] 
Dec 01 19:40:00.219 INFO [stderr]     Finished dev [unoptimized + debuginfo] target(s) in 10.97s
Dec 01 19:40:00.223 INFO [stderr] su: No module specific data is present
Dec 01 19:40:00.462 INFO running `"docker" "inspect" "dcf5d8c8ea54eae277c1d37750e288489ae1ce1c7ee0dc6f350626fb4fd53c7a"`
Dec 01 19:40:00.540 INFO running `"docker" "rm" "-f" "dcf5d8c8ea54eae277c1d37750e288489ae1ce1c7ee0dc6f350626fb4fd53c7a"`
Dec 01 19:40:00.632 INFO [stdout] dcf5d8c8ea54eae277c1d37750e288489ae1ce1c7ee0dc6f350626fb4fd53c7a
Dec 01 19:40:00.635 INFO running `"docker" "create" "-v" "/mnt/big/crater/work/local/target-dirs/beta-1.31-5/worker-2/1.30.1:/target:rw,Z" "-v" "/mnt/big/crater/work/local/test-source/worker-2/beta-1.31-5/1.30.1:/source:ro,Z" "-v" "/mnt/big/crater/work/local/cargo-home:/cargo-home:ro,Z" "-v" "/mnt/big/crater/work/local/rustup-home:/rustup-home:ro,Z" "-e" "USER_ID=1000" "-e" "SOURCE_DIR=/source" "-e" "USER_ID=1000" "-e" "CMD=cargo +1.30.1 test --frozen --no-run" "-e" "CARGO_TARGET_DIR=/target" "-e" "CARGO_INCREMENTAL=0" "-e" "RUST_BACKTRACE=full" "-e" "RUSTFLAGS=--cap-lints=warn" "-e" "CARGO_HOME=/cargo-home" "-e" "RUSTUP_HOME=/rustup-home" "-m" "1536M" "--network" "none" "crater"`
Dec 01 19:40:00.855 INFO [stdout] 5004aaaa22add503fe76c85c27f190359f3601c1645d59b62da84af8d3910459
Dec 01 19:40:00.857 INFO running `"docker" "start" "-a" "5004aaaa22add503fe76c85c27f190359f3601c1645d59b62da84af8d3910459"`
Dec 01 19:40:01.307 INFO [stderr] usermod: no changes
Dec 01 19:40:01.416 INFO [stderr]    Compiling herstory v0.1.0 (/source)
Dec 01 19:40:02.769 INFO [stderr] warning: structure field `bodyWiter` should have a snake case name such as `body_witer`
Dec 01 19:40:02.769 INFO [stderr]   --> src/models/request.rs:17:5
Dec 01 19:40:02.769 INFO [stderr]    |
Dec 01 19:40:02.769 INFO [stderr] 17 |     bodyWiter: Arc<Mutex<Vec<u8>>>,
Dec 01 19:40:02.769 INFO [stderr]    |     ^^^^^^^^^^^^^^^^^^^^^^^^^^^^^^
Dec 01 19:40:02.769 INFO [stderr]    |
Dec 01 19:40:02.769 INFO [stderr]    = note: #[warn(non_snake_case)] on by default
Dec 01 19:40:02.769 INFO [stderr] 
Dec 01 19:40:02.769 INFO [stderr] warning: variable `bodyWriter` should have a snake case name such as `body_writer`
Dec 01 19:40:02.769 INFO [stderr]   --> src/models/request.rs:25:13
Dec 01 19:40:02.769 INFO [stderr]    |
Dec 01 19:40:02.769 INFO [stderr] 25 |         let bodyWriter: Arc<Mutex<Vec<u8>>> = Arc::new(Mutex::new(Vec::new()));
Dec 01 19:40:02.769 INFO [stderr]    |             ^^^^^^^^^^
Dec 01 19:40:02.769 INFO [stderr] 
Dec 01 19:40:04.980 INFO [stderr]     Finished dev [unoptimized + debuginfo] target(s) in 3.65s
Dec 01 19:40:04.985 INFO [stderr] su: No module specific data is present
Dec 01 19:40:05.585 INFO running `"docker" "inspect" "5004aaaa22add503fe76c85c27f190359f3601c1645d59b62da84af8d3910459"`
Dec 01 19:40:05.839 INFO running `"docker" "rm" "-f" "5004aaaa22add503fe76c85c27f190359f3601c1645d59b62da84af8d3910459"`
Dec 01 19:40:06.069 INFO [stdout] 5004aaaa22add503fe76c85c27f190359f3601c1645d59b62da84af8d3910459
Dec 01 19:40:06.071 INFO running `"docker" "create" "-v" "/mnt/big/crater/work/local/target-dirs/beta-1.31-5/worker-2/1.30.1:/target:rw,Z" "-v" "/mnt/big/crater/work/local/test-source/worker-2/beta-1.31-5/1.30.1:/source:ro,Z" "-v" "/mnt/big/crater/work/local/cargo-home:/cargo-home:ro,Z" "-v" "/mnt/big/crater/work/local/rustup-home:/rustup-home:ro,Z" "-e" "USER_ID=1000" "-e" "SOURCE_DIR=/source" "-e" "USER_ID=1000" "-e" "CMD=cargo +1.30.1 test --frozen" "-e" "CARGO_TARGET_DIR=/target" "-e" "CARGO_INCREMENTAL=0" "-e" "RUST_BACKTRACE=full" "-e" "RUSTFLAGS=--cap-lints=warn" "-e" "CARGO_HOME=/cargo-home" "-e" "RUSTUP_HOME=/rustup-home" "-m" "1536M" "--network" "none" "crater"`
Dec 01 19:40:06.416 INFO [stdout] 10b2d5b5c598de6fe25a579036c950eb295d529bbc23d2de867e80f7561ba2ac
Dec 01 19:40:06.427 INFO running `"docker" "start" "-a" "10b2d5b5c598de6fe25a579036c950eb295d529bbc23d2de867e80f7561ba2ac"`
Dec 01 19:40:07.655 INFO [stderr] usermod: no changes
Dec 01 19:40:07.781 INFO [stderr]     Finished dev [unoptimized + debuginfo] target(s) in 0.09s
Dec 01 19:40:07.791 INFO [stderr]      Running /target/debug/deps/herstory-2008c2af908355ac
Dec 01 19:40:07.835 INFO [stdout] 
Dec 01 19:40:07.835 INFO [stdout] running 1 test
Dec 01 19:40:07.842 INFO [stdout] Worker2 - Task { item: Mutex { data: Image { photoset_id: 1, index: 0, url: "http://watwat.wat", request: Request { response_code: 0, error: None } } } status: Pending } 
Dec 01 19:40:07.842 INFO [stdout] Worker3 - Task { item: Mutex { data: Image { photoset_id: 1, index: 2, url: "http://zivity-development.s3.amazonaws.com/scaled_originals/2017/12/03/12/10/03/420/1_002.jpg", request: Request { response_code: 0, error: None } } } status: Pending } 
Dec 01 19:40:07.843 INFO [stdout] Worker1 - Task { item: Mutex { data: Image { photoset_id: 1, index: 3, url: "http://zivity-development.s3.amazonaws.com/scaled_originals/2017/12/03/12/09/52/420/1_001.jpg", request: Request { response_code: 0, error: None } } } status: Pending } 
Dec 01 19:40:07.850 INFO [stdout] Worker0 - Task { item: Mutex { data: Image { photoset_id: 1, index: 1, url: "http://zivity-development.s3.amazonaws.com/scaled_originals/2017/12/03/12/10/17/599/1_003.jpg", request: Request { response_code: 0, error: None } } } status: Pending } 
Dec 01 19:40:07.937 INFO [stdout] Worker 1 - Task { item: Mutex { data: Image { photoset_id: 1, index: 3, url: "http://zivity-development.s3.amazonaws.com/scaled_originals/2017/12/03/12/09/52/420/1_001.jpg", request: Request { response_code: 0, error: Some(Error(Curl(Error { description: "Couldn\'t resolve host name", code: 6, extra: Some("Could not resolve host: zivity-development.s3.amazonaws.com") }), State { next_error: None, backtrace: Some(stack backtrace:
Dec 01 19:40:07.937 INFO [stdout]    0:     0x562b4db466d5 - backtrace::backtrace::libunwind::trace::hb349e903d4fd9972
Dec 01 19:40:07.937 INFO [stdout]                         at /cargo-home/registry/src/github.com-1ecc6299db9ec823/backtrace-0.3.3/src/backtrace/libunwind.rs:53
Dec 01 19:40:07.937 INFO [stdout]                          - backtrace::backtrace::trace::h86dccff8bba685f3
Dec 01 19:40:07.937 INFO [stdout]                         at /cargo-home/registry/src/github.com-1ecc6299db9ec823/backtrace-0.3.3/src/backtrace/mod.rs:42
Dec 01 19:40:07.937 INFO [stdout]    1:     0x562b4db40b6e - backtrace::capture::Backtrace::new_unresolved::hfd44f48d04d8b4b8
Dec 01 19:40:07.937 INFO [stdout]                         at /cargo-home/registry/src/github.com-1ecc6299db9ec823/backtrace-0.3.3/src/capture.rs:88
Dec 01 19:40:07.937 INFO [stdout]    2:     0x562b4db40acc - backtrace::capture::Backtrace::new::h46daaecf6724f6f5
Dec 01 19:40:07.937 INFO [stdout]                         at /cargo-home/registry/src/github.com-1ecc6299db9ec823/backtrace-0.3.3/src/capture.rs:63
Dec 01 19:40:07.937 INFO [stdout]    3:     0x562b4db3f40a - error_chain::make_backtrace::h216703837b355bf5
Dec 01 19:40:07.937 INFO [stdout]                         at /cargo-home/registry/src/github.com-1ecc6299db9ec823/error-chain-0.11.0/src/lib.rs:616
Dec 01 19:40:07.937 INFO [stdout]    4:     0x562b4db3f47e - <error_chain::State as core::default::Default>::default::h15012628bc0c3a15
Dec 01 19:40:07.937 INFO [stdout]                         at /cargo-home/registry/src/github.com-1ecc6299db9ec823/error-chain-0.11.0/src/lib.rs:710
Dec 01 19:40:07.937 INFO [stdout]    5:     0x562b4dac264d - herstory::errors::Error::from_kind::h68ad7c08bbdb2a87
Dec 01 19:40:07.937 INFO [stdout]                         at /source/<::error_chain::error_chain::impl_error_chain_processed macros>:53
Dec 01 19:40:07.937 INFO [stdout]    6:     0x562b4dac2726 - <herstory::errors::Error as core::convert::From<curl::error::Error>>::from::h930b47d65b563018
Dec 01 19:40:07.937 INFO [stdout]                         at src/lib.rs:18
Dec 01 19:40:07.937 INFO [stdout]    7:     0x562b4daa638f - <T as core::convert::Into<U>>::into::h37a3c5c330e8c1f4
Dec 01 19:40:07.937 INFO [stdout]                         at libcore/convert.rs:456
Dec 01 19:40:07.938 INFO [stdout]    8:     0x562b4dad0fbe - herstory::models::request::CurlRequest::perform::{{closure}}::hd2734ceecd15123b
Dec 01 19:40:07.938 INFO [stdout]                         at src/models/request.rs:97
Dec 01 19:40:07.938 INFO [stdout]    9:     0x562b4dae9b48 - <core::result::Result<T, E>>::map_err::hef73e46fffd8d8ef
Dec 01 19:40:07.938 INFO [stdout]                         at libcore/result.rs:530
Dec 01 19:40:07.938 INFO [stdout]   10:     0x562b4dad0f76 - herstory::models::request::CurlRequest::perform::hc3d3595070a231d2
Dec 01 19:40:07.938 INFO [stdout]                         at src/models/request.rs:97
Dec 01 19:40:07.938 INFO [stdout]   11:     0x562b4dad075d - herstory::models::request::Request::perform_and_save::h9079e2c47b549bfb
Dec 01 19:40:07.938 INFO [stdout]                         at src/models/request.rs:40
Dec 01 19:40:07.938 INFO [stdout]   12:     0x562b4dad4a78 - herstory::models::Image::spawn_request::h74205c935b188e98
Dec 01 19:40:07.938 INFO [stdout]                         at src/models/mod.rs:98
Dec 01 19:40:07.938 INFO [stdout]   13:     0x562b4dad47d7 - herstory::models::Photoset::download_and_save::{{closure}}::h4969bcbf9f630793
Dec 01 19:40:07.938 INFO [stdout]                         at src/models/mod.rs:78
Dec 01 19:40:07.938 INFO [stdout]   14:     0x562b4dac1c92 - <herstory::threadpool::Task<T>>::execute::h48f133756ec2e390
Dec 01 19:40:07.938 INFO [stdout]                         at src/threadpool.rs:91
Dec 01 19:40:07.939 INFO [stdout]   15:     0x562b4dac235e - herstory::threadpool::WorkerThread::new::{{closure}}::h44fd9da9ece9bb9c
Dec 01 19:40:07.939 INFO [stdout]                         at src/threadpool.rs:149
Dec 01 19:40:07.943 INFO [stdout]   16:     0x562b4dadef9a - std::sys_common::backtrace::__rust_begin_short_backtrace::h177ff1074d4544dc
Dec 01 19:40:07.943 INFO [stdout]                         at libstd/sys_common/backtrace.rs:136
Dec 01 19:40:07.943 INFO [stdout]   17:     0x562b4dabd00c - std::thread::Builder::spawn::{{closure}}::{{closure}}::hcb7be09c837ee2ba
Dec 01 19:40:07.943 INFO [stdout]                         at libstd/thread/mod.rs:409
Dec 01 19:40:07.943 INFO [stdout]   18:     0x562b4daa6d9c - <std::panic::AssertUnwindSafe<F> as core::ops::function::FnOnce<()>>::call_once::hb00ae6be35917b8e
Dec 01 19:40:07.943 INFO [stdout]                         at libstd/panic.rs:313
Dec 01 19:40:07.943 INFO [stdout]   19:     0x562b4daaa39f - std::panicking::try::do_call::h25c9a94716749695
Dec 01 19:40:07.943 INFO [stdout]                         at libstd/panicking.rs:310
Dec 01 19:40:07.943 INFO [stdout]   20:     0x562b4db9c609 - __rust_maybe_catch_panic
Dec 01 19:40:07.943 INFO [stdout]                         at libpanic_unwind/lib.rs:103
Dec 01 19:40:07.943 INFO [stdout]   21:     0x562b4daa9a21 - std::panicking::try::h46ece5f019e52ec5
Dec 01 19:40:07.943 INFO [stdout]                         at libstd/panicking.rs:289
Dec 01 19:40:07.943 INFO [stdout]   22:     0x562b4daa974c - std::panic::catch_unwind::hdeb90523ced8e3b2
Dec 01 19:40:07.943 INFO [stdout]                         at libstd/panic.rs:392
Dec 01 19:40:07.943 INFO [stdout]   23:     0x562b4dabce2c - std::thread::Builder::spawn::{{closure}}::he4186cc32b63bedb
Dec 01 19:40:07.943 INFO [stdout]                         at libstd/thread/mod.rs:408
Dec 01 19:40:07.943 INFO [stdout]   24:     0x562b4dabfef6 - <F as alloc::boxed::FnBox<A>>::call_box::h52ef1fabc3f67b13
Dec 01 19:40:07.943 INFO [stdout]                         at liballoc/boxed.rs:646
Dec 01 19:40:07.943 INFO [stdout]   25:     0x562b4db8e24a - <alloc::boxed::Box<(dyn alloc::boxed::FnBox<A, Output$u3d$R$GT$$u20$$u2b$$u20$$u27$a$RP$$GT$$u20$as$u20$core..ops..function..FnOnce$LT$A$GT$$GT$::call_once::hfedf8d10954bca7a
Dec 01 19:40:07.943 INFO [stdout]                         at liballoc/boxed.rs:656
Dec 01 19:40:07.943 INFO [stdout]                          - std::sys_common::thread::start_thread::h75d887c7d2cc4479
Dec 01 19:40:07.943 INFO [stdout]                         at libstd/sys_common/thread.rs:24
Dec 01 19:40:07.943 INFO [stdout]   26:     0x562b4db7e105 - std::sys::unix::thread::Thread::new::thread_start::h8414caee632bf9ed
Dec 01 19:40:07.943 INFO [stdout]                         at libstd/sys/unix/thread.rs:90
Dec 01 19:40:07.943 INFO [stdout]   27:     0x7efce55c56b9 - start_thread
Dec 01 19:40:07.943 INFO [stdout]   28:     0x7efce50e541c - clone
Dec 01 19:40:07.943 INFO [stdout]   29:                0x0 - <unknown>) })) } } } status: Failure } 
Dec 01 19:40:07.943 INFO [stdout] Worker 2 - Task { item: Mutex { data: Image { photoset_id: 1, index: 0, url: "http://watwat.wat", request: Request { response_code: 0, error: Some(Error(Curl(Error { description: "Couldn\'t resolve host name", code: 6, extra: Some("Could not resolve host: watwat.wat") }), State { next_error: None, backtrace: Some(stack backtrace:
Dec 01 19:40:07.943 INFO [stdout]    0:     0x562b4db466d5 - backtrace::backtrace::libunwind::trace::hb349e903d4fd9972
Dec 01 19:40:07.943 INFO [stdout]                         at /cargo-home/registry/src/github.com-1ecc6299db9ec823/backtrace-0.3.3/src/backtrace/libunwind.rs:53
Dec 01 19:40:07.943 INFO [stdout]                          - backtrace::backtrace::trace::h86dccff8bba685f3
Dec 01 19:40:07.943 INFO [stdout]                         at /cargo-home/registry/src/github.com-1ecc6299db9ec823/backtrace-0.3.3/src/backtrace/mod.rs:42
Dec 01 19:40:07.943 INFO [stdout]    1:     0x562b4db40b6e - backtrace::capture::Backtrace::new_unresolved::hfd44f48d04d8b4b8
Dec 01 19:40:07.943 INFO [stdout]                         at /cargo-home/registry/src/github.com-1ecc6299db9ec823/backtrace-0.3.3/src/capture.rs:88
Dec 01 19:40:07.943 INFO [stdout]    2:     0x562b4db40acc - backtrace::capture::Backtrace::new::h46daaecf6724f6f5
Dec 01 19:40:07.943 INFO [stdout]                         at /cargo-home/registry/src/github.com-1ecc6299db9ec823/backtrace-0.3.3/src/capture.rs:63
Dec 01 19:40:07.943 INFO [stdout]    3:     0x562b4db3f40a - error_chain::make_backtrace::h216703837b355bf5
Dec 01 19:40:07.943 INFO [stdout]                         at /cargo-home/registry/src/github.com-1ecc6299db9ec823/error-chain-0.11.0/src/lib.rs:616
Dec 01 19:40:07.943 INFO [stdout]    4:     0x562b4db3f47e - <error_chain::State as core::default::Default>::default::h15012628bc0c3a15
Dec 01 19:40:07.943 INFO [stdout]                         at /cargo-home/registry/src/github.com-1ecc6299db9ec823/error-chain-0.11.0/src/lib.rs:710
Dec 01 19:40:07.943 INFO [stdout]    5:     0x562b4dac264d - herstory::errors::Error::from_kind::h68ad7c08bbdb2a87
Dec 01 19:40:07.943 INFO [stdout]                         at /source/<::error_chain::error_chain::impl_error_chain_processed macros>:53
Dec 01 19:40:07.943 INFO [stdout]    6:     0x562b4dac2726 - <herstory::errors::Error as core::convert::From<curl::error::Error>>::from::h930b47d65b563018
Dec 01 19:40:07.943 INFO [stdout]                         at src/lib.rs:18
Dec 01 19:40:07.943 INFO [stdout]    7:     0x562b4daa638f - <T as core::convert::Into<U>>::into::h37a3c5c330e8c1f4
Dec 01 19:40:07.943 INFO [stdout]                         at libcore/convert.rs:456
Dec 01 19:40:07.943 INFO [stdout]    8:     0x562b4dad0fbe - herstory::models::request::CurlRequest::perform::{{closure}}::hd2734ceecd15123b
Dec 01 19:40:07.943 INFO [stdout]                         at src/models/request.rs:97
Dec 01 19:40:07.943 INFO [stdout]    9:     0x562b4dae9b48 - <core::result::Result<T, E>>::map_err::hef73e46fffd8d8ef
Dec 01 19:40:07.943 INFO [stdout]                         at libcore/result.rs:530
Dec 01 19:40:07.943 INFO [stdout]   10:     0x562b4dad0f76 - herstory::models::request::CurlRequest::perform::hc3d3595070a231d2
Dec 01 19:40:07.943 INFO [stdout]                         at src/models/request.rs:97
Dec 01 19:40:07.943 INFO [stdout]   11:     0x562b4dad075d - herstory::models::request::Request::perform_and_save::h9079e2c47b549bfb
Dec 01 19:40:07.943 INFO [stdout]                         at src/models/request.rs:40
Dec 01 19:40:07.943 INFO [stdout]   12:     0x562b4dad4a78 - herstory::models::Image::spawn_request::h74205c935b188e98
Dec 01 19:40:07.943 INFO [stdout]                         at src/models/mod.rs:98
Dec 01 19:40:07.943 INFO [stdout]   13:     0x562b4dad47d7 - herstory::models::Photoset::download_and_save::{{closure}}::h4969bcbf9f630793
Dec 01 19:40:07.943 INFO [stdout]                         at src/models/mod.rs:78
Dec 01 19:40:07.944 INFO [stdout]   14:     0x562b4dac1c92 - <herstory::threadpool::Task<T>>::execute::h48f133756ec2e390
Dec 01 19:40:07.944 INFO [stdout]                         at src/threadpool.rs:91
Dec 01 19:40:07.944 INFO [stdout]   15:     0x562b4dac235e - herstory::threadpool::WorkerThread::new::{{closure}}::h44fd9da9ece9bb9c
Dec 01 19:40:07.944 INFO [stdout]                         at src/threadpool.rs:149
Dec 01 19:40:07.944 INFO [stdout]   16:     0x562b4dadef9a - std::sys_common::backtrace::__rust_begin_short_backtrace::h177ff1074d4544dc
Dec 01 19:40:07.944 INFO [stdout]                         at libstd/sys_common/backtrace.rs:136
Dec 01 19:40:07.944 INFO [stdout]   17:     0x562b4dabd00c - std::thread::Builder::spawn::{{closure}}::{{closure}}::hcb7be09c837ee2ba
Dec 01 19:40:07.944 INFO [stdout]                         at libstd/thread/mod.rs:409
Dec 01 19:40:07.944 INFO [stdout]   18:     0x562b4daa6d9c - <std::panic::AssertUnwindSafe<F> as core::ops::function::FnOnce<()>>::call_once::hb00ae6be35917b8e
Dec 01 19:40:07.944 INFO [stdout]                         at libstd/panic.rs:313
Dec 01 19:40:07.944 INFO [stdout]   19:     0x562b4daaa39f - std::panicking::try::do_call::h25c9a94716749695
Dec 01 19:40:07.944 INFO [stdout]                         at libstd/panicking.rs:310
Dec 01 19:40:07.944 INFO [stdout]   20:     0x562b4db9c609 - __rust_maybe_catch_panic
Dec 01 19:40:07.944 INFO [stdout]                         at libpanic_unwind/lib.rs:103
Dec 01 19:40:07.944 INFO [stdout]   21:     0x562b4daa9a21 - std::panicking::try::h46ece5f019e52ec5
Dec 01 19:40:07.944 INFO [stdout]                         at libstd/panicking.rs:289
Dec 01 19:40:07.944 INFO [stdout]   22:     0x562b4daa974c - std::panic::catch_unwind::hdeb90523ced8e3b2
Dec 01 19:40:07.944 INFO [stdout]                         at libstd/panic.rs:392
Dec 01 19:40:07.944 INFO [stdout]   23:     0x562b4dabce2c - std::thread::Builder::spawn::{{closure}}::he4186cc32b63bedb
Dec 01 19:40:07.944 INFO [stdout]                         at libstd/thread/mod.rs:408
Dec 01 19:40:07.944 INFO [stdout]   24:     0x562b4dabfef6 - <F as alloc::boxed::FnBox<A>>::call_box::h52ef1fabc3f67b13
Dec 01 19:40:07.944 INFO [stdout]                         at liballoc/boxed.rs:646
Dec 01 19:40:07.945 INFO [stdout]   25:     0x562b4db8e24a - <alloc::boxed::Box<(dyn alloc::boxed::FnBox<A, Output$u3d$R$GT$$u20$$u2b$$u20$$u27$a$RP$$GT$$u20$as$u20$core..ops..function..FnOnce$LT$A$GT$$GT$::call_once::hfedf8d10954bca7a
Dec 01 19:40:07.945 INFO [stdout]                         at liballoc/boxed.rs:656
Dec 01 19:40:07.945 INFO [stdout]                          - std::sys_common::thread::start_thread::h75d887c7d2cc4479
Dec 01 19:40:07.945 INFO [stdout]                         at libstd/sys_common/thread.rs:24
Dec 01 19:40:07.945 INFO [stdout]   26:     0x562b4db7e105 - std::sys::unix::thread::Thread::new::thread_start::h8414caee632bf9ed
Dec 01 19:40:07.945 INFO [stdout]                         at libstd/sys/unix/thread.rs:90
Dec 01 19:40:07.945 INFO [stdout]   27:     0x7efce55c56b9 - start_thread
Dec 01 19:40:07.945 INFO [stdout]   28:     0x7efce50e541c - clone
Dec 01 19:40:07.945 INFO [stdout]   29:                0x0 - <unknown>) })) } } } status: Failure } 
Dec 01 19:40:07.946 INFO [stdout] Worker 0 - Task { item: Mutex { data: Image { photoset_id: 1, index: 1, url: "http://zivity-development.s3.amazonaws.com/scaled_originals/2017/12/03/12/10/17/599/1_003.jpg", request: Request { response_code: 0, error: Some(Error(Curl(Error { description: "Couldn\'t resolve host name", code: 6, extra: Some("Could not resolve host: zivity-development.s3.amazonaws.com") }), State { next_error: None, backtrace: Some(stack backtrace:
Dec 01 19:40:07.946 INFO [stdout]    0:     0x562b4db466d5 - backtrace::backtrace::libunwind::trace::hb349e903d4fd9972
Dec 01 19:40:07.946 INFO [stdout]                         at /cargo-home/registry/src/github.com-1ecc6299db9ec823/backtrace-0.3.3/src/backtrace/libunwind.rs:53
Dec 01 19:40:07.946 INFO [stdout]                          - backtrace::backtrace::trace::h86dccff8bba685f3
Dec 01 19:40:07.946 INFO [stdout]                         at /cargo-home/registry/src/github.com-1ecc6299db9ec823/backtrace-0.3.3/src/backtrace/mod.rs:42
Dec 01 19:40:07.946 INFO [stdout]    1:     0x562b4db40b6e - backtrace::capture::Backtrace::new_unresolved::hfd44f48d04d8b4b8
Dec 01 19:40:07.947 INFO [stdout]                         at /cargo-home/registry/src/github.com-1ecc6299db9ec823/backtrace-0.3.3/src/capture.rs:88
Dec 01 19:40:07.947 INFO [stdout]    2:     0x562b4db40acc - backtrace::capture::Backtrace::new::h46daaecf6724f6f5
Dec 01 19:40:07.947 INFO [stdout]                         at /cargo-home/registry/src/github.com-1ecc6299db9ec823/backtrace-0.3.3/src/capture.rs:63
Dec 01 19:40:07.947 INFO [stdout]    3:     0x562b4db3f40a - error_chain::make_backtrace::h216703837b355bf5
Dec 01 19:40:07.947 INFO [stdout]                         at /cargo-home/registry/src/github.com-1ecc6299db9ec823/error-chain-0.11.0/src/lib.rs:616
Dec 01 19:40:07.947 INFO [stdout]    4:     0x562b4db3f47e - <error_chain::State as core::default::Default>::default::h15012628bc0c3a15
Dec 01 19:40:07.947 INFO [stdout]                         at /cargo-home/registry/src/github.com-1ecc6299db9ec823/error-chain-0.11.0/src/lib.rs:710
Dec 01 19:40:07.947 INFO [stdout]    5:     0x562b4dac264d - herstory::errors::Error::from_kind::h68ad7c08bbdb2a87
Dec 01 19:40:07.947 INFO [stdout]                         at /source/<::error_chain::error_chain::impl_error_chain_processed macros>:53
Dec 01 19:40:07.947 INFO [stdout]    6:     0x562b4dac2726 - <herstory::errors::Error as core::convert::From<curl::error::Error>>::from::h930b47d65b563018
Dec 01 19:40:07.948 INFO [stdout]                         at src/lib.rs:18
Dec 01 19:40:07.948 INFO [stdout]    7:     0x562b4daa638f - <T as core::convert::Into<U>>::into::h37a3c5c330e8c1f4
Dec 01 19:40:07.948 INFO [stdout]                         at libcore/convert.rs:456
Dec 01 19:40:07.948 INFO [stdout]    8:     0x562b4dad0fbe - herstory::models::request::CurlRequest::perform::{{closure}}::hd2734ceecd15123b
Dec 01 19:40:07.948 INFO [stdout]                         at src/models/request.rs:97
Dec 01 19:40:07.948 INFO [stdout]    9:     0x562b4dae9b48 - <core::result::Result<T, E>>::map_err::hef73e46fffd8d8ef
Dec 01 19:40:07.948 INFO [stdout]                         at libcore/result.rs:530
Dec 01 19:40:07.948 INFO [stdout]   10:     0x562b4dad0f76 - herstory::models::request::CurlRequest::perform::hc3d3595070a231d2
Dec 01 19:40:07.948 INFO [stdout]                         at src/models/request.rs:97
Dec 01 19:40:07.948 INFO [stdout]   11:     0x562b4dad075d - herstory::models::request::Request::perform_and_save::h9079e2c47b549bfb
Dec 01 19:40:07.948 INFO [stdout]                         at src/models/request.rs:40
Dec 01 19:40:07.948 INFO [stdout]   12:     0x562b4dad4a78 - herstory::models::Image::spawn_request::h74205c935b188e98
Dec 01 19:40:07.948 INFO [stdout]                         at src/models/mod.rs:98
Dec 01 19:40:07.948 INFO [stdout]   13:     0x562b4dad47d7 - herstory::models::Photoset::download_and_save::{{closure}}::h4969bcbf9f630793
Dec 01 19:40:07.949 INFO [stdout]                         at src/models/mod.rs:78
Dec 01 19:40:07.949 INFO [stdout]   14:     0x562b4dac1c92 - <herstory::threadpool::Task<T>>::execute::h48f133756ec2e390
Dec 01 19:40:07.949 INFO [stdout]                         at src/threadpool.rs:91
Dec 01 19:40:07.949 INFO [stdout]   15:     0x562b4dac235e - herstory::threadpool::WorkerThread::new::{{closure}}::h44fd9da9ece9bb9c
Dec 01 19:40:07.949 INFO [stdout]                         at src/threadpool.rs:149
Dec 01 19:40:07.949 INFO [stdout]   16:     0x562b4dadef9a - std::sys_common::backtrace::__rust_begin_short_backtrace::h177ff1074d4544dc
Dec 01 19:40:07.949 INFO [stdout]                         at libstd/sys_common/backtrace.rs:136
Dec 01 19:40:07.950 INFO [stdout]   17:     0x562b4dabd00c - std::thread::Builder::spawn::{{closure}}::{{closure}}::hcb7be09c837ee2ba
Dec 01 19:40:07.950 INFO [stdout]                         at libstd/thread/mod.rs:409
Dec 01 19:40:07.950 INFO [stdout]   18:     0x562b4daa6d9c - <std::panic::AssertUnwindSafe<F> as core::ops::function::FnOnce<()>>::call_once::hb00ae6be35917b8e
Dec 01 19:40:07.950 INFO [stdout]                         at libstd/panic.rs:313
Dec 01 19:40:07.950 INFO [stdout]   19:     0x562b4daaa39f - std::panicking::try::do_call::h25c9a94716749695
Dec 01 19:40:07.950 INFO [stdout]                         at libstd/panicking.rs:310
Dec 01 19:40:07.950 INFO [stdout]   20:     0x562b4db9c609 - __rust_maybe_catch_panic
Dec 01 19:40:07.952 INFO [stdout]                         at libpanic_unwind/lib.rs:103
Dec 01 19:40:07.952 INFO [stdout]   21:     0x562b4daa9a21 - std::panicking::try::h46ece5f019e52ec5
Dec 01 19:40:07.952 INFO [stdout]                         at libstd/panicking.rs:289
Dec 01 19:40:07.952 INFO [stdout]   22:     0x562b4daa974c - std::panic::catch_unwind::hdeb90523ced8e3b2
Dec 01 19:40:07.952 INFO [stdout]                         at libstd/panic.rs:392
Dec 01 19:40:07.952 INFO [stdout]   23:     0x562b4dabce2c - std::thread::Builder::spawn::{{closure}}::he4186cc32b63bedb
Dec 01 19:40:07.952 INFO [stdout]                         at libstd/thread/mod.rs:408
Dec 01 19:40:07.952 INFO [stdout]   24:     0x562b4dabfef6 - <F as alloc::boxed::FnBox<A>>::call_box::h52ef1fabc3f67b13
Dec 01 19:40:07.952 INFO [stdout]                         at liballoc/boxed.rs:646
Dec 01 19:40:07.952 INFO [stdout]   25:     0x562b4db8e24a - <alloc::boxed::Box<(dyn alloc::boxed::FnBox<A, Output$u3d$R$GT$$u20$$u2b$$u20$$u27$a$RP$$GT$$u20$as$u20$core..ops..function..FnOnce$LT$A$GT$$GT$::call_once::hfedf8d10954bca7a
Dec 01 19:40:07.952 INFO [stdout]                         at liballoc/boxed.rs:656
Dec 01 19:40:07.952 INFO [stdout]                          - std::sys_common::thread::start_thread::h75d887c7d2cc4479
Dec 01 19:40:07.952 INFO [stdout]                         at libstd/sys_common/thread.rs:24
Dec 01 19:40:07.952 INFO [stdout]   26:     0x562b4db7e105 - std::sys::unix::thread::Thread::new::thread_start::h8414caee632bf9ed
Dec 01 19:40:07.952 INFO [stdout]                         at libstd/sys/unix/thread.rs:90
Dec 01 19:40:07.952 INFO [stdout]   27:     0x7efce55c56b9 - start_thread
Dec 01 19:40:07.952 INFO [stdout]   28:     0x7efce50e541c - clone
Dec 01 19:40:07.952 INFO [stdout]   29:                0x0 - <unknown>) })) } } } status: Failure } 
Dec 01 19:40:07.952 INFO [stdout] Worker 3 - Task { item: Mutex { data: Image { photoset_id: 1, index: 2, url: "http://zivity-development.s3.amazonaws.com/scaled_originals/2017/12/03/12/10/03/420/1_002.jpg", request: Request { response_code: 0, error: Some(Error(Curl(Error { description: "Couldn\'t resolve host name", code: 6, extra: Some("Could not resolve host: zivity-development.s3.amazonaws.com") }), State { next_error: None, backtrace: Some(stack backtrace:
Dec 01 19:40:07.952 INFO [stdout]    0:     0x562b4db466d5 - backtrace::backtrace::libunwind::trace::hb349e903d4fd9972
Dec 01 19:40:07.952 INFO [stdout]                         at /cargo-home/registry/src/github.com-1ecc6299db9ec823/backtrace-0.3.3/src/backtrace/libunwind.rs:53
Dec 01 19:40:07.952 INFO [stdout]                          - backtrace::backtrace::trace::h86dccff8bba685f3
Dec 01 19:40:07.952 INFO [stdout]                         at /cargo-home/registry/src/github.com-1ecc6299db9ec823/backtrace-0.3.3/src/backtrace/mod.rs:42
Dec 01 19:40:07.952 INFO [stdout]    1:     0x562b4db40b6e - backtrace::capture::Backtrace::new_unresolved::hfd44f48d04d8b4b8
Dec 01 19:40:07.952 INFO [stdout]                         at /cargo-home/registry/src/github.com-1ecc6299db9ec823/backtrace-0.3.3/src/capture.rs:88
Dec 01 19:40:07.952 INFO [stdout]    2:     0x562b4db40acc - backtrace::capture::Backtrace::new::h46daaecf6724f6f5
Dec 01 19:40:07.952 INFO [stdout]                         at /cargo-home/registry/src/github.com-1ecc6299db9ec823/backtrace-0.3.3/src/capture.rs:63
Dec 01 19:40:07.952 INFO [stdout]    3:     0x562b4db3f40a - error_chain::make_backtrace::h216703837b355bf5
Dec 01 19:40:07.952 INFO [stdout]                         at /cargo-home/registry/src/github.com-1ecc6299db9ec823/error-chain-0.11.0/src/lib.rs:616
Dec 01 19:40:07.952 INFO [stdout]    4:     0x562b4db3f47e - <error_chain::State as core::default::Default>::default::h15012628bc0c3a15
Dec 01 19:40:07.952 INFO [stdout]                         at /cargo-home/registry/src/github.com-1ecc6299db9ec823/error-chain-0.11.0/src/lib.rs:710
Dec 01 19:40:07.952 INFO [stdout]    5:     0x562b4dac264d - herstory::errors::Error::from_kind::h68ad7c08bbdb2a87
Dec 01 19:40:07.952 INFO [stdout]                         at /source/<::error_chain::error_chain::impl_error_chain_processed macros>:53
Dec 01 19:40:07.952 INFO [stdout]    6:     0x562b4dac2726 - <herstory::errors::Error as core::convert::From<curl::error::Error>>::from::h930b47d65b563018
Dec 01 19:40:07.952 INFO [stdout]                         at src/lib.rs:18
Dec 01 19:40:07.952 INFO [stdout]    7:     0x562b4daa638f - <T as core::convert::Into<U>>::into::h37a3c5c330e8c1f4
Dec 01 19:40:07.952 INFO [stdout]                         at libcore/convert.rs:456
Dec 01 19:40:07.952 INFO [stdout]    8:     0x562b4dad0fbe - herstory::models::request::CurlRequest::perform::{{closure}}::hd2734ceecd15123b
Dec 01 19:40:07.952 INFO [stdout]                         at src/models/request.rs:97
Dec 01 19:40:07.952 INFO [stdout]    9:     0x562b4dae9b48 - <core::result::Result<T, E>>::map_err::hef73e46fffd8d8ef
Dec 01 19:40:07.952 INFO [stdout]                         at libcore/result.rs:530
Dec 01 19:40:07.952 INFO [stdout]   10:     0x562b4dad0f76 - herstory::models::request::CurlRequest::perform::hc3d3595070a231d2
Dec 01 19:40:07.952 INFO [stdout]                         at src/models/request.rs:97
Dec 01 19:40:07.952 INFO [stdout]   11:     0x562b4dad075d - herstory::models::request::Request::perform_and_save::h9079e2c47b549bfb
Dec 01 19:40:07.952 INFO [stdout]                         at src/models/request.rs:40
Dec 01 19:40:07.952 INFO [stdout]   12:     0x562b4dad4a78 - herstory::models::Image::spawn_request::h74205c935b188e98
Dec 01 19:40:07.952 INFO [stdout]                         at src/models/mod.rs:98
Dec 01 19:40:07.952 INFO [stdout]   13:     0x562b4dad47d7 - herstory::models::Photoset::download_and_save::{{closure}}::h4969bcbf9f630793
Dec 01 19:40:07.952 INFO [stdout]                         at src/models/mod.rs:78
Dec 01 19:40:07.952 INFO [stdout]   14:     0x562b4dac1c92 - <herstory::threadpool::Task<T>>::execute::h48f133756ec2e390
Dec 01 19:40:07.952 INFO [stdout]                         at src/threadpool.rs:91
Dec 01 19:40:07.952 INFO [stdout]   15:     0x562b4dac235e - herstory::threadpool::WorkerThread::new::{{closure}}::h44fd9da9ece9bb9c
Dec 01 19:40:07.952 INFO [stdout]                         at src/threadpool.rs:149
Dec 01 19:40:07.952 INFO [stdout]   16:     0x562b4dadef9a - std::sys_common::backtrace::__rust_begin_short_backtrace::h177ff1074d4544dc
Dec 01 19:40:07.952 INFO [stdout]                         at libstd/sys_common/backtrace.rs:136
Dec 01 19:40:07.952 INFO [stdout]   17:     0x562b4dabd00c - std::thread::Builder::spawn::{{closure}}::{{closure}}::hcb7be09c837ee2ba
Dec 01 19:40:07.952 INFO [stdout]                         at libstd/thread/mod.rs:409
Dec 01 19:40:07.952 INFO [stdout]   18:     0x562b4daa6d9c - <std::panic::AssertUnwindSafe<F> as core::ops::function::FnOnce<()>>::call_once::hb00ae6be35917b8e
Dec 01 19:40:07.952 INFO [stdout]                         at libstd/panic.rs:313
Dec 01 19:40:07.952 INFO [stdout]   19:     0x562b4daaa39f - std::panicking::try::do_call::h25c9a94716749695
Dec 01 19:40:07.952 INFO [stdout]                         at libstd/panicking.rs:310
Dec 01 19:40:07.952 INFO [stdout]   20:     0x562b4db9c609 - __rust_maybe_catch_panic
Dec 01 19:40:07.953 INFO [stdout]                         at libpanic_unwind/lib.rs:103
Dec 01 19:40:07.953 INFO [stdout]   21:     0x562b4daa9a21 - std::panicking::try::h46ece5f019e52ec5
Dec 01 19:40:07.953 INFO [stdout]                         at libstd/panicking.rs:289
Dec 01 19:40:07.953 INFO [stdout]   22:     0x562b4daa974c - std::panic::catch_unwind::hdeb90523ced8e3b2
Dec 01 19:40:07.953 INFO [stdout]                         at libstd/panic.rs:392
Dec 01 19:40:07.953 INFO [stdout]   23:     0x562b4dabce2c - std::thread::Builder::spawn::{{closure}}::he4186cc32b63bedb
Dec 01 19:40:07.953 INFO [stdout]                         at libstd/thread/mod.rs:408
Dec 01 19:40:07.953 INFO [stdout]   24:     0x562b4dabfef6 - <F as alloc::boxed::FnBox<A>>::call_box::h52ef1fabc3f67b13
Dec 01 19:40:07.953 INFO [stdout]                         at liballoc/boxed.rs:646
Dec 01 19:40:07.953 INFO [stdout]   25:     0x562b4db8e24a - <alloc::boxed::Box<(dyn alloc::boxed::FnBox<A, Output$u3d$R$GT$$u20$$u2b$$u20$$u27$a$RP$$GT$$u20$as$u20$core..ops..function..FnOnce$LT$A$GT$$GT$::call_once::hfedf8d10954bca7a
Dec 01 19:40:07.953 INFO [stdout]                         at liballoc/boxed.rs:656
Dec 01 19:40:07.953 INFO [stdout]                          - std::sys_common::thread::start_thread::h75d887c7d2cc4479
Dec 01 19:40:07.953 INFO [stdout]                         at libstd/sys_common/thread.rs:24
Dec 01 19:40:07.953 INFO [stdout]   26:     0x562b4db7e105 - std::sys::unix::thread::Thread::new::thread_start::h8414caee632bf9ed
Dec 01 19:40:07.953 INFO [stdout]                         at libstd/sys/unix/thread.rs:90
Dec 01 19:40:07.953 INFO [stdout]   27:     0x7efce55c56b9 - start_thread
Dec 01 19:40:07.953 INFO [stdout]   28:     0x7efce50e541c - clone
Dec 01 19:40:07.953 INFO [stdout]   29:                0x0 - <unknown>) })) } } } status: Failure } 
Dec 01 19:40:07.953 INFO [stdout] Worker0 - Task { item: Mutex { data: Image { photoset_id: 7, index: 0, url: "http://zivity-development.s3.amazonaws.com/scaled_originals/2017/12/03/12/12/51/402/7_004.jpg", request: Request { response_code: 0, error: None } } } status: Pending } 
Dec 01 19:40:07.953 INFO [stdout] Worker3 - Task { item: Mutex { data: Image { photoset_id: 7, index: 1, url: "http://zivity-development.s3.amazonaws.com/scaled_originals/2017/12/03/12/12/37/370/7_003.jpg", request: Request { response_code: 0, error: None } } } status: Pending } 
Dec 01 19:40:07.953 INFO [stdout] Worker2 - Task { item: Mutex { data: Image { photoset_id: 7, index: 2, url: "http://zivity-development.s3.amazonaws.com/scaled_originals/2017/12/03/12/12/32/524/7_002.jpg", request: Request { response_code: 0, error: None } } } status: Pending } 
Dec 01 19:40:07.953 INFO [stdout] Worker1 - Task { item: Mutex { data: Image { photoset_id: 7, index: 3, url: "http://zivity-development.s3.amazonaws.com/scaled_originals/2017/12/03/12/12/22/161/7_001.jpg", request: Request { response_code: 0, error: None } } } status: Pending } 
Dec 01 19:40:07.957 INFO [stdout] Worker 0 - Task { item: Mutex { data: Image { photoset_id: 7, index: 0, url: "http://zivity-development.s3.amazonaws.com/scaled_originals/2017/12/03/12/12/51/402/7_004.jpg", request: Request { response_code: 0, error: Some(Error(Curl(Error { description: "Couldn\'t resolve host name", code: 6, extra: Some("Could not resolve host: zivity-development.s3.amazonaws.com") }), State { next_error: None, backtrace: Some(stack backtrace:
Dec 01 19:40:07.957 INFO [stdout]    0:     0x562b4db466d5 - backtrace::backtrace::libunwind::trace::hb349e903d4fd9972
Dec 01 19:40:07.957 INFO [stdout]                         at /cargo-home/registry/src/github.com-1ecc6299db9ec823/backtrace-0.3.3/src/backtrace/libunwind.rs:53
Dec 01 19:40:07.957 INFO [stdout]                          - backtrace::backtrace::trace::h86dccff8bba685f3
Dec 01 19:40:07.957 INFO [stdout]                         at /cargo-home/registry/src/github.com-1ecc6299db9ec823/backtrace-0.3.3/src/backtrace/mod.rs:42
Dec 01 19:40:07.957 INFO [stdout]    1:     0x562b4db40b6e - backtrace::capture::Backtrace::new_unresolved::hfd44f48d04d8b4b8
Dec 01 19:40:07.958 INFO [stdout]                         at /cargo-home/registry/src/github.com-1ecc6299db9ec823/backtrace-0.3.3/src/capture.rs:88
Dec 01 19:40:07.958 INFO [stdout]    2:     0x562b4db40acc - backtrace::capture::Backtrace::new::h46daaecf6724f6f5
Dec 01 19:40:07.958 INFO [stdout]                         at /cargo-home/registry/src/github.com-1ecc6299db9ec823/backtrace-0.3.3/src/capture.rs:63
Dec 01 19:40:07.958 INFO [stdout]    3:     0x562b4db3f40a - error_chain::make_backtrace::h216703837b355bf5
Dec 01 19:40:07.958 INFO [stdout]                         at /cargo-home/registry/src/github.com-1ecc6299db9ec823/error-chain-0.11.0/src/lib.rs:616
Dec 01 19:40:07.958 INFO [stdout]    4:     0x562b4db3f47e - <error_chain::State as core::default::Default>::default::h15012628bc0c3a15
Dec 01 19:40:07.958 INFO [stdout]                         at /cargo-home/registry/src/github.com-1ecc6299db9ec823/error-chain-0.11.0/src/lib.rs:710
Dec 01 19:40:07.958 INFO [stdout]    5:     0x562b4dac264d - herstory::errors::Error::from_kind::h68ad7c08bbdb2a87
Dec 01 19:40:07.958 INFO [stdout]                         at /source/<::error_chain::error_chain::impl_error_chain_processed macros>:53
Dec 01 19:40:07.958 INFO [stdout]    6:     0x562b4dac2726 - <herstory::errors::Error as core::convert::From<curl::error::Error>>::from::h930b47d65b563018
Dec 01 19:40:07.958 INFO [stdout]                         at src/lib.rs:18
Dec 01 19:40:07.958 INFO [stdout]    7:     0x562b4daa638f - <T as core::convert::Into<U>>::into::h37a3c5c330e8c1f4
Dec 01 19:40:07.958 INFO [stdout]                         at libcore/convert.rs:456
Dec 01 19:40:07.958 INFO [stdout]    8:     0x562b4dad0fbe - herstory::models::request::CurlRequest::perform::{{closure}}::hd2734ceecd15123b
Dec 01 19:40:07.958 INFO [stdout]                         at src/models/request.rs:97
Dec 01 19:40:07.958 INFO [stdout]    9:     0x562b4dae9b48 - <core::result::Result<T, E>>::map_err::hef73e46fffd8d8ef
Dec 01 19:40:07.958 INFO [stdout]                         at libcore/result.rs:530
Dec 01 19:40:07.958 INFO [stdout]   10:     0x562b4dad0f76 - herstory::models::request::CurlRequest::perform::hc3d3595070a231d2
Dec 01 19:40:07.958 INFO [stdout]                         at src/models/request.rs:97
Dec 01 19:40:07.958 INFO [stdout]   11:     0x562b4dad075d - herstory::models::request::Request::perform_and_save::h9079e2c47b549bfb
Dec 01 19:40:07.958 INFO [stdout]                         at src/models/request.rs:40
Dec 01 19:40:07.958 INFO [stdout]   12:     0x562b4dad4a78 - herstory::models::Image::spawn_request::h74205c935b188e98
Dec 01 19:40:07.958 INFO [stdout]                         at src/models/mod.rs:98
Dec 01 19:40:07.961 INFO [stdout]   13:     0x562b4dad47d7 - herstory::models::Photoset::download_and_save::{{closure}}::h4969bcbf9f630793
Dec 01 19:40:07.961 INFO [stdout]                         at src/models/mod.rs:78
Dec 01 19:40:07.961 INFO [stdout]   14:     0x562b4dac1c92 - <herstory::threadpool::Task<T>>::execute::h48f133756ec2e390
Dec 01 19:40:07.961 INFO [stdout]                         at src/threadpool.rs:91
Dec 01 19:40:07.961 INFO [stdout]   15:     0x562b4dac235e - herstory::threadpool::WorkerThread::new::{{closure}}::h44fd9da9ece9bb9c
Dec 01 19:40:07.961 INFO [stdout]                         at src/threadpool.rs:149
Dec 01 19:40:07.961 INFO [stdout]   16:     0x562b4dadef9a - std::sys_common::backtrace::__rust_begin_short_backtrace::h177ff1074d4544dc
Dec 01 19:40:07.961 INFO [stdout]                         at libstd/sys_common/backtrace.rs:136
Dec 01 19:40:07.961 INFO [stdout]   17:     0x562b4dabd00c - std::thread::Builder::spawn::{{closure}}::{{closure}}::hcb7be09c837ee2ba
Dec 01 19:40:07.961 INFO [stdout]                         at libstd/thread/mod.rs:409
Dec 01 19:40:07.961 INFO [stdout]   18:     0x562b4daa6d9c - <std::panic::AssertUnwindSafe<F> as core::ops::function::FnOnce<()>>::call_once::hb00ae6be35917b8e
Dec 01 19:40:07.961 INFO [stdout]                         at libstd/panic.rs:313
Dec 01 19:40:07.961 INFO [stdout]   19:     0x562b4daaa39f - std::panicking::try::do_call::h25c9a94716749695
Dec 01 19:40:07.961 INFO [stdout]                         at libstd/panicking.rs:310
Dec 01 19:40:07.961 INFO [stdout]   20:     0x562b4db9c609 - __rust_maybe_catch_panic
Dec 01 19:40:07.961 INFO [stdout]                         at libpanic_unwind/lib.rs:103
Dec 01 19:40:07.961 INFO [stdout]   21:     0x562b4daa9a21 - std::panicking::try::h46ece5f019e52ec5
Dec 01 19:40:07.961 INFO [stdout]                         at libstd/panicking.rs:289
Dec 01 19:40:07.961 INFO [stdout]   22:     0x562b4daa974c - std::panic::catch_unwind::hdeb90523ced8e3b2
Dec 01 19:40:07.961 INFO [stdout]                         at libstd/panic.rs:392
Dec 01 19:40:07.961 INFO [stdout]   23:     0x562b4dabce2c - std::thread::Builder::spawn::{{closure}}::he4186cc32b63bedb
Dec 01 19:40:07.961 INFO [stdout]                         at libstd/thread/mod.rs:408
Dec 01 19:40:07.961 INFO [stdout]   24:     0x562b4dabfef6 - <F as alloc::boxed::FnBox<A>>::call_box::h52ef1fabc3f67b13
Dec 01 19:40:07.961 INFO [stdout]                         at liballoc/boxed.rs:646
Dec 01 19:40:07.961 INFO [stdout]   25:     0x562b4db8e24a - <alloc::boxed::Box<(dyn alloc::boxed::FnBox<A, Output$u3d$R$GT$$u20$$u2b$$u20$$u27$a$RP$$GT$$u20$as$u20$core..ops..function..FnOnce$LT$A$GT$$GT$::call_once::hfedf8d10954bca7a
Dec 01 19:40:07.961 INFO [stdout]                         at liballoc/boxed.rs:656
Dec 01 19:40:07.961 INFO [stdout]                          - std::sys_common::thread::start_thread::h75d887c7d2cc4479
Dec 01 19:40:07.961 INFO [stdout]                         at libstd/sys_common/thread.rs:24
Dec 01 19:40:07.961 INFO [stdout]   26:     0x562b4db7e105 - std::sys::unix::thread::Thread::new::thread_start::h8414caee632bf9ed
Dec 01 19:40:07.961 INFO [stdout]                         at libstd/sys/unix/thread.rs:90
Dec 01 19:40:07.961 INFO [stdout]   27:     0x7efce55c56b9 - start_thread
Dec 01 19:40:07.961 INFO [stdout]   28:     0x7efce50e541c - clone
Dec 01 19:40:07.961 INFO [stdout]   29:                0x0 - <unknown>) })) } } } status: Failure } 
Dec 01 19:40:07.961 INFO [stdout] Worker 2 - Task { item: Mutex { data: Image { photoset_id: 7, index: 2, url: "http://zivity-development.s3.amazonaws.com/scaled_originals/2017/12/03/12/12/32/524/7_002.jpg", request: Request { response_code: 0, error: Some(Error(Curl(Error { description: "Couldn\'t resolve host name", code: 6, extra: Some("Could not resolve host: zivity-development.s3.amazonaws.com") }), State { next_error: None, backtrace: Some(stack backtrace:
Dec 01 19:40:07.961 INFO [stdout]    0:     0x562b4db466d5 - backtrace::backtrace::libunwind::trace::hb349e903d4fd9972
Dec 01 19:40:07.962 INFO [stdout]                         at /cargo-home/registry/src/github.com-1ecc6299db9ec823/backtrace-0.3.3/src/backtrace/libunwind.rs:53
Dec 01 19:40:07.962 INFO [stdout]                          - backtrace::backtrace::trace::h86dccff8bba685f3
Dec 01 19:40:07.962 INFO [stdout]                         at /cargo-home/registry/src/github.com-1ecc6299db9ec823/backtrace-0.3.3/src/backtrace/mod.rs:42
Dec 01 19:40:07.962 INFO [stdout]    1:     0x562b4db40b6e - backtrace::capture::Backtrace::new_unresolved::hfd44f48d04d8b4b8
Dec 01 19:40:07.962 INFO [stdout]                         at /cargo-home/registry/src/github.com-1ecc6299db9ec823/backtrace-0.3.3/src/capture.rs:88
Dec 01 19:40:07.962 INFO [stdout]    2:     0x562b4db40acc - backtrace::capture::Backtrace::new::h46daaecf6724f6f5
Dec 01 19:40:07.962 INFO [stdout]                         at /cargo-home/registry/src/github.com-1ecc6299db9ec823/backtrace-0.3.3/src/capture.rs:63
Dec 01 19:40:07.962 INFO [stdout]    3:     0x562b4db3f40a - error_chain::make_backtrace::h216703837b355bf5
Dec 01 19:40:07.962 INFO [stdout]                         at /cargo-home/registry/src/github.com-1ecc6299db9ec823/error-chain-0.11.0/src/lib.rs:616
Dec 01 19:40:07.962 INFO [stdout]    4:     0x562b4db3f47e - <error_chain::State as core::default::Default>::default::h15012628bc0c3a15
Dec 01 19:40:07.962 INFO [stdout]                         at /cargo-home/registry/src/github.com-1ecc6299db9ec823/error-chain-0.11.0/src/lib.rs:710
Dec 01 19:40:07.962 INFO [stdout]    5:     0x562b4dac264d - herstory::errors::Error::from_kind::h68ad7c08bbdb2a87
Dec 01 19:40:07.962 INFO [stdout]                         at /source/<::error_chain::error_chain::impl_error_chain_processed macros>:53
Dec 01 19:40:07.962 INFO [stdout]    6:     0x562b4dac2726 - <herstory::errors::Error as core::convert::From<curl::error::Error>>::from::h930b47d65b563018
Dec 01 19:40:07.962 INFO [stdout]                         at src/lib.rs:18
Dec 01 19:40:07.962 INFO [stdout]    7:     0x562b4daa638f - <T as core::convert::Into<U>>::into::h37a3c5c330e8c1f4
Dec 01 19:40:07.962 INFO [stdout]                         at libcore/convert.rs:456
Dec 01 19:40:07.962 INFO [stdout]    8:     0x562b4dad0fbe - herstory::models::request::CurlRequest::perform::{{closure}}::hd2734ceecd15123b
Dec 01 19:40:07.963 INFO [stdout]                         at src/models/request.rs:97
Dec 01 19:40:07.963 INFO [stdout]    9:     0x562b4dae9b48 - <core::result::Result<T, E>>::map_err::hef73e46fffd8d8ef
Dec 01 19:40:07.963 INFO [stdout]                         at libcore/result.rs:530
Dec 01 19:40:07.963 INFO [stdout]   10:     0x562b4dad0f76 - herstory::models::request::CurlRequest::perform::hc3d3595070a231d2
Dec 01 19:40:07.963 INFO [stdout]                         at src/models/request.rs:97
Dec 01 19:40:07.963 INFO [stdout]   11:     0x562b4dad075d - herstory::models::request::Request::perform_and_save::h9079e2c47b549bfb
Dec 01 19:40:07.963 INFO [stdout]                         at src/models/request.rs:40
Dec 01 19:40:07.963 INFO [stdout]   12:     0x562b4dad4a78 - herstory::models::Image::spawn_request::h74205c935b188e98
Dec 01 19:40:07.963 INFO [stdout]                         at src/models/mod.rs:98
Dec 01 19:40:07.963 INFO [stdout]   13:     0x562b4dad47d7 - herstory::models::Photoset::download_and_save::{{closure}}::h4969bcbf9f630793
Dec 01 19:40:07.963 INFO [stdout]                         at src/models/mod.rs:78
Dec 01 19:40:07.963 INFO [stdout]   14:     0x562b4dac1c92 - <herstory::threadpool::Task<T>>::execute::h48f133756ec2e390
Dec 01 19:40:07.963 INFO [stdout]                         at src/threadpool.rs:91
Dec 01 19:40:07.963 INFO [stdout]   15:     0x562b4dac235e - herstory::threadpool::WorkerThread::new::{{closure}}::h44fd9da9ece9bb9c
Dec 01 19:40:07.963 INFO [stdout]                         at src/threadpool.rs:149
Dec 01 19:40:07.963 INFO [stdout]   16:     0x562b4dadef9a - std::sys_common::backtrace::__rust_begin_short_backtrace::h177ff1074d4544dc
Dec 01 19:40:07.963 INFO [stdout]                         at libstd/sys_common/backtrace.rs:136
Dec 01 19:40:07.963 INFO [stdout]   17:     0x562b4dabd00c - std::thread::Builder::spawn::{{closure}}::{{closure}}::hcb7be09c837ee2ba
Dec 01 19:40:07.963 INFO [stdout]                         at libstd/thread/mod.rs:409
Dec 01 19:40:07.963 INFO [stdout]   18:     0x562b4daa6d9c - <std::panic::AssertUnwindSafe<F> as core::ops::function::FnOnce<()>>::call_once::hb00ae6be35917b8e
Dec 01 19:40:07.964 INFO [stdout]                         at libstd/panic.rs:313
Dec 01 19:40:07.964 INFO [stdout]   19:     0x562b4daaa39f - std::panicking::try::do_call::h25c9a94716749695
Dec 01 19:40:07.964 INFO [stdout]                         at libstd/panicking.rs:310
Dec 01 19:40:07.964 INFO [stdout]   20:     0x562b4db9c609 - __rust_maybe_catch_panic
Dec 01 19:40:07.964 INFO [stdout]                         at libpanic_unwind/lib.rs:103
Dec 01 19:40:07.964 INFO [stdout]   21:     0x562b4daa9a21 - std::panicking::try::h46ece5f019e52ec5
Dec 01 19:40:07.964 INFO [stdout]                         at libstd/panicking.rs:289
Dec 01 19:40:07.964 INFO [stdout]   22:     0x562b4daa974c - std::panic::catch_unwind::hdeb90523ced8e3b2
Dec 01 19:40:07.964 INFO [stdout]                         at libstd/panic.rs:392
Dec 01 19:40:07.964 INFO [stdout]   23:     0x562b4dabce2c - std::thread::Builder::spawn::{{closure}}::he4186cc32b63bedb
Dec 01 19:40:07.964 INFO [stdout]                         at libstd/thread/mod.rs:408
Dec 01 19:40:07.964 INFO [stdout]   24:     0x562b4dabfef6 - <F as alloc::boxed::FnBox<A>>::call_box::h52ef1fabc3f67b13
Dec 01 19:40:07.964 INFO [stdout]                         at liballoc/boxed.rs:646
Dec 01 19:40:07.964 INFO [stdout]   25:     0x562b4db8e24a - <alloc::boxed::Box<(dyn alloc::boxed::FnBox<A, Output$u3d$R$GT$$u20$$u2b$$u20$$u27$a$RP$$GT$$u20$as$u20$core..ops..function..FnOnce$LT$A$GT$$GT$::call_once::hfedf8d10954bca7a
Dec 01 19:40:07.964 INFO [stdout]                         at liballoc/boxed.rs:656
Dec 01 19:40:07.964 INFO [stdout]                          - std::sys_common::thread::start_thread::h75d887c7d2cc4479
Dec 01 19:40:07.965 INFO [stdout]                         at libstd/sys_common/thread.rs:24
Dec 01 19:40:07.965 INFO [stdout]   26:     0x562b4db7e105 - std::sys::unix::thread::Thread::new::thread_start::h8414caee632bf9ed
Dec 01 19:40:07.965 INFO [stdout]                         at libstd/sys/unix/thread.rs:90
Dec 01 19:40:07.965 INFO [stdout]   27:     0x7efce55c56b9 - start_thread
Dec 01 19:40:07.965 INFO [stdout]   28:     0x7efce50e541c - clone
Dec 01 19:40:07.965 INFO [stdout]   29:                0x0 - <unknown>) })) } } } status: Failure } 
Dec 01 19:40:07.965 INFO [stdout] Worker 3 - Task { item: Mutex { data: Image { photoset_id: 7, index: 1, url: "http://zivity-development.s3.amazonaws.com/scaled_originals/2017/12/03/12/12/37/370/7_003.jpg", request: Request { response_code: 0, error: Some(Error(Curl(Error { description: "Couldn\'t resolve host name", code: 6, extra: Some("Could not resolve host: zivity-development.s3.amazonaws.com") }), State { next_error: None, backtrace: Some(stack backtrace:
Dec 01 19:40:07.965 INFO [stdout]    0:     0x562b4db466d5 - backtrace::backtrace::libunwind::trace::hb349e903d4fd9972
Dec 01 19:40:07.965 INFO [stdout]                         at /cargo-home/registry/src/github.com-1ecc6299db9ec823/backtrace-0.3.3/src/backtrace/libunwind.rs:53
Dec 01 19:40:07.965 INFO [stdout]                          - backtrace::backtrace::trace::h86dccff8bba685f3
Dec 01 19:40:07.965 INFO [stdout]                         at /cargo-home/registry/src/github.com-1ecc6299db9ec823/backtrace-0.3.3/src/backtrace/mod.rs:42
Dec 01 19:40:07.965 INFO [stdout]    1:     0x562b4db40b6e - backtrace::capture::Backtrace::new_unresolved::hfd44f48d04d8b4b8
Dec 01 19:40:07.965 INFO [stdout]                         at /cargo-home/registry/src/github.com-1ecc6299db9ec823/backtrace-0.3.3/src/capture.rs:88
Dec 01 19:40:07.965 INFO [stdout]    2:     0x562b4db40acc - backtrace::capture::Backtrace::new::h46daaecf6724f6f5
Dec 01 19:40:07.966 INFO [stdout]                         at /cargo-home/registry/src/github.com-1ecc6299db9ec823/backtrace-0.3.3/src/capture.rs:63
Dec 01 19:40:07.966 INFO [stdout]    3:     0x562b4db3f40a - error_chain::make_backtrace::h216703837b355bf5
Dec 01 19:40:07.966 INFO [stdout]                         at /cargo-home/registry/src/github.com-1ecc6299db9ec823/error-chain-0.11.0/src/lib.rs:616
Dec 01 19:40:07.966 INFO [stdout]    4:     0x562b4db3f47e - <error_chain::State as core::default::Default>::default::h15012628bc0c3a15
Dec 01 19:40:07.966 INFO [stdout]                         at /cargo-home/registry/src/github.com-1ecc6299db9ec823/error-chain-0.11.0/src/lib.rs:710
Dec 01 19:40:07.966 INFO [stdout]    5:     0x562b4dac264d - herstory::errors::Error::from_kind::h68ad7c08bbdb2a87
Dec 01 19:40:07.966 INFO [stdout]                         at /source/<::error_chain::error_chain::impl_error_chain_processed macros>:53
Dec 01 19:40:07.966 INFO [stdout]    6:     0x562b4dac2726 - <herstory::errors::Error as core::convert::From<curl::error::Error>>::from::h930b47d65b563018
Dec 01 19:40:07.966 INFO [stdout]                         at src/lib.rs:18
Dec 01 19:40:07.966 INFO [stdout]    7:     0x562b4daa638f - <T as core::convert::Into<U>>::into::h37a3c5c330e8c1f4
Dec 01 19:40:07.966 INFO [stdout]                         at libcore/convert.rs:456
Dec 01 19:40:07.966 INFO [stdout]    8:     0x562b4dad0fbe - herstory::models::request::CurlRequest::perform::{{closure}}::hd2734ceecd15123b
Dec 01 19:40:07.966 INFO [stdout]                         at src/models/request.rs:97
Dec 01 19:40:07.966 INFO [stdout]    9:     0x562b4dae9b48 - <core::result::Result<T, E>>::map_err::hef73e46fffd8d8ef
Dec 01 19:40:07.966 INFO [stdout]                         at libcore/result.rs:530
Dec 01 19:40:07.966 INFO [stdout]   10:     0x562b4dad0f76 - herstory::models::request::CurlRequest::perform::hc3d3595070a231d2
Dec 01 19:40:07.966 INFO [stdout]                         at src/models/request.rs:97
Dec 01 19:40:07.966 INFO [stdout]   11:     0x562b4dad075d - herstory::models::request::Request::perform_and_save::h9079e2c47b549bfb
Dec 01 19:40:07.966 INFO [stdout]                         at src/models/request.rs:40
Dec 01 19:40:07.966 INFO [stdout]   12:     0x562b4dad4a78 - herstory::models::Image::spawn_request::h74205c935b188e98
Dec 01 19:40:07.966 INFO [stdout]                         at src/models/mod.rs:98
Dec 01 19:40:07.966 INFO [stdout]   13:     0x562b4dad47d7 - herstory::models::Photoset::download_and_save::{{closure}}::h4969bcbf9f630793
Dec 01 19:40:07.966 INFO [stdout]                         at src/models/mod.rs:78
Dec 01 19:40:07.967 INFO [stdout]   14:     0x562b4dac1c92 - <herstory::threadpool::Task<T>>::execute::h48f133756ec2e390
Dec 01 19:40:07.967 INFO [stdout]                         at src/threadpool.rs:91
Dec 01 19:40:07.967 INFO [stdout]   15:     0x562b4dac235e - herstory::threadpool::WorkerThread::new::{{closure}}::h44fd9da9ece9bb9c
Dec 01 19:40:07.967 INFO [stdout]                         at src/threadpool.rs:149
Dec 01 19:40:07.967 INFO [stdout]   16:     0x562b4dadef9a - std::sys_common::backtrace::__rust_begin_short_backtrace::h177ff1074d4544dc
Dec 01 19:40:07.967 INFO [stdout]                         at libstd/sys_common/backtrace.rs:136
Dec 01 19:40:07.967 INFO [stdout]   17:     0x562b4dabd00c - std::thread::Builder::spawn::{{closure}}::{{closure}}::hcb7be09c837ee2ba
Dec 01 19:40:07.967 INFO [stdout]                         at libstd/thread/mod.rs:409
Dec 01 19:40:07.967 INFO [stdout]   18:     0x562b4daa6d9c - <std::panic::AssertUnwindSafe<F> as core::ops::function::FnOnce<()>>::call_once::hb00ae6be35917b8e
Dec 01 19:40:07.967 INFO [stdout]                         at libstd/panic.rs:313
Dec 01 19:40:07.967 INFO [stdout]   19:     0x562b4daaa39f - std::panicking::try::do_call::h25c9a94716749695
Dec 01 19:40:07.967 INFO [stdout]                         at libstd/panicking.rs:310
Dec 01 19:40:07.967 INFO [stdout]   20:     0x562b4db9c609 - __rust_maybe_catch_panic
Dec 01 19:40:07.967 INFO [stdout]                         at libpanic_unwind/lib.rs:103
Dec 01 19:40:07.967 INFO [stdout]   21:     0x562b4daa9a21 - std::panicking::try::h46ece5f019e52ec5
Dec 01 19:40:07.967 INFO [stdout]                         at libstd/panicking.rs:289
Dec 01 19:40:07.967 INFO [stdout]   22:     0x562b4daa974c - std::panic::catch_unwind::hdeb90523ced8e3b2
Dec 01 19:40:07.967 INFO [stdout]                         at libstd/panic.rs:392
Dec 01 19:40:07.967 INFO [stdout]   23:     0x562b4dabce2c - std::thread::Builder::spawn::{{closure}}::he4186cc32b63bedb
Dec 01 19:40:07.967 INFO [stdout]                         at libstd/thread/mod.rs:408
Dec 01 19:40:07.967 INFO [stdout]   24:     0x562b4dabfef6 - <F as alloc::boxed::FnBox<A>>::call_box::h52ef1fabc3f67b13
Dec 01 19:40:07.967 INFO [stdout]                         at liballoc/boxed.rs:646
Dec 01 19:40:07.967 INFO [stdout]   25:     0x562b4db8e24a - <alloc::boxed::Box<(dyn alloc::boxed::FnBox<A, Output$u3d$R$GT$$u20$$u2b$$u20$$u27$a$RP$$GT$$u20$as$u20$core..ops..function..FnOnce$LT$A$GT$$GT$::call_once::hfedf8d10954bca7a
Dec 01 19:40:07.967 INFO [stdout]                         at liballoc/boxed.rs:656
Dec 01 19:40:07.967 INFO [stdout]                          - std::sys_common::thread::start_thread::h75d887c7d2cc4479
Dec 01 19:40:07.967 INFO [stdout]                         at libstd/sys_common/thread.rs:24
Dec 01 19:40:07.967 INFO [stdout]   26:     0x562b4db7e105 - std::sys::unix::thread::Thread::new::thread_start::h8414caee632bf9ed
Dec 01 19:40:07.967 INFO [stdout]                         at libstd/sys/unix/thread.rs:90
Dec 01 19:40:07.967 INFO [stdout]   27:     0x7efce55c56b9 - start_thread
Dec 01 19:40:07.967 INFO [stdout]   28:     0x7efce50e541c - clone
Dec 01 19:40:07.967 INFO [stdout]   29:                0x0 - <unknown>) })) } } } status: Failure } 
Dec 01 19:40:07.967 INFO [stdout] Worker 1 - Task { item: Mutex { data: Image { photoset_id: 7, index: 3, url: "http://zivity-development.s3.amazonaws.com/scaled_originals/2017/12/03/12/12/22/161/7_001.jpg", request: Request { response_code: 0, error: Some(Error(Curl(Error { description: "Couldn\'t resolve host name", code: 6, extra: Some("Could not resolve host: zivity-development.s3.amazonaws.com") }), State { next_error: None, backtrace: Some(stack backtrace:
Dec 01 19:40:07.967 INFO [stdout]    0:     0x562b4db466d5 - backtrace::backtrace::libunwind::trace::hb349e903d4fd9972
Dec 01 19:40:07.967 INFO [stdout]                         at /cargo-home/registry/src/github.com-1ecc6299db9ec823/backtrace-0.3.3/src/backtrace/libunwind.rs:53
Dec 01 19:40:07.967 INFO [stdout]                          - backtrace::backtrace::trace::h86dccff8bba685f3
Dec 01 19:40:07.967 INFO [stdout]                         at /cargo-home/registry/src/github.com-1ecc6299db9ec823/backtrace-0.3.3/src/backtrace/mod.rs:42
Dec 01 19:40:07.967 INFO [stdout]    1:     0x562b4db40b6e - backtrace::capture::Backtrace::new_unresolved::hfd44f48d04d8b4b8
Dec 01 19:40:07.967 INFO [stdout]                         at /cargo-home/registry/src/github.com-1ecc6299db9ec823/backtrace-0.3.3/src/capture.rs:88
Dec 01 19:40:07.967 INFO [stdout]    2:     0x562b4db40acc - backtrace::capture::Backtrace::new::h46daaecf6724f6f5
Dec 01 19:40:07.967 INFO [stdout]                         at /cargo-home/registry/src/github.com-1ecc6299db9ec823/backtrace-0.3.3/src/capture.rs:63
Dec 01 19:40:07.967 INFO [stdout]    3:     0x562b4db3f40a - error_chain::make_backtrace::h216703837b355bf5
Dec 01 19:40:07.967 INFO [stdout]                         at /cargo-home/registry/src/github.com-1ecc6299db9ec823/error-chain-0.11.0/src/lib.rs:616
Dec 01 19:40:07.967 INFO [stdout]    4:     0x562b4db3f47e - <error_chain::State as core::default::Default>::default::h15012628bc0c3a15
Dec 01 19:40:07.967 INFO [stdout]                         at /cargo-home/registry/src/github.com-1ecc6299db9ec823/error-chain-0.11.0/src/lib.rs:710
Dec 01 19:40:07.967 INFO [stdout]    5:     0x562b4dac264d - herstory::errors::Error::from_kind::h68ad7c08bbdb2a87
Dec 01 19:40:07.967 INFO [stdout]                         at /source/<::error_chain::error_chain::impl_error_chain_processed macros>:53
Dec 01 19:40:07.967 INFO [stdout]    6:     0x562b4dac2726 - <herstory::errors::Error as core::convert::From<curl::error::Error>>::from::h930b47d65b563018
Dec 01 19:40:07.967 INFO [stdout]                         at src/lib.rs:18
Dec 01 19:40:07.968 INFO [stdout]    7:     0x562b4daa638f - <T as core::convert::Into<U>>::into::h37a3c5c330e8c1f4
Dec 01 19:40:07.968 INFO [stdout]                         at libcore/convert.rs:456
Dec 01 19:40:07.968 INFO [stdout]    8:     0x562b4dad0fbe - herstory::models::request::CurlRequest::perform::{{closure}}::hd2734ceecd15123b
Dec 01 19:40:07.968 INFO [stdout]                         at src/models/request.rs:97
Dec 01 19:40:07.968 INFO [stdout]    9:     0x562b4dae9b48 - <core::result::Result<T, E>>::map_err::hef73e46fffd8d8ef
Dec 01 19:40:07.968 INFO [stdout]                         at libcore/result.rs:530
Dec 01 19:40:07.968 INFO [stdout]   10:     0x562b4dad0f76 - herstory::models::request::CurlRequest::perform::hc3d3595070a231d2
Dec 01 19:40:07.968 INFO [stdout]                         at src/models/request.rs:97
Dec 01 19:40:07.968 INFO [stdout]   11:     0x562b4dad075d - herstory::models::request::Request::perform_and_save::h9079e2c47b549bfb
Dec 01 19:40:07.968 INFO [stdout]                         at src/models/request.rs:40
Dec 01 19:40:07.968 INFO [stdout]   12:     0x562b4dad4a78 - herstory::models::Image::spawn_request::h74205c935b188e98
Dec 01 19:40:07.968 INFO [stdout]                         at src/models/mod.rs:98
Dec 01 19:40:07.968 INFO [stdout]   13:     0x562b4dad47d7 - herstory::models::Photoset::download_and_save::{{closure}}::h4969bcbf9f630793
Dec 01 19:40:07.968 INFO [stdout]                         at src/models/mod.rs:78
Dec 01 19:40:07.968 INFO [stdout]   14:     0x562b4dac1c92 - <herstory::threadpool::Task<T>>::execute::h48f133756ec2e390
Dec 01 19:40:07.968 INFO [stdout]                         at src/threadpool.rs:91
Dec 01 19:40:07.968 INFO [stdout]   15:     0x562b4dac235e - herstory::threadpool::WorkerThread::new::{{closure}}::h44fd9da9ece9bb9c
Dec 01 19:40:07.968 INFO [stdout]                         at src/threadpool.rs:149
Dec 01 19:40:07.968 INFO [stdout]   16:     0x562b4dadef9a - std::sys_common::backtrace::__rust_begin_short_backtrace::h177ff1074d4544dc
Dec 01 19:40:07.968 INFO [stdout]                         at libstd/sys_common/backtrace.rs:136
Dec 01 19:40:07.968 INFO [stdout]   17:     0x562b4dabd00c - std::thread::Builder::spawn::{{closure}}::{{closure}}::hcb7be09c837ee2ba
Dec 01 19:40:07.968 INFO [stdout]                         at libstd/thread/mod.rs:409
Dec 01 19:40:07.968 INFO [stdout]   18:     0x562b4daa6d9c - <std::panic::AssertUnwindSafe<F> as core::ops::function::FnOnce<()>>::call_once::hb00ae6be35917b8e
Dec 01 19:40:07.968 INFO [stdout]                         at libstd/panic.rs:313
Dec 01 19:40:07.968 INFO [stdout]   19:     0x562b4daaa39f - std::panicking::try::do_call::h25c9a94716749695
Dec 01 19:40:07.968 INFO [stdout]                         at libstd/panicking.rs:310
Dec 01 19:40:07.968 INFO [stdout]   20:     0x562b4db9c609 - __rust_maybe_catch_panic
Dec 01 19:40:07.968 INFO [stdout]                         at libpanic_unwind/lib.rs:103
Dec 01 19:40:07.968 INFO [stdout]   21:     0x562b4daa9a21 - std::panicking::try::h46ece5f019e52ec5
Dec 01 19:40:07.968 INFO [stdout]                         at libstd/panicking.rs:289
Dec 01 19:40:07.968 INFO [stdout]   22:     0x562b4daa974c - std::panic::catch_unwind::hdeb90523ced8e3b2
Dec 01 19:40:07.968 INFO [stdout]                         at libstd/panic.rs:392
Dec 01 19:40:07.968 INFO [stdout]   23:     0x562b4dabce2c - std::thread::Builder::spawn::{{closure}}::he4186cc32b63bedb
Dec 01 19:40:07.968 INFO [stdout]                         at libstd/thread/mod.rs:408
Dec 01 19:40:07.968 INFO [stdout]   24:     0x562b4dabfef6 - <F as alloc::boxed::FnBox<A>>::call_box::h52ef1fabc3f67b13
Dec 01 19:40:07.968 INFO [stdout]                         at liballoc/boxed.rs:646
Dec 01 19:40:07.968 INFO [stdout]   25:     0x562b4db8e24a - <alloc::boxed::Box<(dyn alloc::boxed::FnBox<A, Output$u3d$R$GT$$u20$$u2b$$u20$$u27$a$RP$$GT$$u20$as$u20$core..ops..function..FnOnce$LT$A$GT$$GT$::call_once::hfedf8d10954bca7a
Dec 01 19:40:07.968 INFO [stdout]                         at liballoc/boxed.rs:656
Dec 01 19:40:07.968 INFO [stdout]                          - std::sys_common::thread::start_thread::h75d887c7d2cc4479
Dec 01 19:40:07.968 INFO [stdout]                         at libstd/sys_common/thread.rs:24
Dec 01 19:40:07.968 INFO [stdout]   26:     0x562b4db7e105 - std::sys::unix::thread::Thread::new::thread_start::h8414caee632bf9ed
Dec 01 19:40:07.968 INFO [stdout]                         at libstd/sys/unix/thread.rs:90
Dec 01 19:40:07.968 INFO [stdout]   27:     0x7efce55c56b9 - start_thread
Dec 01 19:40:07.968 INFO [stdout]   28:     0x7efce50e541c - clone
Dec 01 19:40:07.968 INFO [stdout]   29:                0x0 - <unknown>) })) } } } status: Failure } 
Dec 01 19:40:08.027 INFO [stdout] test tests::it_works ... FAILED
Dec 01 19:40:08.027 INFO [stdout] 
Dec 01 19:40:08.027 INFO [stdout] failures:
Dec 01 19:40:08.027 INFO [stdout] 
Dec 01 19:40:08.027 INFO [stdout] ---- tests::it_works stdout ----
Dec 01 19:40:08.027 INFO [stdout] Finished: 0
Dec 01 19:40:08.027 INFO [stdout] Finished: 1
Dec 01 19:40:08.027 INFO [stdout] Finished: 2
Dec 01 19:40:08.027 INFO [stdout] Finished: 3
Dec 01 19:40:08.027 INFO [stdout] Finished: 0
Dec 01 19:40:08.027 INFO [stdout] Finished: 1
Dec 01 19:40:08.027 INFO [stdout] Finished: 2
Dec 01 19:40:08.027 INFO [stdout] Finished: 3
Dec 01 19:40:08.027 INFO [stdout] thread 'tests::it_works' panicked at 'assertion failed: `(left == right)`
Dec 01 19:40:08.027 INFO [stdout]   left: `0`,
Dec 01 19:40:08.027 INFO [stdout]  right: `3`', src/lib.rs:117:9
Dec 01 19:40:08.027 INFO [stdout] stack backtrace:
Dec 01 19:40:08.027 INFO [stdout]    0:     0x562b4db8c84e - std::sys::unix::backtrace::tracing::imp::unwind_backtrace::h15749a98198ba25f
Dec 01 19:40:08.027 INFO [stdout]                                at libstd/sys/unix/backtrace/tracing/gcc_s.rs:49
Dec 01 19:40:08.027 INFO [stdout]    1:     0x562b4db7ef66 - std::sys_common::backtrace::print::h0ba65c811294dbf0
Dec 01 19:40:08.027 INFO [stdout]                                at libstd/sys_common/backtrace.rs:71
Dec 01 19:40:08.027 INFO [stdout]                                at libstd/sys_common/backtrace.rs:59
Dec 01 19:40:08.027 INFO [stdout]    2:     0x562b4db7d22d - std::panicking::default_hook::{{closure}}::h42bb31757f0fee64
Dec 01 19:40:08.027 INFO [stdout]                                at libstd/panicking.rs:211
Dec 01 19:40:08.027 INFO [stdout]    3:     0x562b4db7cf3b - std::panicking::default_hook::hebc8848d7aa7dbd9
Dec 01 19:40:08.027 INFO [stdout]                                at libstd/panicking.rs:221
Dec 01 19:40:08.027 INFO [stdout]    4:     0x562b4db7d8dc - std::panicking::rust_panic_with_hook::h86e619a638415243
Dec 01 19:40:08.027 INFO [stdout]                                at libstd/panicking.rs:477
Dec 01 19:40:08.027 INFO [stdout]    5:     0x562b4db7d499 - std::panicking::continue_panic_fmt::h2d2d2bfb065a70b2
Dec 01 19:40:08.027 INFO [stdout]                                at libstd/panicking.rs:391
Dec 01 19:40:08.027 INFO [stdout]    6:     0x562b4db7d3fd - std::panicking::begin_panic_fmt::ha5097e2056ef3d5a
Dec 01 19:40:08.027 INFO [stdout]                                at libstd/panicking.rs:346
Dec 01 19:40:08.027 INFO [stdout]    7:     0x562b4dad1f17 - herstory::tests::it_works::h26a950ffe8c0260c
Dec 01 19:40:08.027 INFO [stdout]                                at src/lib.rs:117
Dec 01 19:40:08.027 INFO [stdout]    8:     0x562b4dad1a19 - herstory::tests::it_works::{{closure}}::h86c9a486631954b0
Dec 01 19:40:08.027 INFO [stdout]                                at src/lib.rs:106
Dec 01 19:40:08.027 INFO [stdout]    9:     0x562b4daad66d - core::ops::function::FnOnce::call_once::h04878e118afe81e5
Dec 01 19:40:08.027 INFO [stdout]                                at libcore/ops/function.rs:238
Dec 01 19:40:08.027 INFO [stdout]   10:     0x562b4daecf3e - <F as alloc::boxed::FnBox<A>>::call_box::hbea525814fa423cc
Dec 01 19:40:08.027 INFO [stdout]                                at libtest/lib.rs:1461
Dec 01 19:40:08.027 INFO [stdout]                                at libcore/ops/function.rs:238
Dec 01 19:40:08.027 INFO [stdout]                                at liballoc/boxed.rs:646
Dec 01 19:40:08.027 INFO [stdout]   11:     0x562b4db9c609 - __rust_maybe_catch_panic
Dec 01 19:40:08.027 INFO [stdout]                                at libpanic_unwind/lib.rs:103
Dec 01 19:40:08.027 INFO [stdout]   12:     0x562b4daf889d - std::sys_common::backtrace::__rust_begin_short_backtrace::h0ff507d7422944d3
Dec 01 19:40:08.027 INFO [stdout]                                at libstd/panicking.rs:289
Dec 01 19:40:08.027 INFO [stdout]                                at libstd/panic.rs:392
Dec 01 19:40:08.027 INFO [stdout]                                at libtest/lib.rs:1416
Dec 01 19:40:08.027 INFO [stdout]                                at libstd/sys_common/backtrace.rs:136
Dec 01 19:40:08.027 INFO [stdout]   13:     0x562b4db10ed4 - std::panicking::try::do_call::hba0bdcc3670471cc
Dec 01 19:40:08.027 INFO [stdout]                                at libstd/thread/mod.rs:409
Dec 01 19:40:08.027 INFO [stdout]                                at libstd/panic.rs:313
Dec 01 19:40:08.027 INFO [stdout]                                at libstd/panicking.rs:310
Dec 01 19:40:08.027 INFO [stdout]   14:     0x562b4db9c609 - __rust_maybe_catch_panic
Dec 01 19:40:08.027 INFO [stdout]                                at libpanic_unwind/lib.rs:103
Dec 01 19:40:08.027 INFO [stdout]   15:     0x562b4db017a6 - <F as alloc::boxed::FnBox<A>>::call_box::hdac52587b00591af
Dec 01 19:40:08.027 INFO [stdout]                                at libstd/panicking.rs:289
Dec 01 19:40:08.027 INFO [stdout]                                at libstd/panic.rs:392
Dec 01 19:40:08.027 INFO [stdout]                                at libstd/thread/mod.rs:408
Dec 01 19:40:08.027 INFO [stdout]                                at liballoc/boxed.rs:646
Dec 01 19:40:08.027 INFO [stdout]   16:     0x562b4db8e24a - std::sys_common::thread::start_thread::h75d887c7d2cc4479
Dec 01 19:40:08.027 INFO [stdout]                                at liballoc/boxed.rs:656
Dec 01 19:40:08.027 INFO [stdout]                                at libstd/sys_common/thread.rs:24
Dec 01 19:40:08.027 INFO [stdout]   17:     0x562b4db7e105 - std::sys::unix::thread::Thread::new::thread_start::h8414caee632bf9ed
Dec 01 19:40:08.027 INFO [stdout]                                at libstd/sys/unix/thread.rs:90
Dec 01 19:40:08.027 INFO [stdout]   18:     0x7efce55c56b9 - start_thread
Dec 01 19:40:08.027 INFO [stdout]   19:     0x7efce50e541c - clone
Dec 01 19:40:08.027 INFO [stdout]   20:                0x0 - <unknown>
Dec 01 19:40:08.027 INFO [stdout] 
Dec 01 19:40:08.027 INFO [stdout] 
Dec 01 19:40:08.027 INFO [stdout] failures:
Dec 01 19:40:08.027 INFO [stdout]     tests::it_works
Dec 01 19:40:08.027 INFO [stdout] 
Dec 01 19:40:08.027 INFO [stdout] test result: FAILED. 0 passed; 1 failed; 0 ignored; 0 measured; 0 filtered out
Dec 01 19:40:08.027 INFO [stdout] 
Dec 01 19:40:08.029 INFO [stderr] error: test failed, to rerun pass '--lib'
Dec 01 19:40:08.030 INFO [stderr] su: No module specific data is present
Dec 01 19:40:08.668 INFO running `"docker" "inspect" "10b2d5b5c598de6fe25a579036c950eb295d529bbc23d2de867e80f7561ba2ac"`
Dec 01 19:40:08.955 INFO running `"docker" "rm" "-f" "10b2d5b5c598de6fe25a579036c950eb295d529bbc23d2de867e80f7561ba2ac"`
Dec 01 19:40:09.259 INFO [stdout] 10b2d5b5c598de6fe25a579036c950eb295d529bbc23d2de867e80f7561ba2ac
