Dec 01 19:40:01.152 INFO testing denmilu/badtouch against 1.30.1 for beta-1.31-5
Dec 01 19:40:01.152 INFO running `"docker" "create" "-v" "/mnt/big/crater/work/local/target-dirs/beta-1.31-5/worker-6/1.30.1:/target:rw,Z" "-v" "/mnt/big/crater/work/local/test-source/worker-6/beta-1.31-5/1.30.1:/source:ro,Z" "-v" "/mnt/big/crater/work/local/cargo-home:/cargo-home:ro,Z" "-v" "/mnt/big/crater/work/local/rustup-home:/rustup-home:ro,Z" "-e" "USER_ID=1000" "-e" "SOURCE_DIR=/source" "-e" "USER_ID=1000" "-e" "CMD=cargo +1.30.1 build --frozen" "-e" "CARGO_TARGET_DIR=/target" "-e" "CARGO_INCREMENTAL=0" "-e" "RUST_BACKTRACE=full" "-e" "RUSTFLAGS=--cap-lints=warn" "-e" "CARGO_HOME=/cargo-home" "-e" "RUSTUP_HOME=/rustup-home" "-m" "1536M" "--network" "none" "crater"`
Dec 01 19:40:01.367 INFO [stdout] 92c2b74bfbcbe58896ed236fe71d9acf015d80b532307ea93d4d0d7ef9df5438
Dec 01 19:40:01.369 INFO running `"docker" "start" "-a" "92c2b74bfbcbe58896ed236fe71d9acf015d80b532307ea93d4d0d7ef9df5438"`
Dec 01 19:40:02.411 INFO [stderr] usermod: no changes
Dec 01 19:40:02.995 INFO [stderr]    Compiling serde v1.0.43
Dec 01 19:40:03.027 INFO [stderr]    Compiling atty v0.2.9
Dec 01 19:40:03.043 INFO [stderr]    Compiling termios v0.3.0
Dec 01 19:40:03.043 INFO [stderr]    Compiling openssl-sys v0.9.28
Dec 01 19:40:03.043 INFO [stderr]    Compiling atoi v0.2.3
Dec 01 19:40:03.043 INFO [stderr]    Compiling lua52-sys v0.1.1
Dec 01 19:40:03.043 INFO [stderr]    Compiling servo_arc v0.1.1
Dec 01 19:40:03.043 INFO [stderr]    Compiling getch v0.2.0
Dec 01 19:40:04.239 INFO [stderr]    Compiling crossbeam-epoch v0.4.1
Dec 01 19:40:04.745 INFO [stderr]    Compiling debug_unreachable v0.1.1
Dec 01 19:40:05.351 INFO [stderr]    Compiling chrono v0.4.2
Dec 01 19:40:06.192 INFO [stderr]    Compiling tokio-io v0.1.6
Dec 01 19:40:06.192 INFO [stderr]    Compiling lber v0.1.6
Dec 01 19:40:06.197 INFO [stderr]    Compiling nix v0.10.0
Dec 01 19:40:07.664 INFO [stderr]    Compiling twox-hash v1.1.0
Dec 01 19:40:07.736 INFO [stderr]    Compiling syn v0.13.1
Dec 01 19:40:08.583 INFO [stderr]    Compiling mio-uds v0.6.4
Dec 01 19:40:11.227 INFO [stderr]    Compiling clap v2.31.2
Dec 01 19:40:11.287 INFO [stderr]    Compiling backtrace-sys v0.1.16
Dec 01 19:40:11.971 INFO [stderr]    Compiling regex v0.2.10
Dec 01 19:40:12.215 INFO [stderr]    Compiling futf v0.1.3
Dec 01 19:40:12.778 INFO [stderr]    Compiling crossbeam-deque v0.3.0
Dec 01 19:40:13.895 INFO [stderr]    Compiling tokio-reactor v0.1.1
Dec 01 19:40:16.137 INFO [stderr]    Compiling block-cipher-trait v0.5.0
Dec 01 19:40:16.739 INFO [stderr]    Compiling pbr v1.0.0
Dec 01 19:40:31.099 INFO [stderr]    Compiling backtrace v0.3.6
Dec 01 19:40:31.227 INFO [stderr]    Compiling tendril v0.4.0
Dec 01 19:40:31.363 INFO [stderr]    Compiling openssl v0.9.24
Dec 01 19:40:31.439 INFO [stderr]    Compiling tokio-threadpool v0.1.2
Dec 01 19:40:39.383 INFO [stderr]    Compiling blowfish v0.3.0
Dec 01 19:40:39.859 INFO [stderr]    Compiling sha3 v0.7.3
Dec 01 19:40:40.073 INFO [stderr]    Compiling md-5 v0.7.0
Dec 01 19:40:44.499 INFO [stderr]    Compiling hmac v0.6.2
Dec 01 19:40:44.527 INFO [stderr]    Compiling tokio-udp v0.1.0
Dec 01 19:40:45.135 INFO [stderr]    Compiling tokio-tcp v0.1.0
Dec 01 19:40:45.415 INFO [stderr]    Compiling string_cache_codegen v0.4.1
Dec 01 19:40:45.701 INFO [stderr]    Compiling env_logger v0.5.9
Dec 01 19:40:47.671 INFO [stderr]    Compiling error-chain v0.11.0
Dec 01 19:40:49.315 INFO [stderr]    Compiling serde_json v1.0.16
Dec 01 19:40:51.568 INFO [stderr]    Compiling serde_urlencoded v0.5.1
Dec 01 19:40:51.809 INFO [stderr]    Compiling toml v0.4.6
Dec 01 19:40:55.589 INFO [stderr]    Compiling bcrypt v0.2.0
Dec 01 19:40:55.695 INFO [stderr]    Compiling selectors v0.19.0
Dec 01 19:40:57.591 INFO [stderr]    Compiling hlua-badtouch v0.4.2
Dec 01 19:41:06.628 INFO [stderr]    Compiling tokio v0.1.5
Dec 01 19:41:15.934 INFO [stderr]    Compiling string_cache v0.7.2
Dec 01 19:41:16.989 INFO [stderr]    Compiling mysql_common v0.5.0
Dec 01 19:41:20.076 INFO [stderr]    Compiling native-tls v0.1.5
Dec 01 19:41:20.344 INFO [stderr]    Compiling tokio-core v0.1.17
Dec 01 19:41:22.627 INFO [stderr]    Compiling serde_derive_internals v0.23.1
Dec 01 19:41:22.627 INFO [stderr]    Compiling cssparser v0.23.6
Dec 01 19:41:22.627 INFO [stderr]    Compiling cssparser-macros v0.3.3
Dec 01 19:41:22.627 INFO [stderr]    Compiling html5ever v0.22.3
Dec 01 19:41:26.704 INFO [stderr]    Compiling structopt-derive v0.2.7
Dec 01 19:41:38.563 INFO [stderr]    Compiling tokio-proto v0.1.1
Dec 01 19:41:49.619 INFO [stderr]    Compiling tokio-tls v0.1.4
Dec 01 19:41:49.654 INFO [stderr]    Compiling tokio-uds v0.1.7
Dec 01 19:41:49.691 INFO [stderr]    Compiling structopt v0.2.7
Dec 01 19:41:49.739 INFO [stderr]    Compiling mysql v12.3.1
Dec 01 19:41:49.913 INFO [stderr]    Compiling serde_derive v1.0.43
Dec 01 19:41:51.563 INFO [stderr]    Compiling hyper v0.11.25
Dec 01 19:41:56.355 INFO [stderr]    Compiling tokio-uds-proto v0.1.1
Dec 01 19:42:00.550 INFO [stderr]    Compiling ldap3 v0.6.0
Dec 01 19:42:04.651 INFO [stderr]    Compiling markup5ever v0.7.2
Dec 01 19:42:08.579 INFO [stderr]    Compiling hyper-tls v0.1.3
Dec 01 19:42:11.721 INFO [stderr]    Compiling reqwest v0.8.5
Dec 01 19:42:25.549 INFO [stderr]    Compiling kuchiki v0.7.0
Dec 01 19:42:29.395 INFO [stderr]    Compiling badtouch v0.5.1 (/source)
Dec 01 19:42:36.619 INFO [stderr] warning: use of deprecated item 'std::env::home_dir': This function's behavior is unexpected and probably not what you want. Consider using the home_dir function from https://crates.io/crates/dirs instead.
Dec 01 19:42:36.619 INFO [stderr]   --> src/config.rs:27:20
Dec 01 19:42:36.620 INFO [stderr]    |
Dec 01 19:42:36.620 INFO [stderr] 27 |         let home = env::home_dir()
Dec 01 19:42:36.620 INFO [stderr]    |                    ^^^^^^^^^^^^^
Dec 01 19:42:36.621 INFO [stderr]    |
Dec 01 19:42:36.621 INFO [stderr]    = note: #[warn(deprecated)] on by default
Dec 01 19:42:36.621 INFO [stderr] 
Dec 01 19:43:10.528 INFO [stderr]     Finished dev [unoptimized + debuginfo] target(s) in 3m 08s
Dec 01 19:43:10.567 INFO [stderr] su: No module specific data is present
Dec 01 19:43:12.242 INFO running `"docker" "inspect" "92c2b74bfbcbe58896ed236fe71d9acf015d80b532307ea93d4d0d7ef9df5438"`
Dec 01 19:43:12.651 INFO running `"docker" "rm" "-f" "92c2b74bfbcbe58896ed236fe71d9acf015d80b532307ea93d4d0d7ef9df5438"`
Dec 01 19:43:13.005 INFO [stdout] 92c2b74bfbcbe58896ed236fe71d9acf015d80b532307ea93d4d0d7ef9df5438
Dec 01 19:43:13.015 INFO running `"docker" "create" "-v" "/mnt/big/crater/work/local/target-dirs/beta-1.31-5/worker-6/1.30.1:/target:rw,Z" "-v" "/mnt/big/crater/work/local/test-source/worker-6/beta-1.31-5/1.30.1:/source:ro,Z" "-v" "/mnt/big/crater/work/local/cargo-home:/cargo-home:ro,Z" "-v" "/mnt/big/crater/work/local/rustup-home:/rustup-home:ro,Z" "-e" "USER_ID=1000" "-e" "SOURCE_DIR=/source" "-e" "USER_ID=1000" "-e" "CMD=cargo +1.30.1 test --frozen --no-run" "-e" "CARGO_TARGET_DIR=/target" "-e" "CARGO_INCREMENTAL=0" "-e" "RUST_BACKTRACE=full" "-e" "RUSTFLAGS=--cap-lints=warn" "-e" "CARGO_HOME=/cargo-home" "-e" "RUSTUP_HOME=/rustup-home" "-m" "1536M" "--network" "none" "crater"`
Dec 01 19:43:13.492 INFO [stdout] 4d1da5c4e8203089fddf76d2d4111d6004b09fc833158e6fefb82e98400137be
Dec 01 19:43:13.494 INFO running `"docker" "start" "-a" "4d1da5c4e8203089fddf76d2d4111d6004b09fc833158e6fefb82e98400137be"`
Dec 01 19:43:15.597 INFO [stderr] usermod: no changes
Dec 01 19:43:16.093 INFO [stderr]    Compiling badtouch v0.5.1 (/source)
Dec 01 19:43:34.811 INFO [stderr] warning: use of deprecated item 'std::env::home_dir': This function's behavior is unexpected and probably not what you want. Consider using the home_dir function from https://crates.io/crates/dirs instead.
Dec 01 19:43:34.811 INFO [stderr]   --> src/config.rs:27:20
Dec 01 19:43:34.812 INFO [stderr]    |
Dec 01 19:43:34.812 INFO [stderr] 27 |         let home = env::home_dir()
Dec 01 19:43:34.812 INFO [stderr]    |                    ^^^^^^^^^^^^^
Dec 01 19:43:34.813 INFO [stderr]    |
Dec 01 19:43:34.813 INFO [stderr]    = note: #[warn(deprecated)] on by default
Dec 01 19:43:34.813 INFO [stderr] 
Dec 01 19:44:01.264 INFO [stderr]     Finished dev [unoptimized + debuginfo] target(s) in 45.63s
Dec 01 19:44:01.293 INFO [stderr] su: No module specific data is present
Dec 01 19:44:02.036 INFO running `"docker" "inspect" "4d1da5c4e8203089fddf76d2d4111d6004b09fc833158e6fefb82e98400137be"`
Dec 01 19:44:02.463 INFO running `"docker" "rm" "-f" "4d1da5c4e8203089fddf76d2d4111d6004b09fc833158e6fefb82e98400137be"`
Dec 01 19:44:02.847 INFO [stdout] 4d1da5c4e8203089fddf76d2d4111d6004b09fc833158e6fefb82e98400137be
Dec 01 19:44:02.855 INFO running `"docker" "create" "-v" "/mnt/big/crater/work/local/target-dirs/beta-1.31-5/worker-6/1.30.1:/target:rw,Z" "-v" "/mnt/big/crater/work/local/test-source/worker-6/beta-1.31-5/1.30.1:/source:ro,Z" "-v" "/mnt/big/crater/work/local/cargo-home:/cargo-home:ro,Z" "-v" "/mnt/big/crater/work/local/rustup-home:/rustup-home:ro,Z" "-e" "USER_ID=1000" "-e" "SOURCE_DIR=/source" "-e" "USER_ID=1000" "-e" "CMD=cargo +1.30.1 test --frozen" "-e" "CARGO_TARGET_DIR=/target" "-e" "CARGO_INCREMENTAL=0" "-e" "RUST_BACKTRACE=full" "-e" "RUSTFLAGS=--cap-lints=warn" "-e" "CARGO_HOME=/cargo-home" "-e" "RUSTUP_HOME=/rustup-home" "-m" "1536M" "--network" "none" "crater"`
Dec 01 19:44:03.405 INFO [stdout] acb3223700110b183638eed8379f542b9f10ea95b734b5ad2e42a4798268ff1d
Dec 01 19:44:03.407 INFO running `"docker" "start" "-a" "acb3223700110b183638eed8379f542b9f10ea95b734b5ad2e42a4798268ff1d"`
Dec 01 19:44:05.454 INFO [stderr] usermod: no changes
Dec 01 19:44:06.045 INFO [stderr]     Finished dev [unoptimized + debuginfo] target(s) in 0.52s
Dec 01 19:44:06.077 INFO [stderr]      Running /target/debug/deps/badtouch-ce8884db53ac2c2b
Dec 01 19:44:06.113 INFO [stdout] 
Dec 01 19:44:06.113 INFO [stdout] running 23 tests
Dec 01 19:44:06.163 INFO [stdout] test config::tests::verify_empty ... ok
Dec 01 19:44:06.195 INFO [stdout] test ctx::tests::verify_false ... ok
Dec 01 19:44:06.243 INFO [stdout] test ctx::tests::verify_hex_empty ... ok
Dec 01 19:44:06.279 INFO [stdout] test ctx::tests::verify_hmac_sha1 ... ok
Dec 01 19:44:06.279 INFO [stdout] test ctx::tests::verify_hmac_md5 ... ok
Dec 01 19:44:06.320 INFO [stdout] test ctx::tests::verify_hex ... ok
Dec 01 19:44:06.321 INFO [stdout] test ctx::tests::verify_hmac_sha2_512 ... ok
Dec 01 19:44:06.339 INFO [stdout] test ctx::tests::verify_hmac_sha2_256 ... ok
Dec 01 19:44:06.716 INFO [stdout] test ctx::tests::verify_hmac_sha3_256 ... ok
Dec 01 19:44:06.718 INFO [stdout] test ctx::tests::verify_hmac_sha3_512 ... ok
Dec 01 19:44:06.719 INFO [stdout] test ctx::tests::verify_json_decode_valid ... ok
Dec 01 19:44:06.768 INFO [stdout] test ctx::tests::verify_json_encode_decode ... ok
Dec 01 19:44:06.772 INFO [stdout] test ctx::tests::verify_json_encode ... ok
Dec 01 19:44:06.798 INFO [stdout] test ctx::tests::verify_true ... ok
Dec 01 19:44:06.799 INFO [stdout] test html::tests::test_html_select ... ok
Dec 01 19:44:06.807 INFO [stdout] test html::tests::test_html_select_list ... ok
Dec 01 19:44:06.955 INFO [stdout] test ctx::tests::verify_clear_recorded_error ... ok
Dec 01 19:44:06.971 INFO [stdout] test ctx::tests::verify_record_error ... ok
Dec 01 19:44:07.215 INFO [stdout] test ctx::tests::verify_json_decode_invalid ... ok
Dec 01 19:44:07.239 INFO [stdout] test ctx::tests::verify_basic_auth_correct ... FAILED
Dec 01 19:44:07.240 INFO [stdout] test ctx::tests::verify_basic_auth_incorrect ... FAILED
Dec 01 19:44:07.795 INFO [stdout] test ctx::tests::verify_sleep ... ok
Dec 01 19:44:11.176 INFO [stdout] test ctx::tests::verify_bcrypt_verify ... ok
Dec 01 19:44:11.176 INFO [stdout] 
Dec 01 19:44:11.176 INFO [stdout] failures:
Dec 01 19:44:11.176 INFO [stdout] 
Dec 01 19:44:11.176 INFO [stdout] ---- ctx::tests::verify_basic_auth_correct stdout ----
Dec 01 19:44:11.176 INFO [stdout] thread 'ctx::tests::verify_basic_auth_correct' panicked at 'test script failed: Error(Msg("http request failed"), State { next_error: Some(Error { kind: Io(Custom { kind: Other, error: StringError("failed to lookup address information: Temporary failure in name resolution") }), url: Some("https://httpbin.org/basic-auth/foo/buzz") }), backtrace: Some(stack backtrace:
Dec 01 19:44:11.176 INFO [stdout]    0:     0x56345248a435 - backtrace::backtrace::libunwind::trace::h57b21165000b7175
Dec 01 19:44:11.176 INFO [stdout]                         at /cargo-home/registry/src/github.com-1ecc6299db9ec823/backtrace-0.3.6/src/backtrace/libunwind.rs:53
Dec 01 19:44:11.176 INFO [stdout]                          - backtrace::backtrace::trace::h4ffbdc7696f003fb
Dec 01 19:44:11.176 INFO [stdout]                         at /cargo-home/registry/src/github.com-1ecc6299db9ec823/backtrace-0.3.6/src/backtrace/mod.rs:42
Dec 01 19:44:11.176 INFO [stdout]    1:     0x5634524852fe - backtrace::capture::Backtrace::new_unresolved::hd4eb67969cde74e3
Dec 01 19:44:11.176 INFO [stdout]                         at /cargo-home/registry/src/github.com-1ecc6299db9ec823/backtrace-0.3.6/src/capture.rs:88
Dec 01 19:44:11.176 INFO [stdout]    2:     0x56345248525c - backtrace::capture::Backtrace::new::h7f537611e76f5142
Dec 01 19:44:11.176 INFO [stdout]                         at /cargo-home/registry/src/github.com-1ecc6299db9ec823/backtrace-0.3.6/src/capture.rs:63
Dec 01 19:44:11.176 INFO [stdout]    3:     0x5634524838fa - error_chain::make_backtrace::h1db64af858558b04
Dec 01 19:44:11.176 INFO [stdout]                         at /cargo-home/registry/src/github.com-1ecc6299db9ec823/error-chain-0.11.0/src/lib.rs:616
Dec 01 19:44:11.176 INFO [stdout]    4:     0x563451d65f08 - core::ops::function::FnOnce::call_once::hae01332569f7f6fe
Dec 01 19:44:11.176 INFO [stdout]                         at libcore/ops/function.rs:238
Dec 01 19:44:11.176 INFO [stdout]    5:     0x563451d229d8 - <core::option::Option<T>>::or_else::h34b83b79498acef0
Dec 01 19:44:11.176 INFO [stdout]                         at libcore/option.rs:714
Dec 01 19:44:11.176 INFO [stdout]    6:     0x563451de6539 - error_chain::State::new::had9592b01bc6f390
Dec 01 19:44:11.176 INFO [stdout]                         at /cargo-home/registry/src/github.com-1ecc6299db9ec823/error-chain-0.11.0/src/lib.rs:724
Dec 01 19:44:11.176 INFO [stdout]    7:     0x563451d97523 - <core::result::Result<T, E> as badtouch::errors::ResultExt<T>>::chain_err::{{closure}}::h037e2dfe6631f282
Dec 01 19:44:11.176 INFO [stdout]                         at /source/<::error_chain::error_chain::impl_error_chain_processed macros>:143
Dec 01 19:44:11.176 INFO [stdout]    8:     0x563451c9e8b5 - <core::result::Result<T, E>>::map_err::he30442500acebfdd
Dec 01 19:44:11.176 INFO [stdout]                         at libcore/result.rs:530
Dec 01 19:44:11.176 INFO [stdout]    9:     0x563451cad40e - <core::result::Result<T, E> as badtouch::errors::ResultExt<T>>::chain_err::h176823fe17741a4b
Dec 01 19:44:11.176 INFO [stdout]                         at /source/<::error_chain::error_chain::impl_error_chain_processed macros>:141
Dec 01 19:44:11.176 INFO [stdout]   10:     0x563451d906a0 - badtouch::runtime::http_basic_auth::{{closure}}::h2dd3eaa5721fe5a9
Dec 01 19:44:11.176 INFO [stdout]                         at src/runtime.rs:216
Dec 01 19:44:11.176 INFO [stdout]   11:     0x563451cc88df - <hlua_badtouch::functions_write::Function<Z, (A, B, C), R> as hlua_badtouch::functions_write::FunctionExt<(A, B, C)>>::call_mut::hf3e8eaaf1be6fc05
Dec 01 19:44:11.176 INFO [stdout]                         at /cargo-home/registry/src/github.com-1ecc6299db9ec823/hlua-badtouch-0.4.2/src/functions_write.rs:258
Dec 01 19:44:11.176 INFO [stdout]   12:     0x563451cbb344 - hlua_badtouch::functions_write::wrapper::h50ba528baf705bb5
Dec 01 19:44:11.176 INFO [stdout]                         at /cargo-home/registry/src/github.com-1ecc6299db9ec823/hlua-badtouch-0.4.2/src/functions_write.rs:415
Dec 01 19:44:11.176 INFO [stdout]   13:     0x56345274cff3 - luaD_precall
Dec 01 19:44:11.176 INFO [stdout]                         at lua/src/ldo.c:319
Dec 01 19:44:11.176 INFO [stdout]   14:     0x56345275dbc1 - luaV_execute
Dec 01 19:44:11.176 INFO [stdout]                         at lua/src/lvm.c:723
Dec 01 19:44:11.176 INFO [stdout]   15:     0x56345274d45c - luaD_call
Dec 01 19:44:11.176 INFO [stdout]                         at lua/src/ldo.c:402
Dec 01 19:44:11.176 INFO [stdout]   16:     0x56345274a9eb - f_call
Dec 01 19:44:11.176 INFO [stdout]                         at lua/src/lapi.c:923
Dec 01 19:44:11.176 INFO [stdout]   17:     0x56345274c5ae - luaD_rawrunprotected
Dec 01 19:44:11.176 INFO [stdout]                         at lua/src/ldo.c:131
Dec 01 19:44:11.176 INFO [stdout]   18:     0x56345274d4f9 - luaD_pcall
Dec 01 19:44:11.176 INFO [stdout]                         at lua/src/ldo.c:603
Dec 01 19:44:11.176 INFO [stdout]   19:     0x56345274aac8 - lua_pcallk
Dec 01 19:44:11.176 INFO [stdout]                         at lua/src/lapi.c:949
Dec 01 19:44:11.176 INFO [stdout]   20:     0x563451dfb23b - lua52_sys::lua_pcall::h7f88b0a0083dc73d
Dec 01 19:44:11.176 INFO [stdout]                         at /cargo-home/registry/src/github.com-1ecc6299db9ec823/lua52-sys-0.1.1/src/lib.rs:252
Dec 01 19:44:11.177 INFO [stdout]                          - <hlua_badtouch::lua_functions::LuaFunction<L>>::call_with_args::h6fbc123ad9b7c542
Dec 01 19:44:11.177 INFO [stdout]                         at /cargo-home/registry/src/github.com-1ecc6299db9ec823/hlua-badtouch-0.4.2/src/lua_functions.rs:276
Dec 01 19:44:11.177 INFO [stdout]   21:     0x563451cd4666 - badtouch::ctx::Script::run_once::hdf820b5afe93289e
Dec 01 19:44:11.177 INFO [stdout]                         at src/ctx.rs:194
Dec 01 19:44:11.177 INFO [stdout]   22:     0x563451de3e79 - badtouch::ctx::tests::verify_basic_auth_correct::h140aaaa6595ef5de
Dec 01 19:44:11.177 INFO [stdout]                         at src/ctx.rs:307
Dec 01 19:44:11.177 INFO [stdout]   23:     0x563451de3d99 - badtouch::ctx::tests::verify_basic_auth_correct::{{closure}}::h4c5efdf59aa4a2ce
Dec 01 19:44:11.177 INFO [stdout]                         at src/ctx.rs:298
Dec 01 19:44:11.177 INFO [stdout]   24:     0x563451d65bfd - core::ops::function::FnOnce::call_once::h75be7abb5c5ed5be
Dec 01 19:44:11.177 INFO [stdout]                         at libcore/ops/function.rs:238
Dec 01 19:44:11.177 INFO [stdout]   25:     0x563451e7a9ae - test::run_test::{{closure}}::h3a5dfbe1d2fab93e
Dec 01 19:44:11.177 INFO [stdout]                         at libtest/lib.rs:1461
Dec 01 19:44:11.177 INFO [stdout]                          - core::ops::function::FnOnce::call_once::h1d9a9e4523345f36
Dec 01 19:44:11.177 INFO [stdout]                         at libcore/ops/function.rs:238
Dec 01 19:44:11.177 INFO [stdout]                          - <F as alloc::boxed::FnBox<A>>::call_box::hbea525814fa423cc
Dec 01 19:44:11.177 INFO [stdout]                         at liballoc/boxed.rs:646
Dec 01 19:44:11.177 INFO [stdout]   26:     0x563452792529 - __rust_maybe_catch_panic
Dec 01 19:44:11.177 INFO [stdout]                         at libpanic_unwind/lib.rs:103
Dec 01 19:44:11.177 INFO [stdout]   27:     0x563451e8630d - std::panicking::try::h52ce98afaa08c3ec
Dec 01 19:44:11.177 INFO [stdout]                         at libstd/panicking.rs:289
Dec 01 19:44:11.177 INFO [stdout]                          - std::panic::catch_unwind::h8b1fa14840c8b239
Dec 01 19:44:11.177 INFO [stdout]                         at libstd/panic.rs:392
Dec 01 19:44:11.177 INFO [stdout]                          - test::run_test::run_test_inner::{{closure}}::h0c1fb56af3cc46d2
Dec 01 19:44:11.177 INFO [stdout]                         at libtest/lib.rs:1416
Dec 01 19:44:11.177 INFO [stdout]                          - std::sys_common::backtrace::__rust_begin_short_backtrace::h0ff507d7422944d3
Dec 01 19:44:11.177 INFO [stdout]                         at libstd/sys_common/backtrace.rs:136
Dec 01 19:44:11.177 INFO [stdout]   28:     0x563451e9e944 - std::thread::Builder::spawn::{{closure}}::{{closure}}::h9015d15de724c3f6
Dec 01 19:44:11.177 INFO [stdout]                         at libstd/thread/mod.rs:409
Dec 01 19:44:11.177 INFO [stdout]                          - <std::panic::AssertUnwindSafe<F> as core::ops::function::FnOnce<()>>::call_once::hdade3f732363d95a
Dec 01 19:44:11.177 INFO [stdout]                         at libstd/panic.rs:313
Dec 01 19:44:11.177 INFO [stdout]                          - std::panicking::try::do_call::hba0bdcc3670471cc
Dec 01 19:44:11.177 INFO [stdout]                         at libstd/panicking.rs:310
Dec 01 19:44:11.177 INFO [stdout]   29:     0x563452792529 - __rust_maybe_catch_panic
Dec 01 19:44:11.177 INFO [stdout]                         at libpanic_unwind/lib.rs:103
Dec 01 19:44:11.177 INFO [stdout]   30:     0x563451e8f216 - std::panicking::try::ha2cf51a98ef1d8df
Dec 01 19:44:11.177 INFO [stdout]                         at libstd/panicking.rs:289
Dec 01 19:44:11.177 INFO [stdout]                          - std::panic::catch_unwind::h9dbc14b90b636a56
Dec 01 19:44:11.177 INFO [stdout]                         at libstd/panic.rs:392
Dec 01 19:44:11.177 INFO [stdout]                          - std::thread::Builder::spawn::{{closure}}::h1e078d6b2c4e6a8f
Dec 01 19:44:11.177 INFO [stdout]                         at libstd/thread/mod.rs:408
Dec 01 19:44:11.177 INFO [stdout]                          - <F as alloc::boxed::FnBox<A>>::call_box::hdac52587b00591af
Dec 01 19:44:11.177 INFO [stdout]                         at liballoc/boxed.rs:646
Dec 01 19:44:11.177 INFO [stdout]   31:     0x563452782b6a - <alloc::boxed::Box<(dyn alloc::boxed::FnBox<A, Output$u3d$R$GT$$u20$$u2b$$u20$$u27$a$RP$$GT$$u20$as$u20$core..ops..function..FnOnce$LT$A$GT$$GT$::call_once::hfedf8d10954bca7a
Dec 01 19:44:11.177 INFO [stdout]                         at liballoc/boxed.rs:656
Dec 01 19:44:11.177 INFO [stdout]                          - std::sys_common::thread::start_thread::h75d887c7d2cc4479
Dec 01 19:44:11.177 INFO [stdout]                         at libstd/sys_common/thread.rs:24
Dec 01 19:44:11.177 INFO [stdout]   32:     0x56345276ce85 - std::sys::unix::thread::Thread::new::thread_start::h8414caee632bf9ed
Dec 01 19:44:11.177 INFO [stdout]                         at libstd/sys/unix/thread.rs:90
Dec 01 19:44:11.177 INFO [stdout]   33:     0x7f38dcd7a6b9 - start_thread
Dec 01 19:44:11.177 INFO [stdout]   34:     0x7f38dd4a341c - clone
Dec 01 19:44:11.177 INFO [stdout]   35:                0x0 - <unknown>) })', libcore/result.rs:1009:5
Dec 01 19:44:11.177 INFO [stdout] stack backtrace:
Dec 01 19:44:11.177 INFO [stdout]    0:     0x563452780b0e - std::sys::unix::backtrace::tracing::imp::unwind_backtrace::h15749a98198ba25f
Dec 01 19:44:11.177 INFO [stdout]                                at libstd/sys/unix/backtrace/tracing/gcc_s.rs:49
Dec 01 19:44:11.177 INFO [stdout]    1:     0x56345276de16 - std::sys_common::backtrace::print::h0ba65c811294dbf0
Dec 01 19:44:11.177 INFO [stdout]                                at libstd/sys_common/backtrace.rs:71
Dec 01 19:44:11.177 INFO [stdout]                                at libstd/sys_common/backtrace.rs:59
Dec 01 19:44:11.177 INFO [stdout]    2:     0x56345276bfad - std::panicking::default_hook::{{closure}}::h42bb31757f0fee64
Dec 01 19:44:11.177 INFO [stdout]                                at libstd/panicking.rs:211
Dec 01 19:44:11.177 INFO [stdout]    3:     0x56345276bcbb - std::panicking::default_hook::hebc8848d7aa7dbd9
Dec 01 19:44:11.177 INFO [stdout]                                at libstd/panicking.rs:221
Dec 01 19:44:11.177 INFO [stdout]    4:     0x56345276c65c - std::panicking::rust_panic_with_hook::h86e619a638415243
Dec 01 19:44:11.177 INFO [stdout]                                at libstd/panicking.rs:477
Dec 01 19:44:11.177 INFO [stdout]    5:     0x56345276c219 - std::panicking::continue_panic_fmt::h2d2d2bfb065a70b2
Dec 01 19:44:11.177 INFO [stdout]                                at libstd/panicking.rs:391
Dec 01 19:44:11.177 INFO [stdout]    6:     0x56345276c115 - rust_begin_unwind
Dec 01 19:44:11.177 INFO [stdout]                                at libstd/panicking.rs:326
Dec 01 19:44:11.177 INFO [stdout]    7:     0x5634527c8fab - core::panicking::panic_fmt::h2155aa66b67fe83c
Dec 01 19:44:11.177 INFO [stdout]                                at libcore/panicking.rs:77
Dec 01 19:44:11.177 INFO [stdout]    8:     0x563451ca0603 - core::result::unwrap_failed::hc34afdc4fe79829d
Dec 01 19:44:11.177 INFO [stdout]                                at libcore/macros.rs:26
Dec 01 19:44:11.177 INFO [stdout]    9:     0x563451c93fdc - <core::result::Result<T, E>>::expect::hea64fe85dc19c992
Dec 01 19:44:11.177 INFO [stdout]                                at libcore/result.rs:835
Dec 01 19:44:11.177 INFO [stdout]   10:     0x563451de3e94 - badtouch::ctx::tests::verify_basic_auth_correct::h140aaaa6595ef5de
Dec 01 19:44:11.177 INFO [stdout]                                at src/ctx.rs:307
Dec 01 19:44:11.177 INFO [stdout]   11:     0x563451de3d99 - badtouch::ctx::tests::verify_basic_auth_correct::{{closure}}::h4c5efdf59aa4a2ce
Dec 01 19:44:11.177 INFO [stdout]                                at src/ctx.rs:298
Dec 01 19:44:11.177 INFO [stdout]   12:     0x563451d65bfd - core::ops::function::FnOnce::call_once::h75be7abb5c5ed5be
Dec 01 19:44:11.177 INFO [stdout]                                at libcore/ops/function.rs:238
Dec 01 19:44:11.177 INFO [stdout]   13:     0x563451e7a9ae - <F as alloc::boxed::FnBox<A>>::call_box::hbea525814fa423cc
Dec 01 19:44:11.177 INFO [stdout]                                at libtest/lib.rs:1461
Dec 01 19:44:11.177 INFO [stdout]                                at libcore/ops/function.rs:238
Dec 01 19:44:11.177 INFO [stdout]                                at liballoc/boxed.rs:646
Dec 01 19:44:11.177 INFO [stdout]   14:     0x563452792529 - __rust_maybe_catch_panic
Dec 01 19:44:11.177 INFO [stdout]                                at libpanic_unwind/lib.rs:103
Dec 01 19:44:11.177 INFO [stdout]   15:     0x563451e8630d - std::sys_common::backtrace::__rust_begin_short_backtrace::h0ff507d7422944d3
Dec 01 19:44:11.177 INFO [stdout]                                at libstd/panicking.rs:289
Dec 01 19:44:11.178 INFO [stdout]                                at libstd/panic.rs:392
Dec 01 19:44:11.178 INFO [stdout]                                at libtest/lib.rs:1416
Dec 01 19:44:11.178 INFO [stdout]                                at libstd/sys_common/backtrace.rs:136
Dec 01 19:44:11.178 INFO [stdout]   16:     0x563451e9e944 - std::panicking::try::do_call::hba0bdcc3670471cc
Dec 01 19:44:11.178 INFO [stdout]                                at libstd/thread/mod.rs:409
Dec 01 19:44:11.178 INFO [stdout]                                at libstd/panic.rs:313
Dec 01 19:44:11.178 INFO [stdout]                                at libstd/panicking.rs:310
Dec 01 19:44:11.178 INFO [stdout]   17:     0x563452792529 - __rust_maybe_catch_panic
Dec 01 19:44:11.178 INFO [stdout]                                at libpanic_unwind/lib.rs:103
Dec 01 19:44:11.178 INFO [stdout]   18:     0x563451e8f216 - <F as alloc::boxed::FnBox<A>>::call_box::hdac52587b00591af
Dec 01 19:44:11.178 INFO [stdout]                                at libstd/panicking.rs:289
Dec 01 19:44:11.178 INFO [stdout]                                at libstd/panic.rs:392
Dec 01 19:44:11.178 INFO [stdout]                                at libstd/thread/mod.rs:408
Dec 01 19:44:11.178 INFO [stdout]                                at liballoc/boxed.rs:646
Dec 01 19:44:11.178 INFO [stdout]   19:     0x563452782b6a - std::sys_common::thread::start_thread::h75d887c7d2cc4479
Dec 01 19:44:11.178 INFO [stdout]                                at liballoc/boxed.rs:656
Dec 01 19:44:11.178 INFO [stdout]                                at libstd/sys_common/thread.rs:24
Dec 01 19:44:11.178 INFO [stdout]   20:     0x56345276ce85 - std::sys::unix::thread::Thread::new::thread_start::h8414caee632bf9ed
Dec 01 19:44:11.178 INFO [stdout]                                at libstd/sys/unix/thread.rs:90
Dec 01 19:44:11.178 INFO [stdout]   21:     0x7f38dcd7a6b9 - start_thread
Dec 01 19:44:11.178 INFO [stdout]   22:     0x7f38dd4a341c - clone
Dec 01 19:44:11.178 INFO [stdout]   23:                0x0 - <unknown>
Dec 01 19:44:11.178 INFO [stdout] 
Dec 01 19:44:11.178 INFO [stdout] ---- ctx::tests::verify_basic_auth_incorrect stdout ----
Dec 01 19:44:11.178 INFO [stdout] thread 'ctx::tests::verify_basic_auth_incorrect' panicked at 'test script failed: Error(Msg("http request failed"), State { next_error: Some(Error { kind: Io(Custom { kind: Other, error: StringError("failed to lookup address information: Temporary failure in name resolution") }), url: Some("https://httpbin.org/basic-auth/foo/buzz") }), backtrace: Some(stack backtrace:
Dec 01 19:44:11.178 INFO [stdout]    0:     0x56345248a435 - backtrace::backtrace::libunwind::trace::h57b21165000b7175
Dec 01 19:44:11.178 INFO [stdout]                         at /cargo-home/registry/src/github.com-1ecc6299db9ec823/backtrace-0.3.6/src/backtrace/libunwind.rs:53
Dec 01 19:44:11.178 INFO [stdout]                          - backtrace::backtrace::trace::h4ffbdc7696f003fb
Dec 01 19:44:11.178 INFO [stdout]                         at /cargo-home/registry/src/github.com-1ecc6299db9ec823/backtrace-0.3.6/src/backtrace/mod.rs:42
Dec 01 19:44:11.178 INFO [stdout]    1:     0x5634524852fe - backtrace::capture::Backtrace::new_unresolved::hd4eb67969cde74e3
Dec 01 19:44:11.178 INFO [stdout]                         at /cargo-home/registry/src/github.com-1ecc6299db9ec823/backtrace-0.3.6/src/capture.rs:88
Dec 01 19:44:11.178 INFO [stdout]    2:     0x56345248525c - backtrace::capture::Backtrace::new::h7f537611e76f5142
Dec 01 19:44:11.178 INFO [stdout]                         at /cargo-home/registry/src/github.com-1ecc6299db9ec823/backtrace-0.3.6/src/capture.rs:63
Dec 01 19:44:11.178 INFO [stdout]    3:     0x5634524838fa - error_chain::make_backtrace::h1db64af858558b04
Dec 01 19:44:11.178 INFO [stdout]                         at /cargo-home/registry/src/github.com-1ecc6299db9ec823/error-chain-0.11.0/src/lib.rs:616
Dec 01 19:44:11.178 INFO [stdout]    4:     0x563451d65f08 - core::ops::function::FnOnce::call_once::hae01332569f7f6fe
Dec 01 19:44:11.178 INFO [stdout]                         at libcore/ops/function.rs:238
Dec 01 19:44:11.178 INFO [stdout]    5:     0x563451d229d8 - <core::option::Option<T>>::or_else::h34b83b79498acef0
Dec 01 19:44:11.178 INFO [stdout]                         at libcore/option.rs:714
Dec 01 19:44:11.178 INFO [stdout]    6:     0x563451de6539 - error_chain::State::new::had9592b01bc6f390
Dec 01 19:44:11.178 INFO [stdout]                         at /cargo-home/registry/src/github.com-1ecc6299db9ec823/error-chain-0.11.0/src/lib.rs:724
Dec 01 19:44:11.178 INFO [stdout]    7:     0x563451d97523 - <core::result::Result<T, E> as badtouch::errors::ResultExt<T>>::chain_err::{{closure}}::h037e2dfe6631f282
Dec 01 19:44:11.178 INFO [stdout]                         at /source/<::error_chain::error_chain::impl_error_chain_processed macros>:143
Dec 01 19:44:11.178 INFO [stdout]    8:     0x563451c9e8b5 - <core::result::Result<T, E>>::map_err::he30442500acebfdd
Dec 01 19:44:11.178 INFO [stdout]                         at libcore/result.rs:530
Dec 01 19:44:11.178 INFO [stdout]    9:     0x563451cad40e - <core::result::Result<T, E> as badtouch::errors::ResultExt<T>>::chain_err::h176823fe17741a4b
Dec 01 19:44:11.178 INFO [stdout]                         at /source/<::error_chain::error_chain::impl_error_chain_processed macros>:141
Dec 01 19:44:11.178 INFO [stdout]   10:     0x563451d906a0 - badtouch::runtime::http_basic_auth::{{closure}}::h2dd3eaa5721fe5a9
Dec 01 19:44:11.178 INFO [stdout]                         at src/runtime.rs:216
Dec 01 19:44:11.178 INFO [stdout]   11:     0x563451cc88df - <hlua_badtouch::functions_write::Function<Z, (A, B, C), R> as hlua_badtouch::functions_write::FunctionExt<(A, B, C)>>::call_mut::hf3e8eaaf1be6fc05
Dec 01 19:44:11.178 INFO [stdout]                         at /cargo-home/registry/src/github.com-1ecc6299db9ec823/hlua-badtouch-0.4.2/src/functions_write.rs:258
Dec 01 19:44:11.178 INFO [stdout]   12:     0x563451cbb344 - hlua_badtouch::functions_write::wrapper::h50ba528baf705bb5
Dec 01 19:44:11.178 INFO [stdout]                         at /cargo-home/registry/src/github.com-1ecc6299db9ec823/hlua-badtouch-0.4.2/src/functions_write.rs:415
Dec 01 19:44:11.178 INFO [stdout]   13:     0x56345274cff3 - luaD_precall
Dec 01 19:44:11.178 INFO [stdout]                         at lua/src/ldo.c:319
Dec 01 19:44:11.178 INFO [stdout]   14:     0x56345275dbc1 - luaV_execute
Dec 01 19:44:11.178 INFO [stdout]                         at lua/src/lvm.c:723
Dec 01 19:44:11.178 INFO [stdout]   15:     0x56345274d45c - luaD_call
Dec 01 19:44:11.178 INFO [stdout]                         at lua/src/ldo.c:402
Dec 01 19:44:11.178 INFO [stdout]   16:     0x56345274a9eb - f_call
Dec 01 19:44:11.178 INFO [stdout]                         at lua/src/lapi.c:923
Dec 01 19:44:11.178 INFO [stdout]   17:     0x56345274c5ae - luaD_rawrunprotected
Dec 01 19:44:11.178 INFO [stdout]                         at lua/src/ldo.c:131
Dec 01 19:44:11.178 INFO [stdout]   18:     0x56345274d4f9 - luaD_pcall
Dec 01 19:44:11.178 INFO [stdout]                         at lua/src/ldo.c:603
Dec 01 19:44:11.178 INFO [stdout]   19:     0x56345274aac8 - lua_pcallk
Dec 01 19:44:11.178 INFO [stdout]                         at lua/src/lapi.c:949
Dec 01 19:44:11.178 INFO [stdout]   20:     0x563451dfb23b - lua52_sys::lua_pcall::h7f88b0a0083dc73d
Dec 01 19:44:11.178 INFO [stdout]                         at /cargo-home/registry/src/github.com-1ecc6299db9ec823/lua52-sys-0.1.1/src/lib.rs:252
Dec 01 19:44:11.178 INFO [stdout]                          - <hlua_badtouch::lua_functions::LuaFunction<L>>::call_with_args::h6fbc123ad9b7c542
Dec 01 19:44:11.178 INFO [stdout]                         at /cargo-home/registry/src/github.com-1ecc6299db9ec823/hlua-badtouch-0.4.2/src/lua_functions.rs:276
Dec 01 19:44:11.178 INFO [stdout]   21:     0x563451cd4666 - badtouch::ctx::Script::run_once::hdf820b5afe93289e
Dec 01 19:44:11.178 INFO [stdout]                         at src/ctx.rs:194
Dec 01 19:44:11.178 INFO [stdout]   22:     0x563451de3ff9 - badtouch::ctx::tests::verify_basic_auth_incorrect::h704ae80d18f90f52
Dec 01 19:44:11.178 INFO [stdout]                         at src/ctx.rs:321
Dec 01 19:44:11.178 INFO [stdout]   23:     0x563451de3f19 - badtouch::ctx::tests::verify_basic_auth_incorrect::{{closure}}::h0fe8081ac2f3a68b
Dec 01 19:44:11.178 INFO [stdout]                         at src/ctx.rs:312
Dec 01 19:44:11.178 INFO [stdout]   24:     0x563451d6611d - core::ops::function::FnOnce::call_once::hd34d79441a59128b
Dec 01 19:44:11.178 INFO [stdout]                         at libcore/ops/function.rs:238
Dec 01 19:44:11.178 INFO [stdout]   25:     0x563451e7a9ae - test::run_test::{{closure}}::h3a5dfbe1d2fab93e
Dec 01 19:44:11.178 INFO [stdout]                         at libtest/lib.rs:1461
Dec 01 19:44:11.178 INFO [stdout]                          - core::ops::function::FnOnce::call_once::h1d9a9e4523345f36
Dec 01 19:44:11.178 INFO [stdout]                         at libcore/ops/function.rs:238
Dec 01 19:44:11.178 INFO [stdout]                          - <F as alloc::boxed::FnBox<A>>::call_box::hbea525814fa423cc
Dec 01 19:44:11.178 INFO [stdout]                         at liballoc/boxed.rs:646
Dec 01 19:44:11.179 INFO [stdout]   26:     0x563452792529 - __rust_maybe_catch_panic
Dec 01 19:44:11.179 INFO [stdout]                         at libpanic_unwind/lib.rs:103
Dec 01 19:44:11.179 INFO [stdout]   27:     0x563451e8630d - std::panicking::try::h52ce98afaa08c3ec
Dec 01 19:44:11.179 INFO [stdout]                         at libstd/panicking.rs:289
Dec 01 19:44:11.179 INFO [stdout]                          - std::panic::catch_unwind::h8b1fa14840c8b239
Dec 01 19:44:11.179 INFO [stdout]                         at libstd/panic.rs:392
Dec 01 19:44:11.179 INFO [stdout]                          - test::run_test::run_test_inner::{{closure}}::h0c1fb56af3cc46d2
Dec 01 19:44:11.179 INFO [stdout]                         at libtest/lib.rs:1416
Dec 01 19:44:11.179 INFO [stdout]                          - std::sys_common::backtrace::__rust_begin_short_backtrace::h0ff507d7422944d3
Dec 01 19:44:11.179 INFO [stdout]                         at libstd/sys_common/backtrace.rs:136
Dec 01 19:44:11.179 INFO [stdout]   28:     0x563451e9e944 - std::thread::Builder::spawn::{{closure}}::{{closure}}::h9015d15de724c3f6
Dec 01 19:44:11.179 INFO [stdout]                         at libstd/thread/mod.rs:409
Dec 01 19:44:11.179 INFO [stdout]                          - <std::panic::AssertUnwindSafe<F> as core::ops::function::FnOnce<()>>::call_once::hdade3f732363d95a
Dec 01 19:44:11.179 INFO [stdout]                         at libstd/panic.rs:313
Dec 01 19:44:11.179 INFO [stdout]                          - std::panicking::try::do_call::hba0bdcc3670471cc
Dec 01 19:44:11.179 INFO [stdout]                         at libstd/panicking.rs:310
Dec 01 19:44:11.179 INFO [stdout]   29:     0x563452792529 - __rust_maybe_catch_panic
Dec 01 19:44:11.179 INFO [stdout]                         at libpanic_unwind/lib.rs:103
Dec 01 19:44:11.179 INFO [stdout]   30:     0x563451e8f216 - std::panicking::try::ha2cf51a98ef1d8df
Dec 01 19:44:11.179 INFO [stdout]                         at libstd/panicking.rs:289
Dec 01 19:44:11.179 INFO [stdout]                          - std::panic::catch_unwind::h9dbc14b90b636a56
Dec 01 19:44:11.179 INFO [stdout]                         at libstd/panic.rs:392
Dec 01 19:44:11.179 INFO [stdout]                          - std::thread::Builder::spawn::{{closure}}::h1e078d6b2c4e6a8f
Dec 01 19:44:11.179 INFO [stdout]                         at libstd/thread/mod.rs:408
Dec 01 19:44:11.179 INFO [stdout]                          - <F as alloc::boxed::FnBox<A>>::call_box::hdac52587b00591af
Dec 01 19:44:11.179 INFO [stdout]                         at liballoc/boxed.rs:646
Dec 01 19:44:11.179 INFO [stdout]   31:     0x563452782b6a - <alloc::boxed::Box<(dyn alloc::boxed::FnBox<A, Output$u3d$R$GT$$u20$$u2b$$u20$$u27$a$RP$$GT$$u20$as$u20$core..ops..function..FnOnce$LT$A$GT$$GT$::call_once::hfedf8d10954bca7a
Dec 01 19:44:11.179 INFO [stdout]                         at liballoc/boxed.rs:656
Dec 01 19:44:11.179 INFO [stdout]                          - std::sys_common::thread::start_thread::h75d887c7d2cc4479
Dec 01 19:44:11.179 INFO [stdout]                         at libstd/sys_common/thread.rs:24
Dec 01 19:44:11.179 INFO [stdout]   32:     0x56345276ce85 - std::sys::unix::thread::Thread::new::thread_start::h8414caee632bf9ed
Dec 01 19:44:11.179 INFO [stdout]                         at libstd/sys/unix/thread.rs:90
Dec 01 19:44:11.179 INFO [stdout]   33:     0x7f38dcd7a6b9 - start_thread
Dec 01 19:44:11.179 INFO [stdout]   34:     0x7f38dd4a341c - clone
Dec 01 19:44:11.179 INFO [stdout]   35:                0x0 - <unknown>) })', libcore/result.rs:1009:5
Dec 01 19:44:11.179 INFO [stdout] stack backtrace:
Dec 01 19:44:11.179 INFO [stdout]    0:     0x563452780b0e - std::sys::unix::backtrace::tracing::imp::unwind_backtrace::h15749a98198ba25f
Dec 01 19:44:11.179 INFO [stdout]                                at libstd/sys/unix/backtrace/tracing/gcc_s.rs:49
Dec 01 19:44:11.179 INFO [stdout]    1:     0x56345276de16 - std::sys_common::backtrace::print::h0ba65c811294dbf0
Dec 01 19:44:11.179 INFO [stdout]                                at libstd/sys_common/backtrace.rs:71
Dec 01 19:44:11.179 INFO [stdout]                                at libstd/sys_common/backtrace.rs:59
Dec 01 19:44:11.179 INFO [stdout]    2:     0x56345276bfad - std::panicking::default_hook::{{closure}}::h42bb31757f0fee64
Dec 01 19:44:11.179 INFO [stdout]                                at libstd/panicking.rs:211
Dec 01 19:44:11.179 INFO [stdout]    3:     0x56345276bcbb - std::panicking::default_hook::hebc8848d7aa7dbd9
Dec 01 19:44:11.179 INFO [stdout]                                at libstd/panicking.rs:221
Dec 01 19:44:11.179 INFO [stdout]    4:     0x56345276c65c - std::panicking::rust_panic_with_hook::h86e619a638415243
Dec 01 19:44:11.179 INFO [stdout]                                at libstd/panicking.rs:477
Dec 01 19:44:11.179 INFO [stdout]    5:     0x56345276c219 - std::panicking::continue_panic_fmt::h2d2d2bfb065a70b2
Dec 01 19:44:11.179 INFO [stdout]                                at libstd/panicking.rs:391
Dec 01 19:44:11.179 INFO [stdout]    6:     0x56345276c115 - rust_begin_unwind
Dec 01 19:44:11.179 INFO [stdout]                                at libstd/panicking.rs:326
Dec 01 19:44:11.179 INFO [stdout]    7:     0x5634527c8fab - core::panicking::panic_fmt::h2155aa66b67fe83c
Dec 01 19:44:11.179 INFO [stdout]                                at libcore/panicking.rs:77
Dec 01 19:44:11.179 INFO [stdout]    8:     0x563451ca0603 - core::result::unwrap_failed::hc34afdc4fe79829d
Dec 01 19:44:11.179 INFO [stdout]                                at libcore/macros.rs:26
Dec 01 19:44:11.179 INFO [stdout]    9:     0x563451c93fdc - <core::result::Result<T, E>>::expect::hea64fe85dc19c992
Dec 01 19:44:11.179 INFO [stdout]                                at libcore/result.rs:835
Dec 01 19:44:11.179 INFO [stdout]   10:     0x563451de4014 - badtouch::ctx::tests::verify_basic_auth_incorrect::h704ae80d18f90f52
Dec 01 19:44:11.179 INFO [stdout]                                at src/ctx.rs:321
Dec 01 19:44:11.179 INFO [stdout]   11:     0x563451de3f19 - badtouch::ctx::tests::verify_basic_auth_incorrect::{{closure}}::h0fe8081ac2f3a68b
Dec 01 19:44:11.179 INFO [stdout]                                at src/ctx.rs:312
Dec 01 19:44:11.179 INFO [stdout]   12:     0x563451d6611d - core::ops::function::FnOnce::call_once::hd34d79441a59128b
Dec 01 19:44:11.179 INFO [stdout]                                at libcore/ops/function.rs:238
Dec 01 19:44:11.179 INFO [stdout]   13:     0x563451e7a9ae - <F as alloc::boxed::FnBox<A>>::call_box::hbea525814fa423cc
Dec 01 19:44:11.179 INFO [stdout]                                at libtest/lib.rs:1461
Dec 01 19:44:11.179 INFO [stdout]                                at libcore/ops/function.rs:238
Dec 01 19:44:11.179 INFO [stdout]                                at liballoc/boxed.rs:646
Dec 01 19:44:11.179 INFO [stdout]   14:     0x563452792529 - __rust_maybe_catch_panic
Dec 01 19:44:11.179 INFO [stdout]                                at libpanic_unwind/lib.rs:103
Dec 01 19:44:11.179 INFO [stdout]   15:     0x563451e8630d - std::sys_common::backtrace::__rust_begin_short_backtrace::h0ff507d7422944d3
Dec 01 19:44:11.179 INFO [stdout]                                at libstd/panicking.rs:289
Dec 01 19:44:11.179 INFO [stdout]                                at libstd/panic.rs:392
Dec 01 19:44:11.179 INFO [stdout]                                at libtest/lib.rs:1416
Dec 01 19:44:11.179 INFO [stdout]                                at libstd/sys_common/backtrace.rs:136
Dec 01 19:44:11.179 INFO [stdout]   16:     0x563451e9e944 - std::panicking::try::do_call::hba0bdcc3670471cc
Dec 01 19:44:11.179 INFO [stdout]                                at libstd/thread/mod.rs:409
Dec 01 19:44:11.179 INFO [stdout]                                at libstd/panic.rs:313
Dec 01 19:44:11.179 INFO [stdout]                                at libstd/panicking.rs:310
Dec 01 19:44:11.179 INFO [stdout]   17:     0x563452792529 - __rust_maybe_catch_panic
Dec 01 19:44:11.179 INFO [stdout]                                at libpanic_unwind/lib.rs:103
Dec 01 19:44:11.179 INFO [stdout]   18:     0x563451e8f216 - <F as alloc::boxed::FnBox<A>>::call_box::hdac52587b00591af
Dec 01 19:44:11.179 INFO [stdout]                                at libstd/panicking.rs:289
Dec 01 19:44:11.179 INFO [stdout]                                at libstd/panic.rs:392
Dec 01 19:44:11.179 INFO [stdout]                                at libstd/thread/mod.rs:408
Dec 01 19:44:11.179 INFO [stdout]                                at liballoc/boxed.rs:646
Dec 01 19:44:11.179 INFO [stdout]   19:     0x563452782b6a - std::sys_common::thread::start_thread::h75d887c7d2cc4479
Dec 01 19:44:11.179 INFO [stdout]                                at liballoc/boxed.rs:656
Dec 01 19:44:11.180 INFO [stdout]                                at libstd/sys_common/thread.rs:24
Dec 01 19:44:11.180 INFO [stdout]   20:     0x56345276ce85 - std::sys::unix::thread::Thread::new::thread_start::h8414caee632bf9ed
Dec 01 19:44:11.180 INFO [stdout]                                at libstd/sys/unix/thread.rs:90
Dec 01 19:44:11.180 INFO [stdout]   21:     0x7f38dcd7a6b9 - start_thread
Dec 01 19:44:11.180 INFO [stdout]   22:     0x7f38dd4a341c - clone
Dec 01 19:44:11.180 INFO [stdout]   23:                0x0 - <unknown>
Dec 01 19:44:11.180 INFO [stdout] 
Dec 01 19:44:11.180 INFO [stdout] 
Dec 01 19:44:11.180 INFO [stdout] failures:
Dec 01 19:44:11.180 INFO [stdout]     ctx::tests::verify_basic_auth_correct
Dec 01 19:44:11.180 INFO [stdout]     ctx::tests::verify_basic_auth_incorrect
Dec 01 19:44:11.180 INFO [stdout] 
Dec 01 19:44:11.180 INFO [stdout] test result: FAILED. 21 passed; 2 failed; 0 ignored; 0 measured; 0 filtered out
Dec 01 19:44:11.180 INFO [stdout] 
Dec 01 19:44:11.195 INFO [stderr] error: test failed, to rerun pass '--lib'
Dec 01 19:44:11.195 INFO [stderr] su: No module specific data is present
Dec 01 19:44:12.457 INFO running `"docker" "inspect" "acb3223700110b183638eed8379f542b9f10ea95b734b5ad2e42a4798268ff1d"`
Dec 01 19:44:12.785 INFO running `"docker" "rm" "-f" "acb3223700110b183638eed8379f542b9f10ea95b734b5ad2e42a4798268ff1d"`
Dec 01 19:44:13.146 INFO [stdout] acb3223700110b183638eed8379f542b9f10ea95b734b5ad2e42a4798268ff1d
