Dec 01 19:54:38.097 INFO testing dbrgn/tealdeer against 1.30.1 for beta-1.31-5
Dec 01 19:54:38.097 INFO running `"docker" "create" "-v" "/mnt/big/crater/work/local/target-dirs/beta-1.31-5/worker-5/1.30.1:/target:rw,Z" "-v" "/mnt/big/crater/work/local/test-source/worker-5/beta-1.31-5/1.30.1:/source:ro,Z" "-v" "/mnt/big/crater/work/local/cargo-home:/cargo-home:ro,Z" "-v" "/mnt/big/crater/work/local/rustup-home:/rustup-home:ro,Z" "-e" "USER_ID=1000" "-e" "SOURCE_DIR=/source" "-e" "USER_ID=1000" "-e" "CMD=cargo +1.30.1 build --frozen" "-e" "CARGO_TARGET_DIR=/target" "-e" "CARGO_INCREMENTAL=0" "-e" "RUST_BACKTRACE=full" "-e" "RUSTFLAGS=--cap-lints=warn" "-e" "CARGO_HOME=/cargo-home" "-e" "RUSTUP_HOME=/rustup-home" "-m" "1536M" "--network" "none" "crater"`
Dec 01 19:54:38.644 INFO [stdout] a64847141696f0f4af51736193166d3818179ffda90e2985cfe7a7cff23d3317
Dec 01 19:54:38.647 INFO running `"docker" "start" "-a" "a64847141696f0f4af51736193166d3818179ffda90e2985cfe7a7cff23d3317"`
Dec 01 19:54:40.126 INFO [stderr] usermod: no changes
Dec 01 19:54:40.519 INFO [stderr]    Compiling serde v1.0.80
Dec 01 19:54:40.536 INFO [stderr]    Compiling filetime v0.2.1
Dec 01 19:54:40.539 INFO [stderr]    Compiling tokio-io v0.1.10
Dec 01 19:54:40.540 INFO [stderr]    Compiling crossbeam-epoch v0.6.1
Dec 01 19:54:40.541 INFO [stderr]    Compiling regex v0.2.11
Dec 01 19:54:43.815 INFO [stderr]    Compiling tar v0.4.17
Dec 01 19:54:45.915 INFO [stderr]    Compiling crossbeam-deque v0.6.2
Dec 01 19:54:46.993 INFO [stderr]    Compiling tokio-reactor v0.1.6
Dec 01 19:54:46.993 INFO [stderr]    Compiling tokio-codec v0.1.1
Dec 01 19:54:46.994 INFO [stderr]    Compiling h2 v0.1.13
Dec 01 19:54:52.696 INFO [stderr]    Compiling tokio-threadpool v0.1.8
Dec 01 19:55:05.627 INFO [stderr]    Compiling tokio-udp v0.1.2
Dec 01 19:55:05.627 INFO [stderr]    Compiling tokio-uds v0.2.3
Dec 01 19:55:06.315 INFO [stderr]    Compiling tokio-tcp v0.1.2
Dec 01 19:55:09.360 INFO [stderr]    Compiling tokio-fs v0.1.4
Dec 01 19:55:19.235 INFO [stderr]    Compiling tokio v0.1.11
Dec 01 19:55:26.159 INFO [stderr]    Compiling hyper v0.12.14
Dec 01 19:55:31.332 INFO [stderr]    Compiling serde_urlencoded v0.5.3
Dec 01 19:55:31.332 INFO [stderr]    Compiling serde_json v1.0.32
Dec 01 19:55:31.332 INFO [stderr]    Compiling docopt v0.8.3
Dec 01 19:55:31.332 INFO [stderr]    Compiling toml v0.4.8
Dec 01 19:55:54.231 INFO [stderr]    Compiling hyper-tls v0.3.1
Dec 01 19:55:57.683 INFO [stderr]    Compiling reqwest v0.9.5
Dec 01 19:56:08.606 INFO [stderr]    Compiling tealdeer v1.1.0 (/source)
Dec 01 19:56:20.300 INFO [stderr]     Finished dev [unoptimized + debuginfo] target(s) in 1m 40s
Dec 01 19:56:20.317 INFO [stderr] su: No module specific data is present
Dec 01 19:56:21.822 INFO running `"docker" "inspect" "a64847141696f0f4af51736193166d3818179ffda90e2985cfe7a7cff23d3317"`
Dec 01 19:56:22.097 INFO running `"docker" "rm" "-f" "a64847141696f0f4af51736193166d3818179ffda90e2985cfe7a7cff23d3317"`
Dec 01 19:56:22.482 INFO [stdout] a64847141696f0f4af51736193166d3818179ffda90e2985cfe7a7cff23d3317
Dec 01 19:56:22.485 INFO running `"docker" "create" "-v" "/mnt/big/crater/work/local/target-dirs/beta-1.31-5/worker-5/1.30.1:/target:rw,Z" "-v" "/mnt/big/crater/work/local/test-source/worker-5/beta-1.31-5/1.30.1:/source:ro,Z" "-v" "/mnt/big/crater/work/local/cargo-home:/cargo-home:ro,Z" "-v" "/mnt/big/crater/work/local/rustup-home:/rustup-home:ro,Z" "-e" "USER_ID=1000" "-e" "SOURCE_DIR=/source" "-e" "USER_ID=1000" "-e" "CMD=cargo +1.30.1 test --frozen --no-run" "-e" "CARGO_TARGET_DIR=/target" "-e" "CARGO_INCREMENTAL=0" "-e" "RUST_BACKTRACE=full" "-e" "RUSTFLAGS=--cap-lints=warn" "-e" "CARGO_HOME=/cargo-home" "-e" "RUSTUP_HOME=/rustup-home" "-m" "1536M" "--network" "none" "crater"`
Dec 01 19:56:22.896 INFO [stdout] d6965a0fc2902881558b6b7c988bfe7824688572732c1e4d93b0b806645907e2
Dec 01 19:56:22.898 INFO running `"docker" "start" "-a" "d6965a0fc2902881558b6b7c988bfe7824688572732c1e4d93b0b806645907e2"`
Dec 01 19:56:24.399 INFO [stderr] usermod: no changes
Dec 01 19:56:24.767 INFO [stderr]    Compiling predicates-core v1.0.0
Dec 01 19:56:24.771 INFO [stderr]    Compiling utime v0.2.1
Dec 01 19:56:24.771 INFO [stderr]    Compiling escargot v0.3.1
Dec 01 19:56:26.525 INFO [stderr]    Compiling predicates-tree v1.0.0
Dec 01 19:56:26.527 INFO [stderr]    Compiling predicates v1.0.0
Dec 01 19:56:31.188 INFO [stderr]    Compiling assert_cmd v0.10.2
Dec 01 19:56:33.775 INFO [stderr]    Compiling tealdeer v1.1.0 (/source)
Dec 01 19:56:37.526 INFO [stderr] warning: method is never used: `no_default_features`
Dec 01 19:56:37.527 INFO [stderr]   --> tests/lib.rs:38:5
Dec 01 19:56:37.527 INFO [stderr]    |
Dec 01 19:56:37.527 INFO [stderr] 38 |     fn no_default_features(mut self) -> Self {
Dec 01 19:56:37.527 INFO [stderr]    |     ^^^^^^^^^^^^^^^^^^^^^^^^^^^^^^^^^^^^^^^^
Dec 01 19:56:37.527 INFO [stderr]    |
Dec 01 19:56:37.527 INFO [stderr]    = note: #[warn(dead_code)] on by default
Dec 01 19:56:37.527 INFO [stderr] 
Dec 01 19:56:37.527 INFO [stderr] warning: method is never used: `with_feature`
Dec 01 19:56:37.527 INFO [stderr]   --> tests/lib.rs:44:5
Dec 01 19:56:37.527 INFO [stderr]    |
Dec 01 19:56:37.527 INFO [stderr] 44 |     fn with_feature<S: Into<String>>(mut self, feature: S) -> Self {
Dec 01 19:56:37.527 INFO [stderr]    |     ^^^^^^^^^^^^^^^^^^^^^^^^^^^^^^^^^^^^^^^^^^^^^^^^^^^^^^^^^^^^^^
Dec 01 19:56:37.527 INFO [stderr] 
Dec 01 19:56:46.819 INFO [stderr]     Finished dev [unoptimized + debuginfo] target(s) in 22.38s
Dec 01 19:56:46.842 INFO [stderr] su: No module specific data is present
Dec 01 19:56:47.919 INFO running `"docker" "inspect" "d6965a0fc2902881558b6b7c988bfe7824688572732c1e4d93b0b806645907e2"`
Dec 01 19:56:48.275 INFO running `"docker" "rm" "-f" "d6965a0fc2902881558b6b7c988bfe7824688572732c1e4d93b0b806645907e2"`
Dec 01 19:56:48.567 INFO [stdout] d6965a0fc2902881558b6b7c988bfe7824688572732c1e4d93b0b806645907e2
Dec 01 19:56:48.575 INFO running `"docker" "create" "-v" "/mnt/big/crater/work/local/target-dirs/beta-1.31-5/worker-5/1.30.1:/target:rw,Z" "-v" "/mnt/big/crater/work/local/test-source/worker-5/beta-1.31-5/1.30.1:/source:ro,Z" "-v" "/mnt/big/crater/work/local/cargo-home:/cargo-home:ro,Z" "-v" "/mnt/big/crater/work/local/rustup-home:/rustup-home:ro,Z" "-e" "USER_ID=1000" "-e" "SOURCE_DIR=/source" "-e" "USER_ID=1000" "-e" "CMD=cargo +1.30.1 test --frozen" "-e" "CARGO_TARGET_DIR=/target" "-e" "CARGO_INCREMENTAL=0" "-e" "RUST_BACKTRACE=full" "-e" "RUSTFLAGS=--cap-lints=warn" "-e" "CARGO_HOME=/cargo-home" "-e" "RUSTUP_HOME=/rustup-home" "-m" "1536M" "--network" "none" "crater"`
Dec 01 19:56:49.071 INFO [stdout] b6c607f89401f2fde58d7be1621df0e61817a5aa8a0560ce05241857367a95f2
Dec 01 19:56:49.073 INFO running `"docker" "start" "-a" "b6c607f89401f2fde58d7be1621df0e61817a5aa8a0560ce05241857367a95f2"`
Dec 01 19:56:50.791 INFO [stderr] usermod: no changes
Dec 01 19:56:51.251 INFO [stderr]     Finished dev [unoptimized + debuginfo] target(s) in 0.43s
Dec 01 19:56:51.272 INFO [stderr]      Running /target/debug/deps/tldr-893901a77ac3aa4b
Dec 01 19:56:51.320 INFO [stdout] 
Dec 01 19:56:51.320 INFO [stdout] running 6 tests
Dec 01 19:56:51.321 INFO [stdout] test tokenizer::test::test_first_line_old_format ... ok
Dec 01 19:56:51.321 INFO [stdout] test types::test::test_linetype_from_str ... ok
Dec 01 19:56:51.335 INFO [stdout] test config::test_serialize_deserialize ... ok
Dec 01 19:56:51.335 INFO [stdout] test tokenizer::test::test_first_line_new_format ... ok
Dec 01 19:56:51.455 INFO [stdout] test test::test_docopt_expect_error ... ok
Dec 01 19:56:51.456 INFO [stdout] test test::test_docopt_os_case_insensitive ... ok
Dec 01 19:56:51.456 INFO [stdout] 
Dec 01 19:56:51.456 INFO [stdout] test result: ok. 6 passed; 0 failed; 0 ignored; 0 measured; 0 filtered out
Dec 01 19:56:51.456 INFO [stdout] 
Dec 01 19:56:51.457 INFO [stderr]      Running /target/debug/deps/lib-9da371553cd1d972
Dec 01 19:56:51.460 INFO [stdout] 
Dec 01 19:56:51.460 INFO [stdout] running 10 tests
Dec 01 19:57:51.471 INFO [stdout] test test_correct_rendering_v1 ... test test_correct_rendering_v1 has been running for over 60 seconds
Dec 01 19:57:51.471 INFO [stdout] test test_correct_rendering_with_config ... test test_correct_rendering_with_config has been running for over 60 seconds
Dec 01 19:57:51.471 INFO [stdout] test test_missing_cache ... test test_missing_cache has been running for over 60 seconds
Dec 01 19:57:51.471 INFO [stdout] test test_correct_rendering_v2 ... test test_correct_rendering_v2 has been running for over 60 seconds
Dec 01 19:57:51.471 INFO [stdout] test test_quiet_cache ... test test_quiet_cache has been running for over 60 seconds
Dec 01 19:57:51.515 INFO [stdout] test test_quiet_failures ... test test_quiet_failures has been running for over 60 seconds
Dec 01 19:57:51.515 INFO [stdout] test test_quiet_old_cache ... test test_quiet_old_cache has been running for over 60 seconds
Dec 01 19:57:51.543 INFO [stdout] test test_setup_seed_config ... test test_setup_seed_config has been running for over 60 seconds
Dec 01 20:00:51.234 INFO [stdout] test test_missing_cache ... ok
Dec 01 20:00:51.259 INFO [stdout] test test_quiet_failures ... FAILED
Dec 01 20:00:51.355 INFO [stdout] test test_correct_rendering_v1 ... ok
Dec 01 20:00:51.467 INFO [stdout] test test_correct_rendering_v2 ... ok
Dec 01 20:00:51.818 INFO [stdout] test test_quiet_old_cache ... FAILED
Dec 01 20:00:51.895 INFO [stdout] test test_correct_rendering_with_config ... ok
Dec 01 20:00:52.023 INFO [stdout] test test_quiet_cache ... FAILED
Dec 01 20:00:52.243 INFO [stdout] test test_setup_seed_config ... ok
Dec 01 20:00:52.339 INFO [stdout] test test_show_config_path ... ok
Dec 01 20:00:52.492 INFO [stdout] test test_update_cache ... FAILED
Dec 01 20:00:52.492 INFO [stdout] 
Dec 01 20:00:52.492 INFO [stdout] failures:
Dec 01 20:00:52.492 INFO [stdout] 
Dec 01 20:00:52.493 INFO [stdout] ---- test_quiet_failures stdout ----
Dec 01 20:00:52.493 INFO [stdout] thread 'test_quiet_failures' panicked at 'Unexpected failure.
Dec 01 20:00:52.493 INFO [stdout] code-1
Dec 01 20:00:52.493 INFO [stdout] stderr=```Could not update cache: HTTP error: https://github.com/tldr-pages/tldr/archive/master.tar.gz: an error occurred trying to connect: failed to lookup address information: Temporary failure in name resolution
Dec 01 20:00:52.493 INFO [stdout] ```
Dec 01 20:00:52.494 INFO [stdout] command=`"/target/x86_64-unknown-linux-gnu/debug/tldr" "--update" "-q"`
Dec 01 20:00:52.494 INFO [stdout] code=1
Dec 01 20:00:52.494 INFO [stdout] stdout=``````
Dec 01 20:00:52.494 INFO [stdout] stderr=```Could not update cache: HTTP error: https://github.com/tldr-pages/tldr/archive/master.tar.gz: an error occurred trying to connect: failed to lookup address information: Temporary failure in name resolution
Dec 01 20:00:52.494 INFO [stdout] ```
Dec 01 20:00:52.494 INFO [stdout] ', /cargo-home/registry/src/github.com-1ecc6299db9ec823/assert_cmd-0.10.2/src/assert.rs:154:13
Dec 01 20:00:52.494 INFO [stdout] stack backtrace:
Dec 01 20:00:52.494 INFO [stdout]    0:     0x562637098b2e - std::sys::unix::backtrace::tracing::imp::unwind_backtrace::h15749a98198ba25f
Dec 01 20:00:52.494 INFO [stdout]                                at libstd/sys/unix/backtrace/tracing/gcc_s.rs:49
Dec 01 20:00:52.494 INFO [stdout]    1:     0x562637087036 - std::sys_common::backtrace::print::h0ba65c811294dbf0
Dec 01 20:00:52.494 INFO [stdout]                                at libstd/sys_common/backtrace.rs:71
Dec 01 20:00:52.494 INFO [stdout]                                at libstd/sys_common/backtrace.rs:59
Dec 01 20:00:52.494 INFO [stdout]    2:     0x56263708545d - std::panicking::default_hook::{{closure}}::h42bb31757f0fee64
Dec 01 20:00:52.494 INFO [stdout]                                at libstd/panicking.rs:211
Dec 01 20:00:52.494 INFO [stdout]    3:     0x56263708516b - std::panicking::default_hook::hebc8848d7aa7dbd9
Dec 01 20:00:52.494 INFO [stdout]                                at libstd/panicking.rs:221
Dec 01 20:00:52.494 INFO [stdout]    4:     0x562637085b0c - std::panicking::rust_panic_with_hook::h86e619a638415243
Dec 01 20:00:52.494 INFO [stdout]                                at libstd/panicking.rs:477
Dec 01 20:00:52.494 INFO [stdout]    5:     0x5626370856c9 - std::panicking::continue_panic_fmt::h2d2d2bfb065a70b2
Dec 01 20:00:52.494 INFO [stdout]                                at libstd/panicking.rs:391
Dec 01 20:00:52.494 INFO [stdout]    6:     0x56263708562d - std::panicking::begin_panic_fmt::ha5097e2056ef3d5a
Dec 01 20:00:52.494 INFO [stdout]                                at libstd/panicking.rs:346
Dec 01 20:00:52.494 INFO [stdout]    7:     0x56263700c581 - assert_cmd::assert::Assert::success::h49ef477fffabe1a7
Dec 01 20:00:52.494 INFO [stdout]                                at /cargo-home/registry/src/github.com-1ecc6299db9ec823/assert_cmd-0.10.2/src/assert.rs:154
Dec 01 20:00:52.494 INFO [stdout]    8:     0x562636faadf4 - lib::test_quiet_failures::h820d5728c4a9beb3
Dec 01 20:00:52.494 INFO [stdout]                                at tests/lib.rs:126
Dec 01 20:00:52.494 INFO [stdout]    9:     0x562636faad39 - lib::test_quiet_failures::{{closure}}::h375f756fc6a0a646
Dec 01 20:00:52.494 INFO [stdout]                                at tests/lib.rs:123
Dec 01 20:00:52.494 INFO [stdout]   10:     0x562636fb3bdd - core::ops::function::FnOnce::call_once::hb95d13ec46930ef3
Dec 01 20:00:52.494 INFO [stdout]                                at libcore/ops/function.rs:238
Dec 01 20:00:52.494 INFO [stdout]   11:     0x562636fb7f1e - <F as alloc::boxed::FnBox<A>>::call_box::hbea525814fa423cc
Dec 01 20:00:52.494 INFO [stdout]                                at libtest/lib.rs:1461
Dec 01 20:00:52.494 INFO [stdout]                                at libcore/ops/function.rs:238
Dec 01 20:00:52.494 INFO [stdout]                                at liballoc/boxed.rs:646
Dec 01 20:00:52.494 INFO [stdout]   12:     0x5626370abbc9 - __rust_maybe_catch_panic
Dec 01 20:00:52.494 INFO [stdout]                                at libpanic_unwind/lib.rs:103
Dec 01 20:00:52.494 INFO [stdout]   13:     0x562636fc387d - std::sys_common::backtrace::__rust_begin_short_backtrace::h0ff507d7422944d3
Dec 01 20:00:52.494 INFO [stdout]                                at libstd/panicking.rs:289
Dec 01 20:00:52.494 INFO [stdout]                                at libstd/panic.rs:392
Dec 01 20:00:52.494 INFO [stdout]                                at libtest/lib.rs:1416
Dec 01 20:00:52.494 INFO [stdout]                                at libstd/sys_common/backtrace.rs:136
Dec 01 20:00:52.494 INFO [stdout]   14:     0x562636fdbeb4 - std::panicking::try::do_call::hba0bdcc3670471cc
Dec 01 20:00:52.494 INFO [stdout]                                at libstd/thread/mod.rs:409
Dec 01 20:00:52.494 INFO [stdout]                                at libstd/panic.rs:313
Dec 01 20:00:52.494 INFO [stdout]                                at libstd/panicking.rs:310
Dec 01 20:00:52.494 INFO [stdout]   15:     0x5626370abbc9 - __rust_maybe_catch_panic
Dec 01 20:00:52.494 INFO [stdout]                                at libpanic_unwind/lib.rs:103
Dec 01 20:00:52.494 INFO [stdout]   16:     0x562636fcc786 - <F as alloc::boxed::FnBox<A>>::call_box::hdac52587b00591af
Dec 01 20:00:52.494 INFO [stdout]                                at libstd/panicking.rs:289
Dec 01 20:00:52.494 INFO [stdout]                                at libstd/panic.rs:392
Dec 01 20:00:52.494 INFO [stdout]                                at libstd/thread/mod.rs:408
Dec 01 20:00:52.494 INFO [stdout]                                at liballoc/boxed.rs:646
Dec 01 20:00:52.494 INFO [stdout]   17:     0x56263709ad5a - std::sys_common::thread::start_thread::h75d887c7d2cc4479
Dec 01 20:00:52.494 INFO [stdout]                                at liballoc/boxed.rs:656
Dec 01 20:00:52.494 INFO [stdout]                                at libstd/sys_common/thread.rs:24
Dec 01 20:00:52.494 INFO [stdout]   18:     0x562637086275 - std::sys::unix::thread::Thread::new::thread_start::h8414caee632bf9ed
Dec 01 20:00:52.494 INFO [stdout]                                at libstd/sys/unix/thread.rs:90
Dec 01 20:00:52.494 INFO [stdout]   19:     0x7f579f43b6b9 - start_thread
Dec 01 20:00:52.494 INFO [stdout]   20:     0x7f579ef5b41c - clone
Dec 01 20:00:52.494 INFO [stdout]   21:                0x0 - <unknown>
Dec 01 20:00:52.494 INFO [stdout] 
Dec 01 20:00:52.494 INFO [stdout] ---- test_quiet_old_cache stdout ----
Dec 01 20:00:52.494 INFO [stdout] thread 'test_quiet_old_cache' panicked at 'Unexpected failure.
Dec 01 20:00:52.494 INFO [stdout] code-1
Dec 01 20:00:52.494 INFO [stdout] stderr=```Could not update cache: HTTP error: https://github.com/tldr-pages/tldr/archive/master.tar.gz: an error occurred trying to connect: failed to lookup address information: Temporary failure in name resolution
Dec 01 20:00:52.494 INFO [stdout] ```
Dec 01 20:00:52.494 INFO [stdout] command=`"/target/x86_64-unknown-linux-gnu/debug/tldr" "--update" "-q"`
Dec 01 20:00:52.494 INFO [stdout] code=1
Dec 01 20:00:52.494 INFO [stdout] stdout=``````
Dec 01 20:00:52.494 INFO [stdout] stderr=```Could not update cache: HTTP error: https://github.com/tldr-pages/tldr/archive/master.tar.gz: an error occurred trying to connect: failed to lookup address information: Temporary failure in name resolution
Dec 01 20:00:52.494 INFO [stdout] ```
Dec 01 20:00:52.494 INFO [stdout] ', /cargo-home/registry/src/github.com-1ecc6299db9ec823/assert_cmd-0.10.2/src/assert.rs:154:13
Dec 01 20:00:52.494 INFO [stdout] stack backtrace:
Dec 01 20:00:52.494 INFO [stdout]    0:     0x562637098b2e - std::sys::unix::backtrace::tracing::imp::unwind_backtrace::h15749a98198ba25f
Dec 01 20:00:52.494 INFO [stdout]                                at libstd/sys/unix/backtrace/tracing/gcc_s.rs:49
Dec 01 20:00:52.494 INFO [stdout]    1:     0x562637087036 - std::sys_common::backtrace::print::h0ba65c811294dbf0
Dec 01 20:00:52.494 INFO [stdout]                                at libstd/sys_common/backtrace.rs:71
Dec 01 20:00:52.494 INFO [stdout]                                at libstd/sys_common/backtrace.rs:59
Dec 01 20:00:52.494 INFO [stdout]    2:     0x56263708545d - std::panicking::default_hook::{{closure}}::h42bb31757f0fee64
Dec 01 20:00:52.494 INFO [stdout]                                at libstd/panicking.rs:211
Dec 01 20:00:52.494 INFO [stdout]    3:     0x56263708516b - std::panicking::default_hook::hebc8848d7aa7dbd9
Dec 01 20:00:52.494 INFO [stdout]                                at libstd/panicking.rs:221
Dec 01 20:00:52.494 INFO [stdout]    4:     0x562637085b0c - std::panicking::rust_panic_with_hook::h86e619a638415243
Dec 01 20:00:52.495 INFO [stdout]                                at libstd/panicking.rs:477
Dec 01 20:00:52.495 INFO [stdout]    5:     0x5626370856c9 - std::panicking::continue_panic_fmt::h2d2d2bfb065a70b2
Dec 01 20:00:52.495 INFO [stdout]                                at libstd/panicking.rs:391
Dec 01 20:00:52.495 INFO [stdout]    6:     0x56263708562d - std::panicking::begin_panic_fmt::ha5097e2056ef3d5a
Dec 01 20:00:52.495 INFO [stdout]                                at libstd/panicking.rs:346
Dec 01 20:00:52.495 INFO [stdout]    7:     0x56263700c581 - assert_cmd::assert::Assert::success::h49ef477fffabe1a7
Dec 01 20:00:52.495 INFO [stdout]                                at /cargo-home/registry/src/github.com-1ecc6299db9ec823/assert_cmd-0.10.2/src/assert.rs:154
Dec 01 20:00:52.495 INFO [stdout]    8:     0x562636fab0ac - lib::test_quiet_old_cache::hfa67d6751509bc97
Dec 01 20:00:52.495 INFO [stdout]                                at tests/lib.rs:145
Dec 01 20:00:52.495 INFO [stdout]    9:     0x562636faafe9 - lib::test_quiet_old_cache::{{closure}}::he822d7ab7703d5d5
Dec 01 20:00:52.495 INFO [stdout]                                at tests/lib.rs:142
Dec 01 20:00:52.495 INFO [stdout]   10:     0x562636fb3a9d - core::ops::function::FnOnce::call_once::h14ccacba5c6c950d
Dec 01 20:00:52.495 INFO [stdout]                                at libcore/ops/function.rs:238
Dec 01 20:00:52.495 INFO [stdout]   11:     0x562636fb7f1e - <F as alloc::boxed::FnBox<A>>::call_box::hbea525814fa423cc
Dec 01 20:00:52.495 INFO [stdout]                                at libtest/lib.rs:1461
Dec 01 20:00:52.495 INFO [stdout]                                at libcore/ops/function.rs:238
Dec 01 20:00:52.495 INFO [stdout]                                at liballoc/boxed.rs:646
Dec 01 20:00:52.495 INFO [stdout]   12:     0x5626370abbc9 - __rust_maybe_catch_panic
Dec 01 20:00:52.495 INFO [stdout]                                at libpanic_unwind/lib.rs:103
Dec 01 20:00:52.495 INFO [stdout]   13:     0x562636fc387d - std::sys_common::backtrace::__rust_begin_short_backtrace::h0ff507d7422944d3
Dec 01 20:00:52.495 INFO [stdout]                                at libstd/panicking.rs:289
Dec 01 20:00:52.495 INFO [stdout]                                at libstd/panic.rs:392
Dec 01 20:00:52.495 INFO [stdout]                                at libtest/lib.rs:1416
Dec 01 20:00:52.495 INFO [stdout]                                at libstd/sys_common/backtrace.rs:136
Dec 01 20:00:52.495 INFO [stdout]   14:     0x562636fdbeb4 - std::panicking::try::do_call::hba0bdcc3670471cc
Dec 01 20:00:52.495 INFO [stdout]                                at libstd/thread/mod.rs:409
Dec 01 20:00:52.495 INFO [stdout]                                at libstd/panic.rs:313
Dec 01 20:00:52.495 INFO [stdout]                                at libstd/panicking.rs:310
Dec 01 20:00:52.495 INFO [stdout]   15:     0x5626370abbc9 - __rust_maybe_catch_panic
Dec 01 20:00:52.495 INFO [stdout]                                at libpanic_unwind/lib.rs:103
Dec 01 20:00:52.495 INFO [stdout]   16:     0x562636fcc786 - <F as alloc::boxed::FnBox<A>>::call_box::hdac52587b00591af
Dec 01 20:00:52.495 INFO [stdout]                                at libstd/panicking.rs:289
Dec 01 20:00:52.495 INFO [stdout]                                at libstd/panic.rs:392
Dec 01 20:00:52.495 INFO [stdout]                                at libstd/thread/mod.rs:408
Dec 01 20:00:52.495 INFO [stdout]                                at liballoc/boxed.rs:646
Dec 01 20:00:52.495 INFO [stdout]   17:     0x56263709ad5a - std::sys_common::thread::start_thread::h75d887c7d2cc4479
Dec 01 20:00:52.495 INFO [stdout]                                at liballoc/boxed.rs:656
Dec 01 20:00:52.495 INFO [stdout]                                at libstd/sys_common/thread.rs:24
Dec 01 20:00:52.495 INFO [stdout]   18:     0x562637086275 - std::sys::unix::thread::Thread::new::thread_start::h8414caee632bf9ed
Dec 01 20:00:52.495 INFO [stdout]                                at libstd/sys/unix/thread.rs:90
Dec 01 20:00:52.495 INFO [stdout]   19:     0x7f579f43b6b9 - start_thread
Dec 01 20:00:52.495 INFO [stdout]   20:     0x7f579ef5b41c - clone
Dec 01 20:00:52.495 INFO [stdout]   21:                0x0 - <unknown>
Dec 01 20:00:52.495 INFO [stdout] 
Dec 01 20:00:52.495 INFO [stdout] ---- test_quiet_cache stdout ----
Dec 01 20:00:52.495 INFO [stdout] thread 'test_quiet_cache' panicked at 'Unexpected failure.
Dec 01 20:00:52.495 INFO [stdout] code-1
Dec 01 20:00:52.495 INFO [stdout] stderr=```Could not update cache: HTTP error: https://github.com/tldr-pages/tldr/archive/master.tar.gz: an error occurred trying to connect: failed to lookup address information: Temporary failure in name resolution
Dec 01 20:00:52.495 INFO [stdout] ```
Dec 01 20:00:52.495 INFO [stdout] command=`"/target/x86_64-unknown-linux-gnu/debug/tldr" "--update" "--quiet"`
Dec 01 20:00:52.495 INFO [stdout] code=1
Dec 01 20:00:52.495 INFO [stdout] stdout=``````
Dec 01 20:00:52.495 INFO [stdout] stderr=```Could not update cache: HTTP error: https://github.com/tldr-pages/tldr/archive/master.tar.gz: an error occurred trying to connect: failed to lookup address information: Temporary failure in name resolution
Dec 01 20:00:52.495 INFO [stdout] ```
Dec 01 20:00:52.495 INFO [stdout] ', /cargo-home/registry/src/github.com-1ecc6299db9ec823/assert_cmd-0.10.2/src/assert.rs:154:13
Dec 01 20:00:52.495 INFO [stdout] stack backtrace:
Dec 01 20:00:52.495 INFO [stdout]    0:     0x562637098b2e - std::sys::unix::backtrace::tracing::imp::unwind_backtrace::h15749a98198ba25f
Dec 01 20:00:52.495 INFO [stdout]                                at libstd/sys/unix/backtrace/tracing/gcc_s.rs:49
Dec 01 20:00:52.495 INFO [stdout]    1:     0x562637087036 - std::sys_common::backtrace::print::h0ba65c811294dbf0
Dec 01 20:00:52.495 INFO [stdout]                                at libstd/sys_common/backtrace.rs:71
Dec 01 20:00:52.495 INFO [stdout]                                at libstd/sys_common/backtrace.rs:59
Dec 01 20:00:52.495 INFO [stdout]    2:     0x56263708545d - std::panicking::default_hook::{{closure}}::h42bb31757f0fee64
Dec 01 20:00:52.495 INFO [stdout]                                at libstd/panicking.rs:211
Dec 01 20:00:52.495 INFO [stdout]    3:     0x56263708516b - std::panicking::default_hook::hebc8848d7aa7dbd9
Dec 01 20:00:52.495 INFO [stdout]                                at libstd/panicking.rs:221
Dec 01 20:00:52.495 INFO [stdout]    4:     0x562637085b0c - std::panicking::rust_panic_with_hook::h86e619a638415243
Dec 01 20:00:52.495 INFO [stdout]                                at libstd/panicking.rs:477
Dec 01 20:00:52.495 INFO [stdout]    5:     0x5626370856c9 - std::panicking::continue_panic_fmt::h2d2d2bfb065a70b2
Dec 01 20:00:52.495 INFO [stdout]                                at libstd/panicking.rs:391
Dec 01 20:00:52.495 INFO [stdout]    6:     0x56263708562d - std::panicking::begin_panic_fmt::ha5097e2056ef3d5a
Dec 01 20:00:52.495 INFO [stdout]                                at libstd/panicking.rs:346
Dec 01 20:00:52.495 INFO [stdout]    7:     0x56263700c581 - assert_cmd::assert::Assert::success::h49ef477fffabe1a7
Dec 01 20:00:52.495 INFO [stdout]                                at /cargo-home/registry/src/github.com-1ecc6299db9ec823/assert_cmd-0.10.2/src/assert.rs:154
Dec 01 20:00:52.495 INFO [stdout]    8:     0x562636faab44 - lib::test_quiet_cache::hd991519816e8caf5
Dec 01 20:00:52.495 INFO [stdout]                                at tests/lib.rs:107
Dec 01 20:00:52.495 INFO [stdout]    9:     0x562636faaa89 - lib::test_quiet_cache::{{closure}}::hc73fd31dd9d7a9eb
Dec 01 20:00:52.495 INFO [stdout]                                at tests/lib.rs:105
Dec 01 20:00:52.495 INFO [stdout]   10:     0x562636fb3cdd - core::ops::function::FnOnce::call_once::hfec81786b38e7b81
Dec 01 20:00:52.495 INFO [stdout]                                at libcore/ops/function.rs:238
Dec 01 20:00:52.495 INFO [stdout]   11:     0x562636fb7f1e - <F as alloc::boxed::FnBox<A>>::call_box::hbea525814fa423cc
Dec 01 20:00:52.495 INFO [stdout]                                at libtest/lib.rs:1461
Dec 01 20:00:52.496 INFO [stdout]                                at libcore/ops/function.rs:238
Dec 01 20:00:52.496 INFO [stdout]                                at liballoc/boxed.rs:646
Dec 01 20:00:52.496 INFO [stdout]   12:     0x5626370abbc9 - __rust_maybe_catch_panic
Dec 01 20:00:52.496 INFO [stdout]                                at libpanic_unwind/lib.rs:103
Dec 01 20:00:52.496 INFO [stdout]   13:     0x562636fc387d - std::sys_common::backtrace::__rust_begin_short_backtrace::h0ff507d7422944d3
Dec 01 20:00:52.496 INFO [stdout]                                at libstd/panicking.rs:289
Dec 01 20:00:52.496 INFO [stdout]                                at libstd/panic.rs:392
Dec 01 20:00:52.496 INFO [stdout]                                at libtest/lib.rs:1416
Dec 01 20:00:52.496 INFO [stdout]                                at libstd/sys_common/backtrace.rs:136
Dec 01 20:00:52.496 INFO [stdout]   14:     0x562636fdbeb4 - std::panicking::try::do_call::hba0bdcc3670471cc
Dec 01 20:00:52.496 INFO [stdout]                                at libstd/thread/mod.rs:409
Dec 01 20:00:52.496 INFO [stdout]                                at libstd/panic.rs:313
Dec 01 20:00:52.496 INFO [stdout]                                at libstd/panicking.rs:310
Dec 01 20:00:52.496 INFO [stdout]   15:     0x5626370abbc9 - __rust_maybe_catch_panic
Dec 01 20:00:52.496 INFO [stdout]                                at libpanic_unwind/lib.rs:103
Dec 01 20:00:52.496 INFO [stdout]   16:     0x562636fcc786 - <F as alloc::boxed::FnBox<A>>::call_box::hdac52587b00591af
Dec 01 20:00:52.496 INFO [stdout]                                at libstd/panicking.rs:289
Dec 01 20:00:52.496 INFO [stdout]                                at libstd/panic.rs:392
Dec 01 20:00:52.496 INFO [stdout]                                at libstd/thread/mod.rs:408
Dec 01 20:00:52.496 INFO [stdout]                                at liballoc/boxed.rs:646
Dec 01 20:00:52.496 INFO [stdout]   17:     0x56263709ad5a - std::sys_common::thread::start_thread::h75d887c7d2cc4479
Dec 01 20:00:52.496 INFO [stdout]                                at liballoc/boxed.rs:656
Dec 01 20:00:52.496 INFO [stdout]                                at libstd/sys_common/thread.rs:24
Dec 01 20:00:52.496 INFO [stdout]   18:     0x562637086275 - std::sys::unix::thread::Thread::new::thread_start::h8414caee632bf9ed
Dec 01 20:00:52.496 INFO [stdout]                                at libstd/sys/unix/thread.rs:90
Dec 01 20:00:52.496 INFO [stdout]   19:     0x7f579f43b6b9 - start_thread
Dec 01 20:00:52.496 INFO [stdout]   20:     0x7f579ef5b41c - clone
Dec 01 20:00:52.496 INFO [stdout]   21:                0x0 - <unknown>
Dec 01 20:00:52.496 INFO [stdout] 
Dec 01 20:00:52.496 INFO [stdout] ---- test_update_cache stdout ----
Dec 01 20:00:52.496 INFO [stdout] thread 'test_update_cache' panicked at 'Unexpected failure.
Dec 01 20:00:52.496 INFO [stdout] code-1
Dec 01 20:00:52.496 INFO [stdout] stderr=```Could not update cache: HTTP error: https://github.com/tldr-pages/tldr/archive/master.tar.gz: an error occurred trying to connect: failed to lookup address information: Temporary failure in name resolution
Dec 01 20:00:52.496 INFO [stdout] ```
Dec 01 20:00:52.496 INFO [stdout] command=`"/target/x86_64-unknown-linux-gnu/debug/tldr" "--update"`
Dec 01 20:00:52.496 INFO [stdout] code=1
Dec 01 20:00:52.496 INFO [stdout] stdout=``````
Dec 01 20:00:52.496 INFO [stdout] stderr=```Could not update cache: HTTP error: https://github.com/tldr-pages/tldr/archive/master.tar.gz: an error occurred trying to connect: failed to lookup address information: Temporary failure in name resolution
Dec 01 20:00:52.496 INFO [stdout] ```
Dec 01 20:00:52.496 INFO [stdout] ', /cargo-home/registry/src/github.com-1ecc6299db9ec823/assert_cmd-0.10.2/src/assert.rs:154:13
Dec 01 20:00:52.496 INFO [stdout] stack backtrace:
Dec 01 20:00:52.496 INFO [stdout]    0:     0x562637098b2e - std::sys::unix::backtrace::tracing::imp::unwind_backtrace::h15749a98198ba25f
Dec 01 20:00:52.496 INFO [stdout]                                at libstd/sys/unix/backtrace/tracing/gcc_s.rs:49
Dec 01 20:00:52.496 INFO [stdout]    1:     0x562637087036 - std::sys_common::backtrace::print::h0ba65c811294dbf0
Dec 01 20:00:52.496 INFO [stdout]                                at libstd/sys_common/backtrace.rs:71
Dec 01 20:00:52.496 INFO [stdout]                                at libstd/sys_common/backtrace.rs:59
Dec 01 20:00:52.496 INFO [stdout]    2:     0x56263708545d - std::panicking::default_hook::{{closure}}::h42bb31757f0fee64
Dec 01 20:00:52.496 INFO [stdout]                                at libstd/panicking.rs:211
Dec 01 20:00:52.496 INFO [stdout]    3:     0x56263708516b - std::panicking::default_hook::hebc8848d7aa7dbd9
Dec 01 20:00:52.496 INFO [stdout]                                at libstd/panicking.rs:221
Dec 01 20:00:52.496 INFO [stdout]    4:     0x562637085b0c - std::panicking::rust_panic_with_hook::h86e619a638415243
Dec 01 20:00:52.496 INFO [stdout]                                at libstd/panicking.rs:477
Dec 01 20:00:52.496 INFO [stdout]    5:     0x5626370856c9 - std::panicking::continue_panic_fmt::h2d2d2bfb065a70b2
Dec 01 20:00:52.496 INFO [stdout]                                at libstd/panicking.rs:391
Dec 01 20:00:52.496 INFO [stdout]    6:     0x56263708562d - std::panicking::begin_panic_fmt::ha5097e2056ef3d5a
Dec 01 20:00:52.496 INFO [stdout]                                at libstd/panicking.rs:346
Dec 01 20:00:52.496 INFO [stdout]    7:     0x56263700c581 - assert_cmd::assert::Assert::success::h49ef477fffabe1a7
Dec 01 20:00:52.496 INFO [stdout]                                at /cargo-home/registry/src/github.com-1ecc6299db9ec823/assert_cmd-0.10.2/src/assert.rs:154
Dec 01 20:00:52.496 INFO [stdout]    8:     0x562636faa8a0 - lib::test_update_cache::h8315db8239209faf
Dec 01 20:00:52.496 INFO [stdout]                                at tests/lib.rs:90
Dec 01 20:00:52.496 INFO [stdout]    9:     0x562636faa6f9 - lib::test_update_cache::{{closure}}::h9338fa86a65df281
Dec 01 20:00:52.496 INFO [stdout]                                at tests/lib.rs:80
Dec 01 20:00:52.496 INFO [stdout]   10:     0x562636fb3b9d - core::ops::function::FnOnce::call_once::h9448c2c2777e16db
Dec 01 20:00:52.496 INFO [stdout]                                at libcore/ops/function.rs:238
Dec 01 20:00:52.496 INFO [stdout]   11:     0x562636fb7f1e - <F as alloc::boxed::FnBox<A>>::call_box::hbea525814fa423cc
Dec 01 20:00:52.496 INFO [stdout]                                at libtest/lib.rs:1461
Dec 01 20:00:52.496 INFO [stdout]                                at libcore/ops/function.rs:238
Dec 01 20:00:52.496 INFO [stdout]                                at liballoc/boxed.rs:646
Dec 01 20:00:52.496 INFO [stdout]   12:     0x5626370abbc9 - __rust_maybe_catch_panic
Dec 01 20:00:52.496 INFO [stdout]                                at libpanic_unwind/lib.rs:103
Dec 01 20:00:52.496 INFO [stdout]   13:     0x562636fc387d - std::sys_common::backtrace::__rust_begin_short_backtrace::h0ff507d7422944d3
Dec 01 20:00:52.496 INFO [stdout]                                at libstd/panicking.rs:289
Dec 01 20:00:52.496 INFO [stdout]                                at libstd/panic.rs:392
Dec 01 20:00:52.496 INFO [stdout]                                at libtest/lib.rs:1416
Dec 01 20:00:52.496 INFO [stdout]                                at libstd/sys_common/backtrace.rs:136
Dec 01 20:00:52.496 INFO [stdout]   14:     0x562636fdbeb4 - std::panicking::try::do_call::hba0bdcc3670471cc
Dec 01 20:00:52.496 INFO [stdout]                                at libstd/thread/mod.rs:409
Dec 01 20:00:52.496 INFO [stdout]                                at libstd/panic.rs:313
Dec 01 20:00:52.496 INFO [stdout]                                at libstd/panicking.rs:310
Dec 01 20:00:52.496 INFO [stdout]   15:     0x5626370abbc9 - __rust_maybe_catch_panic
Dec 01 20:00:52.497 INFO [stdout]                                at libpanic_unwind/lib.rs:103
Dec 01 20:00:52.497 INFO [stdout]   16:     0x562636fcc786 - <F as alloc::boxed::FnBox<A>>::call_box::hdac52587b00591af
Dec 01 20:00:52.497 INFO [stdout]                                at libstd/panicking.rs:289
Dec 01 20:00:52.497 INFO [stdout]                                at libstd/panic.rs:392
Dec 01 20:00:52.497 INFO [stdout]                                at libstd/thread/mod.rs:408
Dec 01 20:00:52.497 INFO [stdout]                                at liballoc/boxed.rs:646
Dec 01 20:00:52.497 INFO [stdout]   17:     0x56263709ad5a - std::sys_common::thread::start_thread::h75d887c7d2cc4479
Dec 01 20:00:52.497 INFO [stdout]                                at liballoc/boxed.rs:656
Dec 01 20:00:52.497 INFO [stdout]                                at libstd/sys_common/thread.rs:24
Dec 01 20:00:52.497 INFO [stdout]   18:     0x562637086275 - std::sys::unix::thread::Thread::new::thread_start::h8414caee632bf9ed
Dec 01 20:00:52.497 INFO [stdout]                                at libstd/sys/unix/thread.rs:90
Dec 01 20:00:52.497 INFO [stdout]   19:     0x7f579f43b6b9 - start_thread
Dec 01 20:00:52.497 INFO [stdout]   20:     0x7f579ef5b41c - clone
Dec 01 20:00:52.497 INFO [stdout]   21:                0x0 - <unknown>
Dec 01 20:00:52.497 INFO [stdout] 
Dec 01 20:00:52.499 INFO [stdout] 
Dec 01 20:00:52.499 INFO [stdout] failures:
Dec 01 20:00:52.499 INFO [stdout]     test_quiet_cache
Dec 01 20:00:52.499 INFO [stdout]     test_quiet_failures
Dec 01 20:00:52.499 INFO [stdout]     test_quiet_old_cache
Dec 01 20:00:52.499 INFO [stdout]     test_update_cache
Dec 01 20:00:52.499 INFO [stdout] 
Dec 01 20:00:52.499 INFO [stdout] test result: FAILED. 6 passed; 4 failed; 0 ignored; 0 measured; 0 filtered out
Dec 01 20:00:52.499 INFO [stdout] 
Dec 01 20:00:52.500 INFO [stderr] error: test failed, to rerun pass '--test lib'
Dec 01 20:00:52.502 INFO [stderr] su: No module specific data is present
Dec 01 20:00:53.012 INFO running `"docker" "inspect" "b6c607f89401f2fde58d7be1621df0e61817a5aa8a0560ce05241857367a95f2"`
Dec 01 20:00:53.188 INFO running `"docker" "rm" "-f" "b6c607f89401f2fde58d7be1621df0e61817a5aa8a0560ce05241857367a95f2"`
Dec 01 20:00:53.331 INFO [stdout] b6c607f89401f2fde58d7be1621df0e61817a5aa8a0560ce05241857367a95f2
