Dec 01 19:55:07.776 INFO testing dbr/rstvnamer against 1.30.1 for beta-1.31-5
Dec 01 19:55:07.776 INFO running `"docker" "create" "-v" "/mnt/big/crater/work/local/target-dirs/beta-1.31-5/worker-0/1.30.1:/target:rw,Z" "-v" "/mnt/big/crater/work/local/test-source/worker-0/beta-1.31-5/1.30.1:/source:ro,Z" "-v" "/mnt/big/crater/work/local/cargo-home:/cargo-home:ro,Z" "-v" "/mnt/big/crater/work/local/rustup-home:/rustup-home:ro,Z" "-e" "USER_ID=1000" "-e" "SOURCE_DIR=/source" "-e" "USER_ID=1000" "-e" "CMD=cargo +1.30.1 build --frozen" "-e" "CARGO_TARGET_DIR=/target" "-e" "CARGO_INCREMENTAL=0" "-e" "RUST_BACKTRACE=full" "-e" "RUSTFLAGS=--cap-lints=warn" "-e" "CARGO_HOME=/cargo-home" "-e" "RUSTUP_HOME=/rustup-home" "-m" "1536M" "--network" "none" "crater"`
Dec 01 19:55:08.248 INFO [stdout] b3615b6c3ed423528ec9fbb9df9a455d95802c245e585643d77044ba819ff1b2
Dec 01 19:55:08.250 INFO running `"docker" "start" "-a" "b3615b6c3ed423528ec9fbb9df9a455d95802c245e585643d77044ba819ff1b2"`
Dec 01 19:55:09.863 INFO [stderr] usermod: no changes
Dec 01 19:55:10.283 INFO [stderr]    Compiling tokio-service v0.1.0
Dec 01 19:55:10.287 INFO [stderr]    Compiling relay v0.1.1
Dec 01 19:55:10.292 INFO [stderr]    Compiling uuid v0.6.5
Dec 01 19:55:10.292 INFO [stderr]    Compiling mio v0.6.16
Dec 01 19:55:10.293 INFO [stderr]    Compiling want v0.0.4
Dec 01 19:55:10.300 INFO [stderr]    Compiling tokio-io v0.1.10
Dec 01 19:55:10.300 INFO [stderr]    Compiling openssl v0.9.24
Dec 01 19:55:10.320 INFO [stderr]    Compiling regex v0.2.11
Dec 01 19:55:10.369 INFO [stderr]    Compiling serde_derive v1.0.80
Dec 01 19:55:13.532 INFO [stderr]    Compiling tokio-threadpool v0.1.8
Dec 01 19:55:14.167 INFO [stderr]    Compiling env_logger v0.5.13
Dec 01 19:55:18.051 INFO [stderr]    Compiling failure v0.1.3
Dec 01 19:55:21.575 INFO [stderr]    Compiling tokio-codec v0.1.1
Dec 01 19:55:30.257 INFO [stderr]    Compiling tokio-fs v0.1.4
Dec 01 19:55:30.567 INFO [stderr]    Compiling tokio-reactor v0.1.6
Dec 01 19:55:30.567 INFO [stderr]    Compiling mio-uds v0.6.7
Dec 01 19:55:49.429 INFO [stderr]    Compiling tokio-uds v0.2.3
Dec 01 19:55:49.430 INFO [stderr]    Compiling tokio-udp v0.1.2
Dec 01 19:55:49.432 INFO [stderr]    Compiling tokio-tcp v0.1.2
Dec 01 19:55:50.209 INFO [stderr]    Compiling native-tls v0.1.5
Dec 01 19:55:56.539 INFO [stderr]    Compiling tokio v0.1.11
Dec 01 19:56:04.179 INFO [stderr]    Compiling tokio-core v0.1.17
Dec 01 19:56:08.693 INFO [stderr]    Compiling hyper v0.11.27
Dec 01 19:56:08.693 INFO [stderr]    Compiling tokio-tls v0.1.4
Dec 01 19:56:19.151 INFO [stderr]    Compiling hyper-tls v0.1.4
Dec 01 19:56:22.422 INFO [stderr]    Compiling reqwest v0.8.8
Dec 01 19:56:34.413 INFO [stderr]    Compiling tvdb v0.5.0
Dec 01 19:56:41.123 INFO [stderr]    Compiling rstvnamer v0.1.0 (/source)
Dec 01 19:56:45.831 INFO [stderr] warning: unused import: `Date`
Dec 01 19:56:45.831 INFO [stderr]  --> src/populate.rs:2:58
Dec 01 19:56:45.831 INFO [stderr]   |
Dec 01 19:56:45.831 INFO [stderr] 2 | use super::parsing::{DateBased, ParsedFile, SeasonBased, Date};
Dec 01 19:56:45.831 INFO [stderr]   |                                                          ^^^^
Dec 01 19:56:45.831 INFO [stderr]   |
Dec 01 19:56:45.831 INFO [stderr]   = note: #[warn(unused_imports)] on by default
Dec 01 19:56:45.831 INFO [stderr] 
Dec 01 19:56:46.024 INFO [stderr] warning: unused variable: `file`
Dec 01 19:56:46.024 INFO [stderr]   --> src/populate.rs:54:24
Dec 01 19:56:46.024 INFO [stderr]    |
Dec 01 19:56:46.024 INFO [stderr] 54 | fn _populate_datebased(file: &DateBased) -> TvnamerResult<PopulatedFile> {
Dec 01 19:56:46.024 INFO [stderr]    |                        ^^^^ help: consider using `_file` instead
Dec 01 19:56:46.024 INFO [stderr]    |
Dec 01 19:56:46.024 INFO [stderr]    = note: #[warn(unused_variables)] on by default
Dec 01 19:56:46.024 INFO [stderr] 
Dec 01 19:56:46.066 INFO [stderr] warning: struct is never constructed: `ParsedConfig`
Dec 01 19:56:46.066 INFO [stderr]  --> src/config.rs:5:1
Dec 01 19:56:46.066 INFO [stderr]   |
Dec 01 19:56:46.066 INFO [stderr] 5 | struct ParsedConfig {
Dec 01 19:56:46.066 INFO [stderr]   | ^^^^^^^^^^^^^^^^^^^
Dec 01 19:56:46.066 INFO [stderr]   |
Dec 01 19:56:46.066 INFO [stderr]   = note: #[warn(dead_code)] on by default
Dec 01 19:56:46.066 INFO [stderr] 
Dec 01 19:56:58.945 INFO [stderr]     Finished dev [unoptimized + debuginfo] target(s) in 1m 49s
Dec 01 19:56:58.965 INFO [stderr] su: No module specific data is present
Dec 01 19:57:00.082 INFO running `"docker" "inspect" "b3615b6c3ed423528ec9fbb9df9a455d95802c245e585643d77044ba819ff1b2"`
Dec 01 19:57:00.405 INFO running `"docker" "rm" "-f" "b3615b6c3ed423528ec9fbb9df9a455d95802c245e585643d77044ba819ff1b2"`
Dec 01 19:57:00.792 INFO [stdout] b3615b6c3ed423528ec9fbb9df9a455d95802c245e585643d77044ba819ff1b2
Dec 01 19:57:00.799 INFO running `"docker" "create" "-v" "/mnt/big/crater/work/local/target-dirs/beta-1.31-5/worker-0/1.30.1:/target:rw,Z" "-v" "/mnt/big/crater/work/local/test-source/worker-0/beta-1.31-5/1.30.1:/source:ro,Z" "-v" "/mnt/big/crater/work/local/cargo-home:/cargo-home:ro,Z" "-v" "/mnt/big/crater/work/local/rustup-home:/rustup-home:ro,Z" "-e" "USER_ID=1000" "-e" "SOURCE_DIR=/source" "-e" "USER_ID=1000" "-e" "CMD=cargo +1.30.1 test --frozen --no-run" "-e" "CARGO_TARGET_DIR=/target" "-e" "CARGO_INCREMENTAL=0" "-e" "RUST_BACKTRACE=full" "-e" "RUSTFLAGS=--cap-lints=warn" "-e" "CARGO_HOME=/cargo-home" "-e" "RUSTUP_HOME=/rustup-home" "-m" "1536M" "--network" "none" "crater"`
Dec 01 19:57:01.308 INFO [stdout] 621de816728eb40c69d777b980dc7a7e5d2743ebc04dcb7b0c843384a902e323
Dec 01 19:57:01.310 INFO running `"docker" "start" "-a" "621de816728eb40c69d777b980dc7a7e5d2743ebc04dcb7b0c843384a902e323"`
Dec 01 19:57:03.641 INFO [stderr] usermod: no changes
Dec 01 19:57:04.061 INFO [stderr]    Compiling rstvnamer v0.1.0 (/source)
Dec 01 19:57:13.181 INFO [stderr] warning: unused import: `Date`
Dec 01 19:57:13.182 INFO [stderr]  --> src/populate.rs:2:58
Dec 01 19:57:13.182 INFO [stderr]   |
Dec 01 19:57:13.182 INFO [stderr] 2 | use super::parsing::{DateBased, ParsedFile, SeasonBased, Date};
Dec 01 19:57:13.182 INFO [stderr]   |                                                          ^^^^
Dec 01 19:57:13.182 INFO [stderr]   |
Dec 01 19:57:13.183 INFO [stderr]   = note: #[warn(unused_imports)] on by default
Dec 01 19:57:13.187 INFO [stderr] 
Dec 01 19:57:13.455 INFO [stderr] warning: unused variable: `file`
Dec 01 19:57:13.455 INFO [stderr]   --> src/populate.rs:54:24
Dec 01 19:57:13.455 INFO [stderr]    |
Dec 01 19:57:13.455 INFO [stderr] 54 | fn _populate_datebased(file: &DateBased) -> TvnamerResult<PopulatedFile> {
Dec 01 19:57:13.455 INFO [stderr]    |                        ^^^^ help: consider using `_file` instead
Dec 01 19:57:13.455 INFO [stderr]    |
Dec 01 19:57:13.455 INFO [stderr]    = note: #[warn(unused_variables)] on by default
Dec 01 19:57:13.455 INFO [stderr] 
Dec 01 19:57:13.554 INFO [stderr] warning: struct is never constructed: `ParsedConfig`
Dec 01 19:57:13.554 INFO [stderr]  --> src/config.rs:5:1
Dec 01 19:57:13.555 INFO [stderr]   |
Dec 01 19:57:13.555 INFO [stderr] 5 | struct ParsedConfig {
Dec 01 19:57:13.555 INFO [stderr]   | ^^^^^^^^^^^^^^^^^^^
Dec 01 19:57:13.557 INFO [stderr]   |
Dec 01 19:57:13.557 INFO [stderr]   = note: #[warn(dead_code)] on by default
Dec 01 19:57:13.558 INFO [stderr] 
Dec 01 19:57:18.027 INFO [stderr] warning: unused imports: `App`, `Arg`
Dec 01 19:57:18.027 INFO [stderr]   --> src/main.rs:10:12
Dec 01 19:57:18.027 INFO [stderr]    |
Dec 01 19:57:18.027 INFO [stderr] 10 | use clap::{Arg, App};
Dec 01 19:57:18.027 INFO [stderr]    |            ^^^  ^^^
Dec 01 19:57:18.027 INFO [stderr]    |
Dec 01 19:57:18.027 INFO [stderr]    = note: #[warn(unused_imports)] on by default
Dec 01 19:57:18.027 INFO [stderr] 
Dec 01 19:57:18.343 INFO [stderr] warning: function is never used: `process_one`
Dec 01 19:57:18.343 INFO [stderr]   --> src/main.rs:13:1
Dec 01 19:57:18.343 INFO [stderr]    |
Dec 01 19:57:18.343 INFO [stderr] 13 | fn process_one(path: &Path) -> TvnamerResult<PathBuf> {
Dec 01 19:57:18.343 INFO [stderr]    | ^^^^^^^^^^^^^^^^^^^^^^^^^^^^^^^^^^^^^^^^^^^^^^^^^^^^^
Dec 01 19:57:18.343 INFO [stderr]    |
Dec 01 19:57:18.343 INFO [stderr]    = note: #[warn(dead_code)] on by default
Dec 01 19:57:18.343 INFO [stderr] 
Dec 01 19:57:24.375 INFO [stderr]     Finished dev [unoptimized + debuginfo] target(s) in 20.70s
Dec 01 19:57:24.395 INFO [stderr] su: No module specific data is present
Dec 01 19:57:24.988 INFO running `"docker" "inspect" "621de816728eb40c69d777b980dc7a7e5d2743ebc04dcb7b0c843384a902e323"`
Dec 01 19:57:25.265 INFO running `"docker" "rm" "-f" "621de816728eb40c69d777b980dc7a7e5d2743ebc04dcb7b0c843384a902e323"`
Dec 01 19:57:25.526 INFO [stdout] 621de816728eb40c69d777b980dc7a7e5d2743ebc04dcb7b0c843384a902e323
Dec 01 19:57:25.528 INFO running `"docker" "create" "-v" "/mnt/big/crater/work/local/target-dirs/beta-1.31-5/worker-0/1.30.1:/target:rw,Z" "-v" "/mnt/big/crater/work/local/test-source/worker-0/beta-1.31-5/1.30.1:/source:ro,Z" "-v" "/mnt/big/crater/work/local/cargo-home:/cargo-home:ro,Z" "-v" "/mnt/big/crater/work/local/rustup-home:/rustup-home:ro,Z" "-e" "USER_ID=1000" "-e" "SOURCE_DIR=/source" "-e" "USER_ID=1000" "-e" "CMD=cargo +1.30.1 test --frozen" "-e" "CARGO_TARGET_DIR=/target" "-e" "CARGO_INCREMENTAL=0" "-e" "RUST_BACKTRACE=full" "-e" "RUSTFLAGS=--cap-lints=warn" "-e" "CARGO_HOME=/cargo-home" "-e" "RUSTUP_HOME=/rustup-home" "-m" "1536M" "--network" "none" "crater"`
Dec 01 19:57:26.107 INFO [stdout] 463fe0d41a5639bb285db1f8a7169d82c20844ea02ad770cdd285f6fb5a278d0
Dec 01 19:57:26.111 INFO running `"docker" "start" "-a" "463fe0d41a5639bb285db1f8a7169d82c20844ea02ad770cdd285f6fb5a278d0"`
Dec 01 19:57:27.755 INFO [stderr] usermod: no changes
Dec 01 19:57:28.137 INFO [stderr]     Finished dev [unoptimized + debuginfo] target(s) in 0.35s
Dec 01 19:57:28.155 INFO [stderr]      Running /target/debug/deps/rstvnamer-f795443ebacf381d
Dec 01 19:57:28.155 INFO [stdout] 
Dec 01 19:57:28.155 INFO [stdout] running 0 tests
Dec 01 19:57:28.155 INFO [stdout] 
Dec 01 19:57:28.155 INFO [stdout] test result: ok. 0 passed; 0 failed; 0 ignored; 0 measured; 0 filtered out
Dec 01 19:57:28.155 INFO [stdout] 
Dec 01 19:57:28.155 INFO [stderr]      Running /target/debug/deps/tvnamer-855f6a2b89383fea
Dec 01 19:57:28.159 INFO [stdout] 
Dec 01 19:57:28.159 INFO [stdout] running 0 tests
Dec 01 19:57:28.159 INFO [stdout] 
Dec 01 19:57:28.159 INFO [stdout] test result: ok. 0 passed; 0 failed; 0 ignored; 0 measured; 0 filtered out
Dec 01 19:57:28.159 INFO [stdout] 
Dec 01 19:57:28.159 INFO [stderr]      Running /target/debug/deps/parsing-a2f83614695ab024
Dec 01 19:57:28.163 INFO [stdout] 
Dec 01 19:57:28.163 INFO [stdout] running 1 test
Dec 01 19:57:28.244 INFO [stdout] test test_parsing ... ok
Dec 01 19:57:28.244 INFO [stdout] 
Dec 01 19:57:28.244 INFO [stdout] test result: ok. 1 passed; 0 failed; 0 ignored; 0 measured; 0 filtered out
Dec 01 19:57:28.244 INFO [stdout] 
Dec 01 19:57:28.246 INFO [stderr]      Running /target/debug/deps/test_populating-e323c8d6a0c6a51e
Dec 01 19:57:28.251 INFO [stdout] 
Dec 01 19:57:28.251 INFO [stdout] running 2 tests
Dec 01 19:57:28.411 INFO [stdout] test test_not_found ... ok
Dec 01 19:57:28.539 INFO [stdout] test test_good ... FAILED
Dec 01 19:57:28.539 INFO [stdout] 
Dec 01 19:57:28.539 INFO [stdout] failures:
Dec 01 19:57:28.539 INFO [stdout] 
Dec 01 19:57:28.539 INFO [stdout] ---- test_good stdout ----
Dec 01 19:57:28.539 INFO [stdout] thread 'test_good' panicked at 'Failed to populate: TvdbError { original: CommunicationError { reason: "https://api.thetvdb.com/login: failed to lookup address information: Temporary failure in name resolution" } }', libcore/result.rs:1009:5
Dec 01 19:57:28.539 INFO [stdout] stack backtrace:
Dec 01 19:57:28.539 INFO [stdout]    0:     0x556437d8aa3e - std::sys::unix::backtrace::tracing::imp::unwind_backtrace::h15749a98198ba25f
Dec 01 19:57:28.539 INFO [stdout]                                at libstd/sys/unix/backtrace/tracing/gcc_s.rs:49
Dec 01 19:57:28.539 INFO [stdout]    1:     0x556437d7c5f6 - std::sys_common::backtrace::print::h0ba65c811294dbf0
Dec 01 19:57:28.539 INFO [stdout]                                at libstd/sys_common/backtrace.rs:71
Dec 01 19:57:28.539 INFO [stdout]                                at libstd/sys_common/backtrace.rs:59
Dec 01 19:57:28.539 INFO [stdout]    2:     0x556437d7a8bd - std::panicking::default_hook::{{closure}}::h42bb31757f0fee64
Dec 01 19:57:28.539 INFO [stdout]                                at libstd/panicking.rs:211
Dec 01 19:57:28.539 INFO [stdout]    3:     0x556437d7a5cb - std::panicking::default_hook::hebc8848d7aa7dbd9
Dec 01 19:57:28.539 INFO [stdout]                                at libstd/panicking.rs:221
Dec 01 19:57:28.539 INFO [stdout]    4:     0x556437d7af6c - std::panicking::rust_panic_with_hook::h86e619a638415243
Dec 01 19:57:28.539 INFO [stdout]                                at libstd/panicking.rs:477
Dec 01 19:57:28.539 INFO [stdout]    5:     0x556437d7ab29 - std::panicking::continue_panic_fmt::h2d2d2bfb065a70b2
Dec 01 19:57:28.539 INFO [stdout]                                at libstd/panicking.rs:391
Dec 01 19:57:28.539 INFO [stdout]    6:     0x556437d7aa25 - rust_begin_unwind
Dec 01 19:57:28.539 INFO [stdout]                                at libstd/panicking.rs:326
Dec 01 19:57:28.539 INFO [stdout]    7:     0x556437dcd66b - core::panicking::panic_fmt::h2155aa66b67fe83c
Dec 01 19:57:28.539 INFO [stdout]                                at libcore/panicking.rs:77
Dec 01 19:57:28.539 INFO [stdout]    8:     0x55643774a323 - core::result::unwrap_failed::h68af8b1de3c830ad
Dec 01 19:57:28.539 INFO [stdout]                                at libcore/macros.rs:26
Dec 01 19:57:28.539 INFO [stdout]    9:     0x556437749f43 - <core::result::Result<T, E>>::expect::h6968cac27a972603
Dec 01 19:57:28.539 INFO [stdout]                                at libcore/result.rs:835
Dec 01 19:57:28.539 INFO [stdout]   10:     0x55643774945d - test_populating::test_good::h5dcc038af71e3c53
Dec 01 19:57:28.539 INFO [stdout]                                at tests/test_populating.rs:8
Dec 01 19:57:28.539 INFO [stdout]   11:     0x556437749369 - test_populating::test_good::{{closure}}::h2fc058fb20a48abe
Dec 01 19:57:28.539 INFO [stdout]                                at tests/test_populating.rs:5
Dec 01 19:57:28.539 INFO [stdout]   12:     0x556437748e3d - core::ops::function::FnOnce::call_once::h68cf2de078d7ba6e
Dec 01 19:57:28.539 INFO [stdout]                                at libcore/ops/function.rs:238
Dec 01 19:57:28.539 INFO [stdout]   13:     0x55643774c59e - <F as alloc::boxed::FnBox<A>>::call_box::hbea525814fa423cc
Dec 01 19:57:28.539 INFO [stdout]                                at libtest/lib.rs:1461
Dec 01 19:57:28.539 INFO [stdout]                                at libcore/ops/function.rs:238
Dec 01 19:57:28.539 INFO [stdout]                                at liballoc/boxed.rs:646
Dec 01 19:57:28.539 INFO [stdout]   14:     0x556437d999c9 - __rust_maybe_catch_panic
Dec 01 19:57:28.539 INFO [stdout]                                at libpanic_unwind/lib.rs:103
Dec 01 19:57:28.539 INFO [stdout]   15:     0x556437757efd - std::sys_common::backtrace::__rust_begin_short_backtrace::h0ff507d7422944d3
Dec 01 19:57:28.539 INFO [stdout]                                at libstd/panicking.rs:289
Dec 01 19:57:28.539 INFO [stdout]                                at libstd/panic.rs:392
Dec 01 19:57:28.539 INFO [stdout]                                at libtest/lib.rs:1416
Dec 01 19:57:28.539 INFO [stdout]                                at libstd/sys_common/backtrace.rs:136
Dec 01 19:57:28.539 INFO [stdout]   16:     0x556437770534 - std::panicking::try::do_call::hba0bdcc3670471cc
Dec 01 19:57:28.539 INFO [stdout]                                at libstd/thread/mod.rs:409
Dec 01 19:57:28.539 INFO [stdout]                                at libstd/panic.rs:313
Dec 01 19:57:28.539 INFO [stdout]                                at libstd/panicking.rs:310
Dec 01 19:57:28.540 INFO [stdout]   17:     0x556437d999c9 - __rust_maybe_catch_panic
Dec 01 19:57:28.540 INFO [stdout]                                at libpanic_unwind/lib.rs:103
Dec 01 19:57:28.540 INFO [stdout]   18:     0x556437760e06 - <F as alloc::boxed::FnBox<A>>::call_box::hdac52587b00591af
Dec 01 19:57:28.540 INFO [stdout]                                at libstd/panicking.rs:289
Dec 01 19:57:28.540 INFO [stdout]                                at libstd/panic.rs:392
Dec 01 19:57:28.540 INFO [stdout]                                at libstd/thread/mod.rs:408
Dec 01 19:57:28.540 INFO [stdout]                                at liballoc/boxed.rs:646
Dec 01 19:57:28.540 INFO [stdout]   19:     0x556437d8c57a - std::sys_common::thread::start_thread::h75d887c7d2cc4479
Dec 01 19:57:28.540 INFO [stdout]                                at liballoc/boxed.rs:656
Dec 01 19:57:28.540 INFO [stdout]                                at libstd/sys_common/thread.rs:24
Dec 01 19:57:28.540 INFO [stdout]   20:     0x556437d7b795 - std::sys::unix::thread::Thread::new::thread_start::h8414caee632bf9ed
Dec 01 19:57:28.540 INFO [stdout]                                at libstd/sys/unix/thread.rs:90
Dec 01 19:57:28.540 INFO [stdout]   21:     0x7f370d1866b9 - start_thread
Dec 01 19:57:28.540 INFO [stdout]   22:     0x7f370cca641c - clone
Dec 01 19:57:28.540 INFO [stdout]   23:                0x0 - <unknown>
Dec 01 19:57:28.540 INFO [stdout] 
Dec 01 19:57:28.540 INFO [stdout] 
Dec 01 19:57:28.540 INFO [stdout] failures:
Dec 01 19:57:28.540 INFO [stdout]     test_good
Dec 01 19:57:28.540 INFO [stdout] 
Dec 01 19:57:28.540 INFO [stdout] test result: FAILED. 1 passed; 1 failed; 0 ignored; 0 measured; 0 filtered out
Dec 01 19:57:28.540 INFO [stdout] 
Dec 01 19:57:28.552 INFO [stderr] error: test failed, to rerun pass '--test test_populating'
Dec 01 19:57:28.553 INFO [stderr] su: No module specific data is present
Dec 01 19:57:29.578 INFO running `"docker" "inspect" "463fe0d41a5639bb285db1f8a7169d82c20844ea02ad770cdd285f6fb5a278d0"`
Dec 01 19:57:29.885 INFO running `"docker" "rm" "-f" "463fe0d41a5639bb285db1f8a7169d82c20844ea02ad770cdd285f6fb5a278d0"`
Dec 01 19:57:30.259 INFO [stdout] 463fe0d41a5639bb285db1f8a7169d82c20844ea02ad770cdd285f6fb5a278d0
