Dec 01 20:05:47.912 INFO testing davidB/ffizer against 1.30.1 for beta-1.31-5
Dec 01 20:05:47.912 INFO running `"docker" "create" "-v" "/mnt/big/crater/work/local/target-dirs/beta-1.31-5/worker-0/1.30.1:/target:rw,Z" "-v" "/mnt/big/crater/work/local/test-source/worker-0/beta-1.31-5/1.30.1:/source:ro,Z" "-v" "/mnt/big/crater/work/local/cargo-home:/cargo-home:ro,Z" "-v" "/mnt/big/crater/work/local/rustup-home:/rustup-home:ro,Z" "-e" "USER_ID=1000" "-e" "SOURCE_DIR=/source" "-e" "USER_ID=1000" "-e" "CMD=cargo +1.30.1 build --frozen" "-e" "CARGO_TARGET_DIR=/target" "-e" "CARGO_INCREMENTAL=0" "-e" "RUST_BACKTRACE=full" "-e" "RUSTFLAGS=--cap-lints=warn" "-e" "CARGO_HOME=/cargo-home" "-e" "RUSTUP_HOME=/rustup-home" "-m" "1536M" "--network" "none" "crater"`
Dec 01 20:05:48.401 INFO [stdout] d85311299363345e12d0add2f4422e02112d054e30298dbbfd6d6be1368c2d07
Dec 01 20:05:48.403 INFO running `"docker" "start" "-a" "d85311299363345e12d0add2f4422e02112d054e30298dbbfd6d6be1368c2d07"`
Dec 01 20:05:50.415 INFO [stderr] usermod: no changes
Dec 01 20:05:51.075 INFO [stderr]    Compiling clicolors-control v0.3.0
Dec 01 20:05:51.075 INFO [stderr]    Compiling http v0.1.14
Dec 01 20:05:51.075 INFO [stderr]    Compiling tempfile v2.2.0
Dec 01 20:05:51.079 INFO [stderr]    Compiling number_prefix v0.2.8
Dec 01 20:05:51.099 INFO [stderr]    Compiling chrono v0.4.6
Dec 01 20:05:51.099 INFO [stderr]    Compiling parking_lot v0.6.4
Dec 01 20:05:51.099 INFO [stderr]    Compiling rand v0.6.1
Dec 01 20:05:51.099 INFO [stderr]    Compiling globset v0.4.2
Dec 01 20:05:54.543 INFO [stderr]    Compiling serde v1.0.80
Dec 01 20:05:54.627 INFO [stderr]    Compiling structopt v0.2.13
Dec 01 20:05:58.870 INFO [stderr]    Compiling tokio-reactor v0.1.7
Dec 01 20:05:58.870 INFO [stderr]    Compiling console v0.7.0
Dec 01 20:06:07.619 INFO [stderr]    Compiling slog-term v2.4.0
Dec 01 20:06:11.123 INFO [stderr]    Compiling tokio-threadpool v0.1.9
Dec 01 20:06:12.396 INFO [stderr]    Compiling dialoguer v0.3.0
Dec 01 20:06:12.425 INFO [stderr]    Compiling indicatif v0.10.1
Dec 01 20:06:12.650 INFO [stderr]    Compiling tokio-udp v0.1.3
Dec 01 20:06:12.650 INFO [stderr]    Compiling tokio-tcp v0.1.2
Dec 01 20:06:24.445 INFO [stderr]    Compiling tokio-uds v0.2.4
Dec 01 20:06:26.523 INFO [stderr]    Compiling tokio-fs v0.1.4
Dec 01 20:06:29.072 INFO [stderr]    Compiling h2 v0.1.13
Dec 01 20:06:30.265 INFO [stderr]    Compiling tokio v0.1.13
Dec 01 20:06:35.709 INFO [stderr]    Compiling serde_json v1.0.33
Dec 01 20:06:35.709 INFO [stderr]    Compiling serde_urlencoded v0.5.4
Dec 01 20:06:35.709 INFO [stderr]    Compiling serde_yaml v0.8.7
Dec 01 20:06:39.350 INFO [stderr]    Compiling hyper v0.12.16
Dec 01 20:06:44.511 INFO [stderr]    Compiling handlebars v1.1.0
Dec 01 20:06:56.643 INFO [stderr]    Compiling hyper-tls v0.3.1
Dec 01 20:06:59.851 INFO [stderr]    Compiling reqwest v0.9.5
Dec 01 20:07:10.217 INFO [stderr]    Compiling ffizer v0.6.0 (/source)
Dec 01 20:07:37.995 INFO [stderr]     Finished dev [unoptimized + debuginfo] target(s) in 1m 47s
Dec 01 20:07:38.021 INFO [stderr] su: No module specific data is present
Dec 01 20:07:39.210 INFO running `"docker" "inspect" "d85311299363345e12d0add2f4422e02112d054e30298dbbfd6d6be1368c2d07"`
Dec 01 20:07:39.589 INFO running `"docker" "rm" "-f" "d85311299363345e12d0add2f4422e02112d054e30298dbbfd6d6be1368c2d07"`
Dec 01 20:07:39.925 INFO [stdout] d85311299363345e12d0add2f4422e02112d054e30298dbbfd6d6be1368c2d07
Dec 01 20:07:39.929 INFO running `"docker" "create" "-v" "/mnt/big/crater/work/local/target-dirs/beta-1.31-5/worker-0/1.30.1:/target:rw,Z" "-v" "/mnt/big/crater/work/local/test-source/worker-0/beta-1.31-5/1.30.1:/source:ro,Z" "-v" "/mnt/big/crater/work/local/cargo-home:/cargo-home:ro,Z" "-v" "/mnt/big/crater/work/local/rustup-home:/rustup-home:ro,Z" "-e" "USER_ID=1000" "-e" "SOURCE_DIR=/source" "-e" "USER_ID=1000" "-e" "CMD=cargo +1.30.1 test --frozen --no-run" "-e" "CARGO_TARGET_DIR=/target" "-e" "CARGO_INCREMENTAL=0" "-e" "RUST_BACKTRACE=full" "-e" "RUSTFLAGS=--cap-lints=warn" "-e" "CARGO_HOME=/cargo-home" "-e" "RUSTUP_HOME=/rustup-home" "-m" "1536M" "--network" "none" "crater"`
Dec 01 20:07:40.284 INFO [stdout] 6566a092578985be4e87a5db77a984dbf09289ba46d29a2ae1230120d4d6d45a
Dec 01 20:07:40.285 INFO running `"docker" "start" "-a" "6566a092578985be4e87a5db77a984dbf09289ba46d29a2ae1230120d4d6d45a"`
Dec 01 20:07:41.842 INFO [stderr] usermod: no changes
Dec 01 20:07:42.319 INFO [stderr]    Compiling num-complex v0.1.43
Dec 01 20:07:42.324 INFO [stderr]    Compiling num-bigint v0.1.44
Dec 01 20:07:42.327 INFO [stderr]    Compiling tempfile v3.0.5
Dec 01 20:07:42.328 INFO [stderr]    Compiling escargot v0.3.1
Dec 01 20:07:45.000 INFO [stderr]    Compiling assert_cmd v0.10.2
Dec 01 20:07:48.043 INFO [stderr]    Compiling num-rational v0.1.42
Dec 01 20:07:50.123 INFO [stderr]    Compiling num v0.1.42
Dec 01 20:07:50.746 INFO [stderr]    Compiling spectral v0.6.0
Dec 01 20:07:52.725 INFO [stderr]    Compiling ffizer v0.6.0 (/source)
Dec 01 20:08:22.661 INFO [stderr]     Finished dev [unoptimized + debuginfo] target(s) in 40.79s
Dec 01 20:08:22.715 INFO [stderr] su: No module specific data is present
Dec 01 20:08:23.904 INFO running `"docker" "inspect" "6566a092578985be4e87a5db77a984dbf09289ba46d29a2ae1230120d4d6d45a"`
Dec 01 20:08:24.273 INFO running `"docker" "rm" "-f" "6566a092578985be4e87a5db77a984dbf09289ba46d29a2ae1230120d4d6d45a"`
Dec 01 20:08:24.603 INFO [stdout] 6566a092578985be4e87a5db77a984dbf09289ba46d29a2ae1230120d4d6d45a
Dec 01 20:08:24.611 INFO running `"docker" "create" "-v" "/mnt/big/crater/work/local/target-dirs/beta-1.31-5/worker-0/1.30.1:/target:rw,Z" "-v" "/mnt/big/crater/work/local/test-source/worker-0/beta-1.31-5/1.30.1:/source:ro,Z" "-v" "/mnt/big/crater/work/local/cargo-home:/cargo-home:ro,Z" "-v" "/mnt/big/crater/work/local/rustup-home:/rustup-home:ro,Z" "-e" "USER_ID=1000" "-e" "SOURCE_DIR=/source" "-e" "USER_ID=1000" "-e" "CMD=cargo +1.30.1 test --frozen" "-e" "CARGO_TARGET_DIR=/target" "-e" "CARGO_INCREMENTAL=0" "-e" "RUST_BACKTRACE=full" "-e" "RUSTFLAGS=--cap-lints=warn" "-e" "CARGO_HOME=/cargo-home" "-e" "RUSTUP_HOME=/rustup-home" "-m" "1536M" "--network" "none" "crater"`
Dec 01 20:08:25.139 INFO [stdout] d7439aa03519967db672555ae48311aecf467cd6f6f4fa58882d31df87af2345
Dec 01 20:08:25.144 INFO running `"docker" "start" "-a" "d7439aa03519967db672555ae48311aecf467cd6f6f4fa58882d31df87af2345"`
Dec 01 20:08:26.752 INFO [stderr] usermod: no changes
Dec 01 20:08:27.345 INFO [stderr]     Finished dev [unoptimized + debuginfo] target(s) in 0.55s
Dec 01 20:08:27.373 INFO [stderr]      Running /target/debug/deps/ffizer-ee93073f900cce83
Dec 01 20:08:27.395 INFO [stdout] 
Dec 01 20:08:27.395 INFO [stdout] running 10 tests
Dec 01 20:08:27.395 INFO [stdout] test tests::test_cmp_path_for_plan ... ok
Dec 01 20:08:27.395 INFO [stdout] test tests::test_compute_dst_path_rendered_folder ... ok
Dec 01 20:08:27.399 INFO [stdout] test tests::test_compute_dst_path_rendered_filename ... ok
Dec 01 20:08:27.399 INFO [stdout] test tests::test_compute_dst_path_asis ... ok
Dec 01 20:08:27.399 INFO [stdout] test template_cfg::tests::test_deserialize_cfg_yaml ... ok
Dec 01 20:08:27.399 INFO [stdout] test tests::test_path_extension_extraction ... ok
Dec 01 20:08:27.415 INFO [stdout] test tests::test_compute_dst_path_ffizer_handlebars ... ok
Dec 01 20:08:27.420 INFO [stdout] test tests::test_is_ffizer_handlebars ... ok
Dec 01 20:08:27.459 INFO [stdout] test source_uri::tests::test_source_uri_from_str ... ok
Dec 01 20:08:27.766 INFO [stdout] test hbs::tests::test_register_string_helpers ... ok
Dec 01 20:08:27.766 INFO [stdout] 
Dec 01 20:08:27.766 INFO [stdout] test result: ok. 10 passed; 0 failed; 0 ignored; 0 measured; 0 filtered out
Dec 01 20:08:27.766 INFO [stdout] 
Dec 01 20:08:27.768 INFO [stderr]      Running /target/debug/deps/ffizer-e5bc3aa06ebe060e
Dec 01 20:08:27.772 INFO [stdout] 
Dec 01 20:08:27.772 INFO [stdout] running 0 tests
Dec 01 20:08:27.772 INFO [stdout] 
Dec 01 20:08:27.772 INFO [stdout] test result: ok. 0 passed; 0 failed; 0 ignored; 0 measured; 0 filtered out
Dec 01 20:08:27.772 INFO [stdout] 
Dec 01 20:08:27.783 INFO [stderr]      Running /target/debug/deps/dir_diff-ebd623cceb0feff8
Dec 01 20:08:27.787 INFO [stdout] 
Dec 01 20:08:27.787 INFO [stdout] running 0 tests
Dec 01 20:08:27.787 INFO [stdout] 
Dec 01 20:08:27.787 INFO [stdout] test result: ok. 0 passed; 0 failed; 0 ignored; 0 measured; 0 filtered out
Dec 01 20:08:27.788 INFO [stdout] 
Dec 01 20:08:27.795 INFO [stderr]      Running /target/debug/deps/e2e-82004834c1b5d377
Dec 01 20:08:27.863 INFO [stdout] 
Dec 01 20:08:27.863 INFO [stdout] running 3 tests
Dec 01 20:09:27.863 INFO [stdout] test empty_template ... test empty_template has been running for over 60 seconds
Dec 01 20:09:27.863 INFO [stdout] test test_1 ... test test_1 has been running for over 60 seconds
Dec 01 20:09:27.863 INFO [stdout] test test_1_subfolder ... test test_1_subfolder has been running for over 60 seconds
Dec 01 20:14:19.667 INFO [stdout] 
Dec 01 20:14:19.667 INFO [stdout] 
Dec 01 20:14:19.667 INFO [stdout] Plan to execute
Dec 01 20:14:19.667 INFO [stdout] 
Dec 01 20:14:19.667 INFO [stdout]    - keep "/tmp/.tmpb3D1KW/"
Dec 01 20:14:19.667 INFO [stdout]    - copyraw "/tmp/.tmpb3D1KW/file_1_1.txt"
Dec 01 20:14:19.691 INFO [stdout] test test_1_subfolder ... ok
Dec 01 20:14:19.905 INFO [stdout] test empty_template ... ok
Dec 01 20:14:20.593 INFO [stdout] test test_1 ... FAILED
Dec 01 20:14:20.593 INFO [stdout] 
Dec 01 20:14:20.593 INFO [stdout] failures:
Dec 01 20:14:20.593 INFO [stdout] 
Dec 01 20:14:20.593 INFO [stdout] ---- test_1 stdout ----
Dec 01 20:14:20.593 INFO [stdout] thread 'test_1' panicked at 'Unexpected failure.
Dec 01 20:14:20.593 INFO [stdout] code-101
Dec 01 20:14:20.593 INFO [stdout] stderr=```thread 'main' panicked at 'TODO: RenderError(RenderError { desc: "Variable \"project_name\" not found in strict mode.", template_name: None, line_no: Some(1), column_no: Some(7), cause: None })
Dec 01 20:14:20.593 INFO [stdout] 
Dec 01 20:14:20.593 INFO [stdout] stack backtrace:
Dec 01 20:14:20.593 INFO [stdout]    0:     0x55d79823e705 - backtrace::backtrace::libunwind::trace::h477d25c3c2a65736
Dec 01 20:14:20.593 INFO [stdout]                         at /cargo-home/registry/src/github.com-1ecc6299db9ec823/backtrace-0.3.9/src/backtrace/libunwind.rs:53
Dec 01 20:14:20.593 INFO [stdout]                          - backtrace::backtrace::trace::h7f085885bd551364
Dec 01 20:14:20.594 INFO [stdout]                         at /cargo-home/registry/src/github.com-1ecc6299db9ec823/backtrace-0.3.9/src/backtrace/mod.rs:42
Dec 01 20:14:20.594 INFO [stdout]    1:     0x55d798238e9e - backtrace::capture::Backtrace::new_unresolved::h8fdff2c005267ea8
Dec 01 20:14:20.594 INFO [stdout]                         at /cargo-home/registry/src/github.com-1ecc6299db9ec823/backtrace-0.3.9/src/capture.rs:88
Dec 01 20:14:20.594 INFO [stdout]    2:     0x55d798237953 - failure::backtrace::internal::InternalBacktrace::new::h07794b6bd1615ac3
Dec 01 20:14:20.594 INFO [stdout]                         at /cargo-home/registry/src/github.com-1ecc6299db9ec823/failure-0.1.3/src/backtrace/internal.rs:44
Dec 01 20:14:20.594 INFO [stdout]    3:     0x55d798236a3c - failure::backtrace::Backtrace::new::hb6dc93713951aafb
Dec 01 20:14:20.594 INFO [stdout]                         at /cargo-home/registry/src/github.com-1ecc6299db9ec823/failure-0.1.3/src/backtrace/mod.rs:111
Dec 01 20:14:20.594 INFO [stdout]    4:     0x55d7975e379d - <failure::error::error_impl::ErrorImpl as core::convert::From<F>>::from::h0aaf7ac4891df884
Dec 01 20:14:20.594 INFO [stdout]                         at /cargo-home/registry/src/github.com-1ecc6299db9ec823/failure-0.1.3/src/error/error_impl.rs:19
Dec 01 20:14:20.594 INFO [stdout]    5:     0x55d7975c36d6 - <failure::error::Error as core::convert::From<F>>::from::hbe540c1331eef910
Dec 01 20:14:20.594 INFO [stdout]                         at /cargo-home/registry/src/github.com-1ecc6299db9ec823/failure-0.1.3/src/error/mod.rs:36
Dec 01 20:14:20.594 INFO [stdout]    6:     0x55d7975dea2c - ffizer::compute_dst_path::{{closure}}::hf812775b7e2997d8
Dec 01 20:14:20.594 INFO [stdout]                         at src/lib.rs:272
Dec 01 20:14:20.594 INFO [stdout]    7:     0x55d7975d6cae - <core::result::Result<T, E>>::and_then::h5795118e618e9378
Dec 01 20:14:20.594 INFO [stdout]                         at libcore/result.rs:647
Dec 01 20:14:20.594 INFO [stdout]    8:     0x55d7975ddd45 - ffizer::compute_dst_path::h47e0b14f34fc3974
Dec 01 20:14:20.594 INFO [stdout]                         at src/lib.rs:266
Dec 01 20:14:20.594 INFO [stdout]    9:     0x55d7975dad9c - ffizer::plan::{{closure}}::he514ceca4215f871
Dec 01 20:14:20.594 INFO [stdout]                         at src/lib.rs:122
Dec 01 20:14:20.594 INFO [stdout]   10:     0x55d7975d9211 - core::ops::function::impls::<impl core::ops::function::FnOnce<A> for &'a mut F>::call_once::hc062663b08c9fcdc
Dec 01 20:14:20.594 INFO [stdout]                         at libcore/ops/function.rs:286
Dec 01 20:14:20.594 INFO [stdout]   11:     0x55d7975ea38a - <core::option::Option<T>>::map::hcc021bfa446673de
Dec 01 20:14:20.594 INFO [stdout]                         at libcore/option.rs:414
Dec 01 20:14:20.594 INFO [stdout]   12:     0x55d797616c62 - <core::iter::Map<I, F> as core::iter::iterator::Iterator>::next::h456578732c47dfa3
Dec 01 20:14:20.594 INFO [stdout]                         at libcore/iter/mod.rs:1394
Dec 01 20:14:20.594 INFO [stdout]   13:     0x55d7975a78e5 - <alloc::vec::Vec<T> as alloc::vec::SpecExtend<T, I>>::spec_extend::h309decc67531f0b4
Dec 01 20:14:20.594 INFO [stdout]                         at liballoc/vec.rs:1903
Dec 01 20:14:20.594 INFO [stdout]   14:     0x55d7975a875b - <alloc::vec::Vec<T> as alloc::vec::SpecExtend<T, I>>::from_iter::h9c6322d463d6132f
Dec 01 20:14:20.594 INFO [stdout]                         at liballoc/vec.rs:1886
Dec 01 20:14:20.594 INFO [stdout]   15:     0x55d7975a8878 - <alloc::vec::Vec<T> as core::iter::traits::FromIterator<T>>::from_iter::h7f7cd2acf3d9508b
Dec 01 20:14:20.594 INFO [stdout]                         at liballoc/vec.rs:1772
Dec 01 20:14:20.594 INFO [stdout]   16:     0x55d797614ec9 - core::iter::iterator::Iterator::collect::hd32a57997b26b952
Dec 01 20:14:20.594 INFO [stdout]                         at libcore/iter/iterator.rs:1415
Dec 01 20:14:20.594 INFO [stdout]   17:     0x55d7975dab44 - ffizer::plan::hf03b47c1c03872eb
Dec 01 20:14:20.594 INFO [stdout]                         at src/lib.rs:119
Dec 01 20:14:20.594 INFO [stdout]   18:     0x55d7975da454 - ffizer::process::hfcacf6c5d5c87d2c
Dec 01 20:14:20.594 INFO [stdout]                         at src/lib.rs:105
Dec 01 20:14:20.594 INFO [stdout]   19:     0x55d7974f293a - ffizer::main::hf933d6baefffa87c
Dec 01 20:14:20.594 INFO [stdout]                         at src/main.rs:38
Dec 01 20:14:20.594 INFO [stdout]   20:     0x55d7974ef62f - std::rt::lang_start::{{closure}}::hd7448595c320793b
Dec 01 20:14:20.594 INFO [stdout]                         at libstd/rt.rs:74
Dec 01 20:14:20.594 INFO [stdout]   21:     0x55d798266102 - std::rt::lang_start_internal::{{closure}}::hf358dd5cfeb0e6cb
Dec 01 20:14:20.594 INFO [stdout]                         at libstd/rt.rs:59
Dec 01 20:14:20.594 INFO [stdout]                          - std::panicking::try::do_call::h47665672c57b11e4
Dec 01 20:14:20.594 INFO [stdout]                         at libstd/panicking.rs:310
Dec 01 20:14:20.594 INFO [stdout]   22:     0x55d7982902b9 - __rust_maybe_catch_panic
Dec 01 20:14:20.594 INFO [stdout]                         at libpanic_unwind/lib.rs:103
Dec 01 20:14:20.594 INFO [stdout]   23:     0x55d798274a45 - std::panicking::try::h8475f4f88883fab0
Dec 01 20:14:20.594 INFO [stdout]                         at libstd/panicking.rs:289
Dec 01 20:14:20.594 INFO [stdout]                          - std::panic::catch_unwind::hf17f60e34fd385b1
Dec 01 20:14:20.594 INFO [stdout]                         at libstd/panic.rs:392
Dec 01 20:14:20.594 INFO [stdout]                          - std::rt::lang_start_internal::had9505969b8e20a2
Dec 01 20:14:20.594 INFO [stdout]                         at libstd/rt.rs:58
Dec 01 20:14:20.594 INFO [stdout]   24:     0x55d7974ef607 - std::rt::lang_start::hb790f07a14d7afd0
Dec 01 20:14:20.594 INFO [stdout]                         at libstd/rt.rs:74
Dec 01 20:14:20.594 INFO [stdout]   25:     0x55d7974f2a79 - main
Dec 01 20:14:20.594 INFO [stdout]   26:     0x7f57e8d4982f - __libc_start_main
Dec 01 20:14:20.594 INFO [stdout]   27:     0x55d7974e7878 - _start
Dec 01 20:14:20.594 INFO [stdout]   28:                0x0 - <unknown>', libcore/result.rs:1009:5
Dec 01 20:14:20.594 INFO [stdout] stack backtrace:
Dec 01 20:14:20.594 INFO [stdout]    0:     0x55d79827cb9e - std::sys::unix::backtrace::tracing::imp::unwind_backtrace::h15749a98198ba25f
Dec 01 20:14:20.594 INFO [stdout]                                at libstd/sys/unix/backtrace/tracing/gcc_s.rs:49
Dec 01 20:14:20.594 INFO [stdout]    1:     0x55d798267d36 - std::sys_common::backtrace::print::h0ba65c811294dbf0
Dec 01 20:14:20.594 INFO [stdout]                                at libstd/sys_common/backtrace.rs:71
Dec 01 20:14:20.594 INFO [stdout]                                at libstd/sys_common/backtrace.rs:59
Dec 01 20:14:20.594 INFO [stdout]    2:     0x55d798265ffd - std::panicking::default_hook::{{closure}}::h42bb31757f0fee64
Dec 01 20:14:20.594 INFO [stdout]                                at libstd/panicking.rs:211
Dec 01 20:14:20.594 INFO [stdout]    3:     0x55d798265d70 - std::panicking::default_hook::hebc8848d7aa7dbd9
Dec 01 20:14:20.594 INFO [stdout]                                at libstd/panicking.rs:227
Dec 01 20:14:20.594 INFO [stdout]    4:     0x55d7982666ac - std::panicking::rust_panic_with_hook::h86e619a638415243
Dec 01 20:14:20.594 INFO [stdout]                                at libstd/panicking.rs:477
Dec 01 20:14:20.594 INFO [stdout]    5:     0x55d798266269 - std::panicking::continue_panic_fmt::h2d2d2bfb065a70b2
Dec 01 20:14:20.594 INFO [stdout]                                at libstd/panicking.rs:391
Dec 01 20:14:20.594 INFO [stdout]    6:     0x55d798266165 - rust_begin_unwind
Dec 01 20:14:20.594 INFO [stdout]                                at libstd/panicking.rs:326
Dec 01 20:14:20.594 INFO [stdout]    7:     0x55d7982c794b - core::panicking::panic_fmt::h2155aa66b67fe83c
Dec 01 20:14:20.594 INFO [stdout]                                at libcore/panicking.rs:77
Dec 01 20:14:20.594 INFO [stdout]    8:     0x55d7975d866d - core::result::unwrap_failed::hc60a7ea82048be0b
Dec 01 20:14:20.594 INFO [stdout]                                at libcore/macros.rs:26
Dec 01 20:14:20.594 INFO [stdout]    9:     0x55d7975d2b28 - <core::result::Result<T, E>>::expect::h8b37a2cf59f42721
Dec 01 20:14:20.595 INFO [stdout]                                at libcore/result.rs:835
Dec 01 20:14:20.595 INFO [stdout]   10:     0x55d7975dadcb - ffizer::plan::{{closure}}::he514ceca4215f871
Dec 01 20:14:20.595 INFO [stdout]                                at src/lib.rs:122
Dec 01 20:14:20.595 INFO [stdout]   11:     0x55d7975d9211 - core::ops::function::impls::<impl core::ops::function::FnOnce<A> for &'a mut F>::call_once::hc062663b08c9fcdc
Dec 01 20:14:20.595 INFO [stdout]                                at libcore/ops/function.rs:286
Dec 01 20:14:20.595 INFO [stdout]   12:     0x55d7975ea38a - <core::option::Option<T>>::map::hcc021bfa446673de
Dec 01 20:14:20.595 INFO [stdout]                                at libcore/option.rs:414
Dec 01 20:14:20.595 INFO [stdout]   13:     0x55d797616c62 - <core::iter::Map<I, F> as core::iter::iterator::Iterator>::next::h456578732c47dfa3
Dec 01 20:14:20.595 INFO [stdout]                                at libcore/iter/mod.rs:1394
Dec 01 20:14:20.595 INFO [stdout]   14:     0x55d7975a78e5 - <alloc::vec::Vec<T> as alloc::vec::SpecExtend<T, I>>::spec_extend::h309decc67531f0b4
Dec 01 20:14:20.595 INFO [stdout]                                at liballoc/vec.rs:1903
Dec 01 20:14:20.595 INFO [stdout]   15:     0x55d7975a875b - <alloc::vec::Vec<T> as alloc::vec::SpecExtend<T, I>>::from_iter::h9c6322d463d6132f
Dec 01 20:14:20.595 INFO [stdout]                                at liballoc/vec.rs:1886
Dec 01 20:14:20.595 INFO [stdout]   16:     0x55d7975a8878 - <alloc::vec::Vec<T> as core::iter::traits::FromIterator<T>>::from_iter::h7f7cd2acf3d9508b
Dec 01 20:14:20.595 INFO [stdout]                                at liballoc/vec.rs:1772
Dec 01 20:14:20.595 INFO [stdout]   17:     0x55d797614ec9 - core::iter::iterator::Iterator::collect::hd32a57997b26b952
Dec 01 20:14:20.595 INFO [stdout]                                at libcore/iter/iterator.rs:1415
Dec 01 20:14:20.595 INFO [stdout]   18:     0x55d7975dab44 - ffizer::plan::hf03b47c1c03872eb
Dec 01 20:14:20.595 INFO [stdout]                                at src/lib.rs:119
Dec 01 20:14:20.595 INFO [stdout]   19:     0x55d7975da454 - ffizer::process::hfcacf6c5d5c87d2c
Dec 01 20:14:20.595 INFO [stdout]                                at src/lib.rs:105
Dec 01 20:14:20.595 INFO [stdout]   20:     0x55d7974f293a - ffizer::main::hf933d6baefffa87c
Dec 01 20:14:20.595 INFO [stdout]                                at src/main.rs:38
Dec 01 20:14:20.595 INFO [stdout]   21:     0x55d7974ef62f - std::rt::lang_start::{{closure}}::hd7448595c320793b
Dec 01 20:14:20.595 INFO [stdout]                                at libstd/rt.rs:74
Dec 01 20:14:20.595 INFO [stdout]   22:     0x55d798266102 - std::panicking::try::do_call::h47665672c57b11e4
Dec 01 20:14:20.595 INFO [stdout]                                at libstd/rt.rs:59
Dec 01 20:14:20.595 INFO [stdout]                                at libstd/panicking.rs:310
Dec 01 20:14:20.595 INFO [stdout]   23:     0x55d7982902b9 - __rust_maybe_catch_panic
Dec 01 20:14:20.595 INFO [stdout]                                at libpanic_unwind/lib.rs:103
Dec 01 20:14:20.595 INFO [stdout]   24:     0x55d798274a45 - std::rt::lang_start_internal::had9505969b8e20a2
Dec 01 20:14:20.595 INFO [stdout]                                at libstd/panicking.rs:289
Dec 01 20:14:20.595 INFO [stdout]                                at libstd/panic.rs:392
Dec 01 20:14:20.595 INFO [stdout]                                at libstd/rt.rs:58
Dec 01 20:14:20.595 INFO [stdout]   25:     0x55d7974ef607 - std::rt::lang_start::hb790f07a14d7afd0
Dec 01 20:14:20.595 INFO [stdout]                                at libstd/rt.rs:74
Dec 01 20:14:20.595 INFO [stdout]   26:     0x55d7974f2a79 - main
Dec 01 20:14:20.595 INFO [stdout]   27:     0x7f57e8d4982f - __libc_start_main
Dec 01 20:14:20.595 INFO [stdout]   28:     0x55d7974e7878 - _start
Dec 01 20:14:20.595 INFO [stdout]   29:                0x0 - <unknown>
Dec 01 20:14:20.595 INFO [stdout] ```
Dec 01 20:14:20.595 INFO [stdout] command=`"/target/x86_64-unknown-linux-gnu/debug/ffizer" "--x-always_default_value" "--confirm" "never" "--destination" "/tmp/.tmplFYqSQ" "--source" "./tests/test_1/template"`
Dec 01 20:14:20.595 INFO [stdout] code=101
Dec 01 20:14:20.595 INFO [stdout] stdout=``````
Dec 01 20:14:20.595 INFO [stdout] stderr=```thread 'main' panicked at 'TODO: RenderError(RenderError { desc: "Variable \"project_name\" not found in strict mode.", template_name: None, line_no: Some(1), column_no: Some(7), cause: None })
Dec 01 20:14:20.595 INFO [stdout] 
Dec 01 20:14:20.595 INFO [stdout] stack backtrace:
Dec 01 20:14:20.595 INFO [stdout]    0:     0x55d79823e705 - backtrace::backtrace::libunwind::trace::h477d25c3c2a65736
Dec 01 20:14:20.595 INFO [stdout]                         at /cargo-home/registry/src/github.com-1ecc6299db9ec823/backtrace-0.3.9/src/backtrace/libunwind.rs:53
Dec 01 20:14:20.595 INFO [stdout]                          - backtrace::backtrace::trace::h7f085885bd551364
Dec 01 20:14:20.595 INFO [stdout]                         at /cargo-home/registry/src/github.com-1ecc6299db9ec823/backtrace-0.3.9/src/backtrace/mod.rs:42
Dec 01 20:14:20.595 INFO [stdout]    1:     0x55d798238e9e - backtrace::capture::Backtrace::new_unresolved::h8fdff2c005267ea8
Dec 01 20:14:20.595 INFO [stdout]                         at /cargo-home/registry/src/github.com-1ecc6299db9ec823/backtrace-0.3.9/src/capture.rs:88
Dec 01 20:14:20.595 INFO [stdout]    2:     0x55d798237953 - failure::backtrace::internal::InternalBacktrace::new::h07794b6bd1615ac3
Dec 01 20:14:20.595 INFO [stdout]                         at /cargo-home/registry/src/github.com-1ecc6299db9ec823/failure-0.1.3/src/backtrace/internal.rs:44
Dec 01 20:14:20.595 INFO [stdout]    3:     0x55d798236a3c - failure::backtrace::Backtrace::new::hb6dc93713951aafb
Dec 01 20:14:20.595 INFO [stdout]                         at /cargo-home/registry/src/github.com-1ecc6299db9ec823/failure-0.1.3/src/backtrace/mod.rs:111
Dec 01 20:14:20.595 INFO [stdout]    4:     0x55d7975e379d - <failure::error::error_impl::ErrorImpl as core::convert::From<F>>::from::h0aaf7ac4891df884
Dec 01 20:14:20.595 INFO [stdout]                         at /cargo-home/registry/src/github.com-1ecc6299db9ec823/failure-0.1.3/src/error/error_impl.rs:19
Dec 01 20:14:20.595 INFO [stdout]    5:     0x55d7975c36d6 - <failure::error::Error as core::convert::From<F>>::from::hbe540c1331eef910
Dec 01 20:14:20.595 INFO [stdout]                         at /cargo-home/registry/src/github.com-1ecc6299db9ec823/failure-0.1.3/src/error/mod.rs:36
Dec 01 20:14:20.595 INFO [stdout]    6:     0x55d7975dea2c - ffizer::compute_dst_path::{{closure}}::hf812775b7e2997d8
Dec 01 20:14:20.595 INFO [stdout]                         at src/lib.rs:272
Dec 01 20:14:20.595 INFO [stdout]    7:     0x55d7975d6cae - <core::result::Result<T, E>>::and_then::h5795118e618e9378
Dec 01 20:14:20.595 INFO [stdout]                         at libcore/result.rs:647
Dec 01 20:14:20.595 INFO [stdout]    8:     0x55d7975ddd45 - ffizer::compute_dst_path::h47e0b14f34fc3974
Dec 01 20:14:20.595 INFO [stdout]                         at src/lib.rs:266
Dec 01 20:14:20.595 INFO [stdout]    9:     0x55d7975dad9c - ffizer::plan::{{closure}}::he514ceca4215f871
Dec 01 20:14:20.595 INFO [stdout]                         at src/lib.rs:122
Dec 01 20:14:20.595 INFO [stdout]   10:     0x55d7975d9211 - core::ops::function::impls::<impl core::ops::function::FnOnce<A> for &'a mut F>::call_once::hc062663b08c9fcdc
Dec 01 20:14:20.595 INFO [stdout]                         at libcore/ops/function.rs:286
Dec 01 20:14:20.595 INFO [stdout]   11:     0x55d7975ea38a - <core::option::Option<T>>::map::hcc021bfa446673de
Dec 01 20:14:20.595 INFO [stdout]                         at libcore/option.rs:414
Dec 01 20:14:20.595 INFO [stdout]   12:     0x55d797616c62 - <core::iter::Map<I, F> as core::iter::iterator::Iterator>::next::h456578732c47dfa3
Dec 01 20:14:20.595 INFO [stdout]                         at libcore/iter/mod.rs:1394
Dec 01 20:14:20.595 INFO [stdout]   13:     0x55d7975a78e5 - <alloc::vec::Vec<T> as alloc::vec::SpecExtend<T, I>>::spec_extend::h309decc67531f0b4
Dec 01 20:14:20.595 INFO [stdout]                         at liballoc/vec.rs:1903
Dec 01 20:14:20.595 INFO [stdout]   14:     0x55d7975a875b - <alloc::vec::Vec<T> as alloc::vec::SpecExtend<T, I>>::from_iter::h9c6322d463d6132f
Dec 01 20:14:20.595 INFO [stdout]                         at liballoc/vec.rs:1886
Dec 01 20:14:20.595 INFO [stdout]   15:     0x55d7975a8878 - <alloc::vec::Vec<T> as core::iter::traits::FromIterator<T>>::from_iter::h7f7cd2acf3d9508b
Dec 01 20:14:20.595 INFO [stdout]                         at liballoc/vec.rs:1772
Dec 01 20:14:20.595 INFO [stdout]   16:     0x55d797614ec9 - core::iter::iterator::Iterator::collect::hd32a57997b26b952
Dec 01 20:14:20.595 INFO [stdout]                         at libcore/iter/iterator.rs:1415
Dec 01 20:14:20.595 INFO [stdout]   17:     0x55d7975dab44 - ffizer::plan::hf03b47c1c03872eb
Dec 01 20:14:20.595 INFO [stdout]                         at src/lib.rs:119
Dec 01 20:14:20.595 INFO [stdout]   18:     0x55d7975da454 - ffizer::process::hfcacf6c5d5c87d2c
Dec 01 20:14:20.595 INFO [stdout]                         at src/lib.rs:105
Dec 01 20:14:20.596 INFO [stdout]   19:     0x55d7974f293a - ffizer::main::hf933d6baefffa87c
Dec 01 20:14:20.596 INFO [stdout]                         at src/main.rs:38
Dec 01 20:14:20.596 INFO [stdout]   20:     0x55d7974ef62f - std::rt::lang_start::{{closure}}::hd7448595c320793b
Dec 01 20:14:20.596 INFO [stdout]                         at libstd/rt.rs:74
Dec 01 20:14:20.596 INFO [stdout]   21:     0x55d798266102 - std::rt::lang_start_internal::{{closure}}::hf358dd5cfeb0e6cb
Dec 01 20:14:20.596 INFO [stdout]                         at libstd/rt.rs:59
Dec 01 20:14:20.596 INFO [stdout]                          - std::panicking::try::do_call::h47665672c57b11e4
Dec 01 20:14:20.596 INFO [stdout]                         at libstd/panicking.rs:310
Dec 01 20:14:20.596 INFO [stdout]   22:     0x55d7982902b9 - __rust_maybe_catch_panic
Dec 01 20:14:20.596 INFO [stdout]                         at libpanic_unwind/lib.rs:103
Dec 01 20:14:20.596 INFO [stdout]   23:     0x55d798274a45 - std::panicking::try::h8475f4f88883fab0
Dec 01 20:14:20.596 INFO [stdout]                         at libstd/panicking.rs:289
Dec 01 20:14:20.596 INFO [stdout]                          - std::panic::catch_unwind::hf17f60e34fd385b1
Dec 01 20:14:20.596 INFO [stdout]                         at libstd/panic.rs:392
Dec 01 20:14:20.596 INFO [stdout]                          - std::rt::lang_start_internal::had9505969b8e20a2
Dec 01 20:14:20.596 INFO [stdout]                         at libstd/rt.rs:58
Dec 01 20:14:20.596 INFO [stdout]   24:     0x55d7974ef607 - std::rt::lang_start::hb790f07a14d7afd0
Dec 01 20:14:20.596 INFO [stdout]                         at libstd/rt.rs:74
Dec 01 20:14:20.596 INFO [stdout]   25:     0x55d7974f2a79 - main
Dec 01 20:14:20.596 INFO [stdout]   26:     0x7f57e8d4982f - __libc_start_main
Dec 01 20:14:20.596 INFO [stdout]   27:     0x55d7974e7878 - _start
Dec 01 20:14:20.596 INFO [stdout]   28:                0x0 - <unknown>', libcore/result.rs:1009:5
Dec 01 20:14:20.596 INFO [stdout] stack backtrace:
Dec 01 20:14:20.596 INFO [stdout]    0:     0x55d79827cb9e - std::sys::unix::backtrace::tracing::imp::unwind_backtrace::h15749a98198ba25f
Dec 01 20:14:20.596 INFO [stdout]                                at libstd/sys/unix/backtrace/tracing/gcc_s.rs:49
Dec 01 20:14:20.596 INFO [stdout]    1:     0x55d798267d36 - std::sys_common::backtrace::print::h0ba65c811294dbf0
Dec 01 20:14:20.596 INFO [stdout]                                at libstd/sys_common/backtrace.rs:71
Dec 01 20:14:20.596 INFO [stdout]                                at libstd/sys_common/backtrace.rs:59
Dec 01 20:14:20.596 INFO [stdout]    2:     0x55d798265ffd - std::panicking::default_hook::{{closure}}::h42bb31757f0fee64
Dec 01 20:14:20.596 INFO [stdout]                                at libstd/panicking.rs:211
Dec 01 20:14:20.596 INFO [stdout]    3:     0x55d798265d70 - std::panicking::default_hook::hebc8848d7aa7dbd9
Dec 01 20:14:20.596 INFO [stdout]                                at libstd/panicking.rs:227
Dec 01 20:14:20.596 INFO [stdout]    4:     0x55d7982666ac - std::panicking::rust_panic_with_hook::h86e619a638415243
Dec 01 20:14:20.596 INFO [stdout]                                at libstd/panicking.rs:477
Dec 01 20:14:20.596 INFO [stdout]    5:     0x55d798266269 - std::panicking::continue_panic_fmt::h2d2d2bfb065a70b2
Dec 01 20:14:20.596 INFO [stdout]                                at libstd/panicking.rs:391
Dec 01 20:14:20.596 INFO [stdout]    6:     0x55d798266165 - rust_begin_unwind
Dec 01 20:14:20.596 INFO [stdout]                                at libstd/panicking.rs:326
Dec 01 20:14:20.596 INFO [stdout]    7:     0x55d7982c794b - core::panicking::panic_fmt::h2155aa66b67fe83c
Dec 01 20:14:20.596 INFO [stdout]                                at libcore/panicking.rs:77
Dec 01 20:14:20.596 INFO [stdout]    8:     0x55d7975d866d - core::result::unwrap_failed::hc60a7ea82048be0b
Dec 01 20:14:20.596 INFO [stdout]                                at libcore/macros.rs:26
Dec 01 20:14:20.596 INFO [stdout]    9:     0x55d7975d2b28 - <core::result::Result<T, E>>::expect::h8b37a2cf59f42721
Dec 01 20:14:20.596 INFO [stdout]                                at libcore/result.rs:835
Dec 01 20:14:20.596 INFO [stdout]   10:     0x55d7975dadcb - ffizer::plan::{{closure}}::he514ceca4215f871
Dec 01 20:14:20.596 INFO [stdout]                                at src/lib.rs:122
Dec 01 20:14:20.596 INFO [stdout]   11:     0x55d7975d9211 - core::ops::function::impls::<impl core::ops::function::FnOnce<A> for &'a mut F>::call_once::hc062663b08c9fcdc
Dec 01 20:14:20.596 INFO [stdout]                                at libcore/ops/function.rs:286
Dec 01 20:14:20.596 INFO [stdout]   12:     0x55d7975ea38a - <core::option::Option<T>>::map::hcc021bfa446673de
Dec 01 20:14:20.596 INFO [stdout]                                at libcore/option.rs:414
Dec 01 20:14:20.596 INFO [stdout]   13:     0x55d797616c62 - <core::iter::Map<I, F> as core::iter::iterator::Iterator>::next::h456578732c47dfa3
Dec 01 20:14:20.596 INFO [stdout]                                at libcore/iter/mod.rs:1394
Dec 01 20:14:20.596 INFO [stdout]   14:     0x55d7975a78e5 - <alloc::vec::Vec<T> as alloc::vec::SpecExtend<T, I>>::spec_extend::h309decc67531f0b4
Dec 01 20:14:20.596 INFO [stdout]                                at liballoc/vec.rs:1903
Dec 01 20:14:20.596 INFO [stdout]   15:     0x55d7975a875b - <alloc::vec::Vec<T> as alloc::vec::SpecExtend<T, I>>::from_iter::h9c6322d463d6132f
Dec 01 20:14:20.596 INFO [stdout]                                at liballoc/vec.rs:1886
Dec 01 20:14:20.596 INFO [stdout]   16:     0x55d7975a8878 - <alloc::vec::Vec<T> as core::iter::traits::FromIterator<T>>::from_iter::h7f7cd2acf3d9508b
Dec 01 20:14:20.596 INFO [stdout]                                at liballoc/vec.rs:1772
Dec 01 20:14:20.596 INFO [stdout]   17:     0x55d797614ec9 - core::iter::iterator::Iterator::collect::hd32a57997b26b952
Dec 01 20:14:20.596 INFO [stdout]                                at libcore/iter/iterator.rs:1415
Dec 01 20:14:20.596 INFO [stdout]   18:     0x55d7975dab44 - ffizer::plan::hf03b47c1c03872eb
Dec 01 20:14:20.596 INFO [stdout]                                at src/lib.rs:119
Dec 01 20:14:20.596 INFO [stdout]   19:     0x55d7975da454 - ffizer::process::hfcacf6c5d5c87d2c
Dec 01 20:14:20.596 INFO [stdout]                                at src/lib.rs:105
Dec 01 20:14:20.596 INFO [stdout]   20:     0x55d7974f293a - ffizer::main::hf933d6baefffa87c
Dec 01 20:14:20.596 INFO [stdout]                                at src/main.rs:38
Dec 01 20:14:20.596 INFO [stdout]   21:     0x55d7974ef62f - std::rt::lang_start::{{closure}}::hd7448595c320793b
Dec 01 20:14:20.596 INFO [stdout]                                at libstd/rt.rs:74
Dec 01 20:14:20.596 INFO [stdout]   22:     0x55d798266102 - std::panicking::try::do_call::h47665672c57b11e4
Dec 01 20:14:20.596 INFO [stdout]                                at libstd/rt.rs:59
Dec 01 20:14:20.596 INFO [stdout]                                at libstd/panicking.rs:310
Dec 01 20:14:20.596 INFO [stdout]   23:     0x55d7982902b9 - __rust_maybe_catch_panic
Dec 01 20:14:20.596 INFO [stdout]                                at libpanic_unwind/lib.rs:103
Dec 01 20:14:20.596 INFO [stdout]   24:     0x55d798274a45 - std::rt::lang_start_internal::had9505969b8e20a2
Dec 01 20:14:20.596 INFO [stdout]                                at libstd/panicking.rs:289
Dec 01 20:14:20.596 INFO [stdout]                                at libstd/panic.rs:392
Dec 01 20:14:20.596 INFO [stdout]                                at libstd/rt.rs:58
Dec 01 20:14:20.596 INFO [stdout]   25:     0x55d7974ef607 - std::rt::lang_start::hb790f07a14d7afd0
Dec 01 20:14:20.596 INFO [stdout]                                at libstd/rt.rs:74
Dec 01 20:14:20.596 INFO [stdout]   26:     0x55d7974f2a79 - main
Dec 01 20:14:20.596 INFO [stdout]   27:     0x7f57e8d4982f - __libc_start_main
Dec 01 20:14:20.596 INFO [stdout]   28:     0x55d7974e7878 - _start
Dec 01 20:14:20.596 INFO [stdout]   29:                0x0 - <unknown>
Dec 01 20:14:20.597 INFO [stdout] ```
Dec 01 20:14:20.597 INFO [stdout] ', /cargo-home/registry/src/github.com-1ecc6299db9ec823/assert_cmd-0.10.2/src/assert.rs:154:13
Dec 01 20:14:20.597 INFO [stdout] stack backtrace:
Dec 01 20:14:20.597 INFO [stdout]    0:     0x5609e046a6be - std::sys::unix::backtrace::tracing::imp::unwind_backtrace::h15749a98198ba25f
Dec 01 20:14:20.597 INFO [stdout]                                at libstd/sys/unix/backtrace/tracing/gcc_s.rs:49
Dec 01 20:14:20.597 INFO [stdout]    1:     0x5609e0458636 - std::sys_common::backtrace::print::h0ba65c811294dbf0
Dec 01 20:14:20.597 INFO [stdout]                                at libstd/sys_common/backtrace.rs:71
Dec 01 20:14:20.597 INFO [stdout]                                at libstd/sys_common/backtrace.rs:59
Dec 01 20:14:20.597 INFO [stdout]    2:     0x5609e0456a5d - std::panicking::default_hook::{{closure}}::h42bb31757f0fee64
Dec 01 20:14:20.597 INFO [stdout]                                at libstd/panicking.rs:211
Dec 01 20:14:20.597 INFO [stdout]    3:     0x5609e045676b - std::panicking::default_hook::hebc8848d7aa7dbd9
Dec 01 20:14:20.597 INFO [stdout]                                at libstd/panicking.rs:221
Dec 01 20:14:20.597 INFO [stdout]    4:     0x5609e045710c - std::panicking::rust_panic_with_hook::h86e619a638415243
Dec 01 20:14:20.597 INFO [stdout]                                at libstd/panicking.rs:477
Dec 01 20:14:20.597 INFO [stdout]    5:     0x5609e0456cc9 - std::panicking::continue_panic_fmt::h2d2d2bfb065a70b2
Dec 01 20:14:20.597 INFO [stdout]                                at libstd/panicking.rs:391
Dec 01 20:14:20.597 INFO [stdout]    6:     0x5609e0456c2d - std::panicking::begin_panic_fmt::ha5097e2056ef3d5a
Dec 01 20:14:20.597 INFO [stdout]                                at libstd/panicking.rs:346
Dec 01 20:14:20.597 INFO [stdout]    7:     0x5609e0414781 - assert_cmd::assert::Assert::success::h4e42453ca2602f38
Dec 01 20:14:20.597 INFO [stdout]                                at /cargo-home/registry/src/github.com-1ecc6299db9ec823/assert_cmd-0.10.2/src/assert.rs:154
Dec 01 20:14:20.597 INFO [stdout]    8:     0x5609e0342588 - e2e::test_1::h14b93f015b6c78be
Dec 01 20:14:20.597 INFO [stdout]                                at tests/e2e.rs:50
Dec 01 20:14:20.597 INFO [stdout]    9:     0x5609e0341c8d - e2e::test_1::{{closure}}::h84b196241a010e51
Dec 01 20:14:20.597 INFO [stdout]                                at tests/e2e.rs:41
Dec 01 20:14:20.597 INFO [stdout]   10:     0x5609e033f5dd - core::ops::function::FnOnce::call_once::h938109ce3c311508
Dec 01 20:14:20.597 INFO [stdout]                                at libcore/ops/function.rs:238
Dec 01 20:14:20.597 INFO [stdout]   11:     0x5609e034718e - <F as alloc::boxed::FnBox<A>>::call_box::hbea525814fa423cc
Dec 01 20:14:20.597 INFO [stdout]                                at libtest/lib.rs:1461
Dec 01 20:14:20.597 INFO [stdout]                                at libcore/ops/function.rs:238
Dec 01 20:14:20.597 INFO [stdout]                                at liballoc/boxed.rs:646
Dec 01 20:14:20.597 INFO [stdout]   12:     0x5609e047d489 - __rust_maybe_catch_panic
Dec 01 20:14:20.597 INFO [stdout]                                at libpanic_unwind/lib.rs:103
Dec 01 20:14:20.597 INFO [stdout]   13:     0x5609e0352aed - std::sys_common::backtrace::__rust_begin_short_backtrace::h0ff507d7422944d3
Dec 01 20:14:20.597 INFO [stdout]                                at libstd/panicking.rs:289
Dec 01 20:14:20.597 INFO [stdout]                                at libstd/panic.rs:392
Dec 01 20:14:20.597 INFO [stdout]                                at libtest/lib.rs:1416
Dec 01 20:14:20.597 INFO [stdout]                                at libstd/sys_common/backtrace.rs:136
Dec 01 20:14:20.597 INFO [stdout]   14:     0x5609e036b124 - std::panicking::try::do_call::hba0bdcc3670471cc
Dec 01 20:14:20.597 INFO [stdout]                                at libstd/thread/mod.rs:409
Dec 01 20:14:20.597 INFO [stdout]                                at libstd/panic.rs:313
Dec 01 20:14:20.597 INFO [stdout]                                at libstd/panicking.rs:310
Dec 01 20:14:20.597 INFO [stdout]   15:     0x5609e047d489 - __rust_maybe_catch_panic
Dec 01 20:14:20.597 INFO [stdout]                                at libpanic_unwind/lib.rs:103
Dec 01 20:14:20.597 INFO [stdout]   16:     0x5609e035b9f6 - <F as alloc::boxed::FnBox<A>>::call_box::hdac52587b00591af
Dec 01 20:14:20.597 INFO [stdout]                                at libstd/panicking.rs:289
Dec 01 20:14:20.597 INFO [stdout]                                at libstd/panic.rs:392
Dec 01 20:14:20.597 INFO [stdout]                                at libstd/thread/mod.rs:408
Dec 01 20:14:20.597 INFO [stdout]                                at liballoc/boxed.rs:646
Dec 01 20:14:20.597 INFO [stdout]   17:     0x5609e046c8ca - std::sys_common::thread::start_thread::h75d887c7d2cc4479
Dec 01 20:14:20.597 INFO [stdout]                                at liballoc/boxed.rs:656
Dec 01 20:14:20.597 INFO [stdout]                                at libstd/sys_common/thread.rs:24
Dec 01 20:14:20.597 INFO [stdout]   18:     0x5609e0457875 - std::sys::unix::thread::Thread::new::thread_start::h8414caee632bf9ed
Dec 01 20:14:20.597 INFO [stdout]                                at libstd/sys/unix/thread.rs:90
Dec 01 20:14:20.597 INFO [stdout]   19:     0x7fcff37d86b9 - start_thread
Dec 01 20:14:20.597 INFO [stdout]   20:     0x7fcff3cf941c - clone
Dec 01 20:14:20.597 INFO [stdout]   21:                0x0 - <unknown>
Dec 01 20:14:20.597 INFO [stdout] 
Dec 01 20:14:20.597 INFO [stdout] 
Dec 01 20:14:20.597 INFO [stdout] failures:
Dec 01 20:14:20.597 INFO [stdout]     test_1
Dec 01 20:14:20.597 INFO [stdout] 
Dec 01 20:14:20.597 INFO [stdout] test result: FAILED. 2 passed; 1 failed; 0 ignored; 0 measured; 0 filtered out
Dec 01 20:14:20.597 INFO [stdout] 
Dec 01 20:14:20.600 INFO [stderr] error: test failed, to rerun pass '--test e2e'
Dec 01 20:14:20.601 INFO [stderr] su: No module specific data is present
Dec 01 20:14:21.576 INFO running `"docker" "inspect" "d7439aa03519967db672555ae48311aecf467cd6f6f4fa58882d31df87af2345"`
Dec 01 20:14:21.817 INFO running `"docker" "rm" "-f" "d7439aa03519967db672555ae48311aecf467cd6f6f4fa58882d31df87af2345"`
Dec 01 20:14:22.116 INFO [stdout] d7439aa03519967db672555ae48311aecf467cd6f6f4fa58882d31df87af2345
