Dec 01 23:35:39.322 INFO testing bastikr/wordacademy-solver against 1.30.1 for beta-1.31-5
Dec 01 23:35:39.322 INFO running `"docker" "create" "-v" "/mnt/big/crater/work/local/target-dirs/beta-1.31-5/worker-7/1.30.1:/target:rw,Z" "-v" "/mnt/big/crater/work/local/test-source/worker-7/beta-1.31-5/1.30.1:/source:ro,Z" "-v" "/mnt/big/crater/work/local/cargo-home:/cargo-home:ro,Z" "-v" "/mnt/big/crater/work/local/rustup-home:/rustup-home:ro,Z" "-e" "USER_ID=1000" "-e" "SOURCE_DIR=/source" "-e" "USER_ID=1000" "-e" "CMD=cargo +1.30.1 build --frozen" "-e" "CARGO_TARGET_DIR=/target" "-e" "CARGO_INCREMENTAL=0" "-e" "RUST_BACKTRACE=full" "-e" "RUSTFLAGS=--cap-lints=warn" "-e" "CARGO_HOME=/cargo-home" "-e" "RUSTUP_HOME=/rustup-home" "-m" "1536M" "--network" "none" "crater"`
Dec 01 23:35:39.551 INFO [stdout] d816bf410964ade52e1c4a02cd9cdec8cf0a77333740e0a37ddce3f7541f12fd
Dec 01 23:35:39.553 INFO running `"docker" "start" "-a" "d816bf410964ade52e1c4a02cd9cdec8cf0a77333740e0a37ddce3f7541f12fd"`
Dec 01 23:35:40.437 INFO [stderr] usermod: no changes
Dec 01 23:35:40.473 INFO [stderr]    Compiling wordacademy-solver v0.1.0 (/source)
Dec 01 23:35:40.980 INFO [stderr] warning: unused import: `std::collections::HashMap`
Dec 01 23:35:40.980 INFO [stderr]  --> src/chargraph.rs:1:5
Dec 01 23:35:40.980 INFO [stderr]   |
Dec 01 23:35:40.980 INFO [stderr] 1 | use std::collections::HashMap;
Dec 01 23:35:40.980 INFO [stderr]   |     ^^^^^^^^^^^^^^^^^^^^^^^^^
Dec 01 23:35:40.980 INFO [stderr]   |
Dec 01 23:35:40.980 INFO [stderr]   = note: #[warn(unused_imports)] on by default
Dec 01 23:35:40.980 INFO [stderr] 
Dec 01 23:35:41.182 INFO [stderr] warning: unused variable: `index`
Dec 01 23:35:41.182 INFO [stderr]   --> src/chargraph.rs:73:17
Dec 01 23:35:41.183 INFO [stderr]    |
Dec 01 23:35:41.183 INFO [stderr] 73 |             Err(index) => { panic!("bla") }
Dec 01 23:35:41.183 INFO [stderr]    |                 ^^^^^ help: consider using `_index` instead
Dec 01 23:35:41.183 INFO [stderr]    |
Dec 01 23:35:41.184 INFO [stderr]    = note: #[warn(unused_variables)] on by default
Dec 01 23:35:41.184 INFO [stderr] 
Dec 01 23:35:41.262 INFO [stderr] warning: function is never used: `writeable`
Dec 01 23:35:41.262 INFO [stderr]    --> src/solver_positional.rs:515:1
Dec 01 23:35:41.263 INFO [stderr]     |
Dec 01 23:35:41.263 INFO [stderr] 515 | fn writeable(word: &str, board: &Board) -> bool {
Dec 01 23:35:41.263 INFO [stderr]     | ^^^^^^^^^^^^^^^^^^^^^^^^^^^^^^^^^^^^^^^^^^^^^^^
Dec 01 23:35:41.263 INFO [stderr]     |
Dec 01 23:35:41.264 INFO [stderr]     = note: #[warn(dead_code)] on by default
Dec 01 23:35:41.264 INFO [stderr] 
Dec 01 23:35:42.816 INFO [stderr]     Finished dev [unoptimized + debuginfo] target(s) in 2.35s
Dec 01 23:35:42.816 INFO [stderr] su: No module specific data is present
Dec 01 23:35:43.239 INFO running `"docker" "inspect" "d816bf410964ade52e1c4a02cd9cdec8cf0a77333740e0a37ddce3f7541f12fd"`
Dec 01 23:35:43.308 INFO running `"docker" "rm" "-f" "d816bf410964ade52e1c4a02cd9cdec8cf0a77333740e0a37ddce3f7541f12fd"`
Dec 01 23:35:43.451 INFO [stdout] d816bf410964ade52e1c4a02cd9cdec8cf0a77333740e0a37ddce3f7541f12fd
Dec 01 23:35:43.453 INFO running `"docker" "create" "-v" "/mnt/big/crater/work/local/target-dirs/beta-1.31-5/worker-7/1.30.1:/target:rw,Z" "-v" "/mnt/big/crater/work/local/test-source/worker-7/beta-1.31-5/1.30.1:/source:ro,Z" "-v" "/mnt/big/crater/work/local/cargo-home:/cargo-home:ro,Z" "-v" "/mnt/big/crater/work/local/rustup-home:/rustup-home:ro,Z" "-e" "USER_ID=1000" "-e" "SOURCE_DIR=/source" "-e" "USER_ID=1000" "-e" "CMD=cargo +1.30.1 test --frozen --no-run" "-e" "CARGO_TARGET_DIR=/target" "-e" "CARGO_INCREMENTAL=0" "-e" "RUST_BACKTRACE=full" "-e" "RUSTFLAGS=--cap-lints=warn" "-e" "CARGO_HOME=/cargo-home" "-e" "RUSTUP_HOME=/rustup-home" "-m" "1536M" "--network" "none" "crater"`
Dec 01 23:35:43.668 INFO [stdout] 48fd73921df20b34f6878afcea2d5fed4b83bf5356e0e455d53dfe5c91fce1a7
Dec 01 23:35:43.670 INFO running `"docker" "start" "-a" "48fd73921df20b34f6878afcea2d5fed4b83bf5356e0e455d53dfe5c91fce1a7"`
Dec 01 23:35:44.134 INFO [stderr] usermod: no changes
Dec 01 23:35:44.162 INFO [stderr]    Compiling wordacademy-solver v0.1.0 (/source)
Dec 01 23:35:44.679 INFO [stderr] warning: unused import: `Mask`
Dec 01 23:35:44.679 INFO [stderr]    --> src/board.rs:245:29
Dec 01 23:35:44.679 INFO [stderr]     |
Dec 01 23:35:44.679 INFO [stderr] 245 |     use board::{Neighbours, Mask};
Dec 01 23:35:44.679 INFO [stderr]     |                             ^^^^
Dec 01 23:35:44.679 INFO [stderr]     |
Dec 01 23:35:44.679 INFO [stderr]     = note: #[warn(unused_imports)] on by default
Dec 01 23:35:44.679 INFO [stderr] 
Dec 01 23:35:44.679 INFO [stderr] warning: unused import: `std::collections::HashMap`
Dec 01 23:35:44.679 INFO [stderr]  --> src/chargraph.rs:1:5
Dec 01 23:35:44.679 INFO [stderr]   |
Dec 01 23:35:44.679 INFO [stderr] 1 | use std::collections::HashMap;
Dec 01 23:35:44.679 INFO [stderr]   |     ^^^^^^^^^^^^^^^^^^^^^^^^^
Dec 01 23:35:44.679 INFO [stderr] 
Dec 01 23:35:44.895 INFO [stderr] warning: unused variable: `graph`
Dec 01 23:35:44.895 INFO [stderr]   --> src/chargraph.rs:97:13
Dec 01 23:35:44.895 INFO [stderr]    |
Dec 01 23:35:44.895 INFO [stderr] 97 |         let graph = CharGraph::from_strings(&words);
Dec 01 23:35:44.895 INFO [stderr]    |             ^^^^^ help: consider using `_graph` instead
Dec 01 23:35:44.895 INFO [stderr]    |
Dec 01 23:35:44.895 INFO [stderr]    = note: #[warn(unused_variables)] on by default
Dec 01 23:35:44.895 INFO [stderr] 
Dec 01 23:35:44.896 INFO [stderr] warning: unused variable: `index`
Dec 01 23:35:44.896 INFO [stderr]   --> src/chargraph.rs:73:17
Dec 01 23:35:44.896 INFO [stderr]    |
Dec 01 23:35:44.896 INFO [stderr] 73 |             Err(index) => { panic!("bla") }
Dec 01 23:35:44.896 INFO [stderr]    |                 ^^^^^ help: consider using `_index` instead
Dec 01 23:35:44.896 INFO [stderr] 
Dec 01 23:35:44.975 INFO [stderr] warning: function is never used: `writeable`
Dec 01 23:35:44.975 INFO [stderr]    --> src/solver_positional.rs:515:1
Dec 01 23:35:44.976 INFO [stderr]     |
Dec 01 23:35:44.976 INFO [stderr] 515 | fn writeable(word: &str, board: &Board) -> bool {
Dec 01 23:35:44.976 INFO [stderr]     | ^^^^^^^^^^^^^^^^^^^^^^^^^^^^^^^^^^^^^^^^^^^^^^^
Dec 01 23:35:44.976 INFO [stderr]     |
Dec 01 23:35:44.977 INFO [stderr]     = note: #[warn(dead_code)] on by default
Dec 01 23:35:44.977 INFO [stderr] 
Dec 01 23:35:45.617 INFO [stderr]     Finished dev [unoptimized + debuginfo] target(s) in 1.46s
Dec 01 23:35:45.621 INFO [stderr] su: No module specific data is present
Dec 01 23:35:45.908 INFO running `"docker" "inspect" "48fd73921df20b34f6878afcea2d5fed4b83bf5356e0e455d53dfe5c91fce1a7"`
Dec 01 23:35:46.016 INFO running `"docker" "rm" "-f" "48fd73921df20b34f6878afcea2d5fed4b83bf5356e0e455d53dfe5c91fce1a7"`
Dec 01 23:35:46.126 INFO [stdout] 48fd73921df20b34f6878afcea2d5fed4b83bf5356e0e455d53dfe5c91fce1a7
Dec 01 23:35:46.128 INFO running `"docker" "create" "-v" "/mnt/big/crater/work/local/target-dirs/beta-1.31-5/worker-7/1.30.1:/target:rw,Z" "-v" "/mnt/big/crater/work/local/test-source/worker-7/beta-1.31-5/1.30.1:/source:ro,Z" "-v" "/mnt/big/crater/work/local/cargo-home:/cargo-home:ro,Z" "-v" "/mnt/big/crater/work/local/rustup-home:/rustup-home:ro,Z" "-e" "USER_ID=1000" "-e" "SOURCE_DIR=/source" "-e" "USER_ID=1000" "-e" "CMD=cargo +1.30.1 test --frozen" "-e" "CARGO_TARGET_DIR=/target" "-e" "CARGO_INCREMENTAL=0" "-e" "RUST_BACKTRACE=full" "-e" "RUSTFLAGS=--cap-lints=warn" "-e" "CARGO_HOME=/cargo-home" "-e" "RUSTUP_HOME=/rustup-home" "-m" "1536M" "--network" "none" "crater"`
Dec 01 23:35:46.328 INFO [stdout] 889eeba838b7122ba1f5c7d515e39b79ff851a051f2538e4a4756fb8899f927f
Dec 01 23:35:46.331 INFO running `"docker" "start" "-a" "889eeba838b7122ba1f5c7d515e39b79ff851a051f2538e4a4756fb8899f927f"`
Dec 01 23:35:46.781 INFO [stderr] usermod: no changes
Dec 01 23:35:46.808 INFO [stderr]     Finished dev [unoptimized + debuginfo] target(s) in 0.01s
Dec 01 23:35:46.813 INFO [stderr]      Running /target/debug/deps/wordacademy_solver-333e77b093459ef8
Dec 01 23:35:46.815 INFO [stdout] 
Dec 01 23:35:46.815 INFO [stdout] running 3 tests
Dec 01 23:35:46.815 INFO [stdout] test chargraph::tests::it_works ... ok
Dec 01 23:35:46.820 INFO [stdout] test board::tests::neighbours ... ok
Dec 01 23:35:46.841 INFO [stdout] test chargraph::tests::build_chargraph_from_dict ... FAILED
Dec 01 23:35:46.841 INFO [stdout] 
Dec 01 23:35:46.841 INFO [stdout] failures:
Dec 01 23:35:46.841 INFO [stdout] 
Dec 01 23:35:46.841 INFO [stdout] ---- chargraph::tests::build_chargraph_from_dict stdout ----
Dec 01 23:35:46.841 INFO [stdout] thread 'chargraph::tests::build_chargraph_from_dict' panicked at 'file not found: Os { code: 2, kind: NotFound, message: "No such file or directory" }', libcore/result.rs:1009:5
Dec 01 23:35:46.841 INFO [stdout] stack backtrace:
Dec 01 23:35:46.841 INFO [stdout]    0:     0x5594be46059e - std::sys::unix::backtrace::tracing::imp::unwind_backtrace::h15749a98198ba25f
Dec 01 23:35:46.841 INFO [stdout]                                at libstd/sys/unix/backtrace/tracing/gcc_s.rs:49
Dec 01 23:35:46.841 INFO [stdout]    1:     0x5594be453926 - std::sys_common::backtrace::print::h0ba65c811294dbf0
Dec 01 23:35:46.841 INFO [stdout]                                at libstd/sys_common/backtrace.rs:71
Dec 01 23:35:46.841 INFO [stdout]                                at libstd/sys_common/backtrace.rs:59
Dec 01 23:35:46.841 INFO [stdout]    2:     0x5594be451d4d - std::panicking::default_hook::{{closure}}::h42bb31757f0fee64
Dec 01 23:35:46.841 INFO [stdout]                                at libstd/panicking.rs:211
Dec 01 23:35:46.841 INFO [stdout]    3:     0x5594be451a5b - std::panicking::default_hook::hebc8848d7aa7dbd9
Dec 01 23:35:46.841 INFO [stdout]                                at libstd/panicking.rs:221
Dec 01 23:35:46.841 INFO [stdout]    4:     0x5594be4523fc - std::panicking::rust_panic_with_hook::h86e619a638415243
Dec 01 23:35:46.841 INFO [stdout]                                at libstd/panicking.rs:477
Dec 01 23:35:46.841 INFO [stdout]    5:     0x5594be451fb9 - std::panicking::continue_panic_fmt::h2d2d2bfb065a70b2
Dec 01 23:35:46.841 INFO [stdout]                                at libstd/panicking.rs:391
Dec 01 23:35:46.841 INFO [stdout]    6:     0x5594be451eb5 - rust_begin_unwind
Dec 01 23:35:46.841 INFO [stdout]                                at libstd/panicking.rs:326
Dec 01 23:35:46.841 INFO [stdout]    7:     0x5594be49f75b - core::panicking::panic_fmt::h2155aa66b67fe83c
Dec 01 23:35:46.841 INFO [stdout]                                at libcore/panicking.rs:77
Dec 01 23:35:46.841 INFO [stdout]    8:     0x5594be40b973 - core::result::unwrap_failed::hfb2a9c71445391b5
Dec 01 23:35:46.841 INFO [stdout]                                at libcore/macros.rs:26
Dec 01 23:35:46.841 INFO [stdout]    9:     0x5594be40ac86 - <core::result::Result<T, E>>::expect::hdd78f0d64dccf1e0
Dec 01 23:35:46.841 INFO [stdout]                                at libcore/result.rs:835
Dec 01 23:35:46.841 INFO [stdout]   10:     0x5594be40d840 - wordacademy_solver::dictionary::load::h972fb6dcd94b970a
Dec 01 23:35:46.841 INFO [stdout]                                at src/dictionary.rs:5
Dec 01 23:35:46.841 INFO [stdout]   11:     0x5594be4091b1 - wordacademy_solver::chargraph::tests::build_chargraph_from_dict::h964b5bd999ca2f48
Dec 01 23:35:46.841 INFO [stdout]                                at src/chargraph.rs:95
Dec 01 23:35:46.841 INFO [stdout]   12:     0x5594be409179 - wordacademy_solver::chargraph::tests::build_chargraph_from_dict::{{closure}}::h4d530e87406ae6fc
Dec 01 23:35:46.841 INFO [stdout]                                at src/chargraph.rs:94
Dec 01 23:35:46.841 INFO [stdout]   13:     0x5594be40f0dd - core::ops::function::FnOnce::call_once::hc46f4bb98c74a3ab
Dec 01 23:35:46.841 INFO [stdout]                                at libcore/ops/function.rs:238
Dec 01 23:35:46.841 INFO [stdout]   14:     0x5594be41292e - <F as alloc::boxed::FnBox<A>>::call_box::hbea525814fa423cc
Dec 01 23:35:46.841 INFO [stdout]                                at libtest/lib.rs:1461
Dec 01 23:35:46.841 INFO [stdout]                                at libcore/ops/function.rs:238
Dec 01 23:35:46.841 INFO [stdout]                                at liballoc/boxed.rs:646
Dec 01 23:35:46.841 INFO [stdout]   15:     0x5594be46f409 - __rust_maybe_catch_panic
Dec 01 23:35:46.841 INFO [stdout]                                at libpanic_unwind/lib.rs:103
Dec 01 23:35:46.841 INFO [stdout]   16:     0x5594be41e28d - std::sys_common::backtrace::__rust_begin_short_backtrace::h0ff507d7422944d3
Dec 01 23:35:46.841 INFO [stdout]                                at libstd/panicking.rs:289
Dec 01 23:35:46.841 INFO [stdout]                                at libstd/panic.rs:392
Dec 01 23:35:46.841 INFO [stdout]                                at libtest/lib.rs:1416
Dec 01 23:35:46.841 INFO [stdout]                                at libstd/sys_common/backtrace.rs:136
Dec 01 23:35:46.841 INFO [stdout]   17:     0x5594be4368c4 - std::panicking::try::do_call::hba0bdcc3670471cc
Dec 01 23:35:46.841 INFO [stdout]                                at libstd/thread/mod.rs:409
Dec 01 23:35:46.841 INFO [stdout]                                at libstd/panic.rs:313
Dec 01 23:35:46.841 INFO [stdout]                                at libstd/panicking.rs:310
Dec 01 23:35:46.841 INFO [stdout]   18:     0x5594be46f409 - __rust_maybe_catch_panic
Dec 01 23:35:46.841 INFO [stdout]                                at libpanic_unwind/lib.rs:103
Dec 01 23:35:46.841 INFO [stdout]   19:     0x5594be427196 - <F as alloc::boxed::FnBox<A>>::call_box::hdac52587b00591af
Dec 01 23:35:46.841 INFO [stdout]                                at libstd/panicking.rs:289
Dec 01 23:35:46.841 INFO [stdout]                                at libstd/panic.rs:392
Dec 01 23:35:46.841 INFO [stdout]                                at libstd/thread/mod.rs:408
Dec 01 23:35:46.841 INFO [stdout]                                at liballoc/boxed.rs:646
Dec 01 23:35:46.841 INFO [stdout]   20:     0x5594be461eaa - std::sys_common::thread::start_thread::h75d887c7d2cc4479
Dec 01 23:35:46.841 INFO [stdout]                                at liballoc/boxed.rs:656
Dec 01 23:35:46.841 INFO [stdout]                                at libstd/sys_common/thread.rs:24
Dec 01 23:35:46.841 INFO [stdout]   21:     0x5594be452b65 - std::sys::unix::thread::Thread::new::thread_start::h8414caee632bf9ed
Dec 01 23:35:46.841 INFO [stdout]                                at libstd/sys/unix/thread.rs:90
Dec 01 23:35:46.841 INFO [stdout]   22:     0x7fb07766f6b9 - start_thread
Dec 01 23:35:46.841 INFO [stdout]   23:     0x7fb07718f41c - clone
Dec 01 23:35:46.841 INFO [stdout]   24:                0x0 - <unknown>
Dec 01 23:35:46.841 INFO [stdout] 
Dec 01 23:35:46.841 INFO [stdout] 
Dec 01 23:35:46.841 INFO [stdout] failures:
Dec 01 23:35:46.841 INFO [stdout]     chargraph::tests::build_chargraph_from_dict
Dec 01 23:35:46.841 INFO [stdout] 
Dec 01 23:35:46.841 INFO [stdout] test result: FAILED. 2 passed; 1 failed; 0 ignored; 0 measured; 0 filtered out
Dec 01 23:35:46.841 INFO [stdout] 
Dec 01 23:35:46.842 INFO [stderr] error: test failed, to rerun pass '--lib'
Dec 01 23:35:46.843 INFO [stderr] su: No module specific data is present
Dec 01 23:35:47.174 INFO running `"docker" "inspect" "889eeba838b7122ba1f5c7d515e39b79ff851a051f2538e4a4756fb8899f927f"`
Dec 01 23:35:47.320 INFO running `"docker" "rm" "-f" "889eeba838b7122ba1f5c7d515e39b79ff851a051f2538e4a4756fb8899f927f"`
Dec 01 23:35:47.415 INFO [stdout] 889eeba838b7122ba1f5c7d515e39b79ff851a051f2538e4a4756fb8899f927f
