Dec 01 23:56:43.370 INFO testing avdyushin/bible-search-rs against 1.30.1 for beta-1.31-5
Dec 01 23:56:43.370 INFO running `"docker" "create" "-v" "/mnt/big/crater/work/local/target-dirs/beta-1.31-5/worker-3/1.30.1:/target:rw,Z" "-v" "/mnt/big/crater/work/local/test-source/worker-3/beta-1.31-5/1.30.1:/source:ro,Z" "-v" "/mnt/big/crater/work/local/cargo-home:/cargo-home:ro,Z" "-v" "/mnt/big/crater/work/local/rustup-home:/rustup-home:ro,Z" "-e" "USER_ID=1000" "-e" "SOURCE_DIR=/source" "-e" "USER_ID=1000" "-e" "CMD=cargo +1.30.1 build --frozen" "-e" "CARGO_TARGET_DIR=/target" "-e" "CARGO_INCREMENTAL=0" "-e" "RUST_BACKTRACE=full" "-e" "RUSTFLAGS=--cap-lints=warn" "-e" "CARGO_HOME=/cargo-home" "-e" "RUSTUP_HOME=/rustup-home" "-m" "1536M" "--network" "none" "crater"`
Dec 01 23:56:43.695 INFO [stdout] 85faae3adf10d5a1f06b35afd564a392e4a677fd2bbf989534a3247bdacb8b21
Dec 01 23:56:43.707 INFO running `"docker" "start" "-a" "85faae3adf10d5a1f06b35afd564a392e4a677fd2bbf989534a3247bdacb8b21"`
Dec 01 23:56:44.510 INFO [stderr] usermod: no changes
Dec 01 23:56:44.911 INFO [stderr]    Compiling socket2 v0.3.8
Dec 01 23:56:44.926 INFO [stderr]    Compiling want v0.0.6
Dec 01 23:56:44.930 INFO [stderr]    Compiling tokio-io v0.1.10
Dec 01 23:56:44.930 INFO [stderr]    Compiling mio-uds v0.6.7
Dec 01 23:56:44.930 INFO [stderr]    Compiling tokio-threadpool v0.1.8
Dec 01 23:56:44.930 INFO [stderr]    Compiling bible-reference-rs v0.1.2
Dec 01 23:56:44.930 INFO [stderr]    Compiling postgres-protocol v0.3.2
Dec 01 23:56:50.139 INFO [stderr]    Compiling tokio-reactor v0.1.6
Dec 01 23:56:50.139 INFO [stderr]    Compiling tokio-codec v0.1.1
Dec 01 23:56:50.139 INFO [stderr]    Compiling h2 v0.1.13
Dec 01 23:56:53.735 INFO [stderr]    Compiling tokio-fs v0.1.4
Dec 01 23:56:53.839 INFO [stderr]    Compiling postgres-shared v0.4.2
Dec 01 23:56:56.459 INFO [stderr]    Compiling tokio-uds v0.2.3
Dec 01 23:56:56.459 INFO [stderr]    Compiling tokio-udp v0.1.2
Dec 01 23:56:56.459 INFO [stderr]    Compiling tokio-tcp v0.1.2
Dec 01 23:57:05.231 INFO [stderr]    Compiling tokio v0.1.11
Dec 01 23:57:07.095 INFO [stderr]    Compiling postgres v0.15.2
Dec 01 23:57:16.171 INFO [stderr]    Compiling hyper v0.12.13
Dec 01 23:57:29.392 INFO [stderr]    Compiling bible-search-rs v0.1.0 (/source)
Dec 01 23:57:43.307 INFO [stderr]     Finished dev [unoptimized + debuginfo] target(s) in 58.76s
Dec 01 23:57:43.320 INFO [stderr] su: No module specific data is present
Dec 01 23:57:44.981 INFO running `"docker" "inspect" "85faae3adf10d5a1f06b35afd564a392e4a677fd2bbf989534a3247bdacb8b21"`
Dec 01 23:57:45.383 INFO running `"docker" "rm" "-f" "85faae3adf10d5a1f06b35afd564a392e4a677fd2bbf989534a3247bdacb8b21"`
Dec 01 23:57:45.745 INFO [stdout] 85faae3adf10d5a1f06b35afd564a392e4a677fd2bbf989534a3247bdacb8b21
Dec 01 23:57:45.751 INFO running `"docker" "create" "-v" "/mnt/big/crater/work/local/target-dirs/beta-1.31-5/worker-3/1.30.1:/target:rw,Z" "-v" "/mnt/big/crater/work/local/test-source/worker-3/beta-1.31-5/1.30.1:/source:ro,Z" "-v" "/mnt/big/crater/work/local/cargo-home:/cargo-home:ro,Z" "-v" "/mnt/big/crater/work/local/rustup-home:/rustup-home:ro,Z" "-e" "USER_ID=1000" "-e" "SOURCE_DIR=/source" "-e" "USER_ID=1000" "-e" "CMD=cargo +1.30.1 test --frozen --no-run" "-e" "CARGO_TARGET_DIR=/target" "-e" "CARGO_INCREMENTAL=0" "-e" "RUST_BACKTRACE=full" "-e" "RUSTFLAGS=--cap-lints=warn" "-e" "CARGO_HOME=/cargo-home" "-e" "RUSTUP_HOME=/rustup-home" "-m" "1536M" "--network" "none" "crater"`
Dec 01 23:57:46.203 INFO [stdout] 4eabd44d5bb15b16ba4eef400981827c7ebc0ad322fff1cc58350b0106b366a9
Dec 01 23:57:46.205 INFO running `"docker" "start" "-a" "4eabd44d5bb15b16ba4eef400981827c7ebc0ad322fff1cc58350b0106b366a9"`
Dec 01 23:57:49.094 INFO [stderr] usermod: no changes
Dec 01 23:57:49.382 INFO [stderr]    Compiling bible-search-rs v0.1.0 (/source)
Dec 01 23:57:58.920 INFO [stderr]     Finished dev [unoptimized + debuginfo] target(s) in 9.80s
Dec 01 23:57:58.939 INFO [stderr] su: No module specific data is present
Dec 01 23:58:00.713 INFO running `"docker" "inspect" "4eabd44d5bb15b16ba4eef400981827c7ebc0ad322fff1cc58350b0106b366a9"`
Dec 01 23:58:01.109 INFO running `"docker" "rm" "-f" "4eabd44d5bb15b16ba4eef400981827c7ebc0ad322fff1cc58350b0106b366a9"`
Dec 01 23:58:01.423 INFO [stdout] 4eabd44d5bb15b16ba4eef400981827c7ebc0ad322fff1cc58350b0106b366a9
Dec 01 23:58:01.435 INFO running `"docker" "create" "-v" "/mnt/big/crater/work/local/target-dirs/beta-1.31-5/worker-3/1.30.1:/target:rw,Z" "-v" "/mnt/big/crater/work/local/test-source/worker-3/beta-1.31-5/1.30.1:/source:ro,Z" "-v" "/mnt/big/crater/work/local/cargo-home:/cargo-home:ro,Z" "-v" "/mnt/big/crater/work/local/rustup-home:/rustup-home:ro,Z" "-e" "USER_ID=1000" "-e" "SOURCE_DIR=/source" "-e" "USER_ID=1000" "-e" "CMD=cargo +1.30.1 test --frozen" "-e" "CARGO_TARGET_DIR=/target" "-e" "CARGO_INCREMENTAL=0" "-e" "RUST_BACKTRACE=full" "-e" "RUSTFLAGS=--cap-lints=warn" "-e" "CARGO_HOME=/cargo-home" "-e" "RUSTUP_HOME=/rustup-home" "-m" "1536M" "--network" "none" "crater"`
Dec 01 23:58:01.986 INFO [stdout] a079bb307fe45bbd9925f4029e952ca43fa12d6e303604ae45f4207b001ee900
Dec 01 23:58:01.989 INFO running `"docker" "start" "-a" "a079bb307fe45bbd9925f4029e952ca43fa12d6e303604ae45f4207b001ee900"`
Dec 01 23:58:04.879 INFO [stderr] usermod: no changes
Dec 01 23:58:05.179 INFO [stderr]     Finished dev [unoptimized + debuginfo] target(s) in 0.25s
Dec 01 23:58:05.191 INFO [stderr]      Running /target/debug/deps/bible_search_rs-831600cf554d3661
Dec 01 23:58:05.195 INFO [stdout] 
Dec 01 23:58:05.195 INFO [stdout] running 1 test
Dec 01 23:58:05.391 INFO [stdout] test tests::test_fetch_chapter ... FAILED
Dec 01 23:58:05.391 INFO [stdout] 
Dec 01 23:58:05.391 INFO [stdout] failures:
Dec 01 23:58:05.391 INFO [stdout] 
Dec 01 23:58:05.391 INFO [stdout] ---- tests::test_fetch_chapter stdout ----
Dec 01 23:58:05.391 INFO [stdout] Connecting: postgres://docker:docker@localhost:5432/bible
Dec 01 23:58:05.391 INFO [stdout] Connection: IO error: Cannot assign requested address (os error 99)
Dec 01 23:58:05.391 INFO [stdout] thread 'tests::test_fetch_chapter' panicked at 'called `Result::unwrap()` on an `Err` value: NoDatabaseConnection("IO error: Cannot assign requested address (os error 99)")', libcore/result.rs:1009:5
Dec 01 23:58:05.391 INFO [stdout] stack backtrace:
Dec 01 23:58:05.391 INFO [stdout]    0:     0x562fd7010d7e - std::sys::unix::backtrace::tracing::imp::unwind_backtrace::h15749a98198ba25f
Dec 01 23:58:05.391 INFO [stdout]                                at libstd/sys/unix/backtrace/tracing/gcc_s.rs:49
Dec 01 23:58:05.391 INFO [stdout]    1:     0x562fd7002d06 - std::sys_common::backtrace::print::h0ba65c811294dbf0
Dec 01 23:58:05.391 INFO [stdout]                                at libstd/sys_common/backtrace.rs:71
Dec 01 23:58:05.391 INFO [stdout]                                at libstd/sys_common/backtrace.rs:59
Dec 01 23:58:05.391 INFO [stdout]    2:     0x562fd700112d - std::panicking::default_hook::{{closure}}::h42bb31757f0fee64
Dec 01 23:58:05.391 INFO [stdout]                                at libstd/panicking.rs:211
Dec 01 23:58:05.391 INFO [stdout]    3:     0x562fd7000e3b - std::panicking::default_hook::hebc8848d7aa7dbd9
Dec 01 23:58:05.392 INFO [stdout]                                at libstd/panicking.rs:221
Dec 01 23:58:05.392 INFO [stdout]    4:     0x562fd70017dc - std::panicking::rust_panic_with_hook::h86e619a638415243
Dec 01 23:58:05.392 INFO [stdout]                                at libstd/panicking.rs:477
Dec 01 23:58:05.392 INFO [stdout]    5:     0x562fd7001399 - std::panicking::continue_panic_fmt::h2d2d2bfb065a70b2
Dec 01 23:58:05.392 INFO [stdout]                                at libstd/panicking.rs:391
Dec 01 23:58:05.392 INFO [stdout]    6:     0x562fd7001295 - rust_begin_unwind
Dec 01 23:58:05.392 INFO [stdout]                                at libstd/panicking.rs:326
Dec 01 23:58:05.392 INFO [stdout]    7:     0x562fd704ffdb - core::panicking::panic_fmt::h2155aa66b67fe83c
Dec 01 23:58:05.392 INFO [stdout]                                at libcore/panicking.rs:77
Dec 01 23:58:05.392 INFO [stdout]    8:     0x562fd6c8ae03 - core::result::unwrap_failed::h94018b5dc4720a77
Dec 01 23:58:05.392 INFO [stdout]                                at libcore/macros.rs:26
Dec 01 23:58:05.392 INFO [stdout]    9:     0x562fd6c89a2f - <core::result::Result<T, E>>::unwrap::h4a08499c041871ab
Dec 01 23:58:05.392 INFO [stdout]                                at libcore/result.rs:808
Dec 01 23:58:05.392 INFO [stdout]   10:     0x562fd6c88826 - bible_search_rs::tests::test_fetch_chapter::h92d201bfc760d7f9
Dec 01 23:58:05.392 INFO [stdout]                                at src/main.rs:382
Dec 01 23:58:05.392 INFO [stdout]   11:     0x562fd6c887d9 - bible_search_rs::tests::test_fetch_chapter::{{closure}}::h93dfc1ee982d43c7
Dec 01 23:58:05.392 INFO [stdout]                                at src/main.rs:381
Dec 01 23:58:05.392 INFO [stdout]   12:     0x562fd6c7f80d - core::ops::function::FnOnce::call_once::h41cccf09383d83a6
Dec 01 23:58:05.392 INFO [stdout]                                at libcore/ops/function.rs:238
Dec 01 23:58:05.392 INFO [stdout]   13:     0x562fd6c97a8e - <F as alloc::boxed::FnBox<A>>::call_box::hbea525814fa423cc
Dec 01 23:58:05.392 INFO [stdout]                                at libtest/lib.rs:1461
Dec 01 23:58:05.392 INFO [stdout]                                at libcore/ops/function.rs:238
Dec 01 23:58:05.392 INFO [stdout]                                at liballoc/boxed.rs:646
Dec 01 23:58:05.392 INFO [stdout]   14:     0x562fd701fc69 - __rust_maybe_catch_panic
Dec 01 23:58:05.392 INFO [stdout]                                at libpanic_unwind/lib.rs:103
Dec 01 23:58:05.392 INFO [stdout]   15:     0x562fd6ca33ed - std::sys_common::backtrace::__rust_begin_short_backtrace::h0ff507d7422944d3
Dec 01 23:58:05.392 INFO [stdout]                                at libstd/panicking.rs:289
Dec 01 23:58:05.392 INFO [stdout]                                at libstd/panic.rs:392
Dec 01 23:58:05.392 INFO [stdout]                                at libtest/lib.rs:1416
Dec 01 23:58:05.392 INFO [stdout]                                at libstd/sys_common/backtrace.rs:136
Dec 01 23:58:05.392 INFO [stdout]   16:     0x562fd6cbba24 - std::panicking::try::do_call::hba0bdcc3670471cc
Dec 01 23:58:05.392 INFO [stdout]                                at libstd/thread/mod.rs:409
Dec 01 23:58:05.392 INFO [stdout]                                at libstd/panic.rs:313
Dec 01 23:58:05.392 INFO [stdout]                                at libstd/panicking.rs:310
Dec 01 23:58:05.392 INFO [stdout]   17:     0x562fd701fc69 - __rust_maybe_catch_panic
Dec 01 23:58:05.392 INFO [stdout]                                at libpanic_unwind/lib.rs:103
Dec 01 23:58:05.392 INFO [stdout]   18:     0x562fd6cac2f6 - <F as alloc::boxed::FnBox<A>>::call_box::hdac52587b00591af
Dec 01 23:58:05.392 INFO [stdout]                                at libstd/panicking.rs:289
Dec 01 23:58:05.392 INFO [stdout]                                at libstd/panic.rs:392
Dec 01 23:58:05.392 INFO [stdout]                                at libstd/thread/mod.rs:408
Dec 01 23:58:05.392 INFO [stdout]                                at liballoc/boxed.rs:646
Dec 01 23:58:05.392 INFO [stdout]   19:     0x562fd701281a - std::sys_common::thread::start_thread::h75d887c7d2cc4479
Dec 01 23:58:05.392 INFO [stdout]                                at liballoc/boxed.rs:656
Dec 01 23:58:05.392 INFO [stdout]                                at libstd/sys_common/thread.rs:24
Dec 01 23:58:05.392 INFO [stdout]   20:     0x562fd7001f45 - std::sys::unix::thread::Thread::new::thread_start::h8414caee632bf9ed
Dec 01 23:58:05.392 INFO [stdout]                                at libstd/sys/unix/thread.rs:90
Dec 01 23:58:05.392 INFO [stdout]   21:     0x7f69583ee6b9 - start_thread
Dec 01 23:58:05.392 INFO [stdout]   22:     0x7f6957f0e41c - clone
Dec 01 23:58:05.392 INFO [stdout]   23:                0x0 - <unknown>
Dec 01 23:58:05.392 INFO [stdout] 
Dec 01 23:58:05.392 INFO [stdout] 
Dec 01 23:58:05.392 INFO [stdout] failures:
Dec 01 23:58:05.392 INFO [stdout]     tests::test_fetch_chapter
Dec 01 23:58:05.392 INFO [stdout] 
Dec 01 23:58:05.392 INFO [stdout] test result: FAILED. 0 passed; 1 failed; 0 ignored; 0 measured; 0 filtered out
Dec 01 23:58:05.392 INFO [stdout] 
Dec 01 23:58:05.396 INFO [stderr] error: test failed, to rerun pass '--bin bible-search-rs'
Dec 01 23:58:05.398 INFO [stderr] su: No module specific data is present
Dec 01 23:58:06.241 INFO running `"docker" "inspect" "a079bb307fe45bbd9925f4029e952ca43fa12d6e303604ae45f4207b001ee900"`
Dec 01 23:58:06.501 INFO running `"docker" "rm" "-f" "a079bb307fe45bbd9925f4029e952ca43fa12d6e303604ae45f4207b001ee900"`
Dec 01 23:58:06.731 INFO [stdout] a079bb307fe45bbd9925f4029e952ca43fa12d6e303604ae45f4207b001ee900
