Dec 02 00:01:29.776 INFO testing atsushi130/tabelog-searcher against 1.30.1 for beta-1.31-5
Dec 02 00:01:29.776 INFO running `"docker" "create" "-v" "/mnt/big/crater/work/local/target-dirs/beta-1.31-5/worker-7/1.30.1:/target:rw,Z" "-v" "/mnt/big/crater/work/local/test-source/worker-7/beta-1.31-5/1.30.1:/source:ro,Z" "-v" "/mnt/big/crater/work/local/cargo-home:/cargo-home:ro,Z" "-v" "/mnt/big/crater/work/local/rustup-home:/rustup-home:ro,Z" "-e" "USER_ID=1000" "-e" "SOURCE_DIR=/source" "-e" "USER_ID=1000" "-e" "CMD=cargo +1.30.1 build --frozen" "-e" "CARGO_TARGET_DIR=/target" "-e" "CARGO_INCREMENTAL=0" "-e" "RUST_BACKTRACE=full" "-e" "RUSTFLAGS=--cap-lints=warn" "-e" "CARGO_HOME=/cargo-home" "-e" "RUSTUP_HOME=/rustup-home" "-m" "1536M" "--network" "none" "crater"`
Dec 02 00:01:30.196 INFO [stdout] 4bf1baeabb764f228b1564cd05dd7971ef99bd332b7821441edf9a9ded41967a
Dec 02 00:01:30.198 INFO running `"docker" "start" "-a" "4bf1baeabb764f228b1564cd05dd7971ef99bd332b7821441edf9a9ded41967a"`
Dec 02 00:01:30.588 INFO [stderr] usermod: no changes
Dec 02 00:01:30.711 INFO [stderr]    Compiling hyper v0.10.13
Dec 02 00:01:39.600 INFO [stderr]    Compiling hyper-native-tls v0.2.4
Dec 02 00:01:41.805 INFO [stderr]    Compiling tabelog_searcher v0.1.0 (/source)
Dec 02 00:01:44.628 INFO [stderr]     Finished dev [unoptimized + debuginfo] target(s) in 14.02s
Dec 02 00:01:44.635 INFO [stderr] su: No module specific data is present
Dec 02 00:01:44.952 INFO running `"docker" "inspect" "4bf1baeabb764f228b1564cd05dd7971ef99bd332b7821441edf9a9ded41967a"`
Dec 02 00:01:45.073 INFO running `"docker" "rm" "-f" "4bf1baeabb764f228b1564cd05dd7971ef99bd332b7821441edf9a9ded41967a"`
Dec 02 00:01:45.205 INFO [stdout] 4bf1baeabb764f228b1564cd05dd7971ef99bd332b7821441edf9a9ded41967a
Dec 02 00:01:45.206 INFO running `"docker" "create" "-v" "/mnt/big/crater/work/local/target-dirs/beta-1.31-5/worker-7/1.30.1:/target:rw,Z" "-v" "/mnt/big/crater/work/local/test-source/worker-7/beta-1.31-5/1.30.1:/source:ro,Z" "-v" "/mnt/big/crater/work/local/cargo-home:/cargo-home:ro,Z" "-v" "/mnt/big/crater/work/local/rustup-home:/rustup-home:ro,Z" "-e" "USER_ID=1000" "-e" "SOURCE_DIR=/source" "-e" "USER_ID=1000" "-e" "CMD=cargo +1.30.1 test --frozen --no-run" "-e" "CARGO_TARGET_DIR=/target" "-e" "CARGO_INCREMENTAL=0" "-e" "RUST_BACKTRACE=full" "-e" "RUSTFLAGS=--cap-lints=warn" "-e" "CARGO_HOME=/cargo-home" "-e" "RUSTUP_HOME=/rustup-home" "-m" "1536M" "--network" "none" "crater"`
Dec 02 00:01:45.379 INFO [stdout] 4817c2f606edb3b7f4a5db4f34b4732af898228b2e19d20197c7da09711618f5
Dec 02 00:01:45.384 INFO running `"docker" "start" "-a" "4817c2f606edb3b7f4a5db4f34b4732af898228b2e19d20197c7da09711618f5"`
Dec 02 00:01:46.188 INFO [stderr] usermod: no changes
Dec 02 00:01:46.295 INFO [stderr]    Compiling tabelog_searcher v0.1.0 (/source)
Dec 02 00:01:51.234 INFO [stderr]     Finished dev [unoptimized + debuginfo] target(s) in 5.02s
Dec 02 00:01:51.243 INFO [stderr] su: No module specific data is present
Dec 02 00:01:51.584 INFO running `"docker" "inspect" "4817c2f606edb3b7f4a5db4f34b4732af898228b2e19d20197c7da09711618f5"`
Dec 02 00:01:51.813 INFO running `"docker" "rm" "-f" "4817c2f606edb3b7f4a5db4f34b4732af898228b2e19d20197c7da09711618f5"`
Dec 02 00:01:51.975 INFO [stdout] 4817c2f606edb3b7f4a5db4f34b4732af898228b2e19d20197c7da09711618f5
Dec 02 00:01:51.982 INFO running `"docker" "create" "-v" "/mnt/big/crater/work/local/target-dirs/beta-1.31-5/worker-7/1.30.1:/target:rw,Z" "-v" "/mnt/big/crater/work/local/test-source/worker-7/beta-1.31-5/1.30.1:/source:ro,Z" "-v" "/mnt/big/crater/work/local/cargo-home:/cargo-home:ro,Z" "-v" "/mnt/big/crater/work/local/rustup-home:/rustup-home:ro,Z" "-e" "USER_ID=1000" "-e" "SOURCE_DIR=/source" "-e" "USER_ID=1000" "-e" "CMD=cargo +1.30.1 test --frozen" "-e" "CARGO_TARGET_DIR=/target" "-e" "CARGO_INCREMENTAL=0" "-e" "RUST_BACKTRACE=full" "-e" "RUSTFLAGS=--cap-lints=warn" "-e" "CARGO_HOME=/cargo-home" "-e" "RUSTUP_HOME=/rustup-home" "-m" "1536M" "--network" "none" "crater"`
Dec 02 00:01:52.181 INFO [stdout] 6f3d730c40c8d191ba26df6c284e13cd5c6a57fb13a3fcb62dd039cb44eada13
Dec 02 00:01:52.183 INFO running `"docker" "start" "-a" "6f3d730c40c8d191ba26df6c284e13cd5c6a57fb13a3fcb62dd039cb44eada13"`
Dec 02 00:01:52.724 INFO [stderr] usermod: no changes
Dec 02 00:01:52.891 INFO [stderr]     Finished dev [unoptimized + debuginfo] target(s) in 0.13s
Dec 02 00:01:52.899 INFO [stderr]      Running /target/debug/deps/tabelog_searcher-a0eab220ea1e4ba1
Dec 02 00:01:52.899 INFO [stdout] 
Dec 02 00:01:52.899 INFO [stderr]      Running /target/debug/deps/tabelog_searcher-0e5907e274601fd8
Dec 02 00:01:52.899 INFO [stdout] running 0 tests
Dec 02 00:01:52.899 INFO [stdout] 
Dec 02 00:01:52.899 INFO [stdout] test result: ok. 0 passed; 0 failed; 0 ignored; 0 measured; 0 filtered out
Dec 02 00:01:52.899 INFO [stdout] 
Dec 02 00:01:52.903 INFO [stdout] 
Dec 02 00:01:52.903 INFO [stdout] running 1 test
Dec 02 00:01:52.956 INFO [stdout] test tabelog_searcher_tests::test_tabelog_searcher ... FAILED
Dec 02 00:01:52.956 INFO [stdout] 
Dec 02 00:01:52.956 INFO [stdout] failures:
Dec 02 00:01:52.956 INFO [stdout] 
Dec 02 00:01:52.956 INFO [stdout] ---- tabelog_searcher_tests::test_tabelog_searcher stdout ----
Dec 02 00:01:52.956 INFO [stdout] thread 'tabelog_searcher_tests::test_tabelog_searcher' panicked at 'called `Result::unwrap()` on an `Err` value: Io(Custom { kind: Other, error: StringError("failed to lookup address information: Temporary failure in name resolution") })', libcore/result.rs:1009:5
Dec 02 00:01:52.956 INFO [stdout] stack backtrace:
Dec 02 00:01:52.956 INFO [stdout]    0:     0x5593cd91d53e - std::sys::unix::backtrace::tracing::imp::unwind_backtrace::h15749a98198ba25f
Dec 02 00:01:52.956 INFO [stdout]                                at libstd/sys/unix/backtrace/tracing/gcc_s.rs:49
Dec 02 00:01:52.956 INFO [stdout]    1:     0x5593cd90f8e6 - std::sys_common::backtrace::print::h0ba65c811294dbf0
Dec 02 00:01:52.956 INFO [stdout]                                at libstd/sys_common/backtrace.rs:71
Dec 02 00:01:52.956 INFO [stdout]                                at libstd/sys_common/backtrace.rs:59
Dec 02 00:01:52.956 INFO [stdout]    2:     0x5593cd90dc4d - std::panicking::default_hook::{{closure}}::h42bb31757f0fee64
Dec 02 00:01:52.956 INFO [stdout]                                at libstd/panicking.rs:211
Dec 02 00:01:52.956 INFO [stdout]    3:     0x5593cd90d95b - std::panicking::default_hook::hebc8848d7aa7dbd9
Dec 02 00:01:52.956 INFO [stdout]                                at libstd/panicking.rs:221
Dec 02 00:01:52.956 INFO [stdout]    4:     0x5593cd90e2fc - std::panicking::rust_panic_with_hook::h86e619a638415243
Dec 02 00:01:52.956 INFO [stdout]                                at libstd/panicking.rs:477
Dec 02 00:01:52.956 INFO [stdout]    5:     0x5593cd90deb9 - std::panicking::continue_panic_fmt::h2d2d2bfb065a70b2
Dec 02 00:01:52.956 INFO [stdout]                                at libstd/panicking.rs:391
Dec 02 00:01:52.956 INFO [stdout]    6:     0x5593cd90ddb5 - rust_begin_unwind
Dec 02 00:01:52.956 INFO [stdout]                                at libstd/panicking.rs:326
Dec 02 00:01:52.956 INFO [stdout]    7:     0x5593cd95d0eb - core::panicking::panic_fmt::h2155aa66b67fe83c
Dec 02 00:01:52.956 INFO [stdout]                                at libcore/panicking.rs:77
Dec 02 00:01:52.956 INFO [stdout]    8:     0x5593cd76e783 - core::result::unwrap_failed::hc38511e779e16665
Dec 02 00:01:52.957 INFO [stdout]                                at libcore/macros.rs:26
Dec 02 00:01:52.957 INFO [stdout]    9:     0x5593cd70219f - <core::result::Result<T, E>>::unwrap::h2bf70524ea3e52fe
Dec 02 00:01:52.957 INFO [stdout]                                at libcore/result.rs:808
Dec 02 00:01:52.957 INFO [stdout]   10:     0x5593cd704d1d - tabelog_searcher::tabelog::tabelog_source::TabelogSource::get_source::h9aebbc8a7109637c
Dec 02 00:01:52.957 INFO [stdout]                                at src/tabelog/tabelog_source.rs:25
Dec 02 00:01:52.957 INFO [stdout]   11:     0x5593cd6fde17 - tabelog_searcher::tabelog::tabelog_client::TabelogClient::search::h52710cea9d30fbf1
Dec 02 00:01:52.957 INFO [stdout]                                at src/tabelog/tabelog_client.rs:17
Dec 02 00:01:52.957 INFO [stdout]   12:     0x5593cd6bcf49 - tabelog_searcher::tabelog_searcher_tests::test_tabelog_searcher::h093d0063d088b0d4
Dec 02 00:01:52.957 INFO [stdout]                                at tests/tabelog_searcher.rs:18
Dec 02 00:01:52.957 INFO [stdout]   13:     0x5593cd6bcec9 - tabelog_searcher::tabelog_searcher_tests::test_tabelog_searcher::{{closure}}::h8d092b66727af11a
Dec 02 00:01:52.957 INFO [stdout]                                at tests/tabelog_searcher.rs:16
Dec 02 00:01:52.957 INFO [stdout]   14:     0x5593cd6bc53d - core::ops::function::FnOnce::call_once::h87b17844ad0ad048
Dec 02 00:01:52.957 INFO [stdout]                                at libcore/ops/function.rs:238
Dec 02 00:01:52.957 INFO [stdout]   15:     0x5593cd6bf50e - <F as alloc::boxed::FnBox<A>>::call_box::hbea525814fa423cc
Dec 02 00:01:52.957 INFO [stdout]                                at libtest/lib.rs:1461
Dec 02 00:01:52.957 INFO [stdout]                                at libcore/ops/function.rs:238
Dec 02 00:01:52.957 INFO [stdout]                                at liballoc/boxed.rs:646
Dec 02 00:01:52.957 INFO [stdout]   16:     0x5593cd92c4c9 - __rust_maybe_catch_panic
Dec 02 00:01:52.957 INFO [stdout]                                at libpanic_unwind/lib.rs:103
Dec 02 00:01:52.957 INFO [stdout]   17:     0x5593cd6cae6d - std::sys_common::backtrace::__rust_begin_short_backtrace::h0ff507d7422944d3
Dec 02 00:01:52.957 INFO [stdout]                                at libstd/panicking.rs:289
Dec 02 00:01:52.957 INFO [stdout]                                at libstd/panic.rs:392
Dec 02 00:01:52.957 INFO [stdout]                                at libtest/lib.rs:1416
Dec 02 00:01:52.957 INFO [stdout]                                at libstd/sys_common/backtrace.rs:136
Dec 02 00:01:52.957 INFO [stdout]   18:     0x5593cd6e34a4 - std::panicking::try::do_call::hba0bdcc3670471cc
Dec 02 00:01:52.957 INFO [stdout]                                at libstd/thread/mod.rs:409
Dec 02 00:01:52.957 INFO [stdout]                                at libstd/panic.rs:313
Dec 02 00:01:52.957 INFO [stdout]                                at libstd/panicking.rs:310
Dec 02 00:01:52.957 INFO [stdout]   19:     0x5593cd92c4c9 - __rust_maybe_catch_panic
Dec 02 00:01:52.957 INFO [stdout]                                at libpanic_unwind/lib.rs:103
Dec 02 00:01:52.957 INFO [stdout]   20:     0x5593cd6d3d76 - <F as alloc::boxed::FnBox<A>>::call_box::hdac52587b00591af
Dec 02 00:01:52.957 INFO [stdout]                                at libstd/panicking.rs:289
Dec 02 00:01:52.957 INFO [stdout]                                at libstd/panic.rs:392
Dec 02 00:01:52.957 INFO [stdout]                                at libstd/thread/mod.rs:408
Dec 02 00:01:52.957 INFO [stdout]                                at liballoc/boxed.rs:646
Dec 02 00:01:52.957 INFO [stdout]   21:     0x5593cd91f07a - std::sys_common::thread::start_thread::h75d887c7d2cc4479
Dec 02 00:01:52.957 INFO [stdout]                                at liballoc/boxed.rs:656
Dec 02 00:01:52.957 INFO [stdout]                                at libstd/sys_common/thread.rs:24
Dec 02 00:01:52.957 INFO [stdout]   22:     0x5593cd90eb25 - std::sys::unix::thread::Thread::new::thread_start::h8414caee632bf9ed
Dec 02 00:01:52.957 INFO [stdout]                                at libstd/sys/unix/thread.rs:90
Dec 02 00:01:52.957 INFO [stdout]   23:     0x7f8f476a16b9 - start_thread
Dec 02 00:01:52.957 INFO [stdout]   24:     0x7f8f471c141c - clone
Dec 02 00:01:52.957 INFO [stdout]   25:                0x0 - <unknown>
Dec 02 00:01:52.957 INFO [stdout] 
Dec 02 00:01:52.957 INFO [stdout] 
Dec 02 00:01:52.957 INFO [stdout] failures:
Dec 02 00:01:52.957 INFO [stdout]     tabelog_searcher_tests::test_tabelog_searcher
Dec 02 00:01:52.957 INFO [stdout] 
Dec 02 00:01:52.957 INFO [stdout] test result: FAILED. 0 passed; 1 failed; 0 ignored; 0 measured; 0 filtered out
Dec 02 00:01:52.957 INFO [stdout] 
Dec 02 00:01:52.960 INFO [stderr] error: test failed, to rerun pass '--test tabelog_searcher'
Dec 02 00:01:52.961 INFO [stderr] su: No module specific data is present
Dec 02 00:01:53.421 INFO running `"docker" "inspect" "6f3d730c40c8d191ba26df6c284e13cd5c6a57fb13a3fcb62dd039cb44eada13"`
Dec 02 00:01:53.593 INFO running `"docker" "rm" "-f" "6f3d730c40c8d191ba26df6c284e13cd5c6a57fb13a3fcb62dd039cb44eada13"`
Dec 02 00:01:53.837 INFO [stdout] 6f3d730c40c8d191ba26df6c284e13cd5c6a57fb13a3fcb62dd039cb44eada13
