Dec 02 00:16:57.544 INFO testing arrrght/dns-test against 1.30.1 for beta-1.31-5
Dec 02 00:16:57.544 INFO running `"docker" "create" "-v" "/mnt/big/crater/work/local/target-dirs/beta-1.31-5/worker-1/1.30.1:/target:rw,Z" "-v" "/mnt/big/crater/work/local/test-source/worker-1/beta-1.31-5/1.30.1:/source:ro,Z" "-v" "/mnt/big/crater/work/local/cargo-home:/cargo-home:ro,Z" "-v" "/mnt/big/crater/work/local/rustup-home:/rustup-home:ro,Z" "-e" "USER_ID=1000" "-e" "SOURCE_DIR=/source" "-e" "USER_ID=1000" "-e" "CMD=cargo +1.30.1 build --frozen" "-e" "CARGO_TARGET_DIR=/target" "-e" "CARGO_INCREMENTAL=0" "-e" "RUST_BACKTRACE=full" "-e" "RUSTFLAGS=--cap-lints=warn" "-e" "CARGO_HOME=/cargo-home" "-e" "RUSTUP_HOME=/rustup-home" "-m" "1536M" "--network" "none" "crater"`
Dec 02 00:16:57.712 INFO [stdout] b5c0eaf143fabef9796c8f6f560d6cb76f34c603916a8723e4f9670a5d55c1e4
Dec 02 00:16:57.716 INFO running `"docker" "start" "-a" "b5c0eaf143fabef9796c8f6f560d6cb76f34c603916a8723e4f9670a5d55c1e4"`
Dec 02 00:16:58.183 INFO [stderr] usermod: no changes
Dec 02 00:16:58.321 INFO [stderr]    Compiling dns-parser v0.8.0
Dec 02 00:16:58.324 INFO [stderr]    Compiling tokio-io v0.1.10
Dec 02 00:16:58.324 INFO [stderr]    Compiling parking_lot_core v0.3.1
Dec 02 00:17:01.195 INFO [stderr]    Compiling tokio-codec v0.1.1
Dec 02 00:17:01.195 INFO [stderr]    Compiling tokio-fs v0.1.4
Dec 02 00:17:01.619 INFO [stderr]    Compiling parking_lot v0.6.4
Dec 02 00:17:04.063 INFO [stderr]    Compiling tokio-reactor v0.1.6
Dec 02 00:17:07.103 INFO [stderr]    Compiling tokio-udp v0.1.2
Dec 02 00:17:07.104 INFO [stderr]    Compiling tokio-tcp v0.1.2
Dec 02 00:17:07.104 INFO [stderr]    Compiling tokio-uds v0.2.3
Dec 02 00:17:10.182 INFO [stderr]    Compiling tokio v0.1.11
Dec 02 00:17:12.785 INFO [stderr]    Compiling dns-test v0.1.0 (/source)
Dec 02 00:17:14.802 INFO [stderr] warning: struct is never constructed: `PB`
Dec 02 00:17:14.802 INFO [stderr]  --> src/pb.rs:8:1
Dec 02 00:17:14.802 INFO [stderr]   |
Dec 02 00:17:14.802 INFO [stderr] 8 | pub struct PB;
Dec 02 00:17:14.802 INFO [stderr]   | ^^^^^^^^^^^^^^
Dec 02 00:17:14.802 INFO [stderr]   |
Dec 02 00:17:14.802 INFO [stderr]   = note: #[warn(dead_code)] on by default
Dec 02 00:17:14.802 INFO [stderr] 
Dec 02 00:17:15.870 INFO [stderr]     Finished dev [unoptimized + debuginfo] target(s) in 17.66s
Dec 02 00:17:15.879 INFO [stderr] su: No module specific data is present
Dec 02 00:17:16.121 INFO running `"docker" "inspect" "b5c0eaf143fabef9796c8f6f560d6cb76f34c603916a8723e4f9670a5d55c1e4"`
Dec 02 00:17:16.215 INFO running `"docker" "rm" "-f" "b5c0eaf143fabef9796c8f6f560d6cb76f34c603916a8723e4f9670a5d55c1e4"`
Dec 02 00:17:16.310 INFO [stdout] b5c0eaf143fabef9796c8f6f560d6cb76f34c603916a8723e4f9670a5d55c1e4
Dec 02 00:17:16.312 INFO running `"docker" "create" "-v" "/mnt/big/crater/work/local/target-dirs/beta-1.31-5/worker-1/1.30.1:/target:rw,Z" "-v" "/mnt/big/crater/work/local/test-source/worker-1/beta-1.31-5/1.30.1:/source:ro,Z" "-v" "/mnt/big/crater/work/local/cargo-home:/cargo-home:ro,Z" "-v" "/mnt/big/crater/work/local/rustup-home:/rustup-home:ro,Z" "-e" "USER_ID=1000" "-e" "SOURCE_DIR=/source" "-e" "USER_ID=1000" "-e" "CMD=cargo +1.30.1 test --frozen --no-run" "-e" "CARGO_TARGET_DIR=/target" "-e" "CARGO_INCREMENTAL=0" "-e" "RUST_BACKTRACE=full" "-e" "RUSTFLAGS=--cap-lints=warn" "-e" "CARGO_HOME=/cargo-home" "-e" "RUSTUP_HOME=/rustup-home" "-m" "1536M" "--network" "none" "crater"`
Dec 02 00:17:16.462 INFO [stdout] 68ddab23e894b01b9340fb04cb66c733d36f93ee8137fdcb197a8e23f70df013
Dec 02 00:17:16.468 INFO running `"docker" "start" "-a" "68ddab23e894b01b9340fb04cb66c733d36f93ee8137fdcb197a8e23f70df013"`
Dec 02 00:17:16.851 INFO [stderr] usermod: no changes
Dec 02 00:17:16.969 INFO [stderr]    Compiling dns-test v0.1.0 (/source)
Dec 02 00:17:19.591 INFO [stderr] warning: struct is never constructed: `PB`
Dec 02 00:17:19.591 INFO [stderr]  --> src/pb.rs:8:1
Dec 02 00:17:19.591 INFO [stderr]   |
Dec 02 00:17:19.591 INFO [stderr] 8 | pub struct PB;
Dec 02 00:17:19.591 INFO [stderr]   | ^^^^^^^^^^^^^^
Dec 02 00:17:19.591 INFO [stderr]   |
Dec 02 00:17:19.591 INFO [stderr]   = note: #[warn(dead_code)] on by default
Dec 02 00:17:19.591 INFO [stderr] 
Dec 02 00:17:20.834 INFO [stderr]     Finished dev [unoptimized + debuginfo] target(s) in 3.94s
Dec 02 00:17:20.840 INFO [stderr] su: No module specific data is present
Dec 02 00:17:21.512 INFO running `"docker" "inspect" "68ddab23e894b01b9340fb04cb66c733d36f93ee8137fdcb197a8e23f70df013"`
Dec 02 00:17:21.789 INFO running `"docker" "rm" "-f" "68ddab23e894b01b9340fb04cb66c733d36f93ee8137fdcb197a8e23f70df013"`
Dec 02 00:17:22.197 INFO [stdout] 68ddab23e894b01b9340fb04cb66c733d36f93ee8137fdcb197a8e23f70df013
Dec 02 00:17:22.201 INFO running `"docker" "create" "-v" "/mnt/big/crater/work/local/target-dirs/beta-1.31-5/worker-1/1.30.1:/target:rw,Z" "-v" "/mnt/big/crater/work/local/test-source/worker-1/beta-1.31-5/1.30.1:/source:ro,Z" "-v" "/mnt/big/crater/work/local/cargo-home:/cargo-home:ro,Z" "-v" "/mnt/big/crater/work/local/rustup-home:/rustup-home:ro,Z" "-e" "USER_ID=1000" "-e" "SOURCE_DIR=/source" "-e" "USER_ID=1000" "-e" "CMD=cargo +1.30.1 test --frozen" "-e" "CARGO_TARGET_DIR=/target" "-e" "CARGO_INCREMENTAL=0" "-e" "RUST_BACKTRACE=full" "-e" "RUSTFLAGS=--cap-lints=warn" "-e" "CARGO_HOME=/cargo-home" "-e" "RUSTUP_HOME=/rustup-home" "-m" "1536M" "--network" "none" "crater"`
Dec 02 00:17:22.631 INFO [stdout] b3001191ef53771c5068a5baa0e40beb73fccf7d7e7cab38f873a6af3161c07f
Dec 02 00:17:22.633 INFO running `"docker" "start" "-a" "b3001191ef53771c5068a5baa0e40beb73fccf7d7e7cab38f873a6af3161c07f"`
Dec 02 00:17:24.108 INFO [stderr] usermod: no changes
Dec 02 00:17:24.227 INFO [stderr]     Finished dev [unoptimized + debuginfo] target(s) in 0.08s
Dec 02 00:17:24.241 INFO [stderr]      Running /target/debug/deps/dns_test-65e9b25f7b08da8b
Dec 02 00:17:24.256 INFO [stdout] 
Dec 02 00:17:24.256 INFO [stdout] running 1 test
Dec 02 00:17:24.312 INFO [stdout] test tests::prs2_test ... FAILED
Dec 02 00:17:24.312 INFO [stdout] 
Dec 02 00:17:24.312 INFO [stdout] failures:
Dec 02 00:17:24.312 INFO [stdout] 
Dec 02 00:17:24.312 INFO [stdout] ---- tests::prs2_test stdout ----
Dec 02 00:17:24.312 INFO [stdout] thread 'tests::prs2_test' panicked at 'assertion failed: `(left == right)`
Dec 02 00:17:24.312 INFO [stdout]   left: `false`,
Dec 02 00:17:24.312 INFO [stdout]  right: `true`', src/main.rs:124:9
Dec 02 00:17:24.312 INFO [stdout] stack backtrace:
Dec 02 00:17:24.312 INFO [stdout]    0:     0x561acadd07de - std::sys::unix::backtrace::tracing::imp::unwind_backtrace::h15749a98198ba25f
Dec 02 00:17:24.312 INFO [stdout]                                at libstd/sys/unix/backtrace/tracing/gcc_s.rs:49
Dec 02 00:17:24.312 INFO [stdout]    1:     0x561acadc2f06 - std::sys_common::backtrace::print::h0ba65c811294dbf0
Dec 02 00:17:24.312 INFO [stdout]                                at libstd/sys_common/backtrace.rs:71
Dec 02 00:17:24.312 INFO [stdout]                                at libstd/sys_common/backtrace.rs:59
Dec 02 00:17:24.312 INFO [stdout]    2:     0x561acadc132d - std::panicking::default_hook::{{closure}}::h42bb31757f0fee64
Dec 02 00:17:24.312 INFO [stdout]                                at libstd/panicking.rs:211
Dec 02 00:17:24.312 INFO [stdout]    3:     0x561acadc103b - std::panicking::default_hook::hebc8848d7aa7dbd9
Dec 02 00:17:24.312 INFO [stdout]                                at libstd/panicking.rs:221
Dec 02 00:17:24.312 INFO [stdout]    4:     0x561acadc19dc - std::panicking::rust_panic_with_hook::h86e619a638415243
Dec 02 00:17:24.312 INFO [stdout]                                at libstd/panicking.rs:477
Dec 02 00:17:24.312 INFO [stdout]    5:     0x561acadc1599 - std::panicking::continue_panic_fmt::h2d2d2bfb065a70b2
Dec 02 00:17:24.312 INFO [stdout]                                at libstd/panicking.rs:391
Dec 02 00:17:24.312 INFO [stdout]    6:     0x561acadc14fd - std::panicking::begin_panic_fmt::ha5097e2056ef3d5a
Dec 02 00:17:24.312 INFO [stdout]                                at libstd/panicking.rs:346
Dec 02 00:17:24.312 INFO [stdout]    7:     0x561acad6e56c - dns_test::tests::prs2_test::h13863692fa4f4612
Dec 02 00:17:24.312 INFO [stdout]                                at src/main.rs:124
Dec 02 00:17:24.312 INFO [stdout]    8:     0x561acad6d3c9 - dns_test::tests::prs2_test::{{closure}}::hc42f430b1219c35f
Dec 02 00:17:24.312 INFO [stdout]                                at src/main.rs:100
Dec 02 00:17:24.312 INFO [stdout]    9:     0x561acad7049d - core::ops::function::FnOnce::call_once::hff2fa54d7ae45189
Dec 02 00:17:24.312 INFO [stdout]                                at libcore/ops/function.rs:238
Dec 02 00:17:24.312 INFO [stdout]   10:     0x561acad7747e - <F as alloc::boxed::FnBox<A>>::call_box::hbea525814fa423cc
Dec 02 00:17:24.312 INFO [stdout]                                at libtest/lib.rs:1461
Dec 02 00:17:24.312 INFO [stdout]                                at libcore/ops/function.rs:238
Dec 02 00:17:24.312 INFO [stdout]                                at liballoc/boxed.rs:646
Dec 02 00:17:24.312 INFO [stdout]   11:     0x561acaddf6c9 - __rust_maybe_catch_panic
Dec 02 00:17:24.312 INFO [stdout]                                at libpanic_unwind/lib.rs:103
Dec 02 00:17:24.312 INFO [stdout]   12:     0x561acad82ddd - std::sys_common::backtrace::__rust_begin_short_backtrace::h0ff507d7422944d3
Dec 02 00:17:24.312 INFO [stdout]                                at libstd/panicking.rs:289
Dec 02 00:17:24.313 INFO [stdout]                                at libstd/panic.rs:392
Dec 02 00:17:24.313 INFO [stdout]                                at libtest/lib.rs:1416
Dec 02 00:17:24.313 INFO [stdout]                                at libstd/sys_common/backtrace.rs:136
Dec 02 00:17:24.313 INFO [stdout]   13:     0x561acad9b414 - std::panicking::try::do_call::hba0bdcc3670471cc
Dec 02 00:17:24.313 INFO [stdout]                                at libstd/thread/mod.rs:409
Dec 02 00:17:24.313 INFO [stdout]                                at libstd/panic.rs:313
Dec 02 00:17:24.313 INFO [stdout]                                at libstd/panicking.rs:310
Dec 02 00:17:24.313 INFO [stdout]   14:     0x561acaddf6c9 - __rust_maybe_catch_panic
Dec 02 00:17:24.313 INFO [stdout]                                at libpanic_unwind/lib.rs:103
Dec 02 00:17:24.313 INFO [stdout]   15:     0x561acad8bce6 - <F as alloc::boxed::FnBox<A>>::call_box::hdac52587b00591af
Dec 02 00:17:24.313 INFO [stdout]                                at libstd/panicking.rs:289
Dec 02 00:17:24.313 INFO [stdout]                                at libstd/panic.rs:392
Dec 02 00:17:24.313 INFO [stdout]                                at libstd/thread/mod.rs:408
Dec 02 00:17:24.313 INFO [stdout]                                at liballoc/boxed.rs:646
Dec 02 00:17:24.313 INFO [stdout]   16:     0x561acadd227a - std::sys_common::thread::start_thread::h75d887c7d2cc4479
Dec 02 00:17:24.313 INFO [stdout]                                at liballoc/boxed.rs:656
Dec 02 00:17:24.313 INFO [stdout]                                at libstd/sys_common/thread.rs:24
Dec 02 00:17:24.313 INFO [stdout]   17:     0x561acadc2145 - std::sys::unix::thread::Thread::new::thread_start::h8414caee632bf9ed
Dec 02 00:17:24.313 INFO [stdout]                                at libstd/sys/unix/thread.rs:90
Dec 02 00:17:24.313 INFO [stdout]   18:     0x7f384e8826b9 - start_thread
Dec 02 00:17:24.313 INFO [stdout]   19:     0x7f384e3a241c - clone
Dec 02 00:17:24.313 INFO [stdout]   20:                0x0 - <unknown>
Dec 02 00:17:24.313 INFO [stdout] 
Dec 02 00:17:24.313 INFO [stdout] 
Dec 02 00:17:24.313 INFO [stdout] failures:
Dec 02 00:17:24.313 INFO [stdout]     tests::prs2_test
Dec 02 00:17:24.313 INFO [stdout] 
Dec 02 00:17:24.313 INFO [stdout] test result: FAILED. 0 passed; 1 failed; 0 ignored; 0 measured; 0 filtered out
Dec 02 00:17:24.313 INFO [stdout] 
Dec 02 00:17:24.315 INFO [stderr] error: test failed, to rerun pass '--bin dns-test'
Dec 02 00:17:24.315 INFO [stderr] su: No module specific data is present
Dec 02 00:17:25.095 INFO running `"docker" "inspect" "b3001191ef53771c5068a5baa0e40beb73fccf7d7e7cab38f873a6af3161c07f"`
Dec 02 00:17:25.499 INFO running `"docker" "rm" "-f" "b3001191ef53771c5068a5baa0e40beb73fccf7d7e7cab38f873a6af3161c07f"`
Dec 02 00:17:25.867 INFO [stdout] b3001191ef53771c5068a5baa0e40beb73fccf7d7e7cab38f873a6af3161c07f
