Dec 02 00:28:00.754 INFO testing apolitical/kubernetes-secret-maker against 1.30.1 for beta-1.31-5
Dec 02 00:28:00.754 INFO running `"docker" "create" "-v" "/mnt/big/crater/work/local/target-dirs/beta-1.31-5/worker-6/1.30.1:/target:rw,Z" "-v" "/mnt/big/crater/work/local/test-source/worker-6/beta-1.31-5/1.30.1:/source:ro,Z" "-v" "/mnt/big/crater/work/local/cargo-home:/cargo-home:ro,Z" "-v" "/mnt/big/crater/work/local/rustup-home:/rustup-home:ro,Z" "-e" "USER_ID=1000" "-e" "SOURCE_DIR=/source" "-e" "USER_ID=1000" "-e" "CMD=cargo +1.30.1 build --frozen" "-e" "CARGO_TARGET_DIR=/target" "-e" "CARGO_INCREMENTAL=0" "-e" "RUST_BACKTRACE=full" "-e" "RUSTFLAGS=--cap-lints=warn" "-e" "CARGO_HOME=/cargo-home" "-e" "RUSTUP_HOME=/rustup-home" "-m" "1536M" "--network" "none" "crater"`
Dec 02 00:28:01.079 INFO [stdout] 7ba89ccdb2401134372807be0b72bb139fe99392792ef8920535c9a05f4d19ec
Dec 02 00:28:01.081 INFO running `"docker" "start" "-a" "7ba89ccdb2401134372807be0b72bb139fe99392792ef8920535c9a05f4d19ec"`
Dec 02 00:28:02.364 INFO [stderr] usermod: no changes
Dec 02 00:28:02.507 INFO [stderr]    Compiling yaml-rust v0.4.2
Dec 02 00:28:02.507 INFO [stderr]    Compiling syn v0.15.18
Dec 02 00:28:07.583 INFO [stderr]    Compiling serde_yaml v0.8.7
Dec 02 00:28:20.147 INFO [stderr]    Compiling serde_derive v1.0.80
Dec 02 00:28:37.562 INFO [stderr]    Compiling kubesm v1.1.0 (/source)
Dec 02 00:28:39.905 INFO [stderr]     Finished dev [unoptimized + debuginfo] target(s) in 37.49s
Dec 02 00:28:39.917 INFO [stderr] su: No module specific data is present
Dec 02 00:28:40.567 INFO running `"docker" "inspect" "7ba89ccdb2401134372807be0b72bb139fe99392792ef8920535c9a05f4d19ec"`
Dec 02 00:28:40.841 INFO running `"docker" "rm" "-f" "7ba89ccdb2401134372807be0b72bb139fe99392792ef8920535c9a05f4d19ec"`
Dec 02 00:28:41.043 INFO [stdout] 7ba89ccdb2401134372807be0b72bb139fe99392792ef8920535c9a05f4d19ec
Dec 02 00:28:41.051 INFO running `"docker" "create" "-v" "/mnt/big/crater/work/local/target-dirs/beta-1.31-5/worker-6/1.30.1:/target:rw,Z" "-v" "/mnt/big/crater/work/local/test-source/worker-6/beta-1.31-5/1.30.1:/source:ro,Z" "-v" "/mnt/big/crater/work/local/cargo-home:/cargo-home:ro,Z" "-v" "/mnt/big/crater/work/local/rustup-home:/rustup-home:ro,Z" "-e" "USER_ID=1000" "-e" "SOURCE_DIR=/source" "-e" "USER_ID=1000" "-e" "CMD=cargo +1.30.1 test --frozen --no-run" "-e" "CARGO_TARGET_DIR=/target" "-e" "CARGO_INCREMENTAL=0" "-e" "RUST_BACKTRACE=full" "-e" "RUSTFLAGS=--cap-lints=warn" "-e" "CARGO_HOME=/cargo-home" "-e" "RUSTUP_HOME=/rustup-home" "-m" "1536M" "--network" "none" "crater"`
Dec 02 00:28:41.492 INFO [stdout] 43f9142ea62bb61a1c4fb32eaab5a6467edf1e16bea22e2ff1701d20e85a7c10
Dec 02 00:28:41.494 INFO running `"docker" "start" "-a" "43f9142ea62bb61a1c4fb32eaab5a6467edf1e16bea22e2ff1701d20e85a7c10"`
Dec 02 00:28:43.209 INFO [stderr] usermod: no changes
Dec 02 00:28:43.319 INFO [stderr]    Compiling kubesm v1.1.0 (/source)
Dec 02 00:28:45.438 INFO [stderr]     Finished dev [unoptimized + debuginfo] target(s) in 2.19s
Dec 02 00:28:45.442 INFO [stderr] su: No module specific data is present
Dec 02 00:28:46.133 INFO running `"docker" "inspect" "43f9142ea62bb61a1c4fb32eaab5a6467edf1e16bea22e2ff1701d20e85a7c10"`
Dec 02 00:28:46.409 INFO running `"docker" "rm" "-f" "43f9142ea62bb61a1c4fb32eaab5a6467edf1e16bea22e2ff1701d20e85a7c10"`
Dec 02 00:28:46.654 INFO [stdout] 43f9142ea62bb61a1c4fb32eaab5a6467edf1e16bea22e2ff1701d20e85a7c10
Dec 02 00:28:46.661 INFO running `"docker" "create" "-v" "/mnt/big/crater/work/local/target-dirs/beta-1.31-5/worker-6/1.30.1:/target:rw,Z" "-v" "/mnt/big/crater/work/local/test-source/worker-6/beta-1.31-5/1.30.1:/source:ro,Z" "-v" "/mnt/big/crater/work/local/cargo-home:/cargo-home:ro,Z" "-v" "/mnt/big/crater/work/local/rustup-home:/rustup-home:ro,Z" "-e" "USER_ID=1000" "-e" "SOURCE_DIR=/source" "-e" "USER_ID=1000" "-e" "CMD=cargo +1.30.1 test --frozen" "-e" "CARGO_TARGET_DIR=/target" "-e" "CARGO_INCREMENTAL=0" "-e" "RUST_BACKTRACE=full" "-e" "RUSTFLAGS=--cap-lints=warn" "-e" "CARGO_HOME=/cargo-home" "-e" "RUSTUP_HOME=/rustup-home" "-m" "1536M" "--network" "none" "crater"`
Dec 02 00:28:47.081 INFO [stdout] 580e3be8603602bc9967c83c036bc7787973116bfe1f3cecd289aaa982ee2fe5
Dec 02 00:28:47.083 INFO running `"docker" "start" "-a" "580e3be8603602bc9967c83c036bc7787973116bfe1f3cecd289aaa982ee2fe5"`
Dec 02 00:28:48.258 INFO [stderr] usermod: no changes
Dec 02 00:28:48.371 INFO [stderr]     Finished dev [unoptimized + debuginfo] target(s) in 0.08s
Dec 02 00:28:48.371 INFO [stderr]      Running /target/debug/deps/kubesm-46232d3b540e24ca
Dec 02 00:28:48.378 INFO [stdout] 
Dec 02 00:28:48.379 INFO [stdout] running 1 test
Dec 02 00:28:48.418 INFO [stdout] test secret::tests::e2e ... FAILED
Dec 02 00:28:48.419 INFO [stdout] 
Dec 02 00:28:48.419 INFO [stdout] failures:
Dec 02 00:28:48.419 INFO [stdout] 
Dec 02 00:28:48.419 INFO [stdout] ---- secret::tests::e2e stdout ----
Dec 02 00:28:48.419 INFO [stdout] thread 'secret::tests::e2e' panicked at 'assertion failed: `(left == right)`
Dec 02 00:28:48.419 INFO [stdout]   left: `"---\napiVersion: v1\nkind: Secret\nmetadata:\n  name: \"test-name\"\n  namespace: ~\ntype: Opaque\ndata:\n  THIS_SHOULD_APPEAR: d2lu"`,
Dec 02 00:28:48.419 INFO [stdout]  right: `"---\napiVersion: v1\nkind: Secret\nmetadata:\n  name: test-name\n  namespace: ~\ntype: Opaque\ndata:\n  THIS_SHOULD_APPEAR: d2lu"`', src/secret/mod.rs:76:9
Dec 02 00:28:48.419 INFO [stdout] stack backtrace:
Dec 02 00:28:48.419 INFO [stdout]    0:     0x555b51ed3c8e - std::sys::unix::backtrace::tracing::imp::unwind_backtrace::h15749a98198ba25f
Dec 02 00:28:48.419 INFO [stdout]                                at libstd/sys/unix/backtrace/tracing/gcc_s.rs:49
Dec 02 00:28:48.419 INFO [stdout]    1:     0x555b51ec7016 - std::sys_common::backtrace::print::h0ba65c811294dbf0
Dec 02 00:28:48.419 INFO [stdout]                                at libstd/sys_common/backtrace.rs:71
Dec 02 00:28:48.419 INFO [stdout]                                at libstd/sys_common/backtrace.rs:59
Dec 02 00:28:48.419 INFO [stdout]    2:     0x555b51ec543d - std::panicking::default_hook::{{closure}}::h42bb31757f0fee64
Dec 02 00:28:48.419 INFO [stdout]                                at libstd/panicking.rs:211
Dec 02 00:28:48.419 INFO [stdout]    3:     0x555b51ec514b - std::panicking::default_hook::hebc8848d7aa7dbd9
Dec 02 00:28:48.419 INFO [stdout]                                at libstd/panicking.rs:221
Dec 02 00:28:48.419 INFO [stdout]    4:     0x555b51ec5aec - std::panicking::rust_panic_with_hook::h86e619a638415243
Dec 02 00:28:48.419 INFO [stdout]                                at libstd/panicking.rs:477
Dec 02 00:28:48.419 INFO [stdout]    5:     0x555b51ec56a9 - std::panicking::continue_panic_fmt::h2d2d2bfb065a70b2
Dec 02 00:28:48.419 INFO [stdout]                                at libstd/panicking.rs:391
Dec 02 00:28:48.419 INFO [stdout]    6:     0x555b51ec560d - std::panicking::begin_panic_fmt::ha5097e2056ef3d5a
Dec 02 00:28:48.419 INFO [stdout]                                at libstd/panicking.rs:346
Dec 02 00:28:48.419 INFO [stdout]    7:     0x555b51e4fbd0 - kubesm::secret::tests::e2e::h4dfeba2b62adde9c
Dec 02 00:28:48.419 INFO [stdout]                                at src/secret/mod.rs:76
Dec 02 00:28:48.419 INFO [stdout]    8:     0x555b51e4f6a9 - kubesm::secret::tests::e2e::{{closure}}::h36b08b659b159189
Dec 02 00:28:48.419 INFO [stdout]                                at src/secret/mod.rs:57
Dec 02 00:28:48.419 INFO [stdout]    9:     0x555b51e5763d - core::ops::function::FnOnce::call_once::h70d76728560daa28
Dec 02 00:28:48.419 INFO [stdout]                                at libcore/ops/function.rs:238
Dec 02 00:28:48.419 INFO [stdout]   10:     0x555b51e5a93e - <F as alloc::boxed::FnBox<A>>::call_box::hbea525814fa423cc
Dec 02 00:28:48.419 INFO [stdout]                                at libtest/lib.rs:1461
Dec 02 00:28:48.419 INFO [stdout]                                at libcore/ops/function.rs:238
Dec 02 00:28:48.419 INFO [stdout]                                at liballoc/boxed.rs:646
Dec 02 00:28:48.419 INFO [stdout]   11:     0x555b51ee2af9 - __rust_maybe_catch_panic
Dec 02 00:28:48.419 INFO [stdout]                                at libpanic_unwind/lib.rs:103
Dec 02 00:28:48.419 INFO [stdout]   12:     0x555b51e6629d - std::sys_common::backtrace::__rust_begin_short_backtrace::h0ff507d7422944d3
Dec 02 00:28:48.419 INFO [stdout]                                at libstd/panicking.rs:289
Dec 02 00:28:48.419 INFO [stdout]                                at libstd/panic.rs:392
Dec 02 00:28:48.419 INFO [stdout]                                at libtest/lib.rs:1416
Dec 02 00:28:48.419 INFO [stdout]                                at libstd/sys_common/backtrace.rs:136
Dec 02 00:28:48.419 INFO [stdout]   13:     0x555b51e7e8d4 - std::panicking::try::do_call::hba0bdcc3670471cc
Dec 02 00:28:48.419 INFO [stdout]                                at libstd/thread/mod.rs:409
Dec 02 00:28:48.419 INFO [stdout]                                at libstd/panic.rs:313
Dec 02 00:28:48.419 INFO [stdout]                                at libstd/panicking.rs:310
Dec 02 00:28:48.419 INFO [stdout]   14:     0x555b51ee2af9 - __rust_maybe_catch_panic
Dec 02 00:28:48.419 INFO [stdout]                                at libpanic_unwind/lib.rs:103
Dec 02 00:28:48.419 INFO [stdout]   15:     0x555b51e6f1a6 - <F as alloc::boxed::FnBox<A>>::call_box::hdac52587b00591af
Dec 02 00:28:48.419 INFO [stdout]                                at libstd/panicking.rs:289
Dec 02 00:28:48.419 INFO [stdout]                                at libstd/panic.rs:392
Dec 02 00:28:48.419 INFO [stdout]                                at libstd/thread/mod.rs:408
Dec 02 00:28:48.419 INFO [stdout]                                at liballoc/boxed.rs:646
Dec 02 00:28:48.419 INFO [stdout]   16:     0x555b51ed559a - std::sys_common::thread::start_thread::h75d887c7d2cc4479
Dec 02 00:28:48.419 INFO [stdout]                                at liballoc/boxed.rs:656
Dec 02 00:28:48.419 INFO [stdout]                                at libstd/sys_common/thread.rs:24
Dec 02 00:28:48.419 INFO [stdout]   17:     0x555b51ec6255 - std::sys::unix::thread::Thread::new::thread_start::h8414caee632bf9ed
Dec 02 00:28:48.419 INFO [stdout]                                at libstd/sys/unix/thread.rs:90
Dec 02 00:28:48.419 INFO [stdout]   18:     0x7fcee1e696b9 - start_thread
Dec 02 00:28:48.419 INFO [stdout]   19:     0x7fcee198941c - clone
Dec 02 00:28:48.419 INFO [stdout]   20:                0x0 - <unknown>
Dec 02 00:28:48.419 INFO [stdout] 
Dec 02 00:28:48.419 INFO [stdout] 
Dec 02 00:28:48.419 INFO [stdout] failures:
Dec 02 00:28:48.419 INFO [stdout]     secret::tests::e2e
Dec 02 00:28:48.419 INFO [stdout] 
Dec 02 00:28:48.419 INFO [stdout] test result: FAILED. 0 passed; 1 failed; 0 ignored; 0 measured; 0 filtered out
Dec 02 00:28:48.419 INFO [stdout] 
Dec 02 00:28:48.424 INFO [stderr] error: test failed, to rerun pass '--bin kubesm'
Dec 02 00:28:48.424 INFO [stderr] su: No module specific data is present
Dec 02 00:28:49.235 INFO running `"docker" "inspect" "580e3be8603602bc9967c83c036bc7787973116bfe1f3cecd289aaa982ee2fe5"`
Dec 02 00:28:49.406 INFO running `"docker" "rm" "-f" "580e3be8603602bc9967c83c036bc7787973116bfe1f3cecd289aaa982ee2fe5"`
Dec 02 00:28:49.591 INFO [stdout] 580e3be8603602bc9967c83c036bc7787973116bfe1f3cecd289aaa982ee2fe5
