Dec 02 00:32:18.562 INFO testing anurse/warthog against 1.30.1 for beta-1.31-5
Dec 02 00:32:18.562 INFO running `"docker" "create" "-v" "/mnt/big/crater/work/local/target-dirs/beta-1.31-5/worker-7/1.30.1:/target:rw,Z" "-v" "/mnt/big/crater/work/local/test-source/worker-7/beta-1.31-5/1.30.1:/source:ro,Z" "-v" "/mnt/big/crater/work/local/cargo-home:/cargo-home:ro,Z" "-v" "/mnt/big/crater/work/local/rustup-home:/rustup-home:ro,Z" "-e" "USER_ID=1000" "-e" "SOURCE_DIR=/source" "-e" "USER_ID=1000" "-e" "CMD=cargo +1.30.1 build --frozen" "-e" "CARGO_TARGET_DIR=/target" "-e" "CARGO_INCREMENTAL=0" "-e" "RUST_BACKTRACE=full" "-e" "RUSTFLAGS=--cap-lints=warn" "-e" "CARGO_HOME=/cargo-home" "-e" "RUSTUP_HOME=/rustup-home" "-m" "1536M" "--network" "none" "crater"`
Dec 02 00:32:18.960 INFO [stdout] fdd6bce155513b391d01f88ee9705955858dd382bc6a77652991bd53ecdf3c09
Dec 02 00:32:18.962 INFO running `"docker" "start" "-a" "fdd6bce155513b391d01f88ee9705955858dd382bc6a77652991bd53ecdf3c09"`
Dec 02 00:32:20.235 INFO [stderr] usermod: no changes
Dec 02 00:32:20.309 INFO [stderr]    Compiling leb128 v0.2.3
Dec 02 00:32:21.097 INFO [stderr]    Compiling warthog v0.1.0 (/source)
Dec 02 00:32:31.158 INFO [stderr]     Finished dev [unoptimized + debuginfo] target(s) in 10.89s
Dec 02 00:32:31.171 INFO [stderr] su: No module specific data is present
Dec 02 00:32:31.728 INFO running `"docker" "inspect" "fdd6bce155513b391d01f88ee9705955858dd382bc6a77652991bd53ecdf3c09"`
Dec 02 00:32:32.013 INFO running `"docker" "rm" "-f" "fdd6bce155513b391d01f88ee9705955858dd382bc6a77652991bd53ecdf3c09"`
Dec 02 00:32:32.447 INFO [stdout] fdd6bce155513b391d01f88ee9705955858dd382bc6a77652991bd53ecdf3c09
Dec 02 00:32:32.455 INFO running `"docker" "create" "-v" "/mnt/big/crater/work/local/target-dirs/beta-1.31-5/worker-7/1.30.1:/target:rw,Z" "-v" "/mnt/big/crater/work/local/test-source/worker-7/beta-1.31-5/1.30.1:/source:ro,Z" "-v" "/mnt/big/crater/work/local/cargo-home:/cargo-home:ro,Z" "-v" "/mnt/big/crater/work/local/rustup-home:/rustup-home:ro,Z" "-e" "USER_ID=1000" "-e" "SOURCE_DIR=/source" "-e" "USER_ID=1000" "-e" "CMD=cargo +1.30.1 test --frozen --no-run" "-e" "CARGO_TARGET_DIR=/target" "-e" "CARGO_INCREMENTAL=0" "-e" "RUST_BACKTRACE=full" "-e" "RUSTFLAGS=--cap-lints=warn" "-e" "CARGO_HOME=/cargo-home" "-e" "RUSTUP_HOME=/rustup-home" "-m" "1536M" "--network" "none" "crater"`
Dec 02 00:32:32.952 INFO [stdout] 7e6e47552e1ffa450075a5fa1d6478f53c963cdd8e6509b6bfba2fdd1e753f69
Dec 02 00:32:32.963 INFO running `"docker" "start" "-a" "7e6e47552e1ffa450075a5fa1d6478f53c963cdd8e6509b6bfba2fdd1e753f69"`
Dec 02 00:32:34.175 INFO [stderr] usermod: no changes
Dec 02 00:32:34.271 INFO [stderr]    Compiling warthog v0.1.0 (/source)
Dec 02 00:32:42.697 INFO [stderr]     Finished dev [unoptimized + debuginfo] target(s) in 8.47s
Dec 02 00:32:42.703 INFO [stderr] su: No module specific data is present
Dec 02 00:32:43.196 INFO running `"docker" "inspect" "7e6e47552e1ffa450075a5fa1d6478f53c963cdd8e6509b6bfba2fdd1e753f69"`
Dec 02 00:32:43.368 INFO running `"docker" "rm" "-f" "7e6e47552e1ffa450075a5fa1d6478f53c963cdd8e6509b6bfba2fdd1e753f69"`
Dec 02 00:32:43.463 INFO [stdout] 7e6e47552e1ffa450075a5fa1d6478f53c963cdd8e6509b6bfba2fdd1e753f69
Dec 02 00:32:43.464 INFO running `"docker" "create" "-v" "/mnt/big/crater/work/local/target-dirs/beta-1.31-5/worker-7/1.30.1:/target:rw,Z" "-v" "/mnt/big/crater/work/local/test-source/worker-7/beta-1.31-5/1.30.1:/source:ro,Z" "-v" "/mnt/big/crater/work/local/cargo-home:/cargo-home:ro,Z" "-v" "/mnt/big/crater/work/local/rustup-home:/rustup-home:ro,Z" "-e" "USER_ID=1000" "-e" "SOURCE_DIR=/source" "-e" "USER_ID=1000" "-e" "CMD=cargo +1.30.1 test --frozen" "-e" "CARGO_TARGET_DIR=/target" "-e" "CARGO_INCREMENTAL=0" "-e" "RUST_BACKTRACE=full" "-e" "RUSTFLAGS=--cap-lints=warn" "-e" "CARGO_HOME=/cargo-home" "-e" "RUSTUP_HOME=/rustup-home" "-m" "1536M" "--network" "none" "crater"`
Dec 02 00:32:43.768 INFO [stdout] 975d8189b446e76e07961231070e19c378066f4333b27bbdd84c42bf158b3096
Dec 02 00:32:43.773 INFO running `"docker" "start" "-a" "975d8189b446e76e07961231070e19c378066f4333b27bbdd84c42bf158b3096"`
Dec 02 00:32:44.947 INFO [stderr] usermod: no changes
Dec 02 00:32:44.986 INFO [stderr]     Finished dev [unoptimized + debuginfo] target(s) in 0.01s
Dec 02 00:32:45.000 INFO [stderr]      Running /target/debug/deps/warthog-873d67ff56f00523
Dec 02 00:32:45.006 INFO [stdout] 
Dec 02 00:32:45.006 INFO [stdout] running 150 tests
Dec 02 00:32:45.006 INFO [stdout] test parser::instruction::tests::call ... ok
Dec 02 00:32:45.007 INFO [stdout] test parser::instruction::tests::complex_fold ... ok
Dec 02 00:32:45.007 INFO [stdout] test parser::command::test::error_empty_sexpr ... ok
Dec 02 00:32:45.007 INFO [stdout] test parser::command::test::error_bare_int ... ok
Dec 02 00:32:45.008 INFO [stdout] test parser::assert::tests::assert_return_invoke ... ok
Dec 02 00:32:45.008 INFO [stdout] test parser::assert::tests::assert_return_get ... ok
Dec 02 00:32:45.009 INFO [stdout] test parser::instruction::tests::demote ... ok
Dec 02 00:32:45.009 INFO [stdout] test parser::instruction::tests::extend_s ... ok
Dec 02 00:32:45.010 INFO [stdout] test parser::func::tests::simple_exported_func ... ok
Dec 02 00:32:45.010 INFO [stdout] test parser::func::tests::named_locals ... ok
Dec 02 00:32:45.011 INFO [stdout] test parser::instruction::tests::f32_reinterpet ... ok
Dec 02 00:32:45.011 INFO [stdout] test parser::instruction::tests::extend_u ... ok
Dec 02 00:32:45.012 INFO [stdout] test parser::instruction::tests::f64_reinterpet ... ok
Dec 02 00:32:45.012 INFO [stdout] test parser::instruction::tests::float32::abs ... ok
Dec 02 00:32:45.013 INFO [stdout] test parser::instruction::tests::float32::add ... ok
Dec 02 00:32:45.013 INFO [stdout] test parser::instruction::tests::float32::ceil ... ok
Dec 02 00:32:45.014 INFO [stdout] test parser::instruction::tests::float32::constant ... ok
Dec 02 00:32:45.014 INFO [stdout] test parser::instruction::tests::float32::convert_s_i32 ... ok
Dec 02 00:32:45.015 INFO [stdout] test parser::instruction::tests::float32::convert_s_i64 ... ok
Dec 02 00:32:45.015 INFO [stdout] test parser::instruction::tests::float32::convert_u_i64 ... ok
Dec 02 00:32:45.016 INFO [stdout] test parser::instruction::tests::float32::copysign ... ok
Dec 02 00:32:45.016 INFO [stdout] test parser::instruction::tests::float32::eq ... ok
Dec 02 00:32:45.017 INFO [stdout] test parser::instruction::tests::float32::floor ... ok
Dec 02 00:32:45.017 INFO [stdout] test parser::instruction::tests::float32::convert_u_i32 ... ok
Dec 02 00:32:45.018 INFO [stdout] test parser::instruction::tests::float32::div ... ok
Dec 02 00:32:45.018 INFO [stdout] test parser::instruction::tests::float32::ge ... ok
Dec 02 00:32:45.019 INFO [stdout] test parser::instruction::tests::float32::le ... ok
Dec 02 00:32:45.019 INFO [stdout] test parser::instruction::tests::float32::gt ... ok
Dec 02 00:32:45.020 INFO [stdout] test parser::instruction::tests::float32::lt ... ok
Dec 02 00:32:45.020 INFO [stdout] test parser::instruction::tests::float32::max ... ok
Dec 02 00:32:45.021 INFO [stdout] test parser::instruction::tests::float32::min ... ok
Dec 02 00:32:45.021 INFO [stdout] test parser::instruction::tests::float32::mul ... ok
Dec 02 00:32:45.022 INFO [stdout] test parser::instruction::tests::float32::ne ... ok
Dec 02 00:32:45.022 INFO [stdout] test parser::instruction::tests::float32::nearest ... ok
Dec 02 00:32:45.023 INFO [stdout] test parser::instruction::tests::float32::neg ... ok
Dec 02 00:32:45.023 INFO [stdout] test parser::instruction::tests::float32::sqrt ... ok
Dec 02 00:32:45.024 INFO [stdout] test parser::instruction::tests::float32::sub ... ok
Dec 02 00:32:45.024 INFO [stdout] test parser::instruction::tests::float32::trunc ... ok
Dec 02 00:32:45.025 INFO [stdout] test parser::instruction::tests::float64::abs ... ok
Dec 02 00:32:45.025 INFO [stdout] test parser::instruction::tests::float64::add ... ok
Dec 02 00:32:45.026 INFO [stdout] test parser::instruction::tests::float64::ceil ... ok
Dec 02 00:32:45.026 INFO [stdout] test parser::instruction::tests::float64::constant ... ok
Dec 02 00:32:45.027 INFO [stdout] test parser::instruction::tests::float64::convert_s_i32 ... ok
Dec 02 00:32:45.027 INFO [stdout] test parser::instruction::tests::float64::convert_s_i64 ... ok
Dec 02 00:32:45.028 INFO [stdout] test parser::instruction::tests::float64::convert_u_i32 ... ok
Dec 02 00:32:45.028 INFO [stdout] test parser::instruction::tests::float64::convert_u_i64 ... ok
Dec 02 00:32:45.029 INFO [stdout] test parser::instruction::tests::float64::copysign ... ok
Dec 02 00:32:45.029 INFO [stdout] test parser::instruction::tests::float64::div ... ok
Dec 02 00:32:45.030 INFO [stdout] test parser::instruction::tests::float64::eq ... ok
Dec 02 00:32:45.030 INFO [stdout] test parser::instruction::tests::float64::floor ... ok
Dec 02 00:32:45.031 INFO [stdout] test parser::instruction::tests::float64::ge ... ok
Dec 02 00:32:45.031 INFO [stdout] test parser::instruction::tests::float64::gt ... ok
Dec 02 00:32:45.032 INFO [stdout] test parser::instruction::tests::float64::le ... ok
Dec 02 00:32:45.032 INFO [stdout] test parser::instruction::tests::float64::lt ... ok
Dec 02 00:32:45.033 INFO [stdout] test parser::instruction::tests::float64::max ... ok
Dec 02 00:32:45.033 INFO [stdout] test parser::instruction::tests::float64::min ... ok
Dec 02 00:32:45.034 INFO [stdout] test parser::instruction::tests::float64::mul ... ok
Dec 02 00:32:45.034 INFO [stdout] test parser::instruction::tests::float64::ne ... ok
Dec 02 00:32:45.035 INFO [stdout] test parser::instruction::tests::float64::nearest ... ok
Dec 02 00:32:45.035 INFO [stdout] test parser::instruction::tests::float64::neg ... ok
Dec 02 00:32:45.036 INFO [stdout] test parser::instruction::tests::float64::sqrt ... ok
Dec 02 00:32:45.036 INFO [stdout] test parser::instruction::tests::float64::sub ... ok
Dec 02 00:32:45.037 INFO [stdout] test parser::instruction::tests::float64::trunc ... ok
Dec 02 00:32:45.037 INFO [stdout] test parser::instruction::tests::folded_call ... ok
Dec 02 00:32:45.038 INFO [stdout] test parser::instruction::tests::get_local ... ok
Dec 02 00:32:45.038 INFO [stdout] test parser::instruction::tests::i32_reinterpet ... ok
Dec 02 00:32:45.039 INFO [stdout] test parser::instruction::tests::i64_reinterpet ... ok
Dec 02 00:32:45.039 INFO [stdout] test parser::instruction::tests::int32::add ... ok
Dec 02 00:32:45.040 INFO [stdout] test parser::instruction::tests::int32::and ... ok
Dec 02 00:32:45.040 INFO [stdout] test parser::instruction::tests::int32::clz ... ok
Dec 02 00:32:45.040 INFO [stdout] test parser::instruction::tests::int32::constant ... ok
Dec 02 00:32:45.041 INFO [stdout] test parser::instruction::tests::int32::ctz ... ok
Dec 02 00:32:45.041 INFO [stdout] test parser::instruction::tests::int32::div_s ... ok
Dec 02 00:32:45.042 INFO [stdout] test parser::instruction::tests::int32::div_u ... ok
Dec 02 00:32:45.042 INFO [stdout] test parser::instruction::tests::int32::eq ... ok
Dec 02 00:32:45.043 INFO [stdout] test parser::instruction::tests::int32::ge_s ... ok
Dec 02 00:32:45.043 INFO [stdout] test parser::instruction::tests::int32::ge_u ... ok
Dec 02 00:32:45.043 INFO [stdout] test parser::instruction::tests::int32::gt_s ... ok
Dec 02 00:32:45.043 INFO [stdout] test parser::instruction::tests::int32::gt_u ... ok
Dec 02 00:32:45.043 INFO [stdout] test parser::instruction::tests::int32::le_s ... ok
Dec 02 00:32:45.044 INFO [stdout] test parser::instruction::tests::int32::le_u ... ok
Dec 02 00:32:45.044 INFO [stdout] test parser::instruction::tests::int32::lt_s ... ok
Dec 02 00:32:45.044 INFO [stdout] test parser::instruction::tests::int32::lt_u ... ok
Dec 02 00:32:45.044 INFO [stdout] test parser::instruction::tests::int32::mul ... ok
Dec 02 00:32:45.044 INFO [stdout] test parser::instruction::tests::int32::ne ... ok
Dec 02 00:32:45.044 INFO [stdout] test parser::instruction::tests::int32::or ... ok
Dec 02 00:32:45.044 INFO [stdout] test parser::instruction::tests::int32::popcnt ... ok
Dec 02 00:32:45.044 INFO [stdout] test parser::instruction::tests::int32::rem_s ... ok
Dec 02 00:32:45.045 INFO [stdout] test parser::instruction::tests::int32::rotl ... ok
Dec 02 00:32:45.045 INFO [stdout] test parser::instruction::tests::int32::shl ... ok
Dec 02 00:32:45.045 INFO [stdout] test parser::instruction::tests::int32::rotr ... ok
Dec 02 00:32:45.045 INFO [stdout] test parser::instruction::tests::int32::shr_s ... ok
Dec 02 00:32:45.045 INFO [stdout] test parser::instruction::tests::int32::sub ... ok
Dec 02 00:32:45.045 INFO [stdout] test parser::instruction::tests::int32::shr_u ... ok
Dec 02 00:32:45.045 INFO [stdout] test parser::instruction::tests::int32::trunc_s_f32 ... ok
Dec 02 00:32:45.045 INFO [stdout] test parser::instruction::tests::int32::trunc_u_f32 ... ok
Dec 02 00:32:45.045 INFO [stdout] test parser::instruction::tests::int32::trunc_u_f64 ... ok
Dec 02 00:32:45.045 INFO [stdout] test parser::instruction::tests::int32::trunc_s_f64 ... ok
Dec 02 00:32:45.046 INFO [stdout] test parser::instruction::tests::int32::xor ... ok
Dec 02 00:32:45.046 INFO [stdout] test parser::instruction::tests::int64::add ... ok
Dec 02 00:32:45.046 INFO [stdout] test parser::instruction::tests::int64::clz ... ok
Dec 02 00:32:45.046 INFO [stdout] test parser::instruction::tests::int64::and ... ok
Dec 02 00:32:45.046 INFO [stdout] test parser::instruction::tests::int64::constant ... ok
Dec 02 00:32:45.046 INFO [stdout] test parser::instruction::tests::int64::div_s ... ok
Dec 02 00:32:45.046 INFO [stdout] test parser::instruction::tests::int64::ctz ... ok
Dec 02 00:32:45.046 INFO [stdout] test parser::instruction::tests::int64::div_u ... ok
Dec 02 00:32:45.046 INFO [stdout] test parser::instruction::tests::int64::ge_s ... ok
Dec 02 00:32:45.046 INFO [stdout] test parser::instruction::tests::int64::ge_u ... ok
Dec 02 00:32:45.046 INFO [stdout] test parser::instruction::tests::int64::gt_s ... ok
Dec 02 00:32:45.047 INFO [stdout] test parser::instruction::tests::int64::gt_u ... ok
Dec 02 00:32:45.047 INFO [stdout] test parser::instruction::tests::int64::le_s ... ok
Dec 02 00:32:45.047 INFO [stdout] test parser::instruction::tests::int64::eq ... ok
Dec 02 00:32:45.047 INFO [stdout] test parser::instruction::tests::int64::mul ... ok
Dec 02 00:32:45.047 INFO [stdout] test parser::instruction::tests::int64::ne ... ok
Dec 02 00:32:45.047 INFO [stdout] test parser::instruction::tests::int32::rem_u ... ok
Dec 02 00:32:45.047 INFO [stdout] test parser::instruction::tests::int64::popcnt ... ok
Dec 02 00:32:45.047 INFO [stdout] test parser::instruction::tests::int64::rotl ... ok
Dec 02 00:32:45.048 INFO [stdout] test parser::instruction::tests::int64::rem_u ... ok
Dec 02 00:32:45.048 INFO [stdout] test parser::instruction::tests::int64::rem_s ... ok
Dec 02 00:32:45.048 INFO [stdout] test parser::instruction::tests::int64::rotr ... ok
Dec 02 00:32:45.048 INFO [stdout] test parser::instruction::tests::int64::shl ... ok
Dec 02 00:32:45.048 INFO [stdout] test parser::instruction::tests::int64::trunc_s_f32 ... ok
Dec 02 00:32:45.051 INFO [stdout] test parser::instruction::tests::int64::trunc_s_f64 ... ok
Dec 02 00:32:45.051 INFO [stdout] test parser::instruction::tests::int64::shr_s ... ok
Dec 02 00:32:45.051 INFO [stdout] test parser::instruction::tests::int64::or ... ok
Dec 02 00:32:45.051 INFO [stdout] test parser::instruction::tests::int64::sub ... ok
Dec 02 00:32:45.051 INFO [stdout] test parser::instruction::tests::int64::lt_s ... ok
Dec 02 00:32:45.052 INFO [stdout] test parser::instruction::tests::int64::shr_u ... ok
Dec 02 00:32:45.052 INFO [stdout] test parser::instruction::tests::int64::lt_u ... ok
Dec 02 00:32:45.052 INFO [stdout] test parser::instruction::tests::int64::le_u ... ok
Dec 02 00:32:45.052 INFO [stdout] test parser::instruction::tests::int64::xor ... ok
Dec 02 00:32:45.052 INFO [stdout] test parser::sexpr::tests::error_expr ... ok
Dec 02 00:32:45.053 INFO [stdout] test parser::sexpr::tests::error_line_comment ... ok
Dec 02 00:32:45.053 INFO [stdout] test parser::instruction::tests::int64::trunc_u_f32 ... ok
Dec 02 00:32:45.053 INFO [stdout] test parser::instruction::tests::wrap ... ok
Dec 02 00:32:45.053 INFO [stdout] test parser::instruction::tests::int64::trunc_u_f64 ... ok
Dec 02 00:32:45.053 INFO [stdout] test parser::instruction::tests::named_get_local ... ok
Dec 02 00:32:45.053 INFO [stdout] test parser::sexpr::tests::error_block_comment ... ok
Dec 02 00:32:45.063 INFO [stdout] test parser::sexpr::tests::error_string ... ok
Dec 02 00:32:45.063 INFO [stdout] test parser::sexpr::tests::error_start_char ... ok
Dec 02 00:32:45.063 INFO [stdout] test parser::instruction::tests::promote ... ok
Dec 02 00:32:45.064 INFO [stdout] test parser::sexpr::tests::exprs ... ok
Dec 02 00:32:45.064 INFO [stdout] test parser::sexpr::tests::line_comments ... ok
Dec 02 00:32:45.064 INFO [stdout] test parser::module::tests::empty_module ... ok
Dec 02 00:32:45.064 INFO [stdout] test parser::sexpr::tests::single_expr_int ... ok
Dec 02 00:32:45.064 INFO [stdout] test parser::sexpr::tests::single_token_string ... ok
Dec 02 00:32:45.064 INFO [stdout] test parser::sexpr::tests::single_token_float ... ok
Dec 02 00:32:45.064 INFO [stdout] test parser::sexpr::tests::single_token_atom ... ok
Dec 02 00:32:45.071 INFO [stdout] test parser::sexpr::tests::single_token_identifier ... ok
Dec 02 00:32:45.071 INFO [stdout] test parser::sexpr::tests::single_token_int_hex ... ok
Dec 02 00:32:45.071 INFO [stdout] 
Dec 02 00:32:45.071 INFO [stdout] test result: ok. 150 passed; 0 failed; 0 ignored; 0 measured; 0 filtered out
Dec 02 00:32:45.071 INFO [stdout] 
Dec 02 00:32:45.072 INFO [stderr]      Running /target/debug/deps/warti-80c2c81e5f931aad
Dec 02 00:32:45.073 INFO [stdout] 
Dec 02 00:32:45.073 INFO [stdout] running 0 tests
Dec 02 00:32:45.073 INFO [stdout] 
Dec 02 00:32:45.073 INFO [stdout] test result: ok. 0 passed; 0 failed; 0 ignored; 0 measured; 0 filtered out
Dec 02 00:32:45.074 INFO [stdout] 
Dec 02 00:32:45.074 INFO [stderr]      Running /target/debug/deps/wasmdump-87dce29c4312e60a
Dec 02 00:32:45.076 INFO [stdout] 
Dec 02 00:32:45.076 INFO [stdout] running 0 tests
Dec 02 00:32:45.076 INFO [stdout] 
Dec 02 00:32:45.076 INFO [stdout] test result: ok. 0 passed; 0 failed; 0 ignored; 0 measured; 0 filtered out
Dec 02 00:32:45.076 INFO [stdout] 
Dec 02 00:32:45.076 INFO [stderr]      Running /target/debug/deps/wasminit-b5ccf198727a7dd7
Dec 02 00:32:45.078 INFO [stdout] 
Dec 02 00:32:45.078 INFO [stdout] running 0 tests
Dec 02 00:32:45.078 INFO [stdout] 
Dec 02 00:32:45.078 INFO [stdout] test result: ok. 0 passed; 0 failed; 0 ignored; 0 measured; 0 filtered out
Dec 02 00:32:45.078 INFO [stdout] 
Dec 02 00:32:45.078 INFO [stderr]      Running /target/debug/deps/wastparse-d5d70af7a1863532
Dec 02 00:32:45.080 INFO [stdout] 
Dec 02 00:32:45.080 INFO [stdout] running 0 tests
Dec 02 00:32:45.080 INFO [stdout] 
Dec 02 00:32:45.080 INFO [stdout] test result: ok. 0 passed; 0 failed; 0 ignored; 0 measured; 0 filtered out
Dec 02 00:32:45.080 INFO [stdout] 
Dec 02 00:32:45.080 INFO [stderr]      Running /target/debug/deps/wastrun-2fd4b7fcb2ff32eb
Dec 02 00:32:45.081 INFO [stdout] 
Dec 02 00:32:45.081 INFO [stdout] running 0 tests
Dec 02 00:32:45.081 INFO [stdout] 
Dec 02 00:32:45.081 INFO [stdout] test result: ok. 0 passed; 0 failed; 0 ignored; 0 measured; 0 filtered out
Dec 02 00:32:45.081 INFO [stdout] 
Dec 02 00:32:45.082 INFO [stderr]      Running /target/debug/deps/spec_tests-8674696fac4ed7e4
Dec 02 00:32:45.083 INFO [stdout] 
Dec 02 00:32:45.083 INFO [stdout] running 5 tests
Dec 02 00:32:45.104 INFO [stdout] test spec_tests::names ... FAILED
Dec 02 00:32:45.104 INFO [stdout] test spec_tests::i64 ... FAILED
Dec 02 00:32:45.105 INFO [stdout] test spec_tests::int_exprs ... FAILED
Dec 02 00:32:45.105 INFO [stdout] test spec_tests::i32 ... FAILED
Dec 02 00:32:45.105 INFO [stdout] test spec_tests::comments ... FAILED
Dec 02 00:32:45.105 INFO [stdout] 
Dec 02 00:32:45.105 INFO [stdout] failures:
Dec 02 00:32:45.106 INFO [stdout] 
Dec 02 00:32:45.106 INFO [stdout] ---- spec_tests::names stdout ----
Dec 02 00:32:45.107 INFO [stdout] thread 'spec_tests::names' panicked at 'Could not find WebAssembly spec tests directory: '/source/vendor/webassembly/test/core'', tests/spec_tests.rs:35:9
Dec 02 00:32:45.107 INFO [stdout] stack backtrace:
Dec 02 00:32:45.107 INFO [stdout]    0:     0x563cd7b93c4e - std::sys::unix::backtrace::tracing::imp::unwind_backtrace::h15749a98198ba25f
Dec 02 00:32:45.107 INFO [stdout]                                at libstd/sys/unix/backtrace/tracing/gcc_s.rs:49
Dec 02 00:32:45.107 INFO [stdout]    1:     0x563cd7b86ec6 - std::sys_common::backtrace::print::h0ba65c811294dbf0
Dec 02 00:32:45.107 INFO [stdout]                                at libstd/sys_common/backtrace.rs:71
Dec 02 00:32:45.107 INFO [stdout]                                at libstd/sys_common/backtrace.rs:59
Dec 02 00:32:45.107 INFO [stdout]    2:     0x563cd7b852ed - std::panicking::default_hook::{{closure}}::h42bb31757f0fee64
Dec 02 00:32:45.107 INFO [stdout]                                at libstd/panicking.rs:211
Dec 02 00:32:45.107 INFO [stdout]    3:     0x563cd7b84ffb - std::panicking::default_hook::hebc8848d7aa7dbd9
Dec 02 00:32:45.107 INFO [stdout]                                at libstd/panicking.rs:221
Dec 02 00:32:45.107 INFO [stdout]    4:     0x563cd7b8599c - std::panicking::rust_panic_with_hook::h86e619a638415243
Dec 02 00:32:45.107 INFO [stdout]                                at libstd/panicking.rs:477
Dec 02 00:32:45.107 INFO [stdout]    5:     0x563cd7b85559 - std::panicking::continue_panic_fmt::h2d2d2bfb065a70b2
Dec 02 00:32:45.107 INFO [stdout]                                at libstd/panicking.rs:391
Dec 02 00:32:45.107 INFO [stdout]    6:     0x563cd7b854bd - std::panicking::begin_panic_fmt::ha5097e2056ef3d5a
Dec 02 00:32:45.107 INFO [stdout]                                at libstd/panicking.rs:346
Dec 02 00:32:45.107 INFO [stdout]    7:     0x563cd7aaaedb - spec_tests::run_spec_test::h13621bf7a4764436
Dec 02 00:32:45.107 INFO [stdout]                                at tests/spec_tests.rs:35
Dec 02 00:32:45.107 INFO [stdout]    8:     0x563cd7aa6536 - spec_tests::spec_tests::names::h23eee600c43ec75f
Dec 02 00:32:45.107 INFO [stdout]                                at tests/spec_tests.rs:13
Dec 02 00:32:45.107 INFO [stdout]    9:     0x563cd7aa6509 - spec_tests::spec_tests::names::{{closure}}::h0e58d4a4d2a40d39
Dec 02 00:32:45.107 INFO [stdout]                                at tests/spec_tests.rs:12
Dec 02 00:32:45.107 INFO [stdout]   10:     0x563cd7aa684d - core::ops::function::FnOnce::call_once::hca995a011905b8d0
Dec 02 00:32:45.107 INFO [stdout]                                at libcore/ops/function.rs:238
Dec 02 00:32:45.107 INFO [stdout]   11:     0x563cd7ab07de - <F as alloc::boxed::FnBox<A>>::call_box::hbea525814fa423cc
Dec 02 00:32:45.107 INFO [stdout]                                at libtest/lib.rs:1461
Dec 02 00:32:45.107 INFO [stdout]                                at libcore/ops/function.rs:238
Dec 02 00:32:45.107 INFO [stdout]                                at liballoc/boxed.rs:646
Dec 02 00:32:45.107 INFO [stdout]   12:     0x563cd7ba2ab9 - __rust_maybe_catch_panic
Dec 02 00:32:45.107 INFO [stdout]                                at libpanic_unwind/lib.rs:103
Dec 02 00:32:45.107 INFO [stdout]   13:     0x563cd7abc13d - std::sys_common::backtrace::__rust_begin_short_backtrace::h0ff507d7422944d3
Dec 02 00:32:45.107 INFO [stdout]                                at libstd/panicking.rs:289
Dec 02 00:32:45.107 INFO [stdout]                                at libstd/panic.rs:392
Dec 02 00:32:45.107 INFO [stdout]                                at libtest/lib.rs:1416
Dec 02 00:32:45.107 INFO [stdout]                                at libstd/sys_common/backtrace.rs:136
Dec 02 00:32:45.107 INFO [stdout]   14:     0x563cd7ad4774 - std::panicking::try::do_call::hba0bdcc3670471cc
Dec 02 00:32:45.107 INFO [stdout]                                at libstd/thread/mod.rs:409
Dec 02 00:32:45.107 INFO [stdout]                                at libstd/panic.rs:313
Dec 02 00:32:45.107 INFO [stdout]                                at libstd/panicking.rs:310
Dec 02 00:32:45.107 INFO [stdout]   15:     0x563cd7ba2ab9 - __rust_maybe_catch_panic
Dec 02 00:32:45.107 INFO [stdout]                                at libpanic_unwind/lib.rs:103
Dec 02 00:32:45.107 INFO [stdout]   16:     0x563cd7ac5046 - <F as alloc::boxed::FnBox<A>>::call_box::hdac52587b00591af
Dec 02 00:32:45.107 INFO [stdout]                                at libstd/panicking.rs:289
Dec 02 00:32:45.107 INFO [stdout]                                at libstd/panic.rs:392
Dec 02 00:32:45.107 INFO [stdout]                                at libstd/thread/mod.rs:408
Dec 02 00:32:45.107 INFO [stdout]                                at liballoc/boxed.rs:646
Dec 02 00:32:45.107 INFO [stdout]   17:     0x563cd7b9555a - std::sys_common::thread::start_thread::h75d887c7d2cc4479
Dec 02 00:32:45.107 INFO [stdout]                                at liballoc/boxed.rs:656
Dec 02 00:32:45.107 INFO [stdout]                                at libstd/sys_common/thread.rs:24
Dec 02 00:32:45.107 INFO [stdout]   18:     0x563cd7b86105 - std::sys::unix::thread::Thread::new::thread_start::h8414caee632bf9ed
Dec 02 00:32:45.107 INFO [stdout]                                at libstd/sys/unix/thread.rs:90
Dec 02 00:32:45.107 INFO [stdout]   19:     0x7f34705176b9 - start_thread
Dec 02 00:32:45.107 INFO [stdout]   20:     0x7f347003741c - clone
Dec 02 00:32:45.107 INFO [stdout]   21:                0x0 - <unknown>
Dec 02 00:32:45.107 INFO [stdout] 
Dec 02 00:32:45.107 INFO [stdout] ---- spec_tests::i64 stdout ----
Dec 02 00:32:45.107 INFO [stdout] thread 'spec_tests::i64' panicked at 'Could not find WebAssembly spec tests directory: '/source/vendor/webassembly/test/core'', tests/spec_tests.rs:35:9
Dec 02 00:32:45.107 INFO [stdout] stack backtrace:
Dec 02 00:32:45.107 INFO [stdout]    0:     0x563cd7b93c4e - std::sys::unix::backtrace::tracing::imp::unwind_backtrace::h15749a98198ba25f
Dec 02 00:32:45.107 INFO [stdout]                                at libstd/sys/unix/backtrace/tracing/gcc_s.rs:49
Dec 02 00:32:45.107 INFO [stdout]    1:     0x563cd7b86ec6 - std::sys_common::backtrace::print::h0ba65c811294dbf0
Dec 02 00:32:45.107 INFO [stdout]                                at libstd/sys_common/backtrace.rs:71
Dec 02 00:32:45.107 INFO [stdout]                                at libstd/sys_common/backtrace.rs:59
Dec 02 00:32:45.107 INFO [stdout]    2:     0x563cd7b852ed - std::panicking::default_hook::{{closure}}::h42bb31757f0fee64
Dec 02 00:32:45.107 INFO [stdout]                                at libstd/panicking.rs:211
Dec 02 00:32:45.107 INFO [stdout]    3:     0x563cd7b84ffb - std::panicking::default_hook::hebc8848d7aa7dbd9
Dec 02 00:32:45.107 INFO [stdout]                                at libstd/panicking.rs:221
Dec 02 00:32:45.107 INFO [stdout]    4:     0x563cd7b8599c - std::panicking::rust_panic_with_hook::h86e619a638415243
Dec 02 00:32:45.107 INFO [stdout]                                at libstd/panicking.rs:477
Dec 02 00:32:45.107 INFO [stdout]    5:     0x563cd7b85559 - std::panicking::continue_panic_fmt::h2d2d2bfb065a70b2
Dec 02 00:32:45.107 INFO [stdout]                                at libstd/panicking.rs:391
Dec 02 00:32:45.107 INFO [stdout]    6:     0x563cd7b854bd - std::panicking::begin_panic_fmt::ha5097e2056ef3d5a
Dec 02 00:32:45.107 INFO [stdout]                                at libstd/panicking.rs:346
Dec 02 00:32:45.107 INFO [stdout]    7:     0x563cd7aaaedb - spec_tests::run_spec_test::h13621bf7a4764436
Dec 02 00:32:45.107 INFO [stdout]                                at tests/spec_tests.rs:35
Dec 02 00:32:45.108 INFO [stdout]    8:     0x563cd7aa64b6 - spec_tests::spec_tests::i64::h21ae152d29bd3f05
Dec 02 00:32:45.108 INFO [stdout]                                at tests/spec_tests.rs:13
Dec 02 00:32:45.108 INFO [stdout]    9:     0x563cd7aa6489 - spec_tests::spec_tests::i64::{{closure}}::heaa473984c025d6f
Dec 02 00:32:45.108 INFO [stdout]                                at tests/spec_tests.rs:12
Dec 02 00:32:45.108 INFO [stdout]   10:     0x563cd7aa674d - core::ops::function::FnOnce::call_once::h0b9a008634ef2d8f
Dec 02 00:32:45.108 INFO [stdout]                                at libcore/ops/function.rs:238
Dec 02 00:32:45.108 INFO [stdout]   11:     0x563cd7ab07de - <F as alloc::boxed::FnBox<A>>::call_box::hbea525814fa423cc
Dec 02 00:32:45.108 INFO [stdout]                                at libtest/lib.rs:1461
Dec 02 00:32:45.108 INFO [stdout]                                at libcore/ops/function.rs:238
Dec 02 00:32:45.108 INFO [stdout]                                at liballoc/boxed.rs:646
Dec 02 00:32:45.108 INFO [stdout]   12:     0x563cd7ba2ab9 - __rust_maybe_catch_panic
Dec 02 00:32:45.108 INFO [stdout]                                at libpanic_unwind/lib.rs:103
Dec 02 00:32:45.108 INFO [stdout]   13:     0x563cd7abc13d - std::sys_common::backtrace::__rust_begin_short_backtrace::h0ff507d7422944d3
Dec 02 00:32:45.108 INFO [stdout]                                at libstd/panicking.rs:289
Dec 02 00:32:45.108 INFO [stdout]                                at libstd/panic.rs:392
Dec 02 00:32:45.108 INFO [stdout]                                at libtest/lib.rs:1416
Dec 02 00:32:45.108 INFO [stdout]                                at libstd/sys_common/backtrace.rs:136
Dec 02 00:32:45.108 INFO [stdout]   14:     0x563cd7ad4774 - std::panicking::try::do_call::hba0bdcc3670471cc
Dec 02 00:32:45.108 INFO [stdout]                                at libstd/thread/mod.rs:409
Dec 02 00:32:45.108 INFO [stdout]                                at libstd/panic.rs:313
Dec 02 00:32:45.108 INFO [stdout]                                at libstd/panicking.rs:310
Dec 02 00:32:45.108 INFO [stdout]   15:     0x563cd7ba2ab9 - __rust_maybe_catch_panic
Dec 02 00:32:45.108 INFO [stdout]                                at libpanic_unwind/lib.rs:103
Dec 02 00:32:45.108 INFO [stdout]   16:     0x563cd7ac5046 - <F as alloc::boxed::FnBox<A>>::call_box::hdac52587b00591af
Dec 02 00:32:45.108 INFO [stdout]                                at libstd/panicking.rs:289
Dec 02 00:32:45.108 INFO [stdout]                                at libstd/panic.rs:392
Dec 02 00:32:45.108 INFO [stdout]                                at libstd/thread/mod.rs:408
Dec 02 00:32:45.108 INFO [stdout]                                at liballoc/boxed.rs:646
Dec 02 00:32:45.108 INFO [stdout]   17:     0x563cd7b9555a - std::sys_common::thread::start_thread::h75d887c7d2cc4479
Dec 02 00:32:45.108 INFO [stdout]                                at liballoc/boxed.rs:656
Dec 02 00:32:45.108 INFO [stdout]                                at libstd/sys_common/thread.rs:24
Dec 02 00:32:45.108 INFO [stdout]   18:     0x563cd7b86105 - std::sys::unix::thread::Thread::new::thread_start::h8414caee632bf9ed
Dec 02 00:32:45.108 INFO [stdout]                                at libstd/sys/unix/thread.rs:90
Dec 02 00:32:45.108 INFO [stdout]   19:     0x7f34705176b9 - start_thread
Dec 02 00:32:45.108 INFO [stdout]   20:     0x7f347003741c - clone
Dec 02 00:32:45.108 INFO [stdout]   21:                0x0 - <unknown>
Dec 02 00:32:45.108 INFO [stdout] 
Dec 02 00:32:45.108 INFO [stdout] ---- spec_tests::int_exprs stdout ----
Dec 02 00:32:45.108 INFO [stdout] thread 'spec_tests::int_exprs' panicked at 'Could not find WebAssembly spec tests directory: '/source/vendor/webassembly/test/core'', tests/spec_tests.rs:35:9
Dec 02 00:32:45.108 INFO [stdout] stack backtrace:
Dec 02 00:32:45.108 INFO [stdout]    0:     0x563cd7b93c4e - std::sys::unix::backtrace::tracing::imp::unwind_backtrace::h15749a98198ba25f
Dec 02 00:32:45.108 INFO [stdout]                                at libstd/sys/unix/backtrace/tracing/gcc_s.rs:49
Dec 02 00:32:45.108 INFO [stdout]    1:     0x563cd7b86ec6 - std::sys_common::backtrace::print::h0ba65c811294dbf0
Dec 02 00:32:45.108 INFO [stdout]                                at libstd/sys_common/backtrace.rs:71
Dec 02 00:32:45.108 INFO [stdout]                                at libstd/sys_common/backtrace.rs:59
Dec 02 00:32:45.108 INFO [stdout]    2:     0x563cd7b852ed - std::panicking::default_hook::{{closure}}::h42bb31757f0fee64
Dec 02 00:32:45.108 INFO [stdout]                                at libstd/panicking.rs:211
Dec 02 00:32:45.108 INFO [stdout]    3:     0x563cd7b84ffb - std::panicking::default_hook::hebc8848d7aa7dbd9
Dec 02 00:32:45.108 INFO [stdout]                                at libstd/panicking.rs:221
Dec 02 00:32:45.108 INFO [stdout]    4:     0x563cd7b8599c - std::panicking::rust_panic_with_hook::h86e619a638415243
Dec 02 00:32:45.108 INFO [stdout]                                at libstd/panicking.rs:477
Dec 02 00:32:45.108 INFO [stdout]    5:     0x563cd7b85559 - std::panicking::continue_panic_fmt::h2d2d2bfb065a70b2
Dec 02 00:32:45.108 INFO [stdout]                                at libstd/panicking.rs:391
Dec 02 00:32:45.108 INFO [stdout]    6:     0x563cd7b854bd - std::panicking::begin_panic_fmt::ha5097e2056ef3d5a
Dec 02 00:32:45.108 INFO [stdout]                                at libstd/panicking.rs:346
Dec 02 00:32:45.108 INFO [stdout]    7:     0x563cd7aaaedb - spec_tests::run_spec_test::h13621bf7a4764436
Dec 02 00:32:45.108 INFO [stdout]                                at tests/spec_tests.rs:35
Dec 02 00:32:45.108 INFO [stdout]    8:     0x563cd7aa64f6 - spec_tests::spec_tests::int_exprs::h03a9845d3bd43890
Dec 02 00:32:45.108 INFO [stdout]                                at tests/spec_tests.rs:13
Dec 02 00:32:45.108 INFO [stdout]    9:     0x563cd7aa64c9 - spec_tests::spec_tests::int_exprs::{{closure}}::hd824c0b2b98aec4e
Dec 02 00:32:45.108 INFO [stdout]                                at tests/spec_tests.rs:12
Dec 02 00:32:45.108 INFO [stdout]   10:     0x563cd7aa680d - core::ops::function::FnOnce::call_once::ha8b556a9ba0be8d6
Dec 02 00:32:45.108 INFO [stdout]                                at libcore/ops/function.rs:238
Dec 02 00:32:45.108 INFO [stdout]   11:     0x563cd7ab07de - <F as alloc::boxed::FnBox<A>>::call_box::hbea525814fa423cc
Dec 02 00:32:45.108 INFO [stdout]                                at libtest/lib.rs:1461
Dec 02 00:32:45.108 INFO [stdout]                                at libcore/ops/function.rs:238
Dec 02 00:32:45.108 INFO [stdout]                                at liballoc/boxed.rs:646
Dec 02 00:32:45.108 INFO [stdout]   12:     0x563cd7ba2ab9 - __rust_maybe_catch_panic
Dec 02 00:32:45.108 INFO [stdout]                                at libpanic_unwind/lib.rs:103
Dec 02 00:32:45.108 INFO [stdout]   13:     0x563cd7abc13d - std::sys_common::backtrace::__rust_begin_short_backtrace::h0ff507d7422944d3
Dec 02 00:32:45.108 INFO [stdout]                                at libstd/panicking.rs:289
Dec 02 00:32:45.108 INFO [stdout]                                at libstd/panic.rs:392
Dec 02 00:32:45.108 INFO [stdout]                                at libtest/lib.rs:1416
Dec 02 00:32:45.108 INFO [stdout]                                at libstd/sys_common/backtrace.rs:136
Dec 02 00:32:45.108 INFO [stdout]   14:     0x563cd7ad4774 - std::panicking::try::do_call::hba0bdcc3670471cc
Dec 02 00:32:45.108 INFO [stdout]                                at libstd/thread/mod.rs:409
Dec 02 00:32:45.108 INFO [stdout]                                at libstd/panic.rs:313
Dec 02 00:32:45.108 INFO [stdout]                                at libstd/panicking.rs:310
Dec 02 00:32:45.108 INFO [stdout]   15:     0x563cd7ba2ab9 - __rust_maybe_catch_panic
Dec 02 00:32:45.108 INFO [stdout]                                at libpanic_unwind/lib.rs:103
Dec 02 00:32:45.108 INFO [stdout]   16:     0x563cd7ac5046 - <F as alloc::boxed::FnBox<A>>::call_box::hdac52587b00591af
Dec 02 00:32:45.108 INFO [stdout]                                at libstd/panicking.rs:289
Dec 02 00:32:45.108 INFO [stdout]                                at libstd/panic.rs:392
Dec 02 00:32:45.108 INFO [stdout]                                at libstd/thread/mod.rs:408
Dec 02 00:32:45.108 INFO [stdout]                                at liballoc/boxed.rs:646
Dec 02 00:32:45.108 INFO [stdout]   17:     0x563cd7b9555a - std::sys_common::thread::start_thread::h75d887c7d2cc4479
Dec 02 00:32:45.109 INFO [stdout]                                at liballoc/boxed.rs:656
Dec 02 00:32:45.109 INFO [stdout]                                at libstd/sys_common/thread.rs:24
Dec 02 00:32:45.109 INFO [stdout]   18:     0x563cd7b86105 - std::sys::unix::thread::Thread::new::thread_start::h8414caee632bf9ed
Dec 02 00:32:45.109 INFO [stdout]                                at libstd/sys/unix/thread.rs:90
Dec 02 00:32:45.109 INFO [stdout]   19:     0x7f34705176b9 - start_thread
Dec 02 00:32:45.109 INFO [stdout]   20:     0x7f347003741c - clone
Dec 02 00:32:45.109 INFO [stdout]   21:                0x0 - <unknown>
Dec 02 00:32:45.109 INFO [stdout] 
Dec 02 00:32:45.109 INFO [stdout] ---- spec_tests::i32 stdout ----
Dec 02 00:32:45.109 INFO [stdout] thread 'spec_tests::i32' panicked at 'Could not find WebAssembly spec tests directory: '/source/vendor/webassembly/test/core'', tests/spec_tests.rs:35:9
Dec 02 00:32:45.109 INFO [stdout] stack backtrace:
Dec 02 00:32:45.109 INFO [stdout]    0:     0x563cd7b93c4e - std::sys::unix::backtrace::tracing::imp::unwind_backtrace::h15749a98198ba25f
Dec 02 00:32:45.109 INFO [stdout]                                at libstd/sys/unix/backtrace/tracing/gcc_s.rs:49
Dec 02 00:32:45.109 INFO [stdout]    1:     0x563cd7b86ec6 - std::sys_common::backtrace::print::h0ba65c811294dbf0
Dec 02 00:32:45.109 INFO [stdout]                                at libstd/sys_common/backtrace.rs:71
Dec 02 00:32:45.109 INFO [stdout]                                at libstd/sys_common/backtrace.rs:59
Dec 02 00:32:45.109 INFO [stdout]    2:     0x563cd7b852ed - std::panicking::default_hook::{{closure}}::h42bb31757f0fee64
Dec 02 00:32:45.109 INFO [stdout]                                at libstd/panicking.rs:211
Dec 02 00:32:45.109 INFO [stdout]    3:     0x563cd7b84ffb - std::panicking::default_hook::hebc8848d7aa7dbd9
Dec 02 00:32:45.109 INFO [stdout]                                at libstd/panicking.rs:221
Dec 02 00:32:45.109 INFO [stdout]    4:     0x563cd7b8599c - std::panicking::rust_panic_with_hook::h86e619a638415243
Dec 02 00:32:45.109 INFO [stdout]                                at libstd/panicking.rs:477
Dec 02 00:32:45.109 INFO [stdout]    5:     0x563cd7b85559 - std::panicking::continue_panic_fmt::h2d2d2bfb065a70b2
Dec 02 00:32:45.109 INFO [stdout]                                at libstd/panicking.rs:391
Dec 02 00:32:45.109 INFO [stdout]    6:     0x563cd7b854bd - std::panicking::begin_panic_fmt::ha5097e2056ef3d5a
Dec 02 00:32:45.109 INFO [stdout]                                at libstd/panicking.rs:346
Dec 02 00:32:45.109 INFO [stdout]    7:     0x563cd7aaaedb - spec_tests::run_spec_test::h13621bf7a4764436
Dec 02 00:32:45.109 INFO [stdout]                                at tests/spec_tests.rs:35
Dec 02 00:32:45.109 INFO [stdout]    8:     0x563cd7aa6476 - spec_tests::spec_tests::i32::h20937568c2626f1b
Dec 02 00:32:45.109 INFO [stdout]                                at tests/spec_tests.rs:13
Dec 02 00:32:45.109 INFO [stdout]    9:     0x563cd7aa6449 - spec_tests::spec_tests::i32::{{closure}}::h738683b714277771
Dec 02 00:32:45.109 INFO [stdout]                                at tests/spec_tests.rs:12
Dec 02 00:32:45.109 INFO [stdout]   10:     0x563cd7aa67cd - core::ops::function::FnOnce::call_once::h4a7e2b34c436bee4
Dec 02 00:32:45.109 INFO [stdout]                                at libcore/ops/function.rs:238
Dec 02 00:32:45.109 INFO [stdout]   11:     0x563cd7ab07de - <F as alloc::boxed::FnBox<A>>::call_box::hbea525814fa423cc
Dec 02 00:32:45.109 INFO [stdout]                                at libtest/lib.rs:1461
Dec 02 00:32:45.109 INFO [stdout]                                at libcore/ops/function.rs:238
Dec 02 00:32:45.109 INFO [stdout]                                at liballoc/boxed.rs:646
Dec 02 00:32:45.109 INFO [stdout]   12:     0x563cd7ba2ab9 - __rust_maybe_catch_panic
Dec 02 00:32:45.109 INFO [stdout]                                at libpanic_unwind/lib.rs:103
Dec 02 00:32:45.109 INFO [stdout]   13:     0x563cd7abc13d - std::sys_common::backtrace::__rust_begin_short_backtrace::h0ff507d7422944d3
Dec 02 00:32:45.109 INFO [stdout]                                at libstd/panicking.rs:289
Dec 02 00:32:45.109 INFO [stdout]                                at libstd/panic.rs:392
Dec 02 00:32:45.109 INFO [stdout]                                at libtest/lib.rs:1416
Dec 02 00:32:45.109 INFO [stdout]                                at libstd/sys_common/backtrace.rs:136
Dec 02 00:32:45.109 INFO [stdout]   14:     0x563cd7ad4774 - std::panicking::try::do_call::hba0bdcc3670471cc
Dec 02 00:32:45.109 INFO [stdout]                                at libstd/thread/mod.rs:409
Dec 02 00:32:45.109 INFO [stdout]                                at libstd/panic.rs:313
Dec 02 00:32:45.109 INFO [stdout]                                at libstd/panicking.rs:310
Dec 02 00:32:45.109 INFO [stdout]   15:     0x563cd7ba2ab9 - __rust_maybe_catch_panic
Dec 02 00:32:45.109 INFO [stdout]                                at libpanic_unwind/lib.rs:103
Dec 02 00:32:45.109 INFO [stdout]   16:     0x563cd7ac5046 - <F as alloc::boxed::FnBox<A>>::call_box::hdac52587b00591af
Dec 02 00:32:45.109 INFO [stdout]                                at libstd/panicking.rs:289
Dec 02 00:32:45.109 INFO [stdout]                                at libstd/panic.rs:392
Dec 02 00:32:45.109 INFO [stdout]                                at libstd/thread/mod.rs:408
Dec 02 00:32:45.109 INFO [stdout]                                at liballoc/boxed.rs:646
Dec 02 00:32:45.109 INFO [stdout]   17:     0x563cd7b9555a - std::sys_common::thread::start_thread::h75d887c7d2cc4479
Dec 02 00:32:45.109 INFO [stdout]                                at liballoc/boxed.rs:656
Dec 02 00:32:45.109 INFO [stdout]                                at libstd/sys_common/thread.rs:24
Dec 02 00:32:45.109 INFO [stdout]   18:     0x563cd7b86105 - std::sys::unix::thread::Thread::new::thread_start::h8414caee632bf9ed
Dec 02 00:32:45.109 INFO [stdout]                                at libstd/sys/unix/thread.rs:90
Dec 02 00:32:45.109 INFO [stdout]   19:     0x7f34705176b9 - start_thread
Dec 02 00:32:45.109 INFO [stdout]   20:     0x7f347003741c - clone
Dec 02 00:32:45.109 INFO [stdout]   21:                0x0 - <unknown>
Dec 02 00:32:45.109 INFO [stdout] 
Dec 02 00:32:45.109 INFO [stdout] ---- spec_tests::comments stdout ----
Dec 02 00:32:45.109 INFO [stdout] thread 'spec_tests::comments' panicked at 'Could not find WebAssembly spec tests directory: '/source/vendor/webassembly/test/core'', tests/spec_tests.rs:35:9
Dec 02 00:32:45.109 INFO [stdout] stack backtrace:
Dec 02 00:32:45.109 INFO [stdout]    0:     0x563cd7b93c4e - std::sys::unix::backtrace::tracing::imp::unwind_backtrace::h15749a98198ba25f
Dec 02 00:32:45.109 INFO [stdout]                                at libstd/sys/unix/backtrace/tracing/gcc_s.rs:49
Dec 02 00:32:45.109 INFO [stdout]    1:     0x563cd7b86ec6 - std::sys_common::backtrace::print::h0ba65c811294dbf0
Dec 02 00:32:45.109 INFO [stdout]                                at libstd/sys_common/backtrace.rs:71
Dec 02 00:32:45.109 INFO [stdout]                                at libstd/sys_common/backtrace.rs:59
Dec 02 00:32:45.109 INFO [stdout]    2:     0x563cd7b852ed - std::panicking::default_hook::{{closure}}::h42bb31757f0fee64
Dec 02 00:32:45.109 INFO [stdout]                                at libstd/panicking.rs:211
Dec 02 00:32:45.109 INFO [stdout]    3:     0x563cd7b84ffb - std::panicking::default_hook::hebc8848d7aa7dbd9
Dec 02 00:32:45.109 INFO [stdout]                                at libstd/panicking.rs:221
Dec 02 00:32:45.109 INFO [stdout]    4:     0x563cd7b8599c - std::panicking::rust_panic_with_hook::h86e619a638415243
Dec 02 00:32:45.109 INFO [stdout]                                at libstd/panicking.rs:477
Dec 02 00:32:45.109 INFO [stdout]    5:     0x563cd7b85559 - std::panicking::continue_panic_fmt::h2d2d2bfb065a70b2
Dec 02 00:32:45.109 INFO [stdout]                                at libstd/panicking.rs:391
Dec 02 00:32:45.109 INFO [stdout]    6:     0x563cd7b854bd - std::panicking::begin_panic_fmt::ha5097e2056ef3d5a
Dec 02 00:32:45.109 INFO [stdout]                                at libstd/panicking.rs:346
Dec 02 00:32:45.109 INFO [stdout]    7:     0x563cd7aaaedb - spec_tests::run_spec_test::h13621bf7a4764436
Dec 02 00:32:45.109 INFO [stdout]                                at tests/spec_tests.rs:35
Dec 02 00:32:45.109 INFO [stdout]    8:     0x563cd7aa6576 - spec_tests::spec_tests::comments::hef2358f8eaf3b9d2
Dec 02 00:32:45.109 INFO [stdout]                                at tests/spec_tests.rs:13
Dec 02 00:32:45.110 INFO [stdout]    9:     0x563cd7aa6549 - spec_tests::spec_tests::comments::{{closure}}::hfd955594da98f4be
Dec 02 00:32:45.110 INFO [stdout]                                at tests/spec_tests.rs:12
Dec 02 00:32:45.110 INFO [stdout]   10:     0x563cd7aa678d - core::ops::function::FnOnce::call_once::h15c0fdf2f3beed39
Dec 02 00:32:45.110 INFO [stdout]                                at libcore/ops/function.rs:238
Dec 02 00:32:45.110 INFO [stdout]   11:     0x563cd7ab07de - <F as alloc::boxed::FnBox<A>>::call_box::hbea525814fa423cc
Dec 02 00:32:45.110 INFO [stdout]                                at libtest/lib.rs:1461
Dec 02 00:32:45.110 INFO [stdout]                                at libcore/ops/function.rs:238
Dec 02 00:32:45.110 INFO [stdout]                                at liballoc/boxed.rs:646
Dec 02 00:32:45.110 INFO [stdout]   12:     0x563cd7ba2ab9 - __rust_maybe_catch_panic
Dec 02 00:32:45.110 INFO [stdout]                                at libpanic_unwind/lib.rs:103
Dec 02 00:32:45.110 INFO [stdout]   13:     0x563cd7abc13d - std::sys_common::backtrace::__rust_begin_short_backtrace::h0ff507d7422944d3
Dec 02 00:32:45.110 INFO [stdout]                                at libstd/panicking.rs:289
Dec 02 00:32:45.110 INFO [stdout]                                at libstd/panic.rs:392
Dec 02 00:32:45.110 INFO [stdout]                                at libtest/lib.rs:1416
Dec 02 00:32:45.110 INFO [stdout]                                at libstd/sys_common/backtrace.rs:136
Dec 02 00:32:45.110 INFO [stdout]   14:     0x563cd7ad4774 - std::panicking::try::do_call::hba0bdcc3670471cc
Dec 02 00:32:45.110 INFO [stdout]                                at libstd/thread/mod.rs:409
Dec 02 00:32:45.110 INFO [stdout]                                at libstd/panic.rs:313
Dec 02 00:32:45.110 INFO [stdout]                                at libstd/panicking.rs:310
Dec 02 00:32:45.110 INFO [stdout]   15:     0x563cd7ba2ab9 - __rust_maybe_catch_panic
Dec 02 00:32:45.110 INFO [stdout]                                at libpanic_unwind/lib.rs:103
Dec 02 00:32:45.110 INFO [stdout]   16:     0x563cd7ac5046 - <F as alloc::boxed::FnBox<A>>::call_box::hdac52587b00591af
Dec 02 00:32:45.110 INFO [stdout]                                at libstd/panicking.rs:289
Dec 02 00:32:45.110 INFO [stdout]                                at libstd/panic.rs:392
Dec 02 00:32:45.110 INFO [stdout]                                at libstd/thread/mod.rs:408
Dec 02 00:32:45.110 INFO [stdout]                                at liballoc/boxed.rs:646
Dec 02 00:32:45.110 INFO [stdout]   17:     0x563cd7b9555a - std::sys_common::thread::start_thread::h75d887c7d2cc4479
Dec 02 00:32:45.110 INFO [stdout]                                at liballoc/boxed.rs:656
Dec 02 00:32:45.110 INFO [stdout]                                at libstd/sys_common/thread.rs:24
Dec 02 00:32:45.110 INFO [stdout]   18:     0x563cd7b86105 - std::sys::unix::thread::Thread::new::thread_start::h8414caee632bf9ed
Dec 02 00:32:45.110 INFO [stdout]                                at libstd/sys/unix/thread.rs:90
Dec 02 00:32:45.110 INFO [stdout]   19:     0x7f34705176b9 - start_thread
Dec 02 00:32:45.110 INFO [stdout]   20:     0x7f347003741c - clone
Dec 02 00:32:45.110 INFO [stdout]   21:                0x0 - <unknown>
Dec 02 00:32:45.110 INFO [stdout] 
Dec 02 00:32:45.110 INFO [stdout] 
Dec 02 00:32:45.110 INFO [stdout] failures:
Dec 02 00:32:45.110 INFO [stdout]     spec_tests::comments
Dec 02 00:32:45.110 INFO [stdout]     spec_tests::i32
Dec 02 00:32:45.110 INFO [stdout]     spec_tests::i64
Dec 02 00:32:45.110 INFO [stdout]     spec_tests::int_exprs
Dec 02 00:32:45.110 INFO [stdout]     spec_tests::names
Dec 02 00:32:45.110 INFO [stdout] 
Dec 02 00:32:45.110 INFO [stdout] test result: FAILED. 0 passed; 5 failed; 0 ignored; 0 measured; 0 filtered out
Dec 02 00:32:45.110 INFO [stdout] 
Dec 02 00:32:45.110 INFO [stderr] error: test failed, to rerun pass '--test spec_tests'
Dec 02 00:32:45.110 INFO [stderr] su: No module specific data is present
Dec 02 00:32:45.608 INFO running `"docker" "inspect" "975d8189b446e76e07961231070e19c378066f4333b27bbdd84c42bf158b3096"`
Dec 02 00:32:45.757 INFO running `"docker" "rm" "-f" "975d8189b446e76e07961231070e19c378066f4333b27bbdd84c42bf158b3096"`
Dec 02 00:32:45.856 INFO [stdout] 975d8189b446e76e07961231070e19c378066f4333b27bbdd84c42bf158b3096
