Dec 02 00:33:17.672 INFO testing antonw1lc0x/avm against 1.30.1 for beta-1.31-5
Dec 02 00:33:17.672 INFO running `"docker" "create" "-v" "/mnt/big/crater/work/local/target-dirs/beta-1.31-5/worker-3/1.30.1:/target:rw,Z" "-v" "/mnt/big/crater/work/local/test-source/worker-3/beta-1.31-5/1.30.1:/source:ro,Z" "-v" "/mnt/big/crater/work/local/cargo-home:/cargo-home:ro,Z" "-v" "/mnt/big/crater/work/local/rustup-home:/rustup-home:ro,Z" "-e" "USER_ID=1000" "-e" "SOURCE_DIR=/source" "-e" "USER_ID=1000" "-e" "CMD=cargo +1.30.1 build --frozen" "-e" "CARGO_TARGET_DIR=/target" "-e" "CARGO_INCREMENTAL=0" "-e" "RUST_BACKTRACE=full" "-e" "RUSTFLAGS=--cap-lints=warn" "-e" "CARGO_HOME=/cargo-home" "-e" "RUSTUP_HOME=/rustup-home" "-m" "1536M" "--network" "none" "crater"`
Dec 02 00:33:18.121 INFO [stdout] 28c100eb2553afd599287ab8662c5f2e323a7ddf927651be8f79fa8ac35996ac
Dec 02 00:33:18.135 INFO running `"docker" "start" "-a" "28c100eb2553afd599287ab8662c5f2e323a7ddf927651be8f79fa8ac35996ac"`
Dec 02 00:33:19.435 INFO [stderr] usermod: no changes
Dec 02 00:33:19.511 INFO [stderr]    Compiling avm v0.1.0 (/source)
Dec 02 00:33:20.145 INFO [stderr] warning: field is never used: `opcode`
Dec 02 00:33:20.145 INFO [stderr]   --> src/instruct.rs:15:5
Dec 02 00:33:20.145 INFO [stderr]    |
Dec 02 00:33:20.145 INFO [stderr] 15 |     opcode: Opcode
Dec 02 00:33:20.145 INFO [stderr]    |     ^^^^^^^^^^^^^^
Dec 02 00:33:20.145 INFO [stderr]    |
Dec 02 00:33:20.145 INFO [stderr]    = note: #[warn(dead_code)] on by default
Dec 02 00:33:20.145 INFO [stderr] 
Dec 02 00:33:20.624 INFO [stderr]     Finished dev [unoptimized + debuginfo] target(s) in 1.16s
Dec 02 00:33:20.631 INFO [stderr] su: No module specific data is present
Dec 02 00:33:21.383 INFO running `"docker" "inspect" "28c100eb2553afd599287ab8662c5f2e323a7ddf927651be8f79fa8ac35996ac"`
Dec 02 00:33:21.766 INFO running `"docker" "rm" "-f" "28c100eb2553afd599287ab8662c5f2e323a7ddf927651be8f79fa8ac35996ac"`
Dec 02 00:33:22.094 INFO [stdout] 28c100eb2553afd599287ab8662c5f2e323a7ddf927651be8f79fa8ac35996ac
Dec 02 00:33:22.096 INFO running `"docker" "create" "-v" "/mnt/big/crater/work/local/target-dirs/beta-1.31-5/worker-3/1.30.1:/target:rw,Z" "-v" "/mnt/big/crater/work/local/test-source/worker-3/beta-1.31-5/1.30.1:/source:ro,Z" "-v" "/mnt/big/crater/work/local/cargo-home:/cargo-home:ro,Z" "-v" "/mnt/big/crater/work/local/rustup-home:/rustup-home:ro,Z" "-e" "USER_ID=1000" "-e" "SOURCE_DIR=/source" "-e" "USER_ID=1000" "-e" "CMD=cargo +1.30.1 test --frozen --no-run" "-e" "CARGO_TARGET_DIR=/target" "-e" "CARGO_INCREMENTAL=0" "-e" "RUST_BACKTRACE=full" "-e" "RUSTFLAGS=--cap-lints=warn" "-e" "CARGO_HOME=/cargo-home" "-e" "RUSTUP_HOME=/rustup-home" "-m" "1536M" "--network" "none" "crater"`
Dec 02 00:33:22.579 INFO [stdout] f6eb1f6607f38bc6310c41aef9e07176560aad28e6c1a272c3764c8f4d918e16
Dec 02 00:33:22.581 INFO running `"docker" "start" "-a" "f6eb1f6607f38bc6310c41aef9e07176560aad28e6c1a272c3764c8f4d918e16"`
Dec 02 00:33:24.128 INFO [stderr] usermod: no changes
Dec 02 00:33:24.179 INFO [stderr]    Compiling avm v0.1.0 (/source)
Dec 02 00:33:25.666 INFO [stderr]     Finished dev [unoptimized + debuginfo] target(s) in 1.51s
Dec 02 00:33:25.668 INFO [stderr] su: No module specific data is present
Dec 02 00:33:26.363 INFO running `"docker" "inspect" "f6eb1f6607f38bc6310c41aef9e07176560aad28e6c1a272c3764c8f4d918e16"`
Dec 02 00:33:26.691 INFO running `"docker" "rm" "-f" "f6eb1f6607f38bc6310c41aef9e07176560aad28e6c1a272c3764c8f4d918e16"`
Dec 02 00:33:26.973 INFO [stdout] f6eb1f6607f38bc6310c41aef9e07176560aad28e6c1a272c3764c8f4d918e16
Dec 02 00:33:26.981 INFO running `"docker" "create" "-v" "/mnt/big/crater/work/local/target-dirs/beta-1.31-5/worker-3/1.30.1:/target:rw,Z" "-v" "/mnt/big/crater/work/local/test-source/worker-3/beta-1.31-5/1.30.1:/source:ro,Z" "-v" "/mnt/big/crater/work/local/cargo-home:/cargo-home:ro,Z" "-v" "/mnt/big/crater/work/local/rustup-home:/rustup-home:ro,Z" "-e" "USER_ID=1000" "-e" "SOURCE_DIR=/source" "-e" "USER_ID=1000" "-e" "CMD=cargo +1.30.1 test --frozen" "-e" "CARGO_TARGET_DIR=/target" "-e" "CARGO_INCREMENTAL=0" "-e" "RUST_BACKTRACE=full" "-e" "RUSTFLAGS=--cap-lints=warn" "-e" "CARGO_HOME=/cargo-home" "-e" "RUSTUP_HOME=/rustup-home" "-m" "1536M" "--network" "none" "crater"`
Dec 02 00:33:27.415 INFO [stdout] fb2dabe1114f4e979b8bbf3e6892e4c1a063288379d04756b6ec961615836a7f
Dec 02 00:33:27.417 INFO running `"docker" "start" "-a" "fb2dabe1114f4e979b8bbf3e6892e4c1a063288379d04756b6ec961615836a7f"`
Dec 02 00:33:28.947 INFO [stderr] usermod: no changes
Dec 02 00:33:28.975 INFO [stderr]     Finished dev [unoptimized + debuginfo] target(s) in 0.01s
Dec 02 00:33:28.975 INFO [stderr]      Running /target/debug/deps/avm-f059f2ccceac23a0
Dec 02 00:33:28.986 INFO [stdout] 
Dec 02 00:33:28.987 INFO [stdout] running 4 tests
Dec 02 00:33:28.991 INFO [stdout] test instruct::test::test_crate_hlt ... ok
Dec 02 00:33:28.995 INFO [stdout] test instruct::test::test_crate_instruct ... ok
Dec 02 00:33:29.031 INFO [stdout] test vm::test::test_jmpf_opcode ... FAILED
Dec 02 00:33:29.031 INFO [stdout] test vm::test::test_jmp_opcode ... FAILED
Dec 02 00:33:29.031 INFO [stdout] 
Dec 02 00:33:29.031 INFO [stdout] failures:
Dec 02 00:33:29.031 INFO [stdout] 
Dec 02 00:33:29.032 INFO [stdout] ---- vm::test::test_jmpf_opcode stdout ----
Dec 02 00:33:29.032 INFO [stdout] Unrecognized opcode found! Terminating!
Dec 02 00:33:29.032 INFO [stdout] thread 'vm::test::test_jmpf_opcode' panicked at 'assertion failed: `(left == right)`
Dec 02 00:33:29.032 INFO [stdout]   left: `5`,
Dec 02 00:33:29.032 INFO [stdout]  right: `4`', src/vm.rs:156:9
Dec 02 00:33:29.032 INFO [stdout] stack backtrace:
Dec 02 00:33:29.032 INFO [stdout]    0:     0x5649e247629e - std::sys::unix::backtrace::tracing::imp::unwind_backtrace::h15749a98198ba25f
Dec 02 00:33:29.032 INFO [stdout]                                at libstd/sys/unix/backtrace/tracing/gcc_s.rs:49
Dec 02 00:33:29.032 INFO [stdout]    1:     0x5649e2469626 - std::sys_common::backtrace::print::h0ba65c811294dbf0
Dec 02 00:33:29.032 INFO [stdout]                                at libstd/sys_common/backtrace.rs:71
Dec 02 00:33:29.032 INFO [stdout]                                at libstd/sys_common/backtrace.rs:59
Dec 02 00:33:29.032 INFO [stdout]    2:     0x5649e2467a4d - std::panicking::default_hook::{{closure}}::h42bb31757f0fee64
Dec 02 00:33:29.032 INFO [stdout]                                at libstd/panicking.rs:211
Dec 02 00:33:29.032 INFO [stdout]    3:     0x5649e246775b - std::panicking::default_hook::hebc8848d7aa7dbd9
Dec 02 00:33:29.032 INFO [stdout]                                at libstd/panicking.rs:221
Dec 02 00:33:29.032 INFO [stdout]    4:     0x5649e24680fc - std::panicking::rust_panic_with_hook::h86e619a638415243
Dec 02 00:33:29.032 INFO [stdout]                                at libstd/panicking.rs:477
Dec 02 00:33:29.032 INFO [stdout]    5:     0x5649e2467cb9 - std::panicking::continue_panic_fmt::h2d2d2bfb065a70b2
Dec 02 00:33:29.032 INFO [stdout]                                at libstd/panicking.rs:391
Dec 02 00:33:29.032 INFO [stdout]    6:     0x5649e2467c1d - std::panicking::begin_panic_fmt::ha5097e2056ef3d5a
Dec 02 00:33:29.032 INFO [stdout]                                at libstd/panicking.rs:346
Dec 02 00:33:29.032 INFO [stdout]    7:     0x5649e2424b07 - avm::vm::test::test_jmpf_opcode::h05da8fd60ad7c597
Dec 02 00:33:29.032 INFO [stdout]                                at src/vm.rs:156
Dec 02 00:33:29.032 INFO [stdout]    8:     0x5649e24248d9 - avm::vm::test::test_jmpf_opcode::{{closure}}::hdabd96a00f16acb5
Dec 02 00:33:29.032 INFO [stdout]                                at src/vm.rs:151
Dec 02 00:33:29.032 INFO [stdout]    9:     0x5649e242528d - core::ops::function::FnOnce::call_once::hdb0e1b608077f7ea
Dec 02 00:33:29.032 INFO [stdout]                                at libcore/ops/function.rs:238
Dec 02 00:33:29.032 INFO [stdout]   10:     0x5649e242862e - <F as alloc::boxed::FnBox<A>>::call_box::hbea525814fa423cc
Dec 02 00:33:29.032 INFO [stdout]                                at libtest/lib.rs:1461
Dec 02 00:33:29.032 INFO [stdout]                                at libcore/ops/function.rs:238
Dec 02 00:33:29.032 INFO [stdout]                                at liballoc/boxed.rs:646
Dec 02 00:33:29.032 INFO [stdout]   11:     0x5649e2485109 - __rust_maybe_catch_panic
Dec 02 00:33:29.032 INFO [stdout]                                at libpanic_unwind/lib.rs:103
Dec 02 00:33:29.032 INFO [stdout]   12:     0x5649e2433f8d - std::sys_common::backtrace::__rust_begin_short_backtrace::h0ff507d7422944d3
Dec 02 00:33:29.032 INFO [stdout]                                at libstd/panicking.rs:289
Dec 02 00:33:29.032 INFO [stdout]                                at libstd/panic.rs:392
Dec 02 00:33:29.032 INFO [stdout]                                at libtest/lib.rs:1416
Dec 02 00:33:29.032 INFO [stdout]                                at libstd/sys_common/backtrace.rs:136
Dec 02 00:33:29.032 INFO [stdout]   13:     0x5649e244c5c4 - std::panicking::try::do_call::hba0bdcc3670471cc
Dec 02 00:33:29.032 INFO [stdout]                                at libstd/thread/mod.rs:409
Dec 02 00:33:29.032 INFO [stdout]                                at libstd/panic.rs:313
Dec 02 00:33:29.032 INFO [stdout]                                at libstd/panicking.rs:310
Dec 02 00:33:29.032 INFO [stdout]   14:     0x5649e2485109 - __rust_maybe_catch_panic
Dec 02 00:33:29.032 INFO [stdout]                                at libpanic_unwind/lib.rs:103
Dec 02 00:33:29.032 INFO [stdout]   15:     0x5649e243ce96 - <F as alloc::boxed::FnBox<A>>::call_box::hdac52587b00591af
Dec 02 00:33:29.032 INFO [stdout]                                at libstd/panicking.rs:289
Dec 02 00:33:29.032 INFO [stdout]                                at libstd/panic.rs:392
Dec 02 00:33:29.032 INFO [stdout]                                at libstd/thread/mod.rs:408
Dec 02 00:33:29.032 INFO [stdout]                                at liballoc/boxed.rs:646
Dec 02 00:33:29.032 INFO [stdout]   16:     0x5649e2477baa - std::sys_common::thread::start_thread::h75d887c7d2cc4479
Dec 02 00:33:29.032 INFO [stdout]                                at liballoc/boxed.rs:656
Dec 02 00:33:29.032 INFO [stdout]                                at libstd/sys_common/thread.rs:24
Dec 02 00:33:29.032 INFO [stdout]   17:     0x5649e2468865 - std::sys::unix::thread::Thread::new::thread_start::h8414caee632bf9ed
Dec 02 00:33:29.032 INFO [stdout]                                at libstd/sys/unix/thread.rs:90
Dec 02 00:33:29.032 INFO [stdout]   18:     0x7f89a2ffa6b9 - start_thread
Dec 02 00:33:29.032 INFO [stdout]   19:     0x7f89a2b1a41c - clone
Dec 02 00:33:29.032 INFO [stdout]   20:                0x0 - <unknown>
Dec 02 00:33:29.032 INFO [stdout] 
Dec 02 00:33:29.032 INFO [stdout] ---- vm::test::test_jmp_opcode stdout ----
Dec 02 00:33:29.032 INFO [stdout] thread 'vm::test::test_jmp_opcode' panicked at 'assertion failed: `(left == right)`
Dec 02 00:33:29.032 INFO [stdout]   left: `3`,
Dec 02 00:33:29.032 INFO [stdout]  right: `1`', src/vm.rs:147:9
Dec 02 00:33:29.032 INFO [stdout] stack backtrace:
Dec 02 00:33:29.032 INFO [stdout]    0:     0x5649e247629e - std::sys::unix::backtrace::tracing::imp::unwind_backtrace::h15749a98198ba25f
Dec 02 00:33:29.032 INFO [stdout]                                at libstd/sys/unix/backtrace/tracing/gcc_s.rs:49
Dec 02 00:33:29.032 INFO [stdout]    1:     0x5649e2469626 - std::sys_common::backtrace::print::h0ba65c811294dbf0
Dec 02 00:33:29.032 INFO [stdout]                                at libstd/sys_common/backtrace.rs:71
Dec 02 00:33:29.032 INFO [stdout]                                at libstd/sys_common/backtrace.rs:59
Dec 02 00:33:29.032 INFO [stdout]    2:     0x5649e2467a4d - std::panicking::default_hook::{{closure}}::h42bb31757f0fee64
Dec 02 00:33:29.032 INFO [stdout]                                at libstd/panicking.rs:211
Dec 02 00:33:29.032 INFO [stdout]    3:     0x5649e246775b - std::panicking::default_hook::hebc8848d7aa7dbd9
Dec 02 00:33:29.032 INFO [stdout]                                at libstd/panicking.rs:221
Dec 02 00:33:29.032 INFO [stdout]    4:     0x5649e24680fc - std::panicking::rust_panic_with_hook::h86e619a638415243
Dec 02 00:33:29.032 INFO [stdout]                                at libstd/panicking.rs:477
Dec 02 00:33:29.032 INFO [stdout]    5:     0x5649e2467cb9 - std::panicking::continue_panic_fmt::h2d2d2bfb065a70b2
Dec 02 00:33:29.032 INFO [stdout]                                at libstd/panicking.rs:391
Dec 02 00:33:29.032 INFO [stdout]    6:     0x5649e2467c1d - std::panicking::begin_panic_fmt::ha5097e2056ef3d5a
Dec 02 00:33:29.032 INFO [stdout]                                at libstd/panicking.rs:346
Dec 02 00:33:29.032 INFO [stdout]    7:     0x5649e2424837 - avm::vm::test::test_jmp_opcode::hd074fedb36554480
Dec 02 00:33:29.032 INFO [stdout]                                at src/vm.rs:147
Dec 02 00:33:29.032 INFO [stdout]    8:     0x5649e2424619 - avm::vm::test::test_jmp_opcode::{{closure}}::h588468ebe4d1bddb
Dec 02 00:33:29.032 INFO [stdout]                                at src/vm.rs:142
Dec 02 00:33:29.032 INFO [stdout]    9:     0x5649e242524d - core::ops::function::FnOnce::call_once::hbf82e1b46199f5ac
Dec 02 00:33:29.032 INFO [stdout]                                at libcore/ops/function.rs:238
Dec 02 00:33:29.032 INFO [stdout]   10:     0x5649e242862e - <F as alloc::boxed::FnBox<A>>::call_box::hbea525814fa423cc
Dec 02 00:33:29.032 INFO [stdout]                                at libtest/lib.rs:1461
Dec 02 00:33:29.032 INFO [stdout]                                at libcore/ops/function.rs:238
Dec 02 00:33:29.032 INFO [stdout]                                at liballoc/boxed.rs:646
Dec 02 00:33:29.032 INFO [stdout]   11:     0x5649e2485109 - __rust_maybe_catch_panic
Dec 02 00:33:29.032 INFO [stdout]                                at libpanic_unwind/lib.rs:103
Dec 02 00:33:29.032 INFO [stdout]   12:     0x5649e2433f8d - std::sys_common::backtrace::__rust_begin_short_backtrace::h0ff507d7422944d3
Dec 02 00:33:29.032 INFO [stdout]                                at libstd/panicking.rs:289
Dec 02 00:33:29.032 INFO [stdout]                                at libstd/panic.rs:392
Dec 02 00:33:29.033 INFO [stdout]                                at libtest/lib.rs:1416
Dec 02 00:33:29.033 INFO [stdout]                                at libstd/sys_common/backtrace.rs:136
Dec 02 00:33:29.033 INFO [stdout]   13:     0x5649e244c5c4 - std::panicking::try::do_call::hba0bdcc3670471cc
Dec 02 00:33:29.033 INFO [stdout]                                at libstd/thread/mod.rs:409
Dec 02 00:33:29.033 INFO [stdout]                                at libstd/panic.rs:313
Dec 02 00:33:29.033 INFO [stdout]                                at libstd/panicking.rs:310
Dec 02 00:33:29.033 INFO [stdout]   14:     0x5649e2485109 - __rust_maybe_catch_panic
Dec 02 00:33:29.033 INFO [stdout]                                at libpanic_unwind/lib.rs:103
Dec 02 00:33:29.033 INFO [stdout]   15:     0x5649e243ce96 - <F as alloc::boxed::FnBox<A>>::call_box::hdac52587b00591af
Dec 02 00:33:29.033 INFO [stdout]                                at libstd/panicking.rs:289
Dec 02 00:33:29.033 INFO [stdout]                                at libstd/panic.rs:392
Dec 02 00:33:29.033 INFO [stdout]                                at libstd/thread/mod.rs:408
Dec 02 00:33:29.033 INFO [stdout]                                at liballoc/boxed.rs:646
Dec 02 00:33:29.033 INFO [stdout]   16:     0x5649e2477baa - std::sys_common::thread::start_thread::h75d887c7d2cc4479
Dec 02 00:33:29.033 INFO [stdout]                                at liballoc/boxed.rs:656
Dec 02 00:33:29.033 INFO [stdout]                                at libstd/sys_common/thread.rs:24
Dec 02 00:33:29.033 INFO [stdout]   17:     0x5649e2468865 - std::sys::unix::thread::Thread::new::thread_start::h8414caee632bf9ed
Dec 02 00:33:29.033 INFO [stdout]                                at libstd/sys/unix/thread.rs:90
Dec 02 00:33:29.033 INFO [stdout]   18:     0x7f89a2ffa6b9 - start_thread
Dec 02 00:33:29.033 INFO [stdout]   19:     0x7f89a2b1a41c - clone
Dec 02 00:33:29.033 INFO [stdout]   20:                0x0 - <unknown>
Dec 02 00:33:29.033 INFO [stdout] 
Dec 02 00:33:29.033 INFO [stdout] 
Dec 02 00:33:29.033 INFO [stdout] failures:
Dec 02 00:33:29.033 INFO [stdout]     vm::test::test_jmp_opcode
Dec 02 00:33:29.033 INFO [stdout]     vm::test::test_jmpf_opcode
Dec 02 00:33:29.033 INFO [stdout] 
Dec 02 00:33:29.033 INFO [stdout] test result: FAILED. 2 passed; 2 failed; 0 ignored; 0 measured; 0 filtered out
Dec 02 00:33:29.033 INFO [stdout] 
Dec 02 00:33:29.033 INFO [stderr] error: test failed, to rerun pass '--bin avm'
Dec 02 00:33:29.033 INFO [stderr] su: No module specific data is present
Dec 02 00:33:30.033 INFO running `"docker" "inspect" "fb2dabe1114f4e979b8bbf3e6892e4c1a063288379d04756b6ec961615836a7f"`
Dec 02 00:33:30.233 INFO running `"docker" "rm" "-f" "fb2dabe1114f4e979b8bbf3e6892e4c1a063288379d04756b6ec961615836a7f"`
Dec 02 00:33:30.553 INFO [stdout] fb2dabe1114f4e979b8bbf3e6892e4c1a063288379d04756b6ec961615836a7f
