Dec 02 00:37:43.439 INFO testing andysalerno/explain_rs against 1.30.1 for beta-1.31-5
Dec 02 00:37:43.440 INFO running `"docker" "create" "-v" "/mnt/big/crater/work/local/target-dirs/beta-1.31-5/worker-0/1.30.1:/target:rw,Z" "-v" "/mnt/big/crater/work/local/test-source/worker-0/beta-1.31-5/1.30.1:/source:ro,Z" "-v" "/mnt/big/crater/work/local/cargo-home:/cargo-home:ro,Z" "-v" "/mnt/big/crater/work/local/rustup-home:/rustup-home:ro,Z" "-e" "USER_ID=1000" "-e" "SOURCE_DIR=/source" "-e" "USER_ID=1000" "-e" "CMD=cargo +1.30.1 build --frozen" "-e" "CARGO_TARGET_DIR=/target" "-e" "CARGO_INCREMENTAL=0" "-e" "RUST_BACKTRACE=full" "-e" "RUSTFLAGS=--cap-lints=warn" "-e" "CARGO_HOME=/cargo-home" "-e" "RUSTUP_HOME=/rustup-home" "-m" "1536M" "--network" "none" "crater"`
Dec 02 00:37:43.631 INFO [stdout] 889d0da97bc30794f1b0938942b5d0111c2c0b60a1bc14034cffda8b15d977d8
Dec 02 00:37:43.636 INFO running `"docker" "start" "-a" "889d0da97bc30794f1b0938942b5d0111c2c0b60a1bc14034cffda8b15d977d8"`
Dec 02 00:37:44.448 INFO [stderr] usermod: no changes
Dec 02 00:37:44.523 INFO [stderr]    Compiling term_size v0.3.1
Dec 02 00:37:45.065 INFO [stderr]    Compiling explain_rs v0.1.0 (/source)
Dec 02 00:37:45.847 INFO [stderr] warning: unused variable: `difference`
Dec 02 00:37:45.847 INFO [stderr]    --> src/man_parse/term_writer/troff_term_writer.rs:262:13
Dec 02 00:37:45.847 INFO [stderr]     |
Dec 02 00:37:45.847 INFO [stderr] 262 |         let difference = text_start_pos - count_whitespace;
Dec 02 00:37:45.847 INFO [stderr]     |             ^^^^^^^^^^ help: consider using `_difference` instead
Dec 02 00:37:45.847 INFO [stderr]     |
Dec 02 00:37:45.847 INFO [stderr]     = note: #[warn(unused_variables)] on by default
Dec 02 00:37:45.847 INFO [stderr] 
Dec 02 00:37:45.887 INFO [stderr] warning: variable does not need to be mutable
Dec 02 00:37:45.887 INFO [stderr]    --> src/man_parse/troff_parser.rs:338:13
Dec 02 00:37:45.887 INFO [stderr]     |
Dec 02 00:37:45.887 INFO [stderr] 338 |         let mut pops = if let Some(tok) = decrease_arg {
Dec 02 00:37:45.887 INFO [stderr]     |             ----^^^^
Dec 02 00:37:45.887 INFO [stderr]     |             |
Dec 02 00:37:45.887 INFO [stderr]     |             help: remove this `mut`
Dec 02 00:37:45.887 INFO [stderr]     |
Dec 02 00:37:45.887 INFO [stderr]     = note: #[warn(unused_mut)] on by default
Dec 02 00:37:45.887 INFO [stderr] 
Dec 02 00:37:45.928 INFO [stderr] warning: variant is never constructed: `Underlined`
Dec 02 00:37:45.928 INFO [stderr]   --> src/man_parse/term_writer/font_style.rs:16:5
Dec 02 00:37:45.928 INFO [stderr]    |
Dec 02 00:37:45.928 INFO [stderr] 16 |     Underlined,
Dec 02 00:37:45.928 INFO [stderr]    |     ^^^^^^^^^^
Dec 02 00:37:45.928 INFO [stderr]    |
Dec 02 00:37:45.928 INFO [stderr]    = note: #[warn(dead_code)] on by default
Dec 02 00:37:45.928 INFO [stderr] 
Dec 02 00:37:45.928 INFO [stderr] warning: variant is never constructed: `NonWhitespace`
Dec 02 00:37:45.928 INFO [stderr]  --> src/man_parse/term_writer/line_info.rs:9:5
Dec 02 00:37:45.928 INFO [stderr]   |
Dec 02 00:37:45.928 INFO [stderr] 9 |     NonWhitespace,
Dec 02 00:37:45.928 INFO [stderr]   |     ^^^^^^^^^^^^^
Dec 02 00:37:45.928 INFO [stderr] 
Dec 02 00:37:45.928 INFO [stderr] warning: method is never used: `disable_debug`
Dec 02 00:37:45.928 INFO [stderr]   --> src/man_parse/term_writer/troff_term_writer.rs:82:5
Dec 02 00:37:45.928 INFO [stderr]    |
Dec 02 00:37:45.928 INFO [stderr] 82 |     pub fn disable_debug(&mut self) {
Dec 02 00:37:45.928 INFO [stderr]    |     ^^^^^^^^^^^^^^^^^^^^^^^^^^^^^^^
Dec 02 00:37:45.928 INFO [stderr] 
Dec 02 00:37:45.928 INFO [stderr] warning: method is never used: `indent`
Dec 02 00:37:45.928 INFO [stderr]   --> src/man_parse/term_writer/troff_term_writer.rs:91:5
Dec 02 00:37:45.928 INFO [stderr]    |
Dec 02 00:37:45.928 INFO [stderr] 91 |     pub fn indent(&self) -> usize {
Dec 02 00:37:45.928 INFO [stderr]    |     ^^^^^^^^^^^^^^^^^^^^^^^^^^^^^
Dec 02 00:37:45.928 INFO [stderr] 
Dec 02 00:37:45.929 INFO [stderr] warning: method is never used: `default_indent`
Dec 02 00:37:45.929 INFO [stderr]    --> src/man_parse/term_writer/troff_term_writer.rs:189:5
Dec 02 00:37:45.929 INFO [stderr]     |
Dec 02 00:37:45.929 INFO [stderr] 189 |     pub fn default_indent(&mut self) {
Dec 02 00:37:45.929 INFO [stderr]     |     ^^^^^^^^^^^^^^^^^^^^^^^^^^^^^^^^
Dec 02 00:37:45.929 INFO [stderr] 
Dec 02 00:37:46.944 INFO [stderr]     Finished dev [unoptimized + debuginfo] target(s) in 2.46s
Dec 02 00:37:46.946 INFO [stderr] su: No module specific data is present
Dec 02 00:37:47.613 INFO running `"docker" "inspect" "889d0da97bc30794f1b0938942b5d0111c2c0b60a1bc14034cffda8b15d977d8"`
Dec 02 00:37:47.772 INFO running `"docker" "rm" "-f" "889d0da97bc30794f1b0938942b5d0111c2c0b60a1bc14034cffda8b15d977d8"`
Dec 02 00:37:48.027 INFO [stdout] 889d0da97bc30794f1b0938942b5d0111c2c0b60a1bc14034cffda8b15d977d8
Dec 02 00:37:48.031 INFO running `"docker" "create" "-v" "/mnt/big/crater/work/local/target-dirs/beta-1.31-5/worker-0/1.30.1:/target:rw,Z" "-v" "/mnt/big/crater/work/local/test-source/worker-0/beta-1.31-5/1.30.1:/source:ro,Z" "-v" "/mnt/big/crater/work/local/cargo-home:/cargo-home:ro,Z" "-v" "/mnt/big/crater/work/local/rustup-home:/rustup-home:ro,Z" "-e" "USER_ID=1000" "-e" "SOURCE_DIR=/source" "-e" "USER_ID=1000" "-e" "CMD=cargo +1.30.1 test --frozen --no-run" "-e" "CARGO_TARGET_DIR=/target" "-e" "CARGO_INCREMENTAL=0" "-e" "RUST_BACKTRACE=full" "-e" "RUSTFLAGS=--cap-lints=warn" "-e" "CARGO_HOME=/cargo-home" "-e" "RUSTUP_HOME=/rustup-home" "-m" "1536M" "--network" "none" "crater"`
Dec 02 00:37:48.217 INFO [stdout] b380bb38ed7732c07f339cee4a952c899cdaa4147edbcb5256049c239ab45b41
Dec 02 00:37:48.220 INFO running `"docker" "start" "-a" "b380bb38ed7732c07f339cee4a952c899cdaa4147edbcb5256049c239ab45b41"`
Dec 02 00:37:48.589 INFO [stderr] usermod: no changes
Dec 02 00:37:48.625 INFO [stderr]    Compiling explain_rs v0.1.0 (/source)
Dec 02 00:37:49.423 INFO [stderr] warning: unused variable: `difference`
Dec 02 00:37:49.423 INFO [stderr]    --> src/man_parse/term_writer/troff_term_writer.rs:262:13
Dec 02 00:37:49.423 INFO [stderr]     |
Dec 02 00:37:49.423 INFO [stderr] 262 |         let difference = text_start_pos - count_whitespace;
Dec 02 00:37:49.423 INFO [stderr]     |             ^^^^^^^^^^ help: consider using `_difference` instead
Dec 02 00:37:49.423 INFO [stderr]     |
Dec 02 00:37:49.423 INFO [stderr]     = note: #[warn(unused_variables)] on by default
Dec 02 00:37:49.424 INFO [stderr] 
Dec 02 00:37:49.467 INFO [stderr] warning: variable does not need to be mutable
Dec 02 00:37:49.467 INFO [stderr]    --> src/man_parse/troff_parser.rs:338:13
Dec 02 00:37:49.467 INFO [stderr]     |
Dec 02 00:37:49.467 INFO [stderr] 338 |         let mut pops = if let Some(tok) = decrease_arg {
Dec 02 00:37:49.467 INFO [stderr]     |             ----^^^^
Dec 02 00:37:49.467 INFO [stderr]     |             |
Dec 02 00:37:49.467 INFO [stderr]     |             help: remove this `mut`
Dec 02 00:37:49.467 INFO [stderr]     |
Dec 02 00:37:49.467 INFO [stderr]     = note: #[warn(unused_mut)] on by default
Dec 02 00:37:49.467 INFO [stderr] 
Dec 02 00:37:49.539 INFO [stderr] warning: variant is never constructed: `Underlined`
Dec 02 00:37:49.539 INFO [stderr]   --> src/man_parse/term_writer/font_style.rs:16:5
Dec 02 00:37:49.539 INFO [stderr]    |
Dec 02 00:37:49.539 INFO [stderr] 16 |     Underlined,
Dec 02 00:37:49.539 INFO [stderr]    |     ^^^^^^^^^^
Dec 02 00:37:49.539 INFO [stderr]    |
Dec 02 00:37:49.539 INFO [stderr]    = note: #[warn(dead_code)] on by default
Dec 02 00:37:49.539 INFO [stderr] 
Dec 02 00:37:49.539 INFO [stderr] warning: variant is never constructed: `NonWhitespace`
Dec 02 00:37:49.539 INFO [stderr]  --> src/man_parse/term_writer/line_info.rs:9:5
Dec 02 00:37:49.539 INFO [stderr]   |
Dec 02 00:37:49.539 INFO [stderr] 9 |     NonWhitespace,
Dec 02 00:37:49.539 INFO [stderr]   |     ^^^^^^^^^^^^^
Dec 02 00:37:49.539 INFO [stderr] 
Dec 02 00:37:49.539 INFO [stderr] warning: method is never used: `disable_debug`
Dec 02 00:37:49.539 INFO [stderr]   --> src/man_parse/term_writer/troff_term_writer.rs:82:5
Dec 02 00:37:49.539 INFO [stderr]    |
Dec 02 00:37:49.539 INFO [stderr] 82 |     pub fn disable_debug(&mut self) {
Dec 02 00:37:49.539 INFO [stderr]    |     ^^^^^^^^^^^^^^^^^^^^^^^^^^^^^^^
Dec 02 00:37:49.539 INFO [stderr] 
Dec 02 00:37:49.539 INFO [stderr] warning: method is never used: `indent`
Dec 02 00:37:49.539 INFO [stderr]   --> src/man_parse/term_writer/troff_term_writer.rs:91:5
Dec 02 00:37:49.539 INFO [stderr]    |
Dec 02 00:37:49.539 INFO [stderr] 91 |     pub fn indent(&self) -> usize {
Dec 02 00:37:49.539 INFO [stderr]    |     ^^^^^^^^^^^^^^^^^^^^^^^^^^^^^
Dec 02 00:37:49.539 INFO [stderr] 
Dec 02 00:37:49.539 INFO [stderr] warning: method is never used: `default_indent`
Dec 02 00:37:49.539 INFO [stderr]    --> src/man_parse/term_writer/troff_term_writer.rs:189:5
Dec 02 00:37:49.539 INFO [stderr]     |
Dec 02 00:37:49.539 INFO [stderr] 189 |     pub fn default_indent(&mut self) {
Dec 02 00:37:49.539 INFO [stderr]     |     ^^^^^^^^^^^^^^^^^^^^^^^^^^^^^^^^
Dec 02 00:37:49.539 INFO [stderr] 
Dec 02 00:37:50.247 INFO [stderr]     Finished dev [unoptimized + debuginfo] target(s) in 1.63s
Dec 02 00:37:50.266 INFO [stderr] su: No module specific data is present
Dec 02 00:37:50.675 INFO running `"docker" "inspect" "b380bb38ed7732c07f339cee4a952c899cdaa4147edbcb5256049c239ab45b41"`
Dec 02 00:37:50.804 INFO running `"docker" "rm" "-f" "b380bb38ed7732c07f339cee4a952c899cdaa4147edbcb5256049c239ab45b41"`
Dec 02 00:37:50.954 INFO [stdout] b380bb38ed7732c07f339cee4a952c899cdaa4147edbcb5256049c239ab45b41
Dec 02 00:37:50.956 INFO running `"docker" "create" "-v" "/mnt/big/crater/work/local/target-dirs/beta-1.31-5/worker-0/1.30.1:/target:rw,Z" "-v" "/mnt/big/crater/work/local/test-source/worker-0/beta-1.31-5/1.30.1:/source:ro,Z" "-v" "/mnt/big/crater/work/local/cargo-home:/cargo-home:ro,Z" "-v" "/mnt/big/crater/work/local/rustup-home:/rustup-home:ro,Z" "-e" "USER_ID=1000" "-e" "SOURCE_DIR=/source" "-e" "USER_ID=1000" "-e" "CMD=cargo +1.30.1 test --frozen" "-e" "CARGO_TARGET_DIR=/target" "-e" "CARGO_INCREMENTAL=0" "-e" "RUST_BACKTRACE=full" "-e" "RUSTFLAGS=--cap-lints=warn" "-e" "CARGO_HOME=/cargo-home" "-e" "RUSTUP_HOME=/rustup-home" "-m" "1536M" "--network" "none" "crater"`
Dec 02 00:37:51.169 INFO [stdout] 3867bd069832368bcf74e41d772b9886e71604b2b75d1b29b91508fcda763b83
Dec 02 00:37:51.172 INFO running `"docker" "start" "-a" "3867bd069832368bcf74e41d772b9886e71604b2b75d1b29b91508fcda763b83"`
Dec 02 00:37:51.544 INFO [stderr] usermod: no changes
Dec 02 00:37:51.578 INFO [stderr]     Finished dev [unoptimized + debuginfo] target(s) in 0.01s
Dec 02 00:37:51.578 INFO [stderr]      Running /target/debug/deps/explain_rs-77dbc1cd1deae83a
Dec 02 00:37:51.584 INFO [stdout] 
Dec 02 00:37:51.584 INFO [stdout] running 16 tests
Dec 02 00:37:51.587 INFO [stdout] test man_parse::troff_token_generator::tests::test_double_quote ... ok
Dec 02 00:37:51.588 INFO [stdout] test man_parse::troff_token_generator::tests::test_empty_square_brackets ... ok
Dec 02 00:37:51.588 INFO [stdout] test man_parse::troff_token_generator::tests::test_quote_only ... ok
Dec 02 00:37:51.588 INFO [stdout] test man_parse::troff_token_generator::tests::test_short_word ... ok
Dec 02 00:37:51.593 INFO [stdout] test man_parse::troff_token_generator::tests::test_inline_macro ... ok
Dec 02 00:37:51.607 INFO [stdout] test simple_parser::split_whitespace::tests::split_keeps_multilength_spaces ... ok
Dec 02 00:37:51.607 INFO [stdout] test simple_parser::split_whitespace::tests::split_segregates_whitespaces_types ... ok
Dec 02 00:37:51.607 INFO [stdout] test simple_parser::split_whitespace::tests::split_includes_whitespace ... ok
Dec 02 00:37:51.607 INFO [stdout] test man_parse::troff_token_generator::tests::test_multiple_splits ... ok
Dec 02 00:37:51.607 INFO [stdout] test simple_parser::split_whitespace::tests::split_understands_tabs ... ok
Dec 02 00:37:51.607 INFO [stdout] test simple_parser::split_whitespace::tests::split_understands_newlines ... ok
Dec 02 00:37:51.607 INFO [stdout] test simple_parser::split_whitespace::tests::trait_works ... ok
Dec 02 00:37:51.611 INFO [stdout] test man_parse::troff_token_generator::tests::test_long_word ... ok
Dec 02 00:37:51.611 INFO [stdout] test simple_parser::split_whitespace::tests::split_understands_wide_chars ... ok
Dec 02 00:37:51.611 INFO [stdout] test simple_parser::tokenizer::tests::test_simple_line ... ok
Dec 02 00:37:51.632 INFO [stderr] error: test failed, to rerun pass '--bin explain_rs'
Dec 02 00:37:51.632 INFO [stdout] test man_parse::troff_token_generator::tests::test_backslash_s ... FAILED
Dec 02 00:37:51.632 INFO [stdout] 
Dec 02 00:37:51.632 INFO [stdout] failures:
Dec 02 00:37:51.632 INFO [stdout] 
Dec 02 00:37:51.632 INFO [stdout] ---- man_parse::troff_token_generator::tests::test_backslash_s stdout ----
Dec 02 00:37:51.632 INFO [stdout] thread 'man_parse::troff_token_generator::tests::test_backslash_s' panicked at 'assertion failed: `(left == right)`
Dec 02 00:37:51.632 INFO [stdout]   left: `[Token { class: TextWord, value: "Manual", starts_line: false }, Token { class: Backslash, value: "\\", starts_line: false }, Token { class: EscapeCommand, value: "f", starts_line: false }, Token { class: CommandArg, value: "R", starts_line: false }, Token { class: Backslash, value: "\\", starts_line: false }, Token { class: EscapeCommand, value: "m", starts_line: false }, Token { class: ArgOpenBracket, value: "[", starts_line: false }, Token { class: CommandArg, value: "", starts_line: false }, Token { class: ArgCloseBracket, value: "]", starts_line: false }, Token { class: Backslash, value: "\\", starts_line: false }, Token { class: EscapeCommand, value: "&", starts_line: false }, Token { class: Backslash, value: "\\", starts_line: false }, Token { class: EscapeCommand, value: "s", starts_line: false }, Token { class: CommandArg, value: "-", starts_line: false }, Token { class: CommandArg, value: "2", starts_line: false }, Token { class: Backslash, value: "\\", starts_line: false }, Token { class: EscapeCommand, value: "u", starts_line: false }, Token { class: TextWord, value: "[1]", starts_line: false }, Token { class: Backslash, value: "\\", starts_line: false }, Token { class: EscapeCommand, value: "d", starts_line: false }, Token { class: Backslash, value: "\\", starts_line: false }, Token { class: EscapeCommand, value: "s", starts_line: false }, Token { class: CommandArg, value: "+", starts_line: false }, Token { class: CommandArg, value: "2", starts_line: false }]`,
Dec 02 00:37:51.632 INFO [stdout]  right: `[Token { class: TextWord, value: "Manual", starts_line: false }, Token { class: Backslash, value: "\\", starts_line: false }, Token { class: EscapeCommand, value: "m", starts_line: false }, Token { class: ArgOpenBracket, value: "[", starts_line: false }, Token { class: CommandArg, value: "", starts_line: false }, Token { class: ArgCloseBracket, value: "]", starts_line: false }]`', src/man_parse/troff_token_generator.rs:388:9
Dec 02 00:37:51.632 INFO [stdout] stack backtrace:
Dec 02 00:37:51.632 INFO [stdout]    0:     0x563d70f64e4e - std::sys::unix::backtrace::tracing::imp::unwind_backtrace::h15749a98198ba25f
Dec 02 00:37:51.632 INFO [stdout]                                at libstd/sys/unix/backtrace/tracing/gcc_s.rs:49
Dec 02 00:37:51.632 INFO [stdout]    1:     0x563d70f581d6 - std::sys_common::backtrace::print::h0ba65c811294dbf0
Dec 02 00:37:51.632 INFO [stdout]                                at libstd/sys_common/backtrace.rs:71
Dec 02 00:37:51.632 INFO [stdout]                                at libstd/sys_common/backtrace.rs:59
Dec 02 00:37:51.632 INFO [stdout]    2:     0x563d70f565fd - std::panicking::default_hook::{{closure}}::h42bb31757f0fee64
Dec 02 00:37:51.632 INFO [stdout]                                at libstd/panicking.rs:211
Dec 02 00:37:51.632 INFO [stdout]    3:     0x563d70f5630b - std::panicking::default_hook::hebc8848d7aa7dbd9
Dec 02 00:37:51.632 INFO [stdout]                                at libstd/panicking.rs:221
Dec 02 00:37:51.632 INFO [stdout]    4:     0x563d70f56cac - std::panicking::rust_panic_with_hook::h86e619a638415243
Dec 02 00:37:51.632 INFO [stdout]                                at libstd/panicking.rs:477
Dec 02 00:37:51.632 INFO [stdout]    5:     0x563d70f56869 - std::panicking::continue_panic_fmt::h2d2d2bfb065a70b2
Dec 02 00:37:51.632 INFO [stdout]                                at libstd/panicking.rs:391
Dec 02 00:37:51.632 INFO [stdout]    6:     0x563d70f567cd - std::panicking::begin_panic_fmt::ha5097e2056ef3d5a
Dec 02 00:37:51.632 INFO [stdout]                                at libstd/panicking.rs:346
Dec 02 00:37:51.632 INFO [stdout]    7:     0x563d70efeb10 - explain_rs::man_parse::troff_token_generator::tests::test_backslash_s::h0bdefb4214a5e0ed
Dec 02 00:37:51.632 INFO [stdout]                                at src/man_parse/troff_token_generator.rs:388
Dec 02 00:37:51.632 INFO [stdout]    8:     0x563d70efe4b9 - explain_rs::man_parse::troff_token_generator::tests::test_backslash_s::{{closure}}::h769d78224a3dc33f
Dec 02 00:37:51.632 INFO [stdout]                                at src/man_parse/troff_token_generator.rs:368
Dec 02 00:37:51.632 INFO [stdout]    9:     0x563d70f0f6fd - core::ops::function::FnOnce::call_once::h271fc08080a92ca4
Dec 02 00:37:51.632 INFO [stdout]                                at libcore/ops/function.rs:238
Dec 02 00:37:51.632 INFO [stdout]   10:     0x563d70f171de - <F as alloc::boxed::FnBox<A>>::call_box::hbea525814fa423cc
Dec 02 00:37:51.632 INFO [stdout]                                at libtest/lib.rs:1461
Dec 02 00:37:51.632 INFO [stdout]                                at libcore/ops/function.rs:238
Dec 02 00:37:51.632 INFO [stdout]                                at liballoc/boxed.rs:646
Dec 02 00:37:51.632 INFO [stdout]   11:     0x563d70f73cb9 - __rust_maybe_catch_panic
Dec 02 00:37:51.632 INFO [stdout]                                at libpanic_unwind/lib.rs:103
Dec 02 00:37:51.632 INFO [stdout]   12:     0x563d70f22b3d - std::sys_common::backtrace::__rust_begin_short_backtrace::h0ff507d7422944d3
Dec 02 00:37:51.633 INFO [stdout]                                at libstd/panicking.rs:289
Dec 02 00:37:51.633 INFO [stdout]                                at libstd/panic.rs:392
Dec 02 00:37:51.633 INFO [stdout]                                at libtest/lib.rs:1416
Dec 02 00:37:51.633 INFO [stdout]                                at libstd/sys_common/backtrace.rs:136
Dec 02 00:37:51.633 INFO [stdout]   13:     0x563d70f3b174 - std::panicking::try::do_call::hba0bdcc3670471cc
Dec 02 00:37:51.633 INFO [stdout]                                at libstd/thread/mod.rs:409
Dec 02 00:37:51.633 INFO [stdout]                                at libstd/panic.rs:313
Dec 02 00:37:51.633 INFO [stdout]                                at libstd/panicking.rs:310
Dec 02 00:37:51.633 INFO [stdout]   14:     0x563d70f73cb9 - __rust_maybe_catch_panic
Dec 02 00:37:51.633 INFO [stdout]                                at libpanic_unwind/lib.rs:103
Dec 02 00:37:51.633 INFO [stdout]   15:     0x563d70f2ba46 - <F as alloc::boxed::FnBox<A>>::call_box::hdac52587b00591af
Dec 02 00:37:51.633 INFO [stdout]                                at libstd/panicking.rs:289
Dec 02 00:37:51.633 INFO [stdout]                                at libstd/panic.rs:392
Dec 02 00:37:51.633 INFO [stdout]                                at libstd/thread/mod.rs:408
Dec 02 00:37:51.633 INFO [stdout]                                at liballoc/boxed.rs:646
Dec 02 00:37:51.633 INFO [stdout]   16:     0x563d70f6675a - std::sys_common::thread::start_thread::h75d887c7d2cc4479
Dec 02 00:37:51.633 INFO [stdout]                                at liballoc/boxed.rs:656
Dec 02 00:37:51.633 INFO [stdout]                                at libstd/sys_common/thread.rs:24
Dec 02 00:37:51.633 INFO [stdout]   17:     0x563d70f57415 - std::sys::unix::thread::Thread::new::thread_start::h8414caee632bf9ed
Dec 02 00:37:51.633 INFO [stdout]                                at libstd/sys/unix/thread.rs:90
Dec 02 00:37:51.633 INFO [stdout]   18:     0x7fcc06fc76b9 - start_thread
Dec 02 00:37:51.633 INFO [stdout]   19:     0x7fcc06ae741c - clone
Dec 02 00:37:51.633 INFO [stdout]   20:                0x0 - <unknown>
Dec 02 00:37:51.633 INFO [stdout] 
Dec 02 00:37:51.633 INFO [stdout] 
Dec 02 00:37:51.633 INFO [stdout] failures:
Dec 02 00:37:51.633 INFO [stdout]     man_parse::troff_token_generator::tests::test_backslash_s
Dec 02 00:37:51.633 INFO [stdout] 
Dec 02 00:37:51.633 INFO [stdout] test result: FAILED. 15 passed; 1 failed; 0 ignored; 0 measured; 0 filtered out
Dec 02 00:37:51.633 INFO [stdout] 
Dec 02 00:37:51.633 INFO [stderr] su: No module specific data is present
Dec 02 00:37:51.948 INFO running `"docker" "inspect" "3867bd069832368bcf74e41d772b9886e71604b2b75d1b29b91508fcda763b83"`
Dec 02 00:37:52.054 INFO running `"docker" "rm" "-f" "3867bd069832368bcf74e41d772b9886e71604b2b75d1b29b91508fcda763b83"`
Dec 02 00:37:52.165 INFO [stdout] 3867bd069832368bcf74e41d772b9886e71604b2b75d1b29b91508fcda763b83
