Dec 02 02:41:19.292 INFO testing Trangar/exceptional against 1.30.1 for beta-1.31-5
Dec 02 02:41:19.292 INFO running `"docker" "create" "-v" "/mnt/big/crater/work/local/target-dirs/beta-1.31-5/worker-6/1.30.1:/target:rw,Z" "-v" "/mnt/big/crater/work/local/test-source/worker-6/beta-1.31-5/1.30.1:/source:ro,Z" "-v" "/mnt/big/crater/work/local/cargo-home:/cargo-home:ro,Z" "-v" "/mnt/big/crater/work/local/rustup-home:/rustup-home:ro,Z" "-e" "USER_ID=1000" "-e" "SOURCE_DIR=/source" "-e" "USER_ID=1000" "-e" "CMD=cargo +1.30.1 build --frozen" "-e" "CARGO_TARGET_DIR=/target" "-e" "CARGO_INCREMENTAL=0" "-e" "RUST_BACKTRACE=full" "-e" "RUSTFLAGS=--cap-lints=warn" "-e" "CARGO_HOME=/cargo-home" "-e" "RUSTUP_HOME=/rustup-home" "-m" "1536M" "--network" "none" "crater"`
Dec 02 02:41:19.711 INFO [stdout] defe8cc1d5aff043254ee65ed2c4daf87e32267f8a15ab5dbce578f0f0a2ec8f
Dec 02 02:41:19.717 INFO running `"docker" "start" "-a" "defe8cc1d5aff043254ee65ed2c4daf87e32267f8a15ab5dbce578f0f0a2ec8f"`
Dec 02 02:41:21.603 INFO [stderr] usermod: no changes
Dec 02 02:41:21.707 INFO [stderr]    Compiling exceptional v0.1.0 (/source)
Dec 02 02:41:25.643 INFO [stderr]     Finished dev [unoptimized + debuginfo] target(s) in 4.01s
Dec 02 02:41:25.651 INFO [stderr] su: No module specific data is present
Dec 02 02:41:26.681 INFO running `"docker" "inspect" "defe8cc1d5aff043254ee65ed2c4daf87e32267f8a15ab5dbce578f0f0a2ec8f"`
Dec 02 02:41:26.883 INFO running `"docker" "rm" "-f" "defe8cc1d5aff043254ee65ed2c4daf87e32267f8a15ab5dbce578f0f0a2ec8f"`
Dec 02 02:41:27.215 INFO [stdout] defe8cc1d5aff043254ee65ed2c4daf87e32267f8a15ab5dbce578f0f0a2ec8f
Dec 02 02:41:27.221 INFO running `"docker" "create" "-v" "/mnt/big/crater/work/local/target-dirs/beta-1.31-5/worker-6/1.30.1:/target:rw,Z" "-v" "/mnt/big/crater/work/local/test-source/worker-6/beta-1.31-5/1.30.1:/source:ro,Z" "-v" "/mnt/big/crater/work/local/cargo-home:/cargo-home:ro,Z" "-v" "/mnt/big/crater/work/local/rustup-home:/rustup-home:ro,Z" "-e" "USER_ID=1000" "-e" "SOURCE_DIR=/source" "-e" "USER_ID=1000" "-e" "CMD=cargo +1.30.1 test --frozen --no-run" "-e" "CARGO_TARGET_DIR=/target" "-e" "CARGO_INCREMENTAL=0" "-e" "RUST_BACKTRACE=full" "-e" "RUSTFLAGS=--cap-lints=warn" "-e" "CARGO_HOME=/cargo-home" "-e" "RUSTUP_HOME=/rustup-home" "-m" "1536M" "--network" "none" "crater"`
Dec 02 02:41:27.599 INFO [stdout] bba4218f7414b63644d36696d7671d5e2306524535468698536fe58ef62367c9
Dec 02 02:41:27.607 INFO running `"docker" "start" "-a" "bba4218f7414b63644d36696d7671d5e2306524535468698536fe58ef62367c9"`
Dec 02 02:41:29.131 INFO [stderr] usermod: no changes
Dec 02 02:41:29.251 INFO [stderr]    Compiling exceptional v0.1.0 (/source)
Dec 02 02:41:32.460 INFO [stderr]     Finished dev [unoptimized + debuginfo] target(s) in 3.29s
Dec 02 02:41:32.465 INFO [stderr] su: No module specific data is present
Dec 02 02:41:33.874 INFO running `"docker" "inspect" "bba4218f7414b63644d36696d7671d5e2306524535468698536fe58ef62367c9"`
Dec 02 02:41:34.215 INFO running `"docker" "rm" "-f" "bba4218f7414b63644d36696d7671d5e2306524535468698536fe58ef62367c9"`
Dec 02 02:41:34.583 INFO [stdout] bba4218f7414b63644d36696d7671d5e2306524535468698536fe58ef62367c9
Dec 02 02:41:34.585 INFO running `"docker" "create" "-v" "/mnt/big/crater/work/local/target-dirs/beta-1.31-5/worker-6/1.30.1:/target:rw,Z" "-v" "/mnt/big/crater/work/local/test-source/worker-6/beta-1.31-5/1.30.1:/source:ro,Z" "-v" "/mnt/big/crater/work/local/cargo-home:/cargo-home:ro,Z" "-v" "/mnt/big/crater/work/local/rustup-home:/rustup-home:ro,Z" "-e" "USER_ID=1000" "-e" "SOURCE_DIR=/source" "-e" "USER_ID=1000" "-e" "CMD=cargo +1.30.1 test --frozen" "-e" "CARGO_TARGET_DIR=/target" "-e" "CARGO_INCREMENTAL=0" "-e" "RUST_BACKTRACE=full" "-e" "RUSTFLAGS=--cap-lints=warn" "-e" "CARGO_HOME=/cargo-home" "-e" "RUSTUP_HOME=/rustup-home" "-m" "1536M" "--network" "none" "crater"`
Dec 02 02:41:35.031 INFO [stdout] 06f41855519b29fee9d51e7107a7b93037bec731356e46df72cb4cc47bf0a02f
Dec 02 02:41:35.038 INFO running `"docker" "start" "-a" "06f41855519b29fee9d51e7107a7b93037bec731356e46df72cb4cc47bf0a02f"`
Dec 02 02:41:37.121 INFO [stderr] usermod: no changes
Dec 02 02:41:37.203 INFO [stderr]     Finished dev [unoptimized + debuginfo] target(s) in 0.06s
Dec 02 02:41:37.215 INFO [stderr]      Running /target/debug/deps/exceptional-869f11d9d95d8190
Dec 02 02:41:37.216 INFO [stdout] 
Dec 02 02:41:37.216 INFO [stdout] running 0 tests
Dec 02 02:41:37.216 INFO [stdout] 
Dec 02 02:41:37.216 INFO [stdout] test result: ok. 0 passed; 0 failed; 0 ignored; 0 measured; 0 filtered out
Dec 02 02:41:37.216 INFO [stdout] 
Dec 02 02:41:37.216 INFO [stderr]      Running /target/debug/deps/exceptional-09640ee2370311c6
Dec 02 02:41:37.218 INFO [stdout] 
Dec 02 02:41:37.218 INFO [stdout] running 2 tests
Dec 02 02:41:37.218 INFO [stdout] test test::test_1539761792338 ... ok
Dec 02 02:41:37.219 INFO [stdout] test test::test_1539761233543 ... ok
Dec 02 02:41:37.219 INFO [stdout] 
Dec 02 02:41:37.219 INFO [stdout] test result: ok. 2 passed; 0 failed; 0 ignored; 0 measured; 0 filtered out
Dec 02 02:41:37.219 INFO [stdout] 
Dec 02 02:41:37.219 INFO [stderr]    Doc-tests exceptional
Dec 02 02:41:38.587 INFO [stdout] 
Dec 02 02:41:38.587 INFO [stdout] running 1 test
Dec 02 02:41:41.027 INFO [stdout] test src/lib.rs -  (line 5) ... FAILED
Dec 02 02:41:41.027 INFO [stdout] 
Dec 02 02:41:41.027 INFO [stdout] failures:
Dec 02 02:41:41.027 INFO [stdout] 
Dec 02 02:41:41.027 INFO [stdout] ---- src/lib.rs -  (line 5) stdout ----
Dec 02 02:41:41.027 INFO [stdout] error[E0277]: the trait bound `SomeImportantAction: std::clone::Clone` is not satisfied
Dec 02 02:41:41.027 INFO [stdout]   --> src/lib.rs:18:6
Dec 02 02:41:41.027 INFO [stdout]    |
Dec 02 02:41:41.027 INFO [stdout] 14 | impl exceptional::Executable for SomeImportantAction {
Dec 02 02:41:41.027 INFO [stdout]    |      ^^^^^^^^^^^^^^^^^^^^^^^ the trait `std::clone::Clone` is not implemented for `SomeImportantAction`
Dec 02 02:41:41.027 INFO [stdout] 
Dec 02 02:41:41.027 INFO [stdout] thread 'src/lib.rs -  (line 5)' panicked at 'couldn't compile the test', librustdoc/test.rs:332:13
Dec 02 02:41:41.027 INFO [stdout] stack backtrace:
Dec 02 02:41:41.027 INFO [stdout]    0:     0x7f92b6e207ce - std::sys::unix::backtrace::tracing::imp::unwind_backtrace::h15749a98198ba25f
Dec 02 02:41:41.027 INFO [stdout]                                at libstd/sys/unix/backtrace/tracing/gcc_s.rs:49
Dec 02 02:41:41.027 INFO [stdout]    1:     0x7f92b6df9966 - std::sys_common::backtrace::print::h0ba65c811294dbf0
Dec 02 02:41:41.027 INFO [stdout]                                at libstd/sys_common/backtrace.rs:71
Dec 02 02:41:41.028 INFO [stdout]                                at libstd/sys_common/backtrace.rs:59
Dec 02 02:41:41.028 INFO [stdout]    2:     0x7f92b6df75bd - std::panicking::default_hook::{{closure}}::h42bb31757f0fee64
Dec 02 02:41:41.028 INFO [stdout]                                at libstd/panicking.rs:211
Dec 02 02:41:41.028 INFO [stdout]    3:     0x7f92b6df72cb - std::panicking::default_hook::hebc8848d7aa7dbd9
Dec 02 02:41:41.028 INFO [stdout]                                at libstd/panicking.rs:221
Dec 02 02:41:41.028 INFO [stdout]    4:     0x7f92b8f6a6a1 - rustc::util::common::panic_hook::h9a39743bb116fb66
Dec 02 02:41:41.028 INFO [stdout]    5:     0x7f92b6df7cc3 - std::panicking::rust_panic_with_hook::h86e619a638415243
Dec 02 02:41:41.028 INFO [stdout]                                at libstd/panicking.rs:481
Dec 02 02:41:41.028 INFO [stdout]    6:     0x56154ec6e306 - std::panicking::begin_panic::h2e334451e6084118
Dec 02 02:41:41.028 INFO [stdout]                                at libstd/panicking.rs:411
Dec 02 02:41:41.028 INFO [stdout]    7:     0x56154ee39147 - rustdoc::test::Collector::add_test::{{closure}}::{{closure}}::{{closure}}::h071753b32990ff99
Dec 02 02:41:41.028 INFO [stdout]                                at librustdoc/test.rs:332
Dec 02 02:41:41.028 INFO [stdout]                                at librustdoc/test.rs:564
Dec 02 02:41:41.028 INFO [stdout]    8:     0x56154edf5990 - <scoped_tls::ScopedKey<T>>::set::h9896b6fe380ee541
Dec 02 02:41:41.028 INFO [stdout]                                at /cargo/registry/src/github.com-1ecc6299db9ec823/scoped-tls-0.1.2/src/lib.rs:155
Dec 02 02:41:41.028 INFO [stdout]                                at libsyntax/lib.rs:108
Dec 02 02:41:41.028 INFO [stdout]                                at /cargo/registry/src/github.com-1ecc6299db9ec823/scoped-tls-0.1.2/src/lib.rs:155
Dec 02 02:41:41.028 INFO [stdout]    9:     0x56154ec1e5cd - syntax::with_globals::h851ff797fe7b24af
Dec 02 02:41:41.028 INFO [stdout]                                at libsyntax/lib.rs:107
Dec 02 02:41:41.028 INFO [stdout]   10:     0x56154ec6e484 - std::panicking::try::do_call::h43316ef786a5afc6
Dec 02 02:41:41.028 INFO [stdout]                                at librustdoc/test.rs:561
Dec 02 02:41:41.028 INFO [stdout]                                at libstd/panic.rs:313
Dec 02 02:41:41.028 INFO [stdout]                                at libstd/panicking.rs:310
Dec 02 02:41:41.028 INFO [stdout]   11:     0x7f92b6e375b9 - __rust_maybe_catch_panic
Dec 02 02:41:41.028 INFO [stdout]                                at libpanic_unwind/lib.rs:103
Dec 02 02:41:41.028 INFO [stdout]   12:     0x56154ece4f03 - rustc_driver::in_named_rustc_thread::h7a18544b9923f524
Dec 02 02:41:41.028 INFO [stdout]                                at libstd/panicking.rs:289
Dec 02 02:41:41.028 INFO [stdout]                                at libstd/panic.rs:392
Dec 02 02:41:41.028 INFO [stdout]                                at librustc_driver/lib.rs:1574
Dec 02 02:41:41.028 INFO [stdout]   13:     0x56154ee11cfc - <F as alloc::boxed::FnBox<A>>::call_box::h2226feb604beb2d6
Dec 02 02:41:41.028 INFO [stdout]                                at librustdoc/test.rs:561
Dec 02 02:41:41.028 INFO [stdout]                                at liballoc/boxed.rs:646
Dec 02 02:41:41.028 INFO [stdout]   14:     0x7f92b8484df2 - <F as alloc::boxed::FnBox<A>>::call_box::hf3e9d4c572efaf22
Dec 02 02:41:41.028 INFO [stdout]                                at libtest/lib.rs:1454
Dec 02 02:41:41.028 INFO [stdout]                                at liballoc/boxed.rs:646
Dec 02 02:41:41.028 INFO [stdout]   15:     0x7f92b6e375b9 - __rust_maybe_catch_panic
Dec 02 02:41:41.028 INFO [stdout]                                at libpanic_unwind/lib.rs:103
Dec 02 02:41:41.028 INFO [stdout]   16:     0x7f92b84921ed - std::sys_common::backtrace::__rust_begin_short_backtrace::h0ff507d7422944d3
Dec 02 02:41:41.028 INFO [stdout]                                at libstd/panicking.rs:289
Dec 02 02:41:41.028 INFO [stdout]                                at libstd/panic.rs:392
Dec 02 02:41:41.028 INFO [stdout]                                at libtest/lib.rs:1416
Dec 02 02:41:41.028 INFO [stdout]                                at libstd/sys_common/backtrace.rs:136
Dec 02 02:41:41.028 INFO [stdout]   17:     0x7f92b84afff4 - std::panicking::try::do_call::hba0bdcc3670471cc
Dec 02 02:41:41.028 INFO [stdout]                                at libstd/thread/mod.rs:409
Dec 02 02:41:41.028 INFO [stdout]                                at libstd/panic.rs:313
Dec 02 02:41:41.028 INFO [stdout]                                at libstd/panicking.rs:310
Dec 02 02:41:41.028 INFO [stdout]   18:     0x7f92b6e375b9 - __rust_maybe_catch_panic
Dec 02 02:41:41.028 INFO [stdout]                                at libpanic_unwind/lib.rs:103
Dec 02 02:41:41.028 INFO [stdout]   19:     0x7f92b849cbd6 - <F as alloc::boxed::FnBox<A>>::call_box::hdac52587b00591af
Dec 02 02:41:41.028 INFO [stdout]                                at libstd/panicking.rs:289
Dec 02 02:41:41.028 INFO [stdout]                                at libstd/panic.rs:392
Dec 02 02:41:41.028 INFO [stdout]                                at libstd/thread/mod.rs:408
Dec 02 02:41:41.028 INFO [stdout]                                at liballoc/boxed.rs:646
Dec 02 02:41:41.028 INFO [stdout]   20:     0x7f92b6e24cca - std::sys_common::thread::start_thread::h75d887c7d2cc4479
Dec 02 02:41:41.028 INFO [stdout]                                at liballoc/boxed.rs:656
Dec 02 02:41:41.028 INFO [stdout]                                at libstd/sys_common/thread.rs:24
Dec 02 02:41:41.028 INFO [stdout]   21:     0x7f92b6df88f5 - std::sys::unix::thread::Thread::new::thread_start::h8414caee632bf9ed
Dec 02 02:41:41.028 INFO [stdout]                                at libstd/sys/unix/thread.rs:90
Dec 02 02:41:41.028 INFO [stdout]   22:     0x7f92b6b8d6b9 - start_thread
Dec 02 02:41:41.028 INFO [stdout]   23:     0x7f92b66ad41c - clone
Dec 02 02:41:41.028 INFO [stdout]   24:                0x0 - <unknown>
Dec 02 02:41:41.028 INFO [stdout] query stack during panic:
Dec 02 02:41:41.028 INFO [stdout] end of query stack
Dec 02 02:41:41.028 INFO [stdout] 
Dec 02 02:41:41.028 INFO [stdout] 
Dec 02 02:41:41.028 INFO [stdout] failures:
Dec 02 02:41:41.028 INFO [stdout]     src/lib.rs -  (line 5)
Dec 02 02:41:41.028 INFO [stdout] 
Dec 02 02:41:41.028 INFO [stdout] test result: FAILED. 0 passed; 1 failed; 0 ignored; 0 measured; 0 filtered out
Dec 02 02:41:41.028 INFO [stdout] 
Dec 02 02:41:41.044 INFO [stderr] error: test failed, to rerun pass '--doc'
Dec 02 02:41:41.050 INFO [stderr] su: No module specific data is present
Dec 02 02:41:42.323 INFO running `"docker" "inspect" "06f41855519b29fee9d51e7107a7b93037bec731356e46df72cb4cc47bf0a02f"`
Dec 02 02:41:42.561 INFO running `"docker" "rm" "-f" "06f41855519b29fee9d51e7107a7b93037bec731356e46df72cb4cc47bf0a02f"`
Dec 02 02:41:42.855 INFO [stdout] 06f41855519b29fee9d51e7107a7b93037bec731356e46df72cb4cc47bf0a02f
