Dec 02 03:09:03.976 INFO testing SuperTanker/ruplacer against 1.30.1 for beta-1.31-5
Dec 02 03:09:03.976 INFO running `"docker" "create" "-v" "/mnt/big/crater/work/local/target-dirs/beta-1.31-5/worker-4/1.30.1:/target:rw,Z" "-v" "/mnt/big/crater/work/local/test-source/worker-4/beta-1.31-5/1.30.1:/source:ro,Z" "-v" "/mnt/big/crater/work/local/cargo-home:/cargo-home:ro,Z" "-v" "/mnt/big/crater/work/local/rustup-home:/rustup-home:ro,Z" "-e" "USER_ID=1000" "-e" "SOURCE_DIR=/source" "-e" "USER_ID=1000" "-e" "CMD=cargo +1.30.1 build --frozen" "-e" "CARGO_TARGET_DIR=/target" "-e" "CARGO_INCREMENTAL=0" "-e" "RUST_BACKTRACE=full" "-e" "RUSTFLAGS=--cap-lints=warn" "-e" "CARGO_HOME=/cargo-home" "-e" "RUSTUP_HOME=/rustup-home" "-m" "1536M" "--network" "none" "crater"`
Dec 02 03:09:04.340 INFO [stdout] 132aae3ea6541dccefd7db218a6b8425c51a5dfbe4b61ca27716025e4ea9507d
Dec 02 03:09:04.343 INFO running `"docker" "start" "-a" "132aae3ea6541dccefd7db218a6b8425c51a5dfbe4b61ca27716025e4ea9507d"`
Dec 02 03:09:05.327 INFO [stderr] usermod: no changes
Dec 02 03:09:05.646 INFO [stderr]    Compiling syn v0.15.9
Dec 02 03:09:05.648 INFO [stderr]    Compiling globset v0.4.2
Dec 02 03:09:05.664 INFO [stderr]    Compiling crossbeam-channel v0.2.6
Dec 02 03:09:13.771 INFO [stderr]    Compiling ignore v0.4.4
Dec 02 03:09:23.335 INFO [stderr]    Compiling structopt-derive v0.2.11
Dec 02 03:09:27.457 INFO [stderr]    Compiling structopt v0.2.11
Dec 02 03:09:28.239 INFO [stderr]    Compiling ruplacer v0.2.7 (/source)
Dec 02 03:09:36.714 INFO [stderr]     Finished dev [unoptimized + debuginfo] target(s) in 31.35s
Dec 02 03:09:36.723 INFO [stderr] su: No module specific data is present
Dec 02 03:09:38.024 INFO running `"docker" "inspect" "132aae3ea6541dccefd7db218a6b8425c51a5dfbe4b61ca27716025e4ea9507d"`
Dec 02 03:09:38.443 INFO running `"docker" "rm" "-f" "132aae3ea6541dccefd7db218a6b8425c51a5dfbe4b61ca27716025e4ea9507d"`
Dec 02 03:09:38.811 INFO [stdout] 132aae3ea6541dccefd7db218a6b8425c51a5dfbe4b61ca27716025e4ea9507d
Dec 02 03:09:38.815 INFO running `"docker" "create" "-v" "/mnt/big/crater/work/local/target-dirs/beta-1.31-5/worker-4/1.30.1:/target:rw,Z" "-v" "/mnt/big/crater/work/local/test-source/worker-4/beta-1.31-5/1.30.1:/source:ro,Z" "-v" "/mnt/big/crater/work/local/cargo-home:/cargo-home:ro,Z" "-v" "/mnt/big/crater/work/local/rustup-home:/rustup-home:ro,Z" "-e" "USER_ID=1000" "-e" "SOURCE_DIR=/source" "-e" "USER_ID=1000" "-e" "CMD=cargo +1.30.1 test --frozen --no-run" "-e" "CARGO_TARGET_DIR=/target" "-e" "CARGO_INCREMENTAL=0" "-e" "RUST_BACKTRACE=full" "-e" "RUSTFLAGS=--cap-lints=warn" "-e" "CARGO_HOME=/cargo-home" "-e" "RUSTUP_HOME=/rustup-home" "-m" "1536M" "--network" "none" "crater"`
Dec 02 03:09:39.391 INFO [stdout] 22b00c447ff6565d3aff24c1fefdf7d09fb2b88672918defbcf34c41c083acf9
Dec 02 03:09:39.393 INFO running `"docker" "start" "-a" "22b00c447ff6565d3aff24c1fefdf7d09fb2b88672918defbcf34c41c083acf9"`
Dec 02 03:09:40.687 INFO [stderr] usermod: no changes
Dec 02 03:09:40.919 INFO [stderr]    Compiling ruplacer v0.2.7 (/source)
Dec 02 03:09:49.255 INFO [stderr]     Finished dev [unoptimized + debuginfo] target(s) in 8.52s
Dec 02 03:09:49.274 INFO [stderr] su: No module specific data is present
Dec 02 03:09:49.860 INFO running `"docker" "inspect" "22b00c447ff6565d3aff24c1fefdf7d09fb2b88672918defbcf34c41c083acf9"`
Dec 02 03:09:50.099 INFO running `"docker" "rm" "-f" "22b00c447ff6565d3aff24c1fefdf7d09fb2b88672918defbcf34c41c083acf9"`
Dec 02 03:09:50.455 INFO [stdout] 22b00c447ff6565d3aff24c1fefdf7d09fb2b88672918defbcf34c41c083acf9
Dec 02 03:09:50.460 INFO running `"docker" "create" "-v" "/mnt/big/crater/work/local/target-dirs/beta-1.31-5/worker-4/1.30.1:/target:rw,Z" "-v" "/mnt/big/crater/work/local/test-source/worker-4/beta-1.31-5/1.30.1:/source:ro,Z" "-v" "/mnt/big/crater/work/local/cargo-home:/cargo-home:ro,Z" "-v" "/mnt/big/crater/work/local/rustup-home:/rustup-home:ro,Z" "-e" "USER_ID=1000" "-e" "SOURCE_DIR=/source" "-e" "USER_ID=1000" "-e" "CMD=cargo +1.30.1 test --frozen" "-e" "CARGO_TARGET_DIR=/target" "-e" "CARGO_INCREMENTAL=0" "-e" "RUST_BACKTRACE=full" "-e" "RUSTFLAGS=--cap-lints=warn" "-e" "CARGO_HOME=/cargo-home" "-e" "RUSTUP_HOME=/rustup-home" "-m" "1536M" "--network" "none" "crater"`
Dec 02 03:09:50.978 INFO [stdout] 8274c34a0af51f7085044eb9c14abd3b9a77bcee4c2a5690244fd9b17223ed3e
Dec 02 03:09:50.980 INFO running `"docker" "start" "-a" "8274c34a0af51f7085044eb9c14abd3b9a77bcee4c2a5690244fd9b17223ed3e"`
Dec 02 03:09:52.322 INFO [stderr] usermod: no changes
Dec 02 03:09:52.535 INFO [stderr]     Finished dev [unoptimized + debuginfo] target(s) in 0.17s
Dec 02 03:09:52.549 INFO [stderr]      Running /target/debug/deps/ruplacer-aa291337894eb4e7
Dec 02 03:09:52.553 INFO [stdout] 
Dec 02 03:09:52.554 INFO [stdout] running 8 tests
Dec 02 03:09:52.554 INFO [stdout] test line_patcher::tests::test_subvert_inconsistent ... ok
Dec 02 03:09:52.563 INFO [stdout] test line_patcher::tests::test_subvert_happy ... ok
Dec 02 03:09:52.563 INFO [stdout] test line_patcher::tests::test_substring ... ok
Dec 02 03:09:52.567 INFO [stdout] test file_patcher::tests::test_patch_file ... ok
Dec 02 03:09:52.571 INFO [stdout] test file_patcher::tests::test_replacement_display ... ok
Dec 02 03:09:52.603 INFO [stdout] test file_patcher::tests::test_compute_replacements ... ok
Dec 02 03:09:52.619 INFO [stdout] test line_patcher::tests::test_regex ... ok
Dec 02 03:09:52.839 INFO [stdout] test stats::tests::test_stats_to_string ... ok
Dec 02 03:09:52.839 INFO [stdout] 
Dec 02 03:09:52.839 INFO [stdout] test result: ok. 8 passed; 0 failed; 0 ignored; 0 measured; 0 filtered out
Dec 02 03:09:52.839 INFO [stdout] 
Dec 02 03:09:52.852 INFO [stderr]      Running /target/debug/deps/ruplacer-52245d9bea22b19b
Dec 02 03:09:52.860 INFO [stdout] 
Dec 02 03:09:52.861 INFO [stdout] running 0 tests
Dec 02 03:09:52.861 INFO [stdout] 
Dec 02 03:09:52.861 INFO [stdout] test result: ok. 0 passed; 0 failed; 0 ignored; 0 measured; 0 filtered out
Dec 02 03:09:52.861 INFO [stdout] 
Dec 02 03:09:52.864 INFO [stderr]      Running /target/debug/deps/integration_tests-8707e72c0e500b03
Dec 02 03:09:52.864 INFO [stdout] 
Dec 02 03:09:52.864 INFO [stdout] running 5 tests
Dec 02 03:09:52.883 INFO [stdout] test test_skip_non_utf8_files ... ok
Dec 02 03:09:52.884 INFO [stdout] test test_dry_run ... ok
Dec 02 03:09:52.911 INFO [stdout] test test_stats ... ok
Dec 02 03:09:52.911 INFO [stdout] test test_replace_old_by_new ... ok
Dec 02 03:09:52.991 INFO [stdout] test test_with_gitignore ... FAILED
Dec 02 03:09:52.991 INFO [stdout] 
Dec 02 03:09:52.991 INFO [stdout] failures:
Dec 02 03:09:52.991 INFO [stdout] 
Dec 02 03:09:52.991 INFO [stdout] ---- test_with_gitignore stdout ----
Dec 02 03:09:52.991 INFO [stdout] [34mPatching[0m [1m/tmp/test-ruplacer.upRQ8NS7oWW3/data/top.txt[0m
Dec 02 03:09:52.991 INFO [stdout] [31m--[0m Top: [4;31mold[0m is nice
Dec 02 03:09:52.991 INFO [stdout] [32m++[0m Top: [4;32mnew[0m is nice
Dec 02 03:09:52.991 INFO [stdout] 
Dec 02 03:09:52.991 INFO [stdout] [34mPatching[0m [1m/tmp/test-ruplacer.upRQ8NS7oWW3/data/a_dir/sub/foo.txt[0m
Dec 02 03:09:52.991 INFO [stdout] [31m--[0m sub/foo: [4;31mold[0m is everywhere, [4;31mold[0m is [4;31mold[0m
Dec 02 03:09:52.991 INFO [stdout] [32m++[0m sub/foo: [4;32mnew[0m is everywhere, [4;32mnew[0m is [4;32mnew[0m
Dec 02 03:09:52.992 INFO [stdout] [31m--[0m [4;31mold[0m is really [4;31mold[0m
Dec 02 03:09:52.992 INFO [stdout] [32m++[0m [4;32mnew[0m is really [4;32mnew[0m
Dec 02 03:09:52.992 INFO [stdout] 
Dec 02 03:09:52.992 INFO [stdout] thread 'test_with_gitignore' panicked at 'Could not read from "/tmp/test-ruplacer.upRQ8NS7oWW3/data/.hidden/hidden.txt": Os { code: 2, kind: NotFound, message: "No such file or directory" }', libcore/result.rs:1009:5
Dec 02 03:09:52.992 INFO [stdout] stack backtrace:
Dec 02 03:09:52.992 INFO [stdout]    0:     0x56195df4291e - std::sys::unix::backtrace::tracing::imp::unwind_backtrace::h15749a98198ba25f
Dec 02 03:09:52.992 INFO [stdout]                                at libstd/sys/unix/backtrace/tracing/gcc_s.rs:49
Dec 02 03:09:52.992 INFO [stdout]    1:     0x56195df30a36 - std::sys_common::backtrace::print::h0ba65c811294dbf0
Dec 02 03:09:52.992 INFO [stdout]                                at libstd/sys_common/backtrace.rs:71
Dec 02 03:09:52.992 INFO [stdout]                                at libstd/sys_common/backtrace.rs:59
Dec 02 03:09:52.992 INFO [stdout]    2:     0x56195df2ee5d - std::panicking::default_hook::{{closure}}::h42bb31757f0fee64
Dec 02 03:09:52.992 INFO [stdout]                                at libstd/panicking.rs:211
Dec 02 03:09:52.992 INFO [stdout]    3:     0x56195df2eb6b - std::panicking::default_hook::hebc8848d7aa7dbd9
Dec 02 03:09:52.992 INFO [stdout]                                at libstd/panicking.rs:221
Dec 02 03:09:52.992 INFO [stdout]    4:     0x56195df2f50c - std::panicking::rust_panic_with_hook::h86e619a638415243
Dec 02 03:09:52.992 INFO [stdout]                                at libstd/panicking.rs:477
Dec 02 03:09:52.992 INFO [stdout]    5:     0x56195df2f0c9 - std::panicking::continue_panic_fmt::h2d2d2bfb065a70b2
Dec 02 03:09:52.992 INFO [stdout]                                at libstd/panicking.rs:391
Dec 02 03:09:52.992 INFO [stdout]    6:     0x56195df2efc5 - rust_begin_unwind
Dec 02 03:09:52.992 INFO [stdout]                                at libstd/panicking.rs:326
Dec 02 03:09:52.992 INFO [stdout]    7:     0x56195df8602b - core::panicking::panic_fmt::h2155aa66b67fe83c
Dec 02 03:09:52.992 INFO [stdout]                                at libcore/panicking.rs:77
Dec 02 03:09:52.992 INFO [stdout]    8:     0x56195dc5ebd3 - core::result::unwrap_failed::h17275fc4bacddada
Dec 02 03:09:52.992 INFO [stdout]                                at libcore/macros.rs:26
Dec 02 03:09:52.992 INFO [stdout]    9:     0x56195dc0118d - <core::result::Result<T, E>>::expect::h378ae602fe534bdf
Dec 02 03:09:52.992 INFO [stdout]                                at libcore/result.rs:835
Dec 02 03:09:52.992 INFO [stdout]   10:     0x56195dbfb296 - integration_tests::assert_not_replaced::hb64dfbf937711128
Dec 02 03:09:52.992 INFO [stdout]                                at tests/integration_tests.rs:28
Dec 02 03:09:52.992 INFO [stdout]   11:     0x56195dbfc0d4 - integration_tests::test_with_gitignore::h5d6e51456f06e8a3
Dec 02 03:09:52.992 INFO [stdout]                                at tests/integration_tests.rs:92
Dec 02 03:09:52.992 INFO [stdout]   12:     0x56195dbfbf29 - integration_tests::test_with_gitignore::{{closure}}::hf8923634a9426e17
Dec 02 03:09:52.992 INFO [stdout]                                at tests/integration_tests.rs:82
Dec 02 03:09:52.992 INFO [stdout]   13:     0x56195dbfd66d - core::ops::function::FnOnce::call_once::h72836f3f52becac9
Dec 02 03:09:52.992 INFO [stdout]                                at libcore/ops/function.rs:238
Dec 02 03:09:52.992 INFO [stdout]   14:     0x56195dc0397e - <F as alloc::boxed::FnBox<A>>::call_box::hbea525814fa423cc
Dec 02 03:09:52.992 INFO [stdout]                                at libtest/lib.rs:1461
Dec 02 03:09:52.992 INFO [stdout]                                at libcore/ops/function.rs:238
Dec 02 03:09:52.992 INFO [stdout]                                at liballoc/boxed.rs:646
Dec 02 03:09:52.992 INFO [stdout]   15:     0x56195df55989 - __rust_maybe_catch_panic
Dec 02 03:09:52.992 INFO [stdout]                                at libpanic_unwind/lib.rs:103
Dec 02 03:09:52.992 INFO [stdout]   16:     0x56195dc0f2dd - std::sys_common::backtrace::__rust_begin_short_backtrace::h0ff507d7422944d3
Dec 02 03:09:52.992 INFO [stdout]                                at libstd/panicking.rs:289
Dec 02 03:09:52.992 INFO [stdout]                                at libstd/panic.rs:392
Dec 02 03:09:52.992 INFO [stdout]                                at libtest/lib.rs:1416
Dec 02 03:09:52.992 INFO [stdout]                                at libstd/sys_common/backtrace.rs:136
Dec 02 03:09:52.992 INFO [stdout]   17:     0x56195dc27914 - std::panicking::try::do_call::hba0bdcc3670471cc
Dec 02 03:09:52.992 INFO [stdout]                                at libstd/thread/mod.rs:409
Dec 02 03:09:52.992 INFO [stdout]                                at libstd/panic.rs:313
Dec 02 03:09:52.992 INFO [stdout]                                at libstd/panicking.rs:310
Dec 02 03:09:52.992 INFO [stdout]   18:     0x56195df55989 - __rust_maybe_catch_panic
Dec 02 03:09:52.992 INFO [stdout]                                at libpanic_unwind/lib.rs:103
Dec 02 03:09:52.992 INFO [stdout]   19:     0x56195dc181e6 - <F as alloc::boxed::FnBox<A>>::call_box::hdac52587b00591af
Dec 02 03:09:52.992 INFO [stdout]                                at libstd/panicking.rs:289
Dec 02 03:09:52.992 INFO [stdout]                                at libstd/panic.rs:392
Dec 02 03:09:52.992 INFO [stdout]                                at libstd/thread/mod.rs:408
Dec 02 03:09:52.992 INFO [stdout]                                at liballoc/boxed.rs:646
Dec 02 03:09:52.992 INFO [stdout]   20:     0x56195df448ca - std::sys_common::thread::start_thread::h75d887c7d2cc4479
Dec 02 03:09:52.992 INFO [stdout]                                at liballoc/boxed.rs:656
Dec 02 03:09:52.992 INFO [stdout]                                at libstd/sys_common/thread.rs:24
Dec 02 03:09:52.992 INFO [stdout]   21:     0x56195df2fc75 - std::sys::unix::thread::Thread::new::thread_start::h8414caee632bf9ed
Dec 02 03:09:52.992 INFO [stdout]                                at libstd/sys/unix/thread.rs:90
Dec 02 03:09:52.992 INFO [stdout]   22:     0x7f09ab7ec6b9 - start_thread
Dec 02 03:09:52.992 INFO [stdout]   23:     0x7f09ab30c41c - clone
Dec 02 03:09:52.992 INFO [stdout]   24:                0x0 - <unknown>
Dec 02 03:09:52.992 INFO [stdout] 
Dec 02 03:09:52.992 INFO [stdout] 
Dec 02 03:09:52.992 INFO [stdout] failures:
Dec 02 03:09:52.992 INFO [stdout]     test_with_gitignore
Dec 02 03:09:52.992 INFO [stdout] 
Dec 02 03:09:52.992 INFO [stdout] test result: FAILED. 4 passed; 1 failed; 0 ignored; 0 measured; 0 filtered out
Dec 02 03:09:52.992 INFO [stdout] 
Dec 02 03:09:52.993 INFO [stderr] error: test failed, to rerun pass '--test integration_tests'
Dec 02 03:09:52.995 INFO [stderr] su: No module specific data is present
Dec 02 03:09:53.679 INFO running `"docker" "inspect" "8274c34a0af51f7085044eb9c14abd3b9a77bcee4c2a5690244fd9b17223ed3e"`
Dec 02 03:09:53.947 INFO running `"docker" "rm" "-f" "8274c34a0af51f7085044eb9c14abd3b9a77bcee4c2a5690244fd9b17223ed3e"`
Dec 02 03:09:54.223 INFO [stdout] 8274c34a0af51f7085044eb9c14abd3b9a77bcee4c2a5690244fd9b17223ed3e
