Dec 02 05:20:33.699 INFO testing Michael-F-Bryan/mdbook-linkcheck against 1.30.1 for beta-1.31-5
Dec 02 05:20:33.699 INFO running `"docker" "create" "-v" "/mnt/big/crater/work/local/target-dirs/beta-1.31-5/worker-3/1.30.1:/target:rw,Z" "-v" "/mnt/big/crater/work/local/test-source/worker-3/beta-1.31-5/1.30.1:/source:ro,Z" "-v" "/mnt/big/crater/work/local/cargo-home:/cargo-home:ro,Z" "-v" "/mnt/big/crater/work/local/rustup-home:/rustup-home:ro,Z" "-e" "USER_ID=1000" "-e" "SOURCE_DIR=/source" "-e" "USER_ID=1000" "-e" "CMD=cargo +1.30.1 build --frozen" "-e" "CARGO_TARGET_DIR=/target" "-e" "CARGO_INCREMENTAL=0" "-e" "RUST_BACKTRACE=full" "-e" "RUSTFLAGS=--cap-lints=warn" "-e" "CARGO_HOME=/cargo-home" "-e" "RUSTUP_HOME=/rustup-home" "-m" "1536M" "--network" "none" "crater"`
Dec 02 05:20:34.124 INFO [stdout] 2d1a530041c57d827293072508c22f5a1cfb7b9f28b874052e0f81aedd15b2dd
Dec 02 05:20:34.127 INFO running `"docker" "start" "-a" "2d1a530041c57d827293072508c22f5a1cfb7b9f28b874052e0f81aedd15b2dd"`
Dec 02 05:20:36.193 INFO [stderr] usermod: no changes
Dec 02 05:20:36.711 INFO [stderr]    Compiling openssl v0.10.14
Dec 02 05:20:36.715 INFO [stderr]    Compiling is-match v0.1.0
Dec 02 05:20:36.719 INFO [stderr]    Compiling tokio-io v0.1.9
Dec 02 05:20:36.719 INFO [stderr]    Compiling native-tls v0.2.1
Dec 02 05:20:36.723 INFO [stderr]    Compiling structopt-derive v0.2.12
Dec 02 05:20:36.723 INFO [stderr]    Compiling tokio-threadpool v0.1.7
Dec 02 05:20:36.723 INFO [stderr]    Compiling rayon-core v1.4.1
Dec 02 05:20:36.723 INFO [stderr]    Compiling handlebars v1.0.5
Dec 02 05:20:36.815 INFO [stderr]    Compiling env_logger v0.5.13
Dec 02 05:20:39.779 INFO [stderr]    Compiling toml-query v0.7.0
Dec 02 05:20:52.589 INFO [stderr]    Compiling tokio-codec v0.1.1
Dec 02 05:20:52.595 INFO [stderr]    Compiling tokio-reactor v0.1.6
Dec 02 05:20:52.735 INFO [stderr]    Compiling h2 v0.1.13
Dec 02 05:20:52.735 INFO [stderr]    Compiling rayon v1.0.2
Dec 02 05:20:52.860 INFO [stderr]    Compiling tokio-fs v0.1.3
Dec 02 05:21:08.731 INFO [stderr]    Compiling tokio-udp v0.1.2
Dec 02 05:21:15.519 INFO [stderr]    Compiling tokio-uds v0.2.2
Dec 02 05:21:15.552 INFO [stderr]    Compiling tokio-tcp v0.1.2
Dec 02 05:21:15.867 INFO [stderr]    Compiling structopt v0.2.12
Dec 02 05:21:17.328 INFO [stderr]    Compiling mdbook v0.2.2
Dec 02 05:21:28.551 INFO [stderr]    Compiling tokio v0.1.11
Dec 02 05:21:35.479 INFO [stderr]    Compiling hyper v0.12.12
Dec 02 05:21:52.085 INFO [stderr]    Compiling hyper-tls v0.3.1
Dec 02 05:21:55.883 INFO [stderr]    Compiling reqwest v0.9.3
Dec 02 05:22:09.915 INFO [stderr]    Compiling mdbook-linkcheck v0.2.4-alpha.0 (/source)
Dec 02 05:22:38.484 INFO [stderr]     Finished dev [unoptimized + debuginfo] target(s) in 2m 02s
Dec 02 05:22:38.510 INFO [stderr] su: No module specific data is present
Dec 02 05:22:39.938 INFO running `"docker" "inspect" "2d1a530041c57d827293072508c22f5a1cfb7b9f28b874052e0f81aedd15b2dd"`
Dec 02 05:22:40.344 INFO running `"docker" "rm" "-f" "2d1a530041c57d827293072508c22f5a1cfb7b9f28b874052e0f81aedd15b2dd"`
Dec 02 05:22:40.643 INFO [stdout] 2d1a530041c57d827293072508c22f5a1cfb7b9f28b874052e0f81aedd15b2dd
Dec 02 05:22:40.651 INFO running `"docker" "create" "-v" "/mnt/big/crater/work/local/target-dirs/beta-1.31-5/worker-3/1.30.1:/target:rw,Z" "-v" "/mnt/big/crater/work/local/test-source/worker-3/beta-1.31-5/1.30.1:/source:ro,Z" "-v" "/mnt/big/crater/work/local/cargo-home:/cargo-home:ro,Z" "-v" "/mnt/big/crater/work/local/rustup-home:/rustup-home:ro,Z" "-e" "USER_ID=1000" "-e" "SOURCE_DIR=/source" "-e" "USER_ID=1000" "-e" "CMD=cargo +1.30.1 test --frozen --no-run" "-e" "CARGO_TARGET_DIR=/target" "-e" "CARGO_INCREMENTAL=0" "-e" "RUST_BACKTRACE=full" "-e" "RUSTFLAGS=--cap-lints=warn" "-e" "CARGO_HOME=/cargo-home" "-e" "RUSTUP_HOME=/rustup-home" "-m" "1536M" "--network" "none" "crater"`
Dec 02 05:22:41.230 INFO [stdout] 697e8f8d43ba36517b0b574adcea64f88d24a52aedfa468e85f698448c944bcc
Dec 02 05:22:41.232 INFO running `"docker" "start" "-a" "697e8f8d43ba36517b0b574adcea64f88d24a52aedfa468e85f698448c944bcc"`
Dec 02 05:22:43.795 INFO [stderr] usermod: no changes
Dec 02 05:22:44.230 INFO [stderr]    Compiling mdbook-linkcheck v0.2.4-alpha.0 (/source)
Dec 02 05:23:11.651 INFO [stderr]     Finished dev [unoptimized + debuginfo] target(s) in 27.82s
Dec 02 05:23:11.673 INFO [stderr] su: No module specific data is present
Dec 02 05:23:12.509 INFO running `"docker" "inspect" "697e8f8d43ba36517b0b574adcea64f88d24a52aedfa468e85f698448c944bcc"`
Dec 02 05:23:12.761 INFO running `"docker" "rm" "-f" "697e8f8d43ba36517b0b574adcea64f88d24a52aedfa468e85f698448c944bcc"`
Dec 02 05:23:13.039 INFO [stdout] 697e8f8d43ba36517b0b574adcea64f88d24a52aedfa468e85f698448c944bcc
Dec 02 05:23:13.041 INFO running `"docker" "create" "-v" "/mnt/big/crater/work/local/target-dirs/beta-1.31-5/worker-3/1.30.1:/target:rw,Z" "-v" "/mnt/big/crater/work/local/test-source/worker-3/beta-1.31-5/1.30.1:/source:ro,Z" "-v" "/mnt/big/crater/work/local/cargo-home:/cargo-home:ro,Z" "-v" "/mnt/big/crater/work/local/rustup-home:/rustup-home:ro,Z" "-e" "USER_ID=1000" "-e" "SOURCE_DIR=/source" "-e" "USER_ID=1000" "-e" "CMD=cargo +1.30.1 test --frozen" "-e" "CARGO_TARGET_DIR=/target" "-e" "CARGO_INCREMENTAL=0" "-e" "RUST_BACKTRACE=full" "-e" "RUSTFLAGS=--cap-lints=warn" "-e" "CARGO_HOME=/cargo-home" "-e" "RUSTUP_HOME=/rustup-home" "-m" "1536M" "--network" "none" "crater"`
Dec 02 05:23:13.403 INFO [stdout] 4b1a13e8406e271f0a5e57dad67c4875f36b3ad9ceb4be2c116e304e202c6cf2
Dec 02 05:23:13.411 INFO running `"docker" "start" "-a" "4b1a13e8406e271f0a5e57dad67c4875f36b3ad9ceb4be2c116e304e202c6cf2"`
Dec 02 05:23:14.847 INFO [stderr] usermod: no changes
Dec 02 05:23:15.255 INFO [stderr]     Finished dev [unoptimized + debuginfo] target(s) in 0.38s
Dec 02 05:23:15.287 INFO [stderr]      Running /target/debug/deps/mdbook_linkcheck-f3a36bb8e871e57c
Dec 02 05:23:15.301 INFO [stdout] 
Dec 02 05:23:15.301 INFO [stdout] running 3 tests
Dec 02 05:23:15.307 INFO [stdout] test config::tests::round_trip_config ... ok
Dec 02 05:23:15.307 INFO [stdout] test config::tests::deserialize_a_config ... ok
Dec 02 05:23:15.311 INFO [stdout] test links::tests::find_links_in_chapter ... ok
Dec 02 05:23:15.311 INFO [stdout] 
Dec 02 05:23:15.311 INFO [stdout] test result: ok. 3 passed; 0 failed; 0 ignored; 0 measured; 0 filtered out
Dec 02 05:23:15.311 INFO [stdout] 
Dec 02 05:23:15.318 INFO [stderr]      Running /target/debug/deps/mdbook_linkcheck-e7231ce7dd90f6f3
Dec 02 05:23:15.331 INFO [stdout] 
Dec 02 05:23:15.331 INFO [stdout] running 0 tests
Dec 02 05:23:15.331 INFO [stdout] 
Dec 02 05:23:15.331 INFO [stdout] test result: ok. 0 passed; 0 failed; 0 ignored; 0 measured; 0 filtered out
Dec 02 05:23:15.331 INFO [stdout] 
Dec 02 05:23:15.331 INFO [stderr]      Running /target/debug/deps/smoke_tests-78df78cb82c0ebc7
Dec 02 05:23:15.338 INFO [stdout] 
Dec 02 05:23:15.339 INFO [stdout] running 2 tests
Dec 02 05:23:15.918 INFO [stdout] test book_with_broken_links ... FAILED
Dec 02 05:23:15.959 INFO [stdout] test check_all_links_in_a_valid_book ... FAILED
Dec 02 05:23:15.959 INFO [stdout] 
Dec 02 05:23:15.959 INFO [stdout] failures:
Dec 02 05:23:15.959 INFO [stdout] 
Dec 02 05:23:15.959 INFO [stdout] ---- book_with_broken_links stdout ----
Dec 02 05:23:15.959 INFO [stdout] thread 'book_with_broken_links' panicked at 'assertion failed: `(left == right)`
Dec 02 05:23:15.959 INFO [stdout]   left: `7`,
Dec 02 05:23:15.959 INFO [stdout]  right: `6`', tests/smoke_tests.rs:30:5
Dec 02 05:23:15.959 INFO [stdout] stack backtrace:
Dec 02 05:23:15.959 INFO [stdout]    0:     0x56325a51f83e - std::sys::unix::backtrace::tracing::imp::unwind_backtrace::h15749a98198ba25f
Dec 02 05:23:15.959 INFO [stdout]                                at libstd/sys/unix/backtrace/tracing/gcc_s.rs:49
Dec 02 05:23:15.959 INFO [stdout]    1:     0x56325a50b346 - std::sys_common::backtrace::print::h0ba65c811294dbf0
Dec 02 05:23:15.959 INFO [stdout]                                at libstd/sys_common/backtrace.rs:71
Dec 02 05:23:15.959 INFO [stdout]                                at libstd/sys_common/backtrace.rs:59
Dec 02 05:23:15.959 INFO [stdout]    2:     0x56325a5095bd - std::panicking::default_hook::{{closure}}::h42bb31757f0fee64
Dec 02 05:23:15.959 INFO [stdout]                                at libstd/panicking.rs:211
Dec 02 05:23:15.959 INFO [stdout]    3:     0x56325a5092cb - std::panicking::default_hook::hebc8848d7aa7dbd9
Dec 02 05:23:15.959 INFO [stdout]                                at libstd/panicking.rs:221
Dec 02 05:23:15.959 INFO [stdout]    4:     0x56325a509c6c - std::panicking::rust_panic_with_hook::h86e619a638415243
Dec 02 05:23:15.959 INFO [stdout]                                at libstd/panicking.rs:477
Dec 02 05:23:15.959 INFO [stdout]    5:     0x56325a509829 - std::panicking::continue_panic_fmt::h2d2d2bfb065a70b2
Dec 02 05:23:15.959 INFO [stdout]                                at libstd/panicking.rs:391
Dec 02 05:23:15.959 INFO [stdout]    6:     0x56325a50978d - std::panicking::begin_panic_fmt::ha5097e2056ef3d5a
Dec 02 05:23:15.959 INFO [stdout]                                at libstd/panicking.rs:346
Dec 02 05:23:15.959 INFO [stdout]    7:     0x563259a20b53 - smoke_tests::book_with_broken_links::h1d55e0e04d5e3e6d
Dec 02 05:23:15.959 INFO [stdout]                                at tests/smoke_tests.rs:30
Dec 02 05:23:15.959 INFO [stdout]    8:     0x563259a20789 - smoke_tests::book_with_broken_links::{{closure}}::h5d2d990219ea1263
Dec 02 05:23:15.959 INFO [stdout]                                at tests/smoke_tests.rs:23
Dec 02 05:23:15.959 INFO [stdout]    9:     0x563259a23cfd - core::ops::function::FnOnce::call_once::h6e71d4a7a9c609ea
Dec 02 05:23:15.959 INFO [stdout]                                at libcore/ops/function.rs:238
Dec 02 05:23:15.959 INFO [stdout]   10:     0x563259a2b92e - <F as alloc::boxed::FnBox<A>>::call_box::hbea525814fa423cc
Dec 02 05:23:15.959 INFO [stdout]                                at libtest/lib.rs:1461
Dec 02 05:23:15.959 INFO [stdout]                                at libcore/ops/function.rs:238
Dec 02 05:23:15.959 INFO [stdout]                                at liballoc/boxed.rs:646
Dec 02 05:23:15.959 INFO [stdout]   11:     0x56325a532579 - __rust_maybe_catch_panic
Dec 02 05:23:15.959 INFO [stdout]                                at libpanic_unwind/lib.rs:103
Dec 02 05:23:15.959 INFO [stdout]   12:     0x563259a3728d - std::sys_common::backtrace::__rust_begin_short_backtrace::h0ff507d7422944d3
Dec 02 05:23:15.959 INFO [stdout]                                at libstd/panicking.rs:289
Dec 02 05:23:15.959 INFO [stdout]                                at libstd/panic.rs:392
Dec 02 05:23:15.959 INFO [stdout]                                at libtest/lib.rs:1416
Dec 02 05:23:15.959 INFO [stdout]                                at libstd/sys_common/backtrace.rs:136
Dec 02 05:23:15.959 INFO [stdout]   13:     0x563259a4f8c4 - std::panicking::try::do_call::hba0bdcc3670471cc
Dec 02 05:23:15.959 INFO [stdout]                                at libstd/thread/mod.rs:409
Dec 02 05:23:15.959 INFO [stdout]                                at libstd/panic.rs:313
Dec 02 05:23:15.959 INFO [stdout]                                at libstd/panicking.rs:310
Dec 02 05:23:15.959 INFO [stdout]   14:     0x56325a532579 - __rust_maybe_catch_panic
Dec 02 05:23:15.959 INFO [stdout]                                at libpanic_unwind/lib.rs:103
Dec 02 05:23:15.959 INFO [stdout]   15:     0x563259a40196 - <F as alloc::boxed::FnBox<A>>::call_box::hdac52587b00591af
Dec 02 05:23:15.959 INFO [stdout]                                at libstd/panicking.rs:289
Dec 02 05:23:15.959 INFO [stdout]                                at libstd/panic.rs:392
Dec 02 05:23:15.959 INFO [stdout]                                at libstd/thread/mod.rs:408
Dec 02 05:23:15.959 INFO [stdout]                                at liballoc/boxed.rs:646
Dec 02 05:23:15.959 INFO [stdout]   16:     0x56325a5218ca - std::sys_common::thread::start_thread::h75d887c7d2cc4479
Dec 02 05:23:15.959 INFO [stdout]                                at liballoc/boxed.rs:656
Dec 02 05:23:15.959 INFO [stdout]                                at libstd/sys_common/thread.rs:24
Dec 02 05:23:15.959 INFO [stdout]   17:     0x56325a50a4e5 - std::sys::unix::thread::Thread::new::thread_start::h8414caee632bf9ed
Dec 02 05:23:15.959 INFO [stdout]                                at libstd/sys/unix/thread.rs:90
Dec 02 05:23:15.959 INFO [stdout]   18:     0x7f02630df6b9 - start_thread
Dec 02 05:23:15.959 INFO [stdout]   19:     0x7f0262bff41c - clone
Dec 02 05:23:15.959 INFO [stdout]   20:                0x0 - <unknown>
Dec 02 05:23:15.959 INFO [stdout] 
Dec 02 05:23:15.959 INFO [stdout] ---- check_all_links_in_a_valid_book stdout ----
Dec 02 05:23:15.959 INFO [stdout] thread 'check_all_links_in_a_valid_book' panicked at 'called `Result::unwrap()` on an `Err` value: BrokenLinks([HttpError { url: "https://www.google.com/", chapter: "chapter_1.md", line: 7, error: Inner { kind: Hyper(Error { kind: Connect, cause: Some(Custom { kind: Other, error: StringError("failed to lookup address information: Temporary failure in name resolution") }) }), url: Some("https://www.google.com/") }
Dec 02 05:23:15.959 INFO [stdout] 
Dec 02 05:23:15.959 INFO [stdout] stack backtrace:
Dec 02 05:23:15.959 INFO [stdout]    0:     0x56325a4e1735 - backtrace::backtrace::libunwind::trace::he75458e1cbd68ede
Dec 02 05:23:15.959 INFO [stdout]                         at /cargo-home/registry/src/github.com-1ecc6299db9ec823/backtrace-0.3.9/src/backtrace/libunwind.rs:53
Dec 02 05:23:15.959 INFO [stdout]                          - backtrace::backtrace::trace::h390dec61a04df8f9
Dec 02 05:23:15.959 INFO [stdout]                         at /cargo-home/registry/src/github.com-1ecc6299db9ec823/backtrace-0.3.9/src/backtrace/mod.rs:42
Dec 02 05:23:15.959 INFO [stdout]    1:     0x56325a4dbece - backtrace::capture::Backtrace::new_unresolved::h33524aa8140d078b
Dec 02 05:23:15.959 INFO [stdout]                         at /cargo-home/registry/src/github.com-1ecc6299db9ec823/backtrace-0.3.9/src/capture.rs:88
Dec 02 05:23:15.959 INFO [stdout]    2:     0x56325a4dae63 - failure::backtrace::internal::InternalBacktrace::new::hdcbc31d7be962dc4
Dec 02 05:23:15.959 INFO [stdout]                         at /cargo-home/registry/src/github.com-1ecc6299db9ec823/failure-0.1.3/src/backtrace/internal.rs:44
Dec 02 05:23:15.959 INFO [stdout]    3:     0x56325a4d9a6c - failure::backtrace::Backtrace::new::h12af181b4f4c78f3
Dec 02 05:23:15.959 INFO [stdout]                         at /cargo-home/registry/src/github.com-1ecc6299db9ec823/failure-0.1.3/src/backtrace/mod.rs:111
Dec 02 05:23:15.959 INFO [stdout]    4:     0x563259a7382f - <failure::error::error_impl::ErrorImpl as core::convert::From<F>>::from::h70eda1fbbe0c4a95
Dec 02 05:23:15.959 INFO [stdout]                         at /cargo-home/registry/src/github.com-1ecc6299db9ec823/failure-0.1.3/src/error/error_impl.rs:19
Dec 02 05:23:15.959 INFO [stdout]    5:     0x563259a77142 - <failure::error::Error as core::convert::From<F>>::from::h1f81981541ad725b
Dec 02 05:23:15.959 INFO [stdout]                         at /cargo-home/registry/src/github.com-1ecc6299db9ec823/failure-0.1.3/src/error/mod.rs:36
Dec 02 05:23:15.959 INFO [stdout]    6:     0x563259a76d02 - <T as core::convert::Into<U>>::into::hd653cf8f3540bd32
Dec 02 05:23:15.959 INFO [stdout]                         at libcore/convert.rs:456
Dec 02 05:23:15.959 INFO [stdout]    7:     0x563259a97030 - mdbook_linkcheck::errors::HttpError::new::hff509aafb9b23a73
Dec 02 05:23:15.959 INFO [stdout]                         at src/errors.rs:223
Dec 02 05:23:15.959 INFO [stdout]    8:     0x563259a7dacd - mdbook_linkcheck::validation::validate_external_link::{{closure}}::h814a5208cbc7c16d
Dec 02 05:23:15.959 INFO [stdout]                         at src/validation.rs:44
Dec 02 05:23:15.959 INFO [stdout]    9:     0x563259a8900f - <core::result::Result<T, E>>::map_err::h61bcc265553ce4b4
Dec 02 05:23:15.959 INFO [stdout]                         at libcore/result.rs:530
Dec 02 05:23:15.959 INFO [stdout]   10:     0x563259a7d431 - mdbook_linkcheck::validation::validate_external_link::h2fb8792349dbc4d0
Dec 02 05:23:15.959 INFO [stdout]                         at src/validation.rs:43
Dec 02 05:23:15.959 INFO [stdout]   11:     0x563259a7ce09 - mdbook_linkcheck::validation::check_link::h93619b67c97d0aa9
Dec 02 05:23:15.959 INFO [stdout]                         at src/validation.rs:26
Dec 02 05:23:15.959 INFO [stdout]   12:     0x563259a6ccde - mdbook_linkcheck::validate_links::{{closure}}::h0fb4f5ca4641cee8
Dec 02 05:23:15.959 INFO [stdout]                         at src/lib.rs:90
Dec 02 05:23:15.959 INFO [stdout]   13:     0x563259a7848b - <rayon::iter::map::MapFolder<'f, C, F> as rayon::iter::plumbing::Folder<T>>::consume::h377f2cb624cf15ad
Dec 02 05:23:15.959 INFO [stdout]                         at /cargo-home/registry/src/github.com-1ecc6299db9ec823/rayon-1.0.2/src/iter/map.rs:225
Dec 02 05:23:15.960 INFO [stdout]   14:     0x563259a79fac - rayon::iter::plumbing::Folder::consume_iter::hc83224544f05cce8
Dec 02 05:23:15.960 INFO [stdout]                         at /cargo-home/registry/src/github.com-1ecc6299db9ec823/rayon-1.0.2/src/iter/plumbing/mod.rs:176
Dec 02 05:23:15.960 INFO [stdout]   15:     0x563259a73221 - rayon::iter::plumbing::Producer::fold_with::h0bf80246141fcd0e
Dec 02 05:23:15.960 INFO [stdout]                         at /cargo-home/registry/src/github.com-1ecc6299db9ec823/rayon-1.0.2/src/iter/plumbing/mod.rs:108
Dec 02 05:23:15.960 INFO [stdout]   16:     0x563259a90035 - rayon::iter::plumbing::bridge_producer_consumer::helper::h211787ec832d320e
Dec 02 05:23:15.960 INFO [stdout]                         at /cargo-home/registry/src/github.com-1ecc6299db9ec823/rayon-1.0.2/src/iter/plumbing/mod.rs:418
Dec 02 05:23:15.960 INFO [stdout]   17:     0x563259a90905 - rayon::iter::plumbing::bridge_producer_consumer::helper::{{closure}}::h44a061a486a0c244
Dec 02 05:23:15.960 INFO [stdout]                         at /cargo-home/registry/src/github.com-1ecc6299db9ec823/rayon-1.0.2/src/iter/plumbing/mod.rs:410
Dec 02 05:23:15.960 INFO [stdout]   18:     0x563259a805b5 - rayon_core::join::join_context::{{closure}}::{{closure}}::hc2ce7cb05e881ed4
Dec 02 05:23:15.960 INFO [stdout]                         at /cargo-home/registry/src/github.com-1ecc6299db9ec823/rayon-core-1.4.1/src/join/mod.rs:128
Dec 02 05:23:15.960 INFO [stdout]   19:     0x563259a8daac - <std::panic::AssertUnwindSafe<F> as core::ops::function::FnOnce<()>>::call_once::h2812ad789c73a76c
Dec 02 05:23:15.960 INFO [stdout]                         at libstd/panic.rs:313
Dec 02 05:23:15.960 INFO [stdout]   20:     0x563259a6e250 - std::panicking::try::do_call::h298b4ebeb1c6abb6
Dec 02 05:23:15.960 INFO [stdout]                         at libstd/panicking.rs:310
Dec 02 05:23:15.960 INFO [stdout]   21:     0x56325a532579 - __rust_maybe_catch_panic
Dec 02 05:23:15.960 INFO [stdout]                         at libpanic_unwind/lib.rs:103
Dec 02 05:23:15.960 INFO [stdout]   22:     0x563259a6dfb7 - std::panicking::try::hd60d26ed18ab6b0f
Dec 02 05:23:15.960 INFO [stdout]                         at libstd/panicking.rs:289
Dec 02 05:23:15.960 INFO [stdout]   23:     0x563259a8eeb9 - std::panic::catch_unwind::h29812950e6dafc29
Dec 02 05:23:15.960 INFO [stdout]                         at libstd/panic.rs:392
Dec 02 05:23:15.960 INFO [stdout]   24:     0x563259a78293 - rayon_core::unwind::halt_unwinding::h87edc7119414bd0e
Dec 02 05:23:15.960 INFO [stdout]                         at /cargo-home/registry/src/github.com-1ecc6299db9ec823/rayon-core-1.4.1/src/unwind.rs:18
Dec 02 05:23:15.960 INFO [stdout]   25:     0x563259a7faaf - rayon_core::join::join_context::{{closure}}::hef8797fc7886aef4
Dec 02 05:23:15.960 INFO [stdout]                         at /cargo-home/registry/src/github.com-1ecc6299db9ec823/rayon-core-1.4.1/src/join/mod.rs:128
Dec 02 05:23:15.960 INFO [stdout]   26:     0x563259a94436 - rayon_core::registry::in_worker::h0d45994ef1fc72dd
Dec 02 05:23:15.960 INFO [stdout]                         at /cargo-home/registry/src/github.com-1ecc6299db9ec823/rayon-core-1.4.1/src/registry.rs:705
Dec 02 05:23:15.960 INFO [stdout]   27:     0x563259a7ebd5 - rayon_core::join::join_context::h1dc368dbecb5726c
Dec 02 05:23:15.960 INFO [stdout]                         at /cargo-home/registry/src/github.com-1ecc6299db9ec823/rayon-core-1.4.1/src/join/mod.rs:116
Dec 02 05:23:15.960 INFO [stdout]   28:     0x563259a8fea9 - rayon::iter::plumbing::bridge_producer_consumer::helper::h211787ec832d320e
Dec 02 05:23:15.960 INFO [stdout]                         at /cargo-home/registry/src/github.com-1ecc6299db9ec823/rayon-1.0.2/src/iter/plumbing/mod.rs:409
Dec 02 05:23:15.960 INFO [stdout]   29:     0x563259a90a64 - rayon::iter::plumbing::bridge_producer_consumer::helper::{{closure}}::h7df753ed57a58f4f
Dec 02 05:23:15.960 INFO [stdout]                         at /cargo-home/registry/src/github.com-1ecc6299db9ec823/rayon-1.0.2/src/iter/plumbing/mod.rs:413
Dec 02 05:23:15.960 INFO [stdout]   30:     0x563259a806ae - rayon_core::join::join_context::{{closure}}::{{closure}}::hd42e1918b91cf669
Dec 02 05:23:15.960 INFO [stdout]                         at /cargo-home/registry/src/github.com-1ecc6299db9ec823/rayon-core-1.4.1/src/join/mod.rs:122
Dec 02 05:23:15.960 INFO [stdout]   31:     0x563259a89d18 - <rayon_core::job::StackJob<L, F, R>>::run_inline::hb519e4568ec5f9d5
Dec 02 05:23:15.960 INFO [stdout]                         at /cargo-home/registry/src/github.com-1ecc6299db9ec823/rayon-core-1.4.1/src/job.rs:96
Dec 02 05:23:15.960 INFO [stdout]   32:     0x563259a7fe7e - rayon_core::join::join_context::{{closure}}::hef8797fc7886aef4
Dec 02 05:23:15.960 INFO [stdout]                         at /cargo-home/registry/src/github.com-1ecc6299db9ec823/rayon-core-1.4.1/src/join/mod.rs:146
Dec 02 05:23:15.960 INFO [stdout]   33:     0x563259a9431f - rayon_core::registry::Registry::in_worker_cold::{{closure}}::hbcd088fa073e5f6f
Dec 02 05:23:15.960 INFO [stdout]                         at /cargo-home/registry/src/github.com-1ecc6299db9ec823/rayon-core-1.4.1/src/registry.rs:356
Dec 02 05:23:15.960 INFO [stdout]   34:     0x563259a8ba64 - <rayon_core::job::StackJob<L, F, R> as rayon_core::job::Job>::execute::{{closure}}::h96071d124a10afb1
Dec 02 05:23:15.960 INFO [stdout]                         at /cargo-home/registry/src/github.com-1ecc6299db9ec823/rayon-core-1.4.1/src/job.rs:113
Dec 02 05:23:15.960 INFO [stdout]   35:     0x563259a8da5e - <std::panic::AssertUnwindSafe<F> as core::ops::function::FnOnce<()>>::call_once::h173f2d8be9da6cf1
Dec 02 05:23:15.960 INFO [stdout]                         at libstd/panic.rs:313
Dec 02 05:23:15.960 INFO [stdout]   36:     0x563259a6e131 - std::panicking::try::do_call::h1703e3d60e944225
Dec 02 05:23:15.960 INFO [stdout]                         at libstd/panicking.rs:310
Dec 02 05:23:15.960 INFO [stdout]   37:     0x56325a532579 - __rust_maybe_catch_panic
Dec 02 05:23:15.960 INFO [stdout]                         at libpanic_unwind/lib.rs:103
Dec 02 05:23:15.960 INFO [stdout]   38:     0x563259a6de17 - std::panicking::try::hb7b7a77dffc9b595
Dec 02 05:23:15.960 INFO [stdout]                         at libstd/panicking.rs:289
Dec 02 05:23:15.960 INFO [stdout]   39:     0x563259a8ef5e - std::panic::catch_unwind::h66036bc293ca4222
Dec 02 05:23:15.960 INFO [stdout]                         at libstd/panic.rs:392
Dec 02 05:23:15.960 INFO [stdout]   40:     0x563259a78313 - rayon_core::unwind::halt_unwinding::hd4e035b476fa6051
Dec 02 05:23:15.960 INFO [stdout]                         at /cargo-home/registry/src/github.com-1ecc6299db9ec823/rayon-core-1.4.1/src/unwind.rs:18
Dec 02 05:23:15.960 INFO [stdout]   41:     0x563259a8ad8f - <rayon_core::job::StackJob<L, F, R> as rayon_core::job::Job>::execute::h870df6af723b346c
Dec 02 05:23:15.960 INFO [stdout]                         at /cargo-home/registry/src/github.com-1ecc6299db9ec823/rayon-core-1.4.1/src/job.rs:113
Dec 02 05:23:15.960 INFO [stdout]   42:     0x563259aa6c88 - rayon_core::job::JobRef::execute::h0a682920025e796e
Dec 02 05:23:15.960 INFO [stdout]                         at /cargo-home/registry/src/github.com-1ecc6299db9ec823/rayon-core-1.4.1/src/job.rs:60
Dec 02 05:23:15.960 INFO [stdout]   43:     0x563259a9abdc - rayon_core::registry::WorkerThread::execute::h742536d910bae40d
Dec 02 05:23:15.960 INFO [stdout]                         at /cargo-home/registry/src/github.com-1ecc6299db9ec823/rayon-core-1.4.1/src/registry.rs:584
Dec 02 05:23:15.960 INFO [stdout]   44:     0x563259a9a8f4 - rayon_core::registry::WorkerThread::wait_until_cold::h5ad92c867939f51f
Dec 02 05:23:15.960 INFO [stdout]                         at /cargo-home/registry/src/github.com-1ecc6299db9ec823/rayon-core-1.4.1/src/registry.rs:568
Dec 02 05:23:15.960 INFO [stdout]   45:     0x563259a9a1e7 - rayon_core::registry::WorkerThread::wait_until::h7ed5d4e78f0ebd2f
Dec 02 05:23:15.960 INFO [stdout]                         at /cargo-home/registry/src/github.com-1ecc6299db9ec823/rayon-core-1.4.1/src/registry.rs:544
Dec 02 05:23:15.960 INFO [stdout]   46:     0x563259a9b3d2 - rayon_core::registry::main_loop::h832d57af8791b2f3
Dec 02 05:23:15.960 INFO [stdout]                         at /cargo-home/registry/src/github.com-1ecc6299db9ec823/rayon-core-1.4.1/src/registry.rs:666
Dec 02 05:23:15.960 INFO [stdout]   47:     0x563259a9971c - rayon_core::registry::Registry::new::{{closure}}::haa399d2a8cc02c88
Dec 02 05:23:15.960 INFO [stdout]                         at /cargo-home/registry/src/github.com-1ecc6299db9ec823/rayon-core-1.4.1/src/registry.rs:135
Dec 02 05:23:15.960 INFO [stdout]   48:     0x563259aa2fbd - std::sys_common::backtrace::__rust_begin_short_backtrace::h5479390b4cfd3419
Dec 02 05:23:15.960 INFO [stdout]                         at libstd/sys_common/backtrace.rs:136
Dec 02 05:23:15.960 INFO [stdout]   49:     0x563259aacbb0 - std::thread::Builder::spawn::{{closure}}::{{closure}}::hc64aa02089724244
Dec 02 05:23:15.960 INFO [stdout]                         at libstd/thread/mod.rs:409
Dec 02 05:23:15.960 INFO [stdout]   50:     0x563259ab1740 - <std::panic::AssertUnwindSafe<F> as core::ops::function::FnOnce<()>>::call_once::h3c3abee84beb9f0e
Dec 02 05:23:15.960 INFO [stdout]                         at libstd/panic.rs:313
Dec 02 05:23:15.960 INFO [stdout]   51:     0x563259aacff9 - std::panicking::try::do_call::he7ef6c0a8a0c2018
Dec 02 05:23:15.960 INFO [stdout]                         at libstd/panicking.rs:310
Dec 02 05:23:15.960 INFO [stdout]   52:     0x56325a532579 - __rust_maybe_catch_panic
Dec 02 05:23:15.960 INFO [stdout]                         at libpanic_unwind/lib.rs:103
Dec 02 05:23:15.960 INFO [stdout]   53:     0x563259aacd54 - std::panicking::try::hb1a90cbe14064735
Dec 02 05:23:15.960 INFO [stdout]                         at libstd/panicking.rs:289
Dec 02 05:23:15.960 INFO [stdout]   54:     0x563259ab2380 - std::panic::catch_unwind::h7e73af2dbf0433fb
Dec 02 05:23:15.960 INFO [stdout]                         at libstd/panic.rs:392
Dec 02 05:23:15.960 INFO [stdout]   55:     0x563259aac9a4 - std::thread::Builder::spawn::{{closure}}::ha90f0425553bd2ff
Dec 02 05:23:15.960 INFO [stdout]                         at libstd/thread/mod.rs:408
Dec 02 05:23:15.960 INFO [stdout]   56:     0x563259aaeabf - <F as alloc::boxed::FnBox<A>>::call_box::h2962d2a38e330827
Dec 02 05:23:15.960 INFO [stdout]                         at liballoc/boxed.rs:646
Dec 02 05:23:15.960 INFO [stdout]   57:     0x56325a5218ca - <alloc::boxed::Box<(dyn alloc::boxed::FnBox<A, Output=R> + 'a)> as core::ops::function::FnOnce<A>>::call_once::hfedf8d10954bca7a
Dec 02 05:23:15.960 INFO [stdout]                         at liballoc/boxed.rs:656
Dec 02 05:23:15.960 INFO [stdout]                          - std::sys_common::thread::start_thread::h75d887c7d2cc4479
Dec 02 05:23:15.960 INFO [stdout]                         at libstd/sys_common/thread.rs:24
Dec 02 05:23:15.960 INFO [stdout]   58:     0x56325a50a4e5 - std::sys::unix::thread::Thread::new::thread_start::h8414caee632bf9ed
Dec 02 05:23:15.960 INFO [stdout]                         at libstd/sys/unix/thread.rs:90
Dec 02 05:23:15.960 INFO [stdout]   59:     0x7f02630df6b9 - start_thread
Dec 02 05:23:15.960 INFO [stdout]   60:     0x7f0262bff41c - clone
Dec 02 05:23:15.960 INFO [stdout]   61:                0x0 - <unknown> }])
Dec 02 05:23:15.960 INFO [stdout] 
Dec 02 05:23:15.960 INFO [stdout] stack backtrace:
Dec 02 05:23:15.960 INFO [stdout]    0:     0x56325a4e1735 - backtrace::backtrace::libunwind::trace::he75458e1cbd68ede
Dec 02 05:23:15.960 INFO [stdout]                         at /cargo-home/registry/src/github.com-1ecc6299db9ec823/backtrace-0.3.9/src/backtrace/libunwind.rs:53
Dec 02 05:23:15.960 INFO [stdout]                          - backtrace::backtrace::trace::h390dec61a04df8f9
Dec 02 05:23:15.960 INFO [stdout]                         at /cargo-home/registry/src/github.com-1ecc6299db9ec823/backtrace-0.3.9/src/backtrace/mod.rs:42
Dec 02 05:23:15.960 INFO [stdout]    1:     0x56325a4dbece - backtrace::capture::Backtrace::new_unresolved::h33524aa8140d078b
Dec 02 05:23:15.960 INFO [stdout]                         at /cargo-home/registry/src/github.com-1ecc6299db9ec823/backtrace-0.3.9/src/capture.rs:88
Dec 02 05:23:15.960 INFO [stdout]    2:     0x56325a4dae63 - failure::backtrace::internal::InternalBacktrace::new::hdcbc31d7be962dc4
Dec 02 05:23:15.960 INFO [stdout]                         at /cargo-home/registry/src/github.com-1ecc6299db9ec823/failure-0.1.3/src/backtrace/internal.rs:44
Dec 02 05:23:15.960 INFO [stdout]    3:     0x56325a4d9a6c - failure::backtrace::Backtrace::new::h12af181b4f4c78f3
Dec 02 05:23:15.961 INFO [stdout]                         at /cargo-home/registry/src/github.com-1ecc6299db9ec823/failure-0.1.3/src/backtrace/mod.rs:111
Dec 02 05:23:15.961 INFO [stdout]    4:     0x563259a7362d - <failure::error::error_impl::ErrorImpl as core::convert::From<F>>::from::h6f60c1ebf44fad48
Dec 02 05:23:15.961 INFO [stdout]                         at /cargo-home/registry/src/github.com-1ecc6299db9ec823/failure-0.1.3/src/error/error_impl.rs:19
Dec 02 05:23:15.961 INFO [stdout]    5:     0x563259a772c7 - <failure::error::Error as core::convert::From<F>>::from::hf3209a3e44b08238
Dec 02 05:23:15.961 INFO [stdout]                         at /cargo-home/registry/src/github.com-1ecc6299db9ec823/failure-0.1.3/src/error/mod.rs:36
Dec 02 05:23:15.961 INFO [stdout]    6:     0x563259a6e4ca - core::ops::function::FnOnce::call_once::h196fd753deebece1
Dec 02 05:23:15.961 INFO [stdout]                         at libcore/ops/function.rs:238
Dec 02 05:23:15.961 INFO [stdout]    7:     0x563259a898d5 - <core::result::Result<T, E>>::map_err::hda6579aa76988a2a
Dec 02 05:23:15.961 INFO [stdout]                         at libcore/result.rs:530
Dec 02 05:23:15.961 INFO [stdout]    8:     0x563259a6c75f - mdbook_linkcheck::check_links::h18809b35eb06861b
Dec 02 05:23:15.961 INFO [stdout]                         at src/lib.rs:67
Dec 02 05:23:15.961 INFO [stdout]    9:     0x563259a2045a - smoke_tests::run_link_checker::ha015c6386e02ae23
Dec 02 05:23:15.961 INFO [stdout]                         at tests/smoke_tests.rs:82
Dec 02 05:23:15.961 INFO [stdout]   10:     0x563259a2072d - smoke_tests::check_all_links_in_a_valid_book::h3f725a99234e0565
Dec 02 05:23:15.961 INFO [stdout]                         at tests/smoke_tests.rs:19
Dec 02 05:23:15.961 INFO [stdout]   11:     0x563259a20679 - smoke_tests::check_all_links_in_a_valid_book::{{closure}}::h93e37670b7420fd6
Dec 02 05:23:15.961 INFO [stdout]                         at tests/smoke_tests.rs:17
Dec 02 05:23:15.961 INFO [stdout]   12:     0x563259a23cbd - core::ops::function::FnOnce::call_once::h01267bb2ea83c250
Dec 02 05:23:15.961 INFO [stdout]                         at libcore/ops/function.rs:238
Dec 02 05:23:15.961 INFO [stdout]   13:     0x563259a2b92e - test::run_test::{{closure}}::h3a5dfbe1d2fab93e
Dec 02 05:23:15.961 INFO [stdout]                         at libtest/lib.rs:1461
Dec 02 05:23:15.961 INFO [stdout]                          - core::ops::function::FnOnce::call_once::h1d9a9e4523345f36
Dec 02 05:23:15.961 INFO [stdout]                         at libcore/ops/function.rs:238
Dec 02 05:23:15.961 INFO [stdout]                          - <F as alloc::boxed::FnBox<A>>::call_box::hbea525814fa423cc
Dec 02 05:23:15.961 INFO [stdout]                         at liballoc/boxed.rs:646
Dec 02 05:23:15.961 INFO [stdout]   14:     0x56325a532579 - __rust_maybe_catch_panic
Dec 02 05:23:15.961 INFO [stdout]                         at libpanic_unwind/lib.rs:103
Dec 02 05:23:15.961 INFO [stdout]   15:     0x563259a3728d - std::panicking::try::h52ce98afaa08c3ec
Dec 02 05:23:15.961 INFO [stdout]                         at libstd/panicking.rs:289
Dec 02 05:23:15.961 INFO [stdout]                          - std::panic::catch_unwind::h8b1fa14840c8b239
Dec 02 05:23:15.961 INFO [stdout]                         at libstd/panic.rs:392
Dec 02 05:23:15.961 INFO [stdout]                          - test::run_test::run_test_inner::{{closure}}::h0c1fb56af3cc46d2
Dec 02 05:23:15.961 INFO [stdout]                         at libtest/lib.rs:1416
Dec 02 05:23:15.961 INFO [stdout]                          - std::sys_common::backtrace::__rust_begin_short_backtrace::h0ff507d7422944d3
Dec 02 05:23:15.961 INFO [stdout]                         at libstd/sys_common/backtrace.rs:136
Dec 02 05:23:15.961 INFO [stdout]   16:     0x563259a4f8c4 - std::thread::Builder::spawn::{{closure}}::{{closure}}::h9015d15de724c3f6
Dec 02 05:23:15.961 INFO [stdout]                         at libstd/thread/mod.rs:409
Dec 02 05:23:15.961 INFO [stdout]                          - <std::panic::AssertUnwindSafe<F> as core::ops::function::FnOnce<()>>::call_once::hdade3f732363d95a
Dec 02 05:23:15.961 INFO [stdout]                         at libstd/panic.rs:313
Dec 02 05:23:15.961 INFO [stdout]                          - std::panicking::try::do_call::hba0bdcc3670471cc
Dec 02 05:23:15.961 INFO [stdout]                         at libstd/panicking.rs:310
Dec 02 05:23:15.961 INFO [stdout]   17:     0x56325a532579 - __rust_maybe_catch_panic
Dec 02 05:23:15.961 INFO [stdout]                         at libpanic_unwind/lib.rs:103
Dec 02 05:23:15.961 INFO [stdout]   18:     0x563259a40196 - std::panicking::try::ha2cf51a98ef1d8df
Dec 02 05:23:15.961 INFO [stdout]                         at libstd/panicking.rs:289
Dec 02 05:23:15.961 INFO [stdout]                          - std::panic::catch_unwind::h9dbc14b90b636a56
Dec 02 05:23:15.961 INFO [stdout]                         at libstd/panic.rs:392
Dec 02 05:23:15.961 INFO [stdout]                          - std::thread::Builder::spawn::{{closure}}::h1e078d6b2c4e6a8f
Dec 02 05:23:15.961 INFO [stdout]                         at libstd/thread/mod.rs:408
Dec 02 05:23:15.961 INFO [stdout]                          - <F as alloc::boxed::FnBox<A>>::call_box::hdac52587b00591af
Dec 02 05:23:15.961 INFO [stdout]                         at liballoc/boxed.rs:646
Dec 02 05:23:15.961 INFO [stdout]   19:     0x56325a5218ca - <alloc::boxed::Box<(dyn alloc::boxed::FnBox<A, Output=R> + 'a)> as core::ops::function::FnOnce<A>>::call_once::hfedf8d10954bca7a
Dec 02 05:23:15.961 INFO [stdout]                         at liballoc/boxed.rs:656
Dec 02 05:23:15.961 INFO [stdout]                          - std::sys_common::thread::start_thread::h75d887c7d2cc4479
Dec 02 05:23:15.961 INFO [stdout]                         at libstd/sys_common/thread.rs:24
Dec 02 05:23:15.961 INFO [stdout]   20:     0x56325a50a4e5 - std::sys::unix::thread::Thread::new::thread_start::h8414caee632bf9ed
Dec 02 05:23:15.961 INFO [stdout]                         at libstd/sys/unix/thread.rs:90
Dec 02 05:23:15.961 INFO [stdout]   21:     0x7f02630df6b9 - start_thread
Dec 02 05:23:15.961 INFO [stdout]   22:     0x7f0262bff41c - clone
Dec 02 05:23:15.961 INFO [stdout]   23:                0x0 - <unknown>', libcore/result.rs:1009:5
Dec 02 05:23:15.961 INFO [stdout] stack backtrace:
Dec 02 05:23:15.961 INFO [stdout]    0:     0x56325a51f83e - std::sys::unix::backtrace::tracing::imp::unwind_backtrace::h15749a98198ba25f
Dec 02 05:23:15.961 INFO [stdout]                                at libstd/sys/unix/backtrace/tracing/gcc_s.rs:49
Dec 02 05:23:15.961 INFO [stdout]    1:     0x56325a50b346 - std::sys_common::backtrace::print::h0ba65c811294dbf0
Dec 02 05:23:15.961 INFO [stdout]                                at libstd/sys_common/backtrace.rs:71
Dec 02 05:23:15.961 INFO [stdout]                                at libstd/sys_common/backtrace.rs:59
Dec 02 05:23:15.961 INFO [stdout]    2:     0x56325a5095bd - std::panicking::default_hook::{{closure}}::h42bb31757f0fee64
Dec 02 05:23:15.961 INFO [stdout]                                at libstd/panicking.rs:211
Dec 02 05:23:15.961 INFO [stdout]    3:     0x56325a5092cb - std::panicking::default_hook::hebc8848d7aa7dbd9
Dec 02 05:23:15.961 INFO [stdout]                                at libstd/panicking.rs:221
Dec 02 05:23:15.961 INFO [stdout]    4:     0x56325a509c6c - std::panicking::rust_panic_with_hook::h86e619a638415243
Dec 02 05:23:15.961 INFO [stdout]                                at libstd/panicking.rs:477
Dec 02 05:23:15.961 INFO [stdout]    5:     0x56325a509829 - std::panicking::continue_panic_fmt::h2d2d2bfb065a70b2
Dec 02 05:23:15.961 INFO [stdout]                                at libstd/panicking.rs:391
Dec 02 05:23:15.961 INFO [stdout]    6:     0x56325a509725 - rust_begin_unwind
Dec 02 05:23:15.961 INFO [stdout]                                at libstd/panicking.rs:326
Dec 02 05:23:15.961 INFO [stdout]    7:     0x56325a5691bb - core::panicking::panic_fmt::h2155aa66b67fe83c
Dec 02 05:23:15.961 INFO [stdout]                                at libcore/panicking.rs:77
Dec 02 05:23:15.961 INFO [stdout]    8:     0x563259a2752d - core::result::unwrap_failed::h9cfd97956b761ce4
Dec 02 05:23:15.961 INFO [stdout]                                at libcore/macros.rs:26
Dec 02 05:23:15.961 INFO [stdout]    9:     0x563259a26cfa - <core::result::Result<T, E>>::unwrap::h6c9b1ffc9d74839f
Dec 02 05:23:15.961 INFO [stdout]                                at libcore/result.rs:808
Dec 02 05:23:15.961 INFO [stdout]   10:     0x563259a20748 - smoke_tests::check_all_links_in_a_valid_book::h3f725a99234e0565
Dec 02 05:23:15.961 INFO [stdout]                                at tests/smoke_tests.rs:19
Dec 02 05:23:15.961 INFO [stdout]   11:     0x563259a20679 - smoke_tests::check_all_links_in_a_valid_book::{{closure}}::h93e37670b7420fd6
Dec 02 05:23:15.961 INFO [stdout]                                at tests/smoke_tests.rs:17
Dec 02 05:23:15.961 INFO [stdout]   12:     0x563259a23cbd - core::ops::function::FnOnce::call_once::h01267bb2ea83c250
Dec 02 05:23:15.961 INFO [stdout]                                at libcore/ops/function.rs:238
Dec 02 05:23:15.961 INFO [stdout]   13:     0x563259a2b92e - <F as alloc::boxed::FnBox<A>>::call_box::hbea525814fa423cc
Dec 02 05:23:15.961 INFO [stdout]                                at libtest/lib.rs:1461
Dec 02 05:23:15.961 INFO [stdout]                                at libcore/ops/function.rs:238
Dec 02 05:23:15.961 INFO [stdout]                                at liballoc/boxed.rs:646
Dec 02 05:23:15.961 INFO [stdout]   14:     0x56325a532579 - __rust_maybe_catch_panic
Dec 02 05:23:15.961 INFO [stdout]                                at libpanic_unwind/lib.rs:103
Dec 02 05:23:15.961 INFO [stdout]   15:     0x563259a3728d - std::sys_common::backtrace::__rust_begin_short_backtrace::h0ff507d7422944d3
Dec 02 05:23:15.961 INFO [stdout]                                at libstd/panicking.rs:289
Dec 02 05:23:15.961 INFO [stdout]                                at libstd/panic.rs:392
Dec 02 05:23:15.961 INFO [stdout]                                at libtest/lib.rs:1416
Dec 02 05:23:15.961 INFO [stdout]                                at libstd/sys_common/backtrace.rs:136
Dec 02 05:23:15.961 INFO [stdout]   16:     0x563259a4f8c4 - std::panicking::try::do_call::hba0bdcc3670471cc
Dec 02 05:23:15.961 INFO [stdout]                                at libstd/thread/mod.rs:409
Dec 02 05:23:15.961 INFO [stdout]                                at libstd/panic.rs:313
Dec 02 05:23:15.961 INFO [stdout]                                at libstd/panicking.rs:310
Dec 02 05:23:15.961 INFO [stdout]   17:     0x56325a532579 - __rust_maybe_catch_panic
Dec 02 05:23:15.961 INFO [stdout]                                at libpanic_unwind/lib.rs:103
Dec 02 05:23:15.961 INFO [stdout]   18:     0x563259a40196 - <F as alloc::boxed::FnBox<A>>::call_box::hdac52587b00591af
Dec 02 05:23:15.962 INFO [stdout]                                at libstd/panicking.rs:289
Dec 02 05:23:15.962 INFO [stdout]                                at libstd/panic.rs:392
Dec 02 05:23:15.962 INFO [stdout]                                at libstd/thread/mod.rs:408
Dec 02 05:23:15.962 INFO [stdout]                                at liballoc/boxed.rs:646
Dec 02 05:23:15.962 INFO [stdout]   19:     0x56325a5218ca - std::sys_common::thread::start_thread::h75d887c7d2cc4479
Dec 02 05:23:15.962 INFO [stdout]                                at liballoc/boxed.rs:656
Dec 02 05:23:15.962 INFO [stdout]                                at libstd/sys_common/thread.rs:24
Dec 02 05:23:15.962 INFO [stdout]   20:     0x56325a50a4e5 - std::sys::unix::thread::Thread::new::thread_start::h8414caee632bf9ed
Dec 02 05:23:15.962 INFO [stdout]                                at libstd/sys/unix/thread.rs:90
Dec 02 05:23:15.962 INFO [stdout]   21:     0x7f02630df6b9 - start_thread
Dec 02 05:23:15.962 INFO [stdout]   22:     0x7f0262bff41c - clone
Dec 02 05:23:15.962 INFO [stdout]   23:                0x0 - <unknown>
Dec 02 05:23:15.962 INFO [stdout] 
Dec 02 05:23:15.962 INFO [stdout] 
Dec 02 05:23:15.962 INFO [stdout] failures:
Dec 02 05:23:15.962 INFO [stdout]     book_with_broken_links
Dec 02 05:23:15.962 INFO [stdout]     check_all_links_in_a_valid_book
Dec 02 05:23:15.962 INFO [stdout] 
Dec 02 05:23:15.962 INFO [stdout] test result: FAILED. 0 passed; 2 failed; 0 ignored; 0 measured; 0 filtered out
Dec 02 05:23:15.962 INFO [stdout] 
Dec 02 05:23:15.975 INFO [stderr] error: test failed, to rerun pass '--test smoke_tests'
Dec 02 05:23:15.983 INFO [stderr] su: No module specific data is present
Dec 02 05:23:16.679 INFO running `"docker" "inspect" "4b1a13e8406e271f0a5e57dad67c4875f36b3ad9ceb4be2c116e304e202c6cf2"`
Dec 02 05:23:16.983 INFO running `"docker" "rm" "-f" "4b1a13e8406e271f0a5e57dad67c4875f36b3ad9ceb4be2c116e304e202c6cf2"`
Dec 02 05:23:17.275 INFO [stdout] 4b1a13e8406e271f0a5e57dad67c4875f36b3ad9ceb4be2c116e304e202c6cf2
