Dec 02 07:19:43.940 INFO testing GuilhermoReadonly/copy-rules against 1.30.1 for beta-1.31-5
Dec 02 07:19:43.941 INFO running `"docker" "create" "-v" "/mnt/big/crater/work/local/target-dirs/beta-1.31-5/worker-6/1.30.1:/target:rw,Z" "-v" "/mnt/big/crater/work/local/test-source/worker-6/beta-1.31-5/1.30.1:/source:ro,Z" "-v" "/mnt/big/crater/work/local/cargo-home:/cargo-home:ro,Z" "-v" "/mnt/big/crater/work/local/rustup-home:/rustup-home:ro,Z" "-e" "USER_ID=1000" "-e" "SOURCE_DIR=/source" "-e" "USER_ID=1000" "-e" "CMD=cargo +1.30.1 build --frozen" "-e" "CARGO_TARGET_DIR=/target" "-e" "CARGO_INCREMENTAL=0" "-e" "RUST_BACKTRACE=full" "-e" "RUSTFLAGS=--cap-lints=warn" "-e" "CARGO_HOME=/cargo-home" "-e" "RUSTUP_HOME=/rustup-home" "-m" "1536M" "--network" "none" "crater"`
Dec 02 07:19:44.443 INFO [stdout] 88bdc329582ad9bf150f19dd2b42de679d111280fd485a4ac15db64501a5fa3a
Dec 02 07:19:44.445 INFO running `"docker" "start" "-a" "88bdc329582ad9bf150f19dd2b42de679d111280fd485a4ac15db64501a5fa3a"`
Dec 02 07:19:45.772 INFO [stderr] usermod: no changes
Dec 02 07:19:46.174 INFO [stderr]    Compiling thread-id v3.3.0
Dec 02 07:19:46.179 INFO [stderr]    Compiling log v0.4.6
Dec 02 07:19:46.179 INFO [stderr]    Compiling serde_yaml v0.8.7
Dec 02 07:19:46.179 INFO [stderr]    Compiling chrono v0.4.6
Dec 02 07:19:46.182 INFO [stderr]    Compiling serde-value v0.5.2
Dec 02 07:19:46.190 INFO [stderr]    Compiling mime_guess v2.0.0-alpha.6
Dec 02 07:19:50.043 INFO [stderr]    Compiling tokio-io v0.1.8
Dec 02 07:19:50.043 INFO [stderr]    Compiling mio v0.6.16
Dec 02 07:19:50.043 INFO [stderr]    Compiling tokio-threadpool v0.1.6
Dec 02 07:19:50.043 INFO [stderr]    Compiling want v0.0.6
Dec 02 07:19:56.001 INFO [stderr]    Compiling log4rs v0.8.1
Dec 02 07:19:56.128 INFO [stderr]    Compiling tokio-codec v0.1.0
Dec 02 07:19:56.129 INFO [stderr]    Compiling h2 v0.1.12
Dec 02 07:19:59.942 INFO [stderr]    Compiling tokio-reactor v0.1.5
Dec 02 07:19:59.942 INFO [stderr]    Compiling mio-uds v0.6.7
Dec 02 07:20:03.415 INFO [stderr]    Compiling tokio-fs v0.1.3
Dec 02 07:20:09.024 INFO [stderr]    Compiling tokio-uds v0.2.1
Dec 02 07:20:09.031 INFO [stderr]    Compiling tokio-tcp v0.1.1
Dec 02 07:20:09.032 INFO [stderr]    Compiling tokio-udp v0.1.2
Dec 02 07:20:19.651 INFO [stderr]    Compiling tokio v0.1.8
Dec 02 07:20:25.430 INFO [stderr]    Compiling hyper v0.12.10
Dec 02 07:20:35.549 INFO [stderr]    Compiling hyper-tls v0.3.1
Dec 02 07:20:39.627 INFO [stderr]    Compiling reqwest v0.9.2
Dec 02 07:20:55.312 INFO [stderr]    Compiling copy_rules v0.1.0 (/source)
Dec 02 07:21:09.619 INFO [stderr]     Finished dev [unoptimized + debuginfo] target(s) in 1m 23s
Dec 02 07:21:09.640 INFO [stderr] su: No module specific data is present
Dec 02 07:21:11.286 INFO running `"docker" "inspect" "88bdc329582ad9bf150f19dd2b42de679d111280fd485a4ac15db64501a5fa3a"`
Dec 02 07:21:11.653 INFO running `"docker" "rm" "-f" "88bdc329582ad9bf150f19dd2b42de679d111280fd485a4ac15db64501a5fa3a"`
Dec 02 07:21:12.015 INFO [stdout] 88bdc329582ad9bf150f19dd2b42de679d111280fd485a4ac15db64501a5fa3a
Dec 02 07:21:12.021 INFO running `"docker" "create" "-v" "/mnt/big/crater/work/local/target-dirs/beta-1.31-5/worker-6/1.30.1:/target:rw,Z" "-v" "/mnt/big/crater/work/local/test-source/worker-6/beta-1.31-5/1.30.1:/source:ro,Z" "-v" "/mnt/big/crater/work/local/cargo-home:/cargo-home:ro,Z" "-v" "/mnt/big/crater/work/local/rustup-home:/rustup-home:ro,Z" "-e" "USER_ID=1000" "-e" "SOURCE_DIR=/source" "-e" "USER_ID=1000" "-e" "CMD=cargo +1.30.1 test --frozen --no-run" "-e" "CARGO_TARGET_DIR=/target" "-e" "CARGO_INCREMENTAL=0" "-e" "RUST_BACKTRACE=full" "-e" "RUSTFLAGS=--cap-lints=warn" "-e" "CARGO_HOME=/cargo-home" "-e" "RUSTUP_HOME=/rustup-home" "-m" "1536M" "--network" "none" "crater"`
Dec 02 07:21:12.483 INFO [stdout] 4bac2787f31dc26547da3591b4c5dd31f940babb4a9ee663505ab0b23e019d18
Dec 02 07:21:12.485 INFO running `"docker" "start" "-a" "4bac2787f31dc26547da3591b4c5dd31f940babb4a9ee663505ab0b23e019d18"`
Dec 02 07:21:14.879 INFO [stderr] usermod: no changes
Dec 02 07:21:15.200 INFO [stderr]    Compiling copy_rules v0.1.0 (/source)
Dec 02 07:21:28.487 INFO [stderr]     Finished dev [unoptimized + debuginfo] target(s) in 13.58s
Dec 02 07:21:28.503 INFO [stderr] su: No module specific data is present
Dec 02 07:21:29.647 INFO running `"docker" "inspect" "4bac2787f31dc26547da3591b4c5dd31f940babb4a9ee663505ab0b23e019d18"`
Dec 02 07:21:30.033 INFO running `"docker" "rm" "-f" "4bac2787f31dc26547da3591b4c5dd31f940babb4a9ee663505ab0b23e019d18"`
Dec 02 07:21:30.355 INFO [stdout] 4bac2787f31dc26547da3591b4c5dd31f940babb4a9ee663505ab0b23e019d18
Dec 02 07:21:30.357 INFO running `"docker" "create" "-v" "/mnt/big/crater/work/local/target-dirs/beta-1.31-5/worker-6/1.30.1:/target:rw,Z" "-v" "/mnt/big/crater/work/local/test-source/worker-6/beta-1.31-5/1.30.1:/source:ro,Z" "-v" "/mnt/big/crater/work/local/cargo-home:/cargo-home:ro,Z" "-v" "/mnt/big/crater/work/local/rustup-home:/rustup-home:ro,Z" "-e" "USER_ID=1000" "-e" "SOURCE_DIR=/source" "-e" "USER_ID=1000" "-e" "CMD=cargo +1.30.1 test --frozen" "-e" "CARGO_TARGET_DIR=/target" "-e" "CARGO_INCREMENTAL=0" "-e" "RUST_BACKTRACE=full" "-e" "RUSTFLAGS=--cap-lints=warn" "-e" "CARGO_HOME=/cargo-home" "-e" "RUSTUP_HOME=/rustup-home" "-m" "1536M" "--network" "none" "crater"`
Dec 02 07:21:30.824 INFO [stdout] 223bbe62754c5eaf2780d05c553ee9a0c93057b033b791921e1457b769ba1197
Dec 02 07:21:30.826 INFO running `"docker" "start" "-a" "223bbe62754c5eaf2780d05c553ee9a0c93057b033b791921e1457b769ba1197"`
Dec 02 07:21:32.642 INFO [stderr] usermod: no changes
Dec 02 07:21:33.024 INFO [stderr]     Finished dev [unoptimized + debuginfo] target(s) in 0.35s
Dec 02 07:21:33.051 INFO [stderr]      Running /target/debug/deps/copy_rules-aefb2a726cb97878
Dec 02 07:21:33.058 INFO [stdout] 
Dec 02 07:21:33.058 INFO [stdout] running 2 tests
Dec 02 07:21:33.074 INFO [stdout] test fs::tests::copy_no_from_path ... ok
Dec 02 07:21:33.208 INFO [stdout] test tests::test_with_basic_config ... FAILED
Dec 02 07:21:33.208 INFO [stdout] 
Dec 02 07:21:33.208 INFO [stdout] failures:
Dec 02 07:21:33.208 INFO [stdout] 
Dec 02 07:21:33.208 INFO [stdout] ---- tests::test_with_basic_config stdout ----
Dec 02 07:21:33.208 INFO [stdout] thread 'tests::test_with_basic_config' panicked at '##### Err(
Dec 02 07:21:33.208 INFO [stdout]     Os {
Dec 02 07:21:33.208 INFO [stdout]         code: 30,
Dec 02 07:21:33.208 INFO [stdout]         kind: Other,
Dec 02 07:21:33.208 INFO [stdout]         message: "Read-only file system"
Dec 02 07:21:33.208 INFO [stdout]     }
Dec 02 07:21:33.208 INFO [stdout] )', src/main.rs:73:9
Dec 02 07:21:33.208 INFO [stdout] stack backtrace:
Dec 02 07:21:33.208 INFO [stdout]    0:     0x55e1c0f16e6e - std::sys::unix::backtrace::tracing::imp::unwind_backtrace::h15749a98198ba25f
Dec 02 07:21:33.208 INFO [stdout]                                at libstd/sys/unix/backtrace/tracing/gcc_s.rs:49
Dec 02 07:21:33.208 INFO [stdout]    1:     0x55e1c0f07656 - std::sys_common::backtrace::print::h0ba65c811294dbf0
Dec 02 07:21:33.208 INFO [stdout]                                at libstd/sys_common/backtrace.rs:71
Dec 02 07:21:33.208 INFO [stdout]                                at libstd/sys_common/backtrace.rs:59
Dec 02 07:21:33.208 INFO [stdout]    2:     0x55e1c0f057ed - std::panicking::default_hook::{{closure}}::h42bb31757f0fee64
Dec 02 07:21:33.208 INFO [stdout]                                at libstd/panicking.rs:211
Dec 02 07:21:33.208 INFO [stdout]    3:     0x55e1c0f054fb - std::panicking::default_hook::hebc8848d7aa7dbd9
Dec 02 07:21:33.208 INFO [stdout]                                at libstd/panicking.rs:221
Dec 02 07:21:33.208 INFO [stdout]    4:     0x55e1c0f05e9c - std::panicking::rust_panic_with_hook::h86e619a638415243
Dec 02 07:21:33.208 INFO [stdout]                                at libstd/panicking.rs:477
Dec 02 07:21:33.208 INFO [stdout]    5:     0x55e1c0f05a59 - std::panicking::continue_panic_fmt::h2d2d2bfb065a70b2
Dec 02 07:21:33.208 INFO [stdout]                                at libstd/panicking.rs:391
Dec 02 07:21:33.208 INFO [stdout]    6:     0x55e1c0f059bd - std::panicking::begin_panic_fmt::ha5097e2056ef3d5a
Dec 02 07:21:33.208 INFO [stdout]                                at libstd/panicking.rs:346
Dec 02 07:21:33.208 INFO [stdout]    7:     0x55e1c07d5f13 - copy_rules::tests::test_with_basic_config::h4f3aaaa10d3e2111
Dec 02 07:21:33.208 INFO [stdout]                                at src/main.rs:73
Dec 02 07:21:33.208 INFO [stdout]    8:     0x55e1c07d5e09 - copy_rules::tests::test_with_basic_config::{{closure}}::hf9c91ca16e0386c3
Dec 02 07:21:33.208 INFO [stdout]                                at src/main.rs:71
Dec 02 07:21:33.208 INFO [stdout]    9:     0x55e1c07ac4fd - core::ops::function::FnOnce::call_once::hc31f8fd327d9bb4c
Dec 02 07:21:33.208 INFO [stdout]                                at libcore/ops/function.rs:238
Dec 02 07:21:33.208 INFO [stdout]   10:     0x55e1c07d7dde - <F as alloc::boxed::FnBox<A>>::call_box::hbea525814fa423cc
Dec 02 07:21:33.208 INFO [stdout]                                at libtest/lib.rs:1461
Dec 02 07:21:33.208 INFO [stdout]                                at libcore/ops/function.rs:238
Dec 02 07:21:33.208 INFO [stdout]                                at liballoc/boxed.rs:646
Dec 02 07:21:33.208 INFO [stdout]   11:     0x55e1c0f278d9 - __rust_maybe_catch_panic
Dec 02 07:21:33.208 INFO [stdout]                                at libpanic_unwind/lib.rs:103
Dec 02 07:21:33.208 INFO [stdout]   12:     0x55e1c07e373d - std::sys_common::backtrace::__rust_begin_short_backtrace::h0ff507d7422944d3
Dec 02 07:21:33.208 INFO [stdout]                                at libstd/panicking.rs:289
Dec 02 07:21:33.208 INFO [stdout]                                at libstd/panic.rs:392
Dec 02 07:21:33.208 INFO [stdout]                                at libtest/lib.rs:1416
Dec 02 07:21:33.208 INFO [stdout]                                at libstd/sys_common/backtrace.rs:136
Dec 02 07:21:33.208 INFO [stdout]   13:     0x55e1c07fbd74 - std::panicking::try::do_call::hba0bdcc3670471cc
Dec 02 07:21:33.208 INFO [stdout]                                at libstd/thread/mod.rs:409
Dec 02 07:21:33.208 INFO [stdout]                                at libstd/panic.rs:313
Dec 02 07:21:33.208 INFO [stdout]                                at libstd/panicking.rs:310
Dec 02 07:21:33.208 INFO [stdout]   14:     0x55e1c0f278d9 - __rust_maybe_catch_panic
Dec 02 07:21:33.208 INFO [stdout]                                at libpanic_unwind/lib.rs:103
Dec 02 07:21:33.208 INFO [stdout]   15:     0x55e1c07ec646 - <F as alloc::boxed::FnBox<A>>::call_box::hdac52587b00591af
Dec 02 07:21:33.209 INFO [stdout]                                at libstd/panicking.rs:289
Dec 02 07:21:33.209 INFO [stdout]                                at libstd/panic.rs:392
Dec 02 07:21:33.209 INFO [stdout]                                at libstd/thread/mod.rs:408
Dec 02 07:21:33.209 INFO [stdout]                                at liballoc/boxed.rs:646
Dec 02 07:21:33.209 INFO [stdout]   16:     0x55e1c0f189da - std::sys_common::thread::start_thread::h75d887c7d2cc4479
Dec 02 07:21:33.209 INFO [stdout]                                at liballoc/boxed.rs:656
Dec 02 07:21:33.209 INFO [stdout]                                at libstd/sys_common/thread.rs:24
Dec 02 07:21:33.209 INFO [stdout]   17:     0x55e1c0f066c5 - std::sys::unix::thread::Thread::new::thread_start::h8414caee632bf9ed
Dec 02 07:21:33.209 INFO [stdout]                                at libstd/sys/unix/thread.rs:90
Dec 02 07:21:33.209 INFO [stdout]   18:     0x7f8bb42496b9 - start_thread
Dec 02 07:21:33.209 INFO [stdout]   19:     0x7f8bb3d6941c - clone
Dec 02 07:21:33.209 INFO [stdout]   20:                0x0 - <unknown>
Dec 02 07:21:33.209 INFO [stdout] 
Dec 02 07:21:33.209 INFO [stdout] 
Dec 02 07:21:33.209 INFO [stdout] failures:
Dec 02 07:21:33.209 INFO [stdout]     tests::test_with_basic_config
Dec 02 07:21:33.209 INFO [stdout] 
Dec 02 07:21:33.209 INFO [stdout] test result: FAILED. 1 passed; 1 failed; 0 ignored; 0 measured; 0 filtered out
Dec 02 07:21:33.209 INFO [stdout] 
Dec 02 07:21:33.213 INFO [stderr] error: test failed, to rerun pass '--bin copy_rules'
Dec 02 07:21:33.218 INFO [stderr] su: No module specific data is present
Dec 02 07:21:34.551 INFO running `"docker" "inspect" "223bbe62754c5eaf2780d05c553ee9a0c93057b033b791921e1457b769ba1197"`
Dec 02 07:21:34.951 INFO running `"docker" "rm" "-f" "223bbe62754c5eaf2780d05c553ee9a0c93057b033b791921e1457b769ba1197"`
Dec 02 07:21:35.326 INFO [stdout] 223bbe62754c5eaf2780d05c553ee9a0c93057b033b791921e1457b769ba1197
