Dec 02 07:50:36.594 INFO testing FTV-Subtil/rs_http_worker against 1.30.1 for beta-1.31-5
Dec 02 07:50:36.594 INFO running `"docker" "create" "-v" "/mnt/big/crater/work/local/target-dirs/beta-1.31-5/worker-1/1.30.1:/target:rw,Z" "-v" "/mnt/big/crater/work/local/test-source/worker-1/beta-1.31-5/1.30.1:/source:ro,Z" "-v" "/mnt/big/crater/work/local/cargo-home:/cargo-home:ro,Z" "-v" "/mnt/big/crater/work/local/rustup-home:/rustup-home:ro,Z" "-e" "USER_ID=1000" "-e" "SOURCE_DIR=/source" "-e" "USER_ID=1000" "-e" "CMD=cargo +1.30.1 build --frozen" "-e" "CARGO_TARGET_DIR=/target" "-e" "CARGO_INCREMENTAL=0" "-e" "RUST_BACKTRACE=full" "-e" "RUSTFLAGS=--cap-lints=warn" "-e" "CARGO_HOME=/cargo-home" "-e" "RUSTUP_HOME=/rustup-home" "-m" "1536M" "--network" "none" "crater"`
Dec 02 07:50:37.146 INFO [stdout] 85cff1f8281df63d548622965d309bbe1fa312dc306a4f08feab3efeda9ba906
Dec 02 07:50:37.151 INFO running `"docker" "start" "-a" "85cff1f8281df63d548622965d309bbe1fa312dc306a4f08feab3efeda9ba906"`
Dec 02 07:50:38.206 INFO [stderr] usermod: no changes
Dec 02 07:50:38.586 INFO [stderr]    Compiling serde v1.0.33
Dec 02 07:50:38.596 INFO [stderr]    Compiling num-traits v0.2.1
Dec 02 07:50:38.596 INFO [stderr]    Compiling cookie-factory v0.2.2
Dec 02 07:50:38.596 INFO [stderr]    Compiling unicode-normalization v0.1.5
Dec 02 07:50:38.623 INFO [stderr]    Compiling memchr v2.0.1
Dec 02 07:50:38.631 INFO [stderr]    Compiling memchr v1.0.2
Dec 02 07:50:38.634 INFO [stderr]    Compiling regex-syntax v0.5.3
Dec 02 07:50:38.635 INFO [stderr]    Compiling log v0.4.6
Dec 02 07:50:41.807 INFO [stderr]    Compiling crossbeam-epoch v0.4.0
Dec 02 07:50:41.835 INFO [stderr]    Compiling sasl v0.4.1
Dec 02 07:50:43.107 INFO [stderr]    Compiling nom v3.2.1
Dec 02 07:50:43.164 INFO [stderr]    Compiling aho-corasick v0.6.4
Dec 02 07:50:44.251 INFO [stderr]    Compiling log v0.3.9
Dec 02 07:50:46.983 INFO [stderr]    Compiling tokio-io v0.1.6
Dec 02 07:50:50.855 INFO [stderr]    Compiling mio v0.6.14
Dec 02 07:50:50.915 INFO [stderr]    Compiling idna v0.1.4
Dec 02 07:50:50.915 INFO [stderr]    Compiling crossbeam-deque v0.3.0
Dec 02 07:50:58.155 INFO [stderr]    Compiling tokio-threadpool v0.1.0
Dec 02 07:51:05.814 INFO [stderr]    Compiling url v1.7.0
Dec 02 07:51:06.031 INFO [stderr]    Compiling tokio-reactor v0.1.0
Dec 02 07:51:11.079 INFO [stderr]    Compiling tokio v0.1.3
Dec 02 07:51:14.382 INFO [stderr]    Compiling regex v0.2.10
Dec 02 07:51:15.919 INFO [stderr]    Compiling serde_json v1.0.11
Dec 02 07:51:15.919 INFO [stderr]    Compiling serde_urlencoded v0.5.1
Dec 02 07:51:17.219 INFO [stderr]    Compiling tokio-core v0.1.13
Dec 02 07:51:28.143 INFO [stderr]    Compiling handlebars v0.27.0
Dec 02 07:51:28.143 INFO [stderr]    Compiling amq-protocol-types v0.20.0
Dec 02 07:51:30.832 INFO [stderr]    Compiling tokio-proto v0.1.1
Dec 02 07:51:30.834 INFO [stderr]    Compiling tokio-tls v0.1.4
Dec 02 07:51:40.811 INFO [stderr]    Compiling hyper v0.11.22
Dec 02 07:51:41.987 INFO [stderr]    Compiling amq-protocol-codegen v0.27.0
Dec 02 07:51:54.006 INFO [stderr]    Compiling amq-protocol v0.19.1
Dec 02 07:51:55.523 INFO [stderr]    Compiling hyper-tls v0.1.2
Dec 02 07:51:59.947 INFO [stderr]    Compiling reqwest v0.8.5
Dec 02 07:52:10.252 INFO [stderr]    Compiling lapin-async v0.10.0
Dec 02 07:52:30.216 INFO [stderr]    Compiling lapin-futures v0.10.0
Dec 02 07:52:33.922 INFO [stderr]    Compiling amqp_worker v0.1.3
Dec 02 07:52:41.803 INFO [stderr]    Compiling http_worker v0.1.0 (/source)
Dec 02 07:52:54.751 INFO [stderr]     Finished dev [unoptimized + debuginfo] target(s) in 2m 16s
Dec 02 07:52:54.769 INFO [stderr] su: No module specific data is present
Dec 02 07:52:55.756 INFO running `"docker" "inspect" "85cff1f8281df63d548622965d309bbe1fa312dc306a4f08feab3efeda9ba906"`
Dec 02 07:52:56.069 INFO running `"docker" "rm" "-f" "85cff1f8281df63d548622965d309bbe1fa312dc306a4f08feab3efeda9ba906"`
Dec 02 07:52:56.400 INFO [stdout] 85cff1f8281df63d548622965d309bbe1fa312dc306a4f08feab3efeda9ba906
Dec 02 07:52:56.405 INFO running `"docker" "create" "-v" "/mnt/big/crater/work/local/target-dirs/beta-1.31-5/worker-1/1.30.1:/target:rw,Z" "-v" "/mnt/big/crater/work/local/test-source/worker-1/beta-1.31-5/1.30.1:/source:ro,Z" "-v" "/mnt/big/crater/work/local/cargo-home:/cargo-home:ro,Z" "-v" "/mnt/big/crater/work/local/rustup-home:/rustup-home:ro,Z" "-e" "USER_ID=1000" "-e" "SOURCE_DIR=/source" "-e" "USER_ID=1000" "-e" "CMD=cargo +1.30.1 test --frozen --no-run" "-e" "CARGO_TARGET_DIR=/target" "-e" "CARGO_INCREMENTAL=0" "-e" "RUST_BACKTRACE=full" "-e" "RUSTFLAGS=--cap-lints=warn" "-e" "CARGO_HOME=/cargo-home" "-e" "RUSTUP_HOME=/rustup-home" "-m" "1536M" "--network" "none" "crater"`
Dec 02 07:52:56.872 INFO [stdout] ae7ee92fe62bd69af051bfa39d513ed6a79a7d4adbf97b86fc51ccb83b66b7c7
Dec 02 07:52:56.875 INFO running `"docker" "start" "-a" "ae7ee92fe62bd69af051bfa39d513ed6a79a7d4adbf97b86fc51ccb83b66b7c7"`
Dec 02 07:52:57.823 INFO [stderr] usermod: no changes
Dec 02 07:52:58.114 INFO [stderr]    Compiling http_worker v0.1.0 (/source)
Dec 02 07:53:08.502 INFO [stderr]     Finished dev [unoptimized + debuginfo] target(s) in 10.64s
Dec 02 07:53:08.518 INFO [stderr] su: No module specific data is present
Dec 02 07:53:09.111 INFO running `"docker" "inspect" "ae7ee92fe62bd69af051bfa39d513ed6a79a7d4adbf97b86fc51ccb83b66b7c7"`
Dec 02 07:53:09.409 INFO running `"docker" "rm" "-f" "ae7ee92fe62bd69af051bfa39d513ed6a79a7d4adbf97b86fc51ccb83b66b7c7"`
Dec 02 07:53:09.693 INFO [stdout] ae7ee92fe62bd69af051bfa39d513ed6a79a7d4adbf97b86fc51ccb83b66b7c7
Dec 02 07:53:09.700 INFO running `"docker" "create" "-v" "/mnt/big/crater/work/local/target-dirs/beta-1.31-5/worker-1/1.30.1:/target:rw,Z" "-v" "/mnt/big/crater/work/local/test-source/worker-1/beta-1.31-5/1.30.1:/source:ro,Z" "-v" "/mnt/big/crater/work/local/cargo-home:/cargo-home:ro,Z" "-v" "/mnt/big/crater/work/local/rustup-home:/rustup-home:ro,Z" "-e" "USER_ID=1000" "-e" "SOURCE_DIR=/source" "-e" "USER_ID=1000" "-e" "CMD=cargo +1.30.1 test --frozen" "-e" "CARGO_TARGET_DIR=/target" "-e" "CARGO_INCREMENTAL=0" "-e" "RUST_BACKTRACE=full" "-e" "RUSTFLAGS=--cap-lints=warn" "-e" "CARGO_HOME=/cargo-home" "-e" "RUSTUP_HOME=/rustup-home" "-m" "1536M" "--network" "none" "crater"`
Dec 02 07:53:10.146 INFO [stdout] 322e3ae6559b1adb97c4b554ca0280957d588749eba9ac17ef79d479508fb2aa
Dec 02 07:53:10.149 INFO running `"docker" "start" "-a" "322e3ae6559b1adb97c4b554ca0280957d588749eba9ac17ef79d479508fb2aa"`
Dec 02 07:53:11.543 INFO [stderr] usermod: no changes
Dec 02 07:53:11.771 INFO [stderr]     Finished dev [unoptimized + debuginfo] target(s) in 0.20s
Dec 02 07:53:11.796 INFO [stderr]      Running /target/debug/deps/http_worker-d9e3f9300728fbc9
Dec 02 07:53:11.807 INFO [stdout] 
Dec 02 07:53:11.807 INFO [stdout] running 2 tests
Dec 02 07:53:11.807 INFO [stdout] test message::nack_message_test ... ok
Dec 02 07:53:11.987 INFO [stdout] test message::ack_message_test ... FAILED
Dec 02 07:53:11.987 INFO [stdout] 
Dec 02 07:53:11.987 INFO [stdout] failures:
Dec 02 07:53:11.987 INFO [stdout] 
Dec 02 07:53:11.987 INFO [stdout] ---- message::ack_message_test stdout ----
Dec 02 07:53:11.987 INFO [stdout] Job { job_id: 690, parameters: Parameters { requirements: Requirements { paths: None }, source: Resource { path: "https://staticftv-a.akamaihd.net/sous-titres/france4/20180214/172524974-5a843dcd126f8-1518616910.ttml" }, destination: Resource { path: "/tmp/172524974-5a843dcd126f8-1518616910.ttml" } } }
Dec 02 07:53:11.987 INFO [stdout] thread 'message::ack_message_test' panicked at 'called `Result::unwrap()` on an `Err` value: Error { kind: Io(Custom { kind: Other, error: StringError("failed to lookup address information: Temporary failure in name resolution") }), url: Some("https://staticftv-a.akamaihd.net/sous-titres/france4/20180214/172524974-5a843dcd126f8-1518616910.ttml") }', libcore/result.rs:1009:5
Dec 02 07:53:11.987 INFO [stdout] stack backtrace:
Dec 02 07:53:11.987 INFO [stdout]    0:     0x55c0540b1b8e - std::sys::unix::backtrace::tracing::imp::unwind_backtrace::h15749a98198ba25f
Dec 02 07:53:11.987 INFO [stdout]                                at libstd/sys/unix/backtrace/tracing/gcc_s.rs:49
Dec 02 07:53:11.987 INFO [stdout]    1:     0x55c0540a3c06 - std::sys_common::backtrace::print::h0ba65c811294dbf0
Dec 02 07:53:11.987 INFO [stdout]                                at libstd/sys_common/backtrace.rs:71
Dec 02 07:53:11.987 INFO [stdout]                                at libstd/sys_common/backtrace.rs:59
Dec 02 07:53:11.987 INFO [stdout]    2:     0x55c0540a1ecd - std::panicking::default_hook::{{closure}}::h42bb31757f0fee64
Dec 02 07:53:11.987 INFO [stdout]                                at libstd/panicking.rs:211
Dec 02 07:53:11.987 INFO [stdout]    3:     0x55c0540a1bdb - std::panicking::default_hook::hebc8848d7aa7dbd9
Dec 02 07:53:11.987 INFO [stdout]                                at libstd/panicking.rs:221
Dec 02 07:53:11.987 INFO [stdout]    4:     0x55c0540a257c - std::panicking::rust_panic_with_hook::h86e619a638415243
Dec 02 07:53:11.987 INFO [stdout]                                at libstd/panicking.rs:477
Dec 02 07:53:11.987 INFO [stdout]    5:     0x55c0540a2139 - std::panicking::continue_panic_fmt::h2d2d2bfb065a70b2
Dec 02 07:53:11.987 INFO [stdout]                                at libstd/panicking.rs:391
Dec 02 07:53:11.987 INFO [stdout]    6:     0x55c0540a2035 - rust_begin_unwind
Dec 02 07:53:11.987 INFO [stdout]                                at libstd/panicking.rs:326
Dec 02 07:53:11.987 INFO [stdout]    7:     0x55c0540f499b - core::panicking::panic_fmt::h2155aa66b67fe83c
Dec 02 07:53:11.987 INFO [stdout]                                at libcore/panicking.rs:77
Dec 02 07:53:11.987 INFO [stdout]    8:     0x55c053d807e3 - core::result::unwrap_failed::he228541e0706fda3
Dec 02 07:53:11.987 INFO [stdout]                                at libcore/macros.rs:26
Dec 02 07:53:11.987 INFO [stdout]    9:     0x55c053d80434 - <core::result::Result<T, E>>::unwrap::hf2d4eb2f0410c7eb
Dec 02 07:53:11.987 INFO [stdout]                                at libcore/result.rs:808
Dec 02 07:53:11.987 INFO [stdout]   10:     0x55c053d7520b - http_worker::message::process::h0734488946438f18
Dec 02 07:53:11.987 INFO [stdout]                                at src/message.rs:69
Dec 02 07:53:11.987 INFO [stdout]   11:     0x55c053d7bef5 - http_worker::message::ack_message_test::he97b65c32e92f64d
Dec 02 07:53:11.987 INFO [stdout]                                at src/message.rs:99
Dec 02 07:53:11.987 INFO [stdout]   12:     0x55c053d7be29 - http_worker::message::ack_message_test::{{closure}}::h2d0f73a34827306d
Dec 02 07:53:11.987 INFO [stdout]                                at src/message.rs:94
Dec 02 07:53:11.987 INFO [stdout]   13:     0x55c053d7c27d - core::ops::function::FnOnce::call_once::hdd87d64f7c00fbcb
Dec 02 07:53:11.987 INFO [stdout]                                at libcore/ops/function.rs:238
Dec 02 07:53:11.987 INFO [stdout]   14:     0x55c053d8420e - <F as alloc::boxed::FnBox<A>>::call_box::hbea525814fa423cc
Dec 02 07:53:11.987 INFO [stdout]                                at libtest/lib.rs:1461
Dec 02 07:53:11.987 INFO [stdout]                                at libcore/ops/function.rs:238
Dec 02 07:53:11.987 INFO [stdout]                                at liballoc/boxed.rs:646
Dec 02 07:53:11.987 INFO [stdout]   15:     0x55c0540c0b19 - __rust_maybe_catch_panic
Dec 02 07:53:11.987 INFO [stdout]                                at libpanic_unwind/lib.rs:103
Dec 02 07:53:11.987 INFO [stdout]   16:     0x55c053d8fb6d - std::sys_common::backtrace::__rust_begin_short_backtrace::h0ff507d7422944d3
Dec 02 07:53:11.988 INFO [stdout]                                at libstd/panicking.rs:289
Dec 02 07:53:11.988 INFO [stdout]                                at libstd/panic.rs:392
Dec 02 07:53:11.988 INFO [stdout]                                at libtest/lib.rs:1416
Dec 02 07:53:11.988 INFO [stdout]                                at libstd/sys_common/backtrace.rs:136
Dec 02 07:53:11.988 INFO [stdout]   17:     0x55c053da81a4 - std::panicking::try::do_call::hba0bdcc3670471cc
Dec 02 07:53:11.988 INFO [stdout]                                at libstd/thread/mod.rs:409
Dec 02 07:53:11.988 INFO [stdout]                                at libstd/panic.rs:313
Dec 02 07:53:11.988 INFO [stdout]                                at libstd/panicking.rs:310
Dec 02 07:53:11.988 INFO [stdout]   18:     0x55c0540c0b19 - __rust_maybe_catch_panic
Dec 02 07:53:11.988 INFO [stdout]                                at libpanic_unwind/lib.rs:103
Dec 02 07:53:11.988 INFO [stdout]   19:     0x55c053d98a76 - <F as alloc::boxed::FnBox<A>>::call_box::hdac52587b00591af
Dec 02 07:53:11.988 INFO [stdout]                                at libstd/panicking.rs:289
Dec 02 07:53:11.988 INFO [stdout]                                at libstd/panic.rs:392
Dec 02 07:53:11.988 INFO [stdout]                                at libstd/thread/mod.rs:408
Dec 02 07:53:11.988 INFO [stdout]                                at liballoc/boxed.rs:646
Dec 02 07:53:11.988 INFO [stdout]   20:     0x55c0540b36ca - std::sys_common::thread::start_thread::h75d887c7d2cc4479
Dec 02 07:53:11.988 INFO [stdout]                                at liballoc/boxed.rs:656
Dec 02 07:53:11.988 INFO [stdout]                                at libstd/sys_common/thread.rs:24
Dec 02 07:53:11.988 INFO [stdout]   21:     0x55c0540a2da5 - std::sys::unix::thread::Thread::new::thread_start::h8414caee632bf9ed
Dec 02 07:53:11.988 INFO [stdout]                                at libstd/sys/unix/thread.rs:90
Dec 02 07:53:11.988 INFO [stdout]   22:     0x7fd5c3da96b9 - start_thread
Dec 02 07:53:11.988 INFO [stdout]   23:     0x7fd5c38c941c - clone
Dec 02 07:53:11.988 INFO [stdout]   24:                0x0 - <unknown>
Dec 02 07:53:11.988 INFO [stdout] 
Dec 02 07:53:11.988 INFO [stdout] 
Dec 02 07:53:11.988 INFO [stdout] failures:
Dec 02 07:53:11.988 INFO [stdout]     message::ack_message_test
Dec 02 07:53:11.988 INFO [stdout] 
Dec 02 07:53:11.988 INFO [stdout] test result: FAILED. 1 passed; 1 failed; 0 ignored; 0 measured; 0 filtered out
Dec 02 07:53:11.988 INFO [stdout] 
Dec 02 07:53:11.995 INFO [stderr] error: test failed, to rerun pass '--bin http_worker'
Dec 02 07:53:11.995 INFO [stderr] su: No module specific data is present
Dec 02 07:53:12.637 INFO running `"docker" "inspect" "322e3ae6559b1adb97c4b554ca0280957d588749eba9ac17ef79d479508fb2aa"`
Dec 02 07:53:13.032 INFO running `"docker" "rm" "-f" "322e3ae6559b1adb97c4b554ca0280957d588749eba9ac17ef79d479508fb2aa"`
Dec 02 07:53:13.323 INFO [stdout] 322e3ae6559b1adb97c4b554ca0280957d588749eba9ac17ef79d479508fb2aa
