Dec 02 07:56:11.304 INFO testing ErickHdez96/RiscVMachine against 1.30.1 for beta-1.31-5
Dec 02 07:56:11.304 INFO running `"docker" "create" "-v" "/mnt/big/crater/work/local/target-dirs/beta-1.31-5/worker-4/1.30.1:/target:rw,Z" "-v" "/mnt/big/crater/work/local/test-source/worker-4/beta-1.31-5/1.30.1:/source:ro,Z" "-v" "/mnt/big/crater/work/local/cargo-home:/cargo-home:ro,Z" "-v" "/mnt/big/crater/work/local/rustup-home:/rustup-home:ro,Z" "-e" "USER_ID=1000" "-e" "SOURCE_DIR=/source" "-e" "USER_ID=1000" "-e" "CMD=cargo +1.30.1 build --frozen" "-e" "CARGO_TARGET_DIR=/target" "-e" "CARGO_INCREMENTAL=0" "-e" "RUST_BACKTRACE=full" "-e" "RUSTFLAGS=--cap-lints=warn" "-e" "CARGO_HOME=/cargo-home" "-e" "RUSTUP_HOME=/rustup-home" "-m" "1536M" "--network" "none" "crater"`
Dec 02 07:56:11.504 INFO [stdout] 13fe77c349be14f0c567c7ea963264217a940fcfd4142ebd3d317fae946c3242
Dec 02 07:56:11.508 INFO running `"docker" "start" "-a" "13fe77c349be14f0c567c7ea963264217a940fcfd4142ebd3d317fae946c3242"`
Dec 02 07:56:11.867 INFO [stderr] usermod: no changes
Dec 02 07:56:11.904 INFO [stderr]    Compiling risc_v_machine v0.1.0 (/source)
Dec 02 07:56:13.448 INFO [stderr]     Finished dev [unoptimized + debuginfo] target(s) in 1.55s
Dec 02 07:56:13.450 INFO [stderr] su: No module specific data is present
Dec 02 07:56:14.023 INFO running `"docker" "inspect" "13fe77c349be14f0c567c7ea963264217a940fcfd4142ebd3d317fae946c3242"`
Dec 02 07:56:14.452 INFO running `"docker" "rm" "-f" "13fe77c349be14f0c567c7ea963264217a940fcfd4142ebd3d317fae946c3242"`
Dec 02 07:56:14.627 INFO [stdout] 13fe77c349be14f0c567c7ea963264217a940fcfd4142ebd3d317fae946c3242
Dec 02 07:56:14.635 INFO running `"docker" "create" "-v" "/mnt/big/crater/work/local/target-dirs/beta-1.31-5/worker-4/1.30.1:/target:rw,Z" "-v" "/mnt/big/crater/work/local/test-source/worker-4/beta-1.31-5/1.30.1:/source:ro,Z" "-v" "/mnt/big/crater/work/local/cargo-home:/cargo-home:ro,Z" "-v" "/mnt/big/crater/work/local/rustup-home:/rustup-home:ro,Z" "-e" "USER_ID=1000" "-e" "SOURCE_DIR=/source" "-e" "USER_ID=1000" "-e" "CMD=cargo +1.30.1 test --frozen --no-run" "-e" "CARGO_TARGET_DIR=/target" "-e" "CARGO_INCREMENTAL=0" "-e" "RUST_BACKTRACE=full" "-e" "RUSTFLAGS=--cap-lints=warn" "-e" "CARGO_HOME=/cargo-home" "-e" "RUSTUP_HOME=/rustup-home" "-m" "1536M" "--network" "none" "crater"`
Dec 02 07:56:15.032 INFO [stdout] b3c107e896aa503c554a4d3d60c779e93ac40e1b7d22bf673194466259e63508
Dec 02 07:56:15.044 INFO running `"docker" "start" "-a" "b3c107e896aa503c554a4d3d60c779e93ac40e1b7d22bf673194466259e63508"`
Dec 02 07:56:16.019 INFO [stderr] usermod: no changes
Dec 02 07:56:16.095 INFO [stderr]    Compiling risc_v_machine v0.1.0 (/source)
Dec 02 07:56:18.450 INFO [stderr]     Finished dev [unoptimized + debuginfo] target(s) in 2.39s
Dec 02 07:56:18.454 INFO [stderr] su: No module specific data is present
Dec 02 07:56:19.039 INFO running `"docker" "inspect" "b3c107e896aa503c554a4d3d60c779e93ac40e1b7d22bf673194466259e63508"`
Dec 02 07:56:19.229 INFO running `"docker" "rm" "-f" "b3c107e896aa503c554a4d3d60c779e93ac40e1b7d22bf673194466259e63508"`
Dec 02 07:56:19.603 INFO [stdout] b3c107e896aa503c554a4d3d60c779e93ac40e1b7d22bf673194466259e63508
Dec 02 07:56:19.604 INFO running `"docker" "create" "-v" "/mnt/big/crater/work/local/target-dirs/beta-1.31-5/worker-4/1.30.1:/target:rw,Z" "-v" "/mnt/big/crater/work/local/test-source/worker-4/beta-1.31-5/1.30.1:/source:ro,Z" "-v" "/mnt/big/crater/work/local/cargo-home:/cargo-home:ro,Z" "-v" "/mnt/big/crater/work/local/rustup-home:/rustup-home:ro,Z" "-e" "USER_ID=1000" "-e" "SOURCE_DIR=/source" "-e" "USER_ID=1000" "-e" "CMD=cargo +1.30.1 test --frozen" "-e" "CARGO_TARGET_DIR=/target" "-e" "CARGO_INCREMENTAL=0" "-e" "RUST_BACKTRACE=full" "-e" "RUSTFLAGS=--cap-lints=warn" "-e" "CARGO_HOME=/cargo-home" "-e" "RUSTUP_HOME=/rustup-home" "-m" "1536M" "--network" "none" "crater"`
Dec 02 07:56:19.995 INFO [stdout] 71833c4b61a00e9a3a3b23f2fc0bf2b1c9ef46b39dd66663558fa84ba9ac86ab
Dec 02 07:56:19.999 INFO running `"docker" "start" "-a" "71833c4b61a00e9a3a3b23f2fc0bf2b1c9ef46b39dd66663558fa84ba9ac86ab"`
Dec 02 07:56:21.517 INFO [stderr] usermod: no changes
Dec 02 07:56:21.591 INFO [stderr]     Finished dev [unoptimized + debuginfo] target(s) in 0.04s
Dec 02 07:56:21.597 INFO [stderr]      Running /target/debug/deps/risc_v_machine-bc09b2cf6bf67572
Dec 02 07:56:21.619 INFO [stdout] 
Dec 02 07:56:21.619 INFO [stdout] running 19 tests
Dec 02 07:56:21.627 INFO [stdout] test machine::tests::test_auipc ... ok
Dec 02 07:56:21.627 INFO [stdout] test into_instruction::tests::test_into_s ... ok
Dec 02 07:56:21.627 INFO [stdout] test into_instruction::tests::test_into_r ... ok
Dec 02 07:56:21.627 INFO [stdout] test into_instruction::tests::test_into_b ... ok
Dec 02 07:56:21.627 INFO [stdout] test into_instruction::tests::test_into_j ... ok
Dec 02 07:56:21.627 INFO [stdout] test into_instruction::tests::test_into_i ... ok
Dec 02 07:56:21.627 INFO [stdout] test into_instruction::tests::test_into_u ... ok
Dec 02 07:56:21.627 INFO [stdout] test machine::tests::test_bgeu ... ok
Dec 02 07:56:21.627 INFO [stdout] test machine::tests::test_beq ... ok
Dec 02 07:56:21.635 INFO [stdout] test machine::tests::test_bne ... ok
Dec 02 07:56:21.635 INFO [stdout] test machine::tests::test_bltu ... ok
Dec 02 07:56:21.635 INFO [stdout] test machine::tests::test_blt ... ok
Dec 02 07:56:21.635 INFO [stdout] test machine::tests::test_jalr ... ok
Dec 02 07:56:21.635 INFO [stdout] test machine::tests::test_jal ... ok
Dec 02 07:56:21.640 INFO [stdout] test machine::tests::test_lb ... ok
Dec 02 07:56:21.640 INFO [stdout] test machine::tests::test_bge ... ok
Dec 02 07:56:21.651 INFO [stdout] test machine::tests::test_lui ... ok
Dec 02 07:56:21.651 INFO [stdout] test machine::tests::test_lh ... ok
Dec 02 07:56:21.712 INFO [stdout] test machine::tests::test_from_file ... FAILED
Dec 02 07:56:21.712 INFO [stdout] 
Dec 02 07:56:21.712 INFO [stdout] failures:
Dec 02 07:56:21.712 INFO [stdout] 
Dec 02 07:56:21.712 INFO [stdout] ---- machine::tests::test_from_file stdout ----
Dec 02 07:56:21.712 INFO [stdout] thread 'machine::tests::test_from_file' panicked at 'Couldn't create file: Os { code: 30, kind: Other, message: "Read-only file system" }', libcore/result.rs:1009:5
Dec 02 07:56:21.712 INFO [stdout] stack backtrace:
Dec 02 07:56:21.712 INFO [stdout]    0:     0x55584863689e - std::sys::unix::backtrace::tracing::imp::unwind_backtrace::h15749a98198ba25f
Dec 02 07:56:21.712 INFO [stdout]                                at libstd/sys/unix/backtrace/tracing/gcc_s.rs:49
Dec 02 07:56:21.712 INFO [stdout]    1:     0x555848629c26 - std::sys_common::backtrace::print::h0ba65c811294dbf0
Dec 02 07:56:21.712 INFO [stdout]                                at libstd/sys_common/backtrace.rs:71
Dec 02 07:56:21.712 INFO [stdout]                                at libstd/sys_common/backtrace.rs:59
Dec 02 07:56:21.712 INFO [stdout]    2:     0x55584862804d - std::panicking::default_hook::{{closure}}::h42bb31757f0fee64
Dec 02 07:56:21.712 INFO [stdout]                                at libstd/panicking.rs:211
Dec 02 07:56:21.713 INFO [stdout]    3:     0x555848627d5b - std::panicking::default_hook::hebc8848d7aa7dbd9
Dec 02 07:56:21.713 INFO [stdout]                                at libstd/panicking.rs:221
Dec 02 07:56:21.713 INFO [stdout]    4:     0x5558486286fc - std::panicking::rust_panic_with_hook::h86e619a638415243
Dec 02 07:56:21.713 INFO [stdout]                                at libstd/panicking.rs:477
Dec 02 07:56:21.713 INFO [stdout]    5:     0x5558486282b9 - std::panicking::continue_panic_fmt::h2d2d2bfb065a70b2
Dec 02 07:56:21.713 INFO [stdout]                                at libstd/panicking.rs:391
Dec 02 07:56:21.713 INFO [stdout]    6:     0x5558486281b5 - rust_begin_unwind
Dec 02 07:56:21.713 INFO [stdout]                                at libstd/panicking.rs:326
Dec 02 07:56:21.713 INFO [stdout]    7:     0x5558486753db - core::panicking::panic_fmt::h2155aa66b67fe83c
Dec 02 07:56:21.713 INFO [stdout]                                at libcore/panicking.rs:77
Dec 02 07:56:21.713 INFO [stdout]    8:     0x5558485de4a3 - core::result::unwrap_failed::h25034b0da883aa17
Dec 02 07:56:21.713 INFO [stdout]                                at libcore/macros.rs:26
Dec 02 07:56:21.713 INFO [stdout]    9:     0x5558485dd756 - <core::result::Result<T, E>>::expect::h1181c7f9c8166832
Dec 02 07:56:21.713 INFO [stdout]                                at libcore/result.rs:835
Dec 02 07:56:21.713 INFO [stdout]   10:     0x5558485d95e8 - risc_v_machine::machine::tests::test_from_file::hdc90d18f4def84cf
Dec 02 07:56:21.713 INFO [stdout]                                at src/machine.rs:674
Dec 02 07:56:21.713 INFO [stdout]   11:     0x5558485d94d9 - risc_v_machine::machine::tests::test_from_file::{{closure}}::h8c528b6d3369cff4
Dec 02 07:56:21.713 INFO [stdout]                                at src/machine.rs:667
Dec 02 07:56:21.713 INFO [stdout]   12:     0x5558485dddfd - core::ops::function::FnOnce::call_once::h8288228e39995b16
Dec 02 07:56:21.713 INFO [stdout]                                at libcore/ops/function.rs:238
Dec 02 07:56:21.713 INFO [stdout]   13:     0x5558485e8c2e - <F as alloc::boxed::FnBox<A>>::call_box::hbea525814fa423cc
Dec 02 07:56:21.713 INFO [stdout]                                at libtest/lib.rs:1461
Dec 02 07:56:21.713 INFO [stdout]                                at libcore/ops/function.rs:238
Dec 02 07:56:21.713 INFO [stdout]                                at liballoc/boxed.rs:646
Dec 02 07:56:21.713 INFO [stdout]   14:     0x555848645819 - __rust_maybe_catch_panic
Dec 02 07:56:21.713 INFO [stdout]                                at libpanic_unwind/lib.rs:103
Dec 02 07:56:21.713 INFO [stdout]   15:     0x5558485f458d - std::sys_common::backtrace::__rust_begin_short_backtrace::h0ff507d7422944d3
Dec 02 07:56:21.713 INFO [stdout]                                at libstd/panicking.rs:289
Dec 02 07:56:21.713 INFO [stdout]                                at libstd/panic.rs:392
Dec 02 07:56:21.713 INFO [stdout]                                at libtest/lib.rs:1416
Dec 02 07:56:21.713 INFO [stdout]                                at libstd/sys_common/backtrace.rs:136
Dec 02 07:56:21.713 INFO [stdout]   16:     0x55584860cbc4 - std::panicking::try::do_call::hba0bdcc3670471cc
Dec 02 07:56:21.713 INFO [stdout]                                at libstd/thread/mod.rs:409
Dec 02 07:56:21.713 INFO [stdout]                                at libstd/panic.rs:313
Dec 02 07:56:21.713 INFO [stdout]                                at libstd/panicking.rs:310
Dec 02 07:56:21.713 INFO [stdout]   17:     0x555848645819 - __rust_maybe_catch_panic
Dec 02 07:56:21.713 INFO [stdout]                                at libpanic_unwind/lib.rs:103
Dec 02 07:56:21.713 INFO [stdout]   18:     0x5558485fd496 - <F as alloc::boxed::FnBox<A>>::call_box::hdac52587b00591af
Dec 02 07:56:21.713 INFO [stdout]                                at libstd/panicking.rs:289
Dec 02 07:56:21.713 INFO [stdout]                                at libstd/panic.rs:392
Dec 02 07:56:21.713 INFO [stdout]                                at libstd/thread/mod.rs:408
Dec 02 07:56:21.713 INFO [stdout]                                at liballoc/boxed.rs:646
Dec 02 07:56:21.713 INFO [stdout]   19:     0x5558486381aa - std::sys_common::thread::start_thread::h75d887c7d2cc4479
Dec 02 07:56:21.713 INFO [stdout]                                at liballoc/boxed.rs:656
Dec 02 07:56:21.713 INFO [stdout]                                at libstd/sys_common/thread.rs:24
Dec 02 07:56:21.713 INFO [stdout]   20:     0x555848628e65 - std::sys::unix::thread::Thread::new::thread_start::h8414caee632bf9ed
Dec 02 07:56:21.713 INFO [stdout]                                at libstd/sys/unix/thread.rs:90
Dec 02 07:56:21.713 INFO [stdout]   21:     0x7f49d43c26b9 - start_thread
Dec 02 07:56:21.713 INFO [stdout]   22:     0x7f49d3ee241c - clone
Dec 02 07:56:21.713 INFO [stdout]   23:                0x0 - <unknown>
Dec 02 07:56:21.713 INFO [stdout] 
Dec 02 07:56:21.713 INFO [stdout] 
Dec 02 07:56:21.713 INFO [stdout] failures:
Dec 02 07:56:21.713 INFO [stdout]     machine::tests::test_from_file
Dec 02 07:56:21.713 INFO [stdout] 
Dec 02 07:56:21.713 INFO [stdout] test result: FAILED. 18 passed; 1 failed; 0 ignored; 0 measured; 0 filtered out
Dec 02 07:56:21.713 INFO [stdout] 
Dec 02 07:56:21.713 INFO [stderr] error: test failed, to rerun pass '--lib'
Dec 02 07:56:21.715 INFO [stderr] su: No module specific data is present
Dec 02 07:56:22.385 INFO running `"docker" "inspect" "71833c4b61a00e9a3a3b23f2fc0bf2b1c9ef46b39dd66663558fa84ba9ac86ab"`
Dec 02 07:56:22.652 INFO running `"docker" "rm" "-f" "71833c4b61a00e9a3a3b23f2fc0bf2b1c9ef46b39dd66663558fa84ba9ac86ab"`
Dec 02 07:56:22.915 INFO [stdout] 71833c4b61a00e9a3a3b23f2fc0bf2b1c9ef46b39dd66663558fa84ba9ac86ab
