Dec 02 08:45:31.104 INFO testing ChrisDavison/mdlc against 1.30.1 for beta-1.31-5
Dec 02 08:45:31.104 INFO running `"docker" "create" "-v" "/mnt/big/crater/work/local/target-dirs/beta-1.31-5/worker-0/1.30.1:/target:rw,Z" "-v" "/mnt/big/crater/work/local/test-source/worker-0/beta-1.31-5/1.30.1:/source:ro,Z" "-v" "/mnt/big/crater/work/local/cargo-home:/cargo-home:ro,Z" "-v" "/mnt/big/crater/work/local/rustup-home:/rustup-home:ro,Z" "-e" "USER_ID=1000" "-e" "SOURCE_DIR=/source" "-e" "USER_ID=1000" "-e" "CMD=cargo +1.30.1 build --frozen" "-e" "CARGO_TARGET_DIR=/target" "-e" "CARGO_INCREMENTAL=0" "-e" "RUST_BACKTRACE=full" "-e" "RUSTFLAGS=--cap-lints=warn" "-e" "CARGO_HOME=/cargo-home" "-e" "RUSTUP_HOME=/rustup-home" "-m" "1536M" "--network" "none" "crater"`
Dec 02 08:45:31.646 INFO [stdout] f7c5a6256a3d37816e78ae812191efe799f8f7b17c9c92c3a7957db2fbdd31ef
Dec 02 08:45:31.648 INFO running `"docker" "start" "-a" "f7c5a6256a3d37816e78ae812191efe799f8f7b17c9c92c3a7957db2fbdd31ef"`
Dec 02 08:45:33.591 INFO [stderr] usermod: no changes
Dec 02 08:45:33.927 INFO [stderr]    Compiling regex v0.2.10
Dec 02 08:45:33.930 INFO [stderr]    Compiling tokio-tls v0.1.4
Dec 02 08:45:38.956 INFO [stderr]    Compiling hyper-tls v0.1.3
Dec 02 08:45:48.537 INFO [stderr]    Compiling reqwest v0.8.5
Dec 02 08:45:59.811 INFO [stderr]    Compiling mdlc v0.1.0 (/source)
Dec 02 08:46:07.001 INFO [stderr]     Finished dev [unoptimized + debuginfo] target(s) in 33.37s
Dec 02 08:46:07.012 INFO [stderr] su: No module specific data is present
Dec 02 08:46:07.333 INFO running `"docker" "inspect" "f7c5a6256a3d37816e78ae812191efe799f8f7b17c9c92c3a7957db2fbdd31ef"`
Dec 02 08:46:07.488 INFO running `"docker" "rm" "-f" "f7c5a6256a3d37816e78ae812191efe799f8f7b17c9c92c3a7957db2fbdd31ef"`
Dec 02 08:46:07.697 INFO [stdout] f7c5a6256a3d37816e78ae812191efe799f8f7b17c9c92c3a7957db2fbdd31ef
Dec 02 08:46:07.705 INFO running `"docker" "create" "-v" "/mnt/big/crater/work/local/target-dirs/beta-1.31-5/worker-0/1.30.1:/target:rw,Z" "-v" "/mnt/big/crater/work/local/test-source/worker-0/beta-1.31-5/1.30.1:/source:ro,Z" "-v" "/mnt/big/crater/work/local/cargo-home:/cargo-home:ro,Z" "-v" "/mnt/big/crater/work/local/rustup-home:/rustup-home:ro,Z" "-e" "USER_ID=1000" "-e" "SOURCE_DIR=/source" "-e" "USER_ID=1000" "-e" "CMD=cargo +1.30.1 test --frozen --no-run" "-e" "CARGO_TARGET_DIR=/target" "-e" "CARGO_INCREMENTAL=0" "-e" "RUST_BACKTRACE=full" "-e" "RUSTFLAGS=--cap-lints=warn" "-e" "CARGO_HOME=/cargo-home" "-e" "RUSTUP_HOME=/rustup-home" "-m" "1536M" "--network" "none" "crater"`
Dec 02 08:46:08.037 INFO [stdout] 9a48dd20028fd95b517ca656f669b3534cea5667551ef750d73c731408234a49
Dec 02 08:46:08.043 INFO running `"docker" "start" "-a" "9a48dd20028fd95b517ca656f669b3534cea5667551ef750d73c731408234a49"`
Dec 02 08:46:09.200 INFO [stderr] usermod: no changes
Dec 02 08:46:09.500 INFO [stderr]    Compiling mdlc v0.1.0 (/source)
Dec 02 08:46:20.923 INFO [stderr]     Finished dev [unoptimized + debuginfo] target(s) in 11.69s
Dec 02 08:46:20.937 INFO [stderr] su: No module specific data is present
Dec 02 08:46:21.817 INFO running `"docker" "inspect" "9a48dd20028fd95b517ca656f669b3534cea5667551ef750d73c731408234a49"`
Dec 02 08:46:22.119 INFO running `"docker" "rm" "-f" "9a48dd20028fd95b517ca656f669b3534cea5667551ef750d73c731408234a49"`
Dec 02 08:46:22.442 INFO [stdout] 9a48dd20028fd95b517ca656f669b3534cea5667551ef750d73c731408234a49
Dec 02 08:46:22.445 INFO running `"docker" "create" "-v" "/mnt/big/crater/work/local/target-dirs/beta-1.31-5/worker-0/1.30.1:/target:rw,Z" "-v" "/mnt/big/crater/work/local/test-source/worker-0/beta-1.31-5/1.30.1:/source:ro,Z" "-v" "/mnt/big/crater/work/local/cargo-home:/cargo-home:ro,Z" "-v" "/mnt/big/crater/work/local/rustup-home:/rustup-home:ro,Z" "-e" "USER_ID=1000" "-e" "SOURCE_DIR=/source" "-e" "USER_ID=1000" "-e" "CMD=cargo +1.30.1 test --frozen" "-e" "CARGO_TARGET_DIR=/target" "-e" "CARGO_INCREMENTAL=0" "-e" "RUST_BACKTRACE=full" "-e" "RUSTFLAGS=--cap-lints=warn" "-e" "CARGO_HOME=/cargo-home" "-e" "RUSTUP_HOME=/rustup-home" "-m" "1536M" "--network" "none" "crater"`
Dec 02 08:46:22.944 INFO [stdout] 094501a22363c7f78f644023f09420bbc3bac7744d196139208081669326f5f5
Dec 02 08:46:22.949 INFO running `"docker" "start" "-a" "094501a22363c7f78f644023f09420bbc3bac7744d196139208081669326f5f5"`
Dec 02 08:46:24.462 INFO [stderr] usermod: no changes
Dec 02 08:46:24.726 INFO [stderr]     Finished dev [unoptimized + debuginfo] target(s) in 0.22s
Dec 02 08:46:24.747 INFO [stderr]      Running /target/debug/deps/mdlc-694c64ac63231813
Dec 02 08:46:24.751 INFO [stdout] 
Dec 02 08:46:24.751 INFO [stdout] running 8 tests
Dec 02 08:46:24.784 INFO [stdout] test link::tests::should_find_all_urls_in_string ... ok
Dec 02 08:46:24.784 INFO [stdout] test link::tests::should_not_modify_links_without_anchors ... ok
Dec 02 08:46:24.785 INFO [stdout] test link::tests::should_remove_anchors_from_markdown_links ... ok
Dec 02 08:46:24.799 INFO [stdout] test link::tests::should_find_all_urls_in_file ... ok
Dec 02 08:46:24.819 INFO [stdout] test link::tests::should_validate_good_local_links ... ok
Dec 02 08:46:24.923 INFO [stdout] test link::tests::should_not_return_ok_on_web_url_fail ... ok
Dec 02 08:46:24.991 INFO [stdout] test link::tests::should_fail_bad_local_links ... ok
Dec 02 08:46:25.133 INFO [stdout] test link::tests::should_return_valid_on_web_url_success ... FAILED
Dec 02 08:46:25.133 INFO [stdout] 
Dec 02 08:46:25.133 INFO [stdout] failures:
Dec 02 08:46:25.133 INFO [stdout] 
Dec 02 08:46:25.133 INFO [stdout] ---- link::tests::should_return_valid_on_web_url_success stdout ----
Dec 02 08:46:25.133 INFO [stdout] Got status: Problem
Dec 02 08:46:25.133 INFO [stdout] thread 'link::tests::should_return_valid_on_web_url_success' panicked at 'assertion failed: `(left == right)`
Dec 02 08:46:25.133 INFO [stdout]   left: `Problem`,
Dec 02 08:46:25.133 INFO [stdout]  right: `Valid`', src/link.rs:248:13
Dec 02 08:46:25.133 INFO [stdout] stack backtrace:
Dec 02 08:46:25.133 INFO [stdout]    0:     0x5588d0c9c27e - std::sys::unix::backtrace::tracing::imp::unwind_backtrace::h15749a98198ba25f
Dec 02 08:46:25.133 INFO [stdout]                                at libstd/sys/unix/backtrace/tracing/gcc_s.rs:49
Dec 02 08:46:25.133 INFO [stdout]    1:     0x5588d0c8e3e6 - std::sys_common::backtrace::print::h0ba65c811294dbf0
Dec 02 08:46:25.133 INFO [stdout]                                at libstd/sys_common/backtrace.rs:71
Dec 02 08:46:25.133 INFO [stdout]                                at libstd/sys_common/backtrace.rs:59
Dec 02 08:46:25.133 INFO [stdout]    2:     0x5588d0c8c6ad - std::panicking::default_hook::{{closure}}::h42bb31757f0fee64
Dec 02 08:46:25.133 INFO [stdout]                                at libstd/panicking.rs:211
Dec 02 08:46:25.133 INFO [stdout]    3:     0x5588d0c8c3bb - std::panicking::default_hook::hebc8848d7aa7dbd9
Dec 02 08:46:25.133 INFO [stdout]                                at libstd/panicking.rs:221
Dec 02 08:46:25.133 INFO [stdout]    4:     0x5588d0c8cd5c - std::panicking::rust_panic_with_hook::h86e619a638415243
Dec 02 08:46:25.133 INFO [stdout]                                at libstd/panicking.rs:477
Dec 02 08:46:25.133 INFO [stdout]    5:     0x5588d0c8c919 - std::panicking::continue_panic_fmt::h2d2d2bfb065a70b2
Dec 02 08:46:25.133 INFO [stdout]                                at libstd/panicking.rs:391
Dec 02 08:46:25.133 INFO [stdout]    6:     0x5588d0c8c87d - std::panicking::begin_panic_fmt::ha5097e2056ef3d5a
Dec 02 08:46:25.133 INFO [stdout]                                at libstd/panicking.rs:346
Dec 02 08:46:25.133 INFO [stdout]    7:     0x5588d07c328e - mdlc::link::tests::should_return_valid_on_web_url_success::h46980a090e8c2dee
Dec 02 08:46:25.133 INFO [stdout]                                at src/link.rs:248
Dec 02 08:46:25.133 INFO [stdout]    8:     0x5588d07c2e49 - mdlc::link::tests::should_return_valid_on_web_url_success::{{closure}}::h8bb502b0a11558d5
Dec 02 08:46:25.133 INFO [stdout]                                at src/link.rs:239
Dec 02 08:46:25.133 INFO [stdout]    9:     0x5588d07c9a2d - core::ops::function::FnOnce::call_once::hd1407a4241a0c531
Dec 02 08:46:25.133 INFO [stdout]                                at libcore/ops/function.rs:238
Dec 02 08:46:25.133 INFO [stdout]   10:     0x5588d07da89e - <F as alloc::boxed::FnBox<A>>::call_box::hbea525814fa423cc
Dec 02 08:46:25.133 INFO [stdout]                                at libtest/lib.rs:1461
Dec 02 08:46:25.133 INFO [stdout]                                at libcore/ops/function.rs:238
Dec 02 08:46:25.133 INFO [stdout]                                at liballoc/boxed.rs:646
Dec 02 08:46:25.133 INFO [stdout]   11:     0x5588d0cab209 - __rust_maybe_catch_panic
Dec 02 08:46:25.133 INFO [stdout]                                at libpanic_unwind/lib.rs:103
Dec 02 08:46:25.133 INFO [stdout]   12:     0x5588d07e61fd - std::sys_common::backtrace::__rust_begin_short_backtrace::h0ff507d7422944d3
Dec 02 08:46:25.133 INFO [stdout]                                at libstd/panicking.rs:289
Dec 02 08:46:25.133 INFO [stdout]                                at libstd/panic.rs:392
Dec 02 08:46:25.133 INFO [stdout]                                at libtest/lib.rs:1416
Dec 02 08:46:25.133 INFO [stdout]                                at libstd/sys_common/backtrace.rs:136
Dec 02 08:46:25.133 INFO [stdout]   13:     0x5588d07fe834 - std::panicking::try::do_call::hba0bdcc3670471cc
Dec 02 08:46:25.133 INFO [stdout]                                at libstd/thread/mod.rs:409
Dec 02 08:46:25.133 INFO [stdout]                                at libstd/panic.rs:313
Dec 02 08:46:25.133 INFO [stdout]                                at libstd/panicking.rs:310
Dec 02 08:46:25.133 INFO [stdout]   14:     0x5588d0cab209 - __rust_maybe_catch_panic
Dec 02 08:46:25.133 INFO [stdout]                                at libpanic_unwind/lib.rs:103
Dec 02 08:46:25.133 INFO [stdout]   15:     0x5588d07ef106 - <F as alloc::boxed::FnBox<A>>::call_box::hdac52587b00591af
Dec 02 08:46:25.133 INFO [stdout]                                at libstd/panicking.rs:289
Dec 02 08:46:25.133 INFO [stdout]                                at libstd/panic.rs:392
Dec 02 08:46:25.133 INFO [stdout]                                at libstd/thread/mod.rs:408
Dec 02 08:46:25.133 INFO [stdout]                                at liballoc/boxed.rs:646
Dec 02 08:46:25.133 INFO [stdout]   16:     0x5588d0c9ddba - std::sys_common::thread::start_thread::h75d887c7d2cc4479
Dec 02 08:46:25.133 INFO [stdout]                                at liballoc/boxed.rs:656
Dec 02 08:46:25.133 INFO [stdout]                                at libstd/sys_common/thread.rs:24
Dec 02 08:46:25.133 INFO [stdout]   17:     0x5588d0c8d585 - std::sys::unix::thread::Thread::new::thread_start::h8414caee632bf9ed
Dec 02 08:46:25.133 INFO [stdout]                                at libstd/sys/unix/thread.rs:90
Dec 02 08:46:25.133 INFO [stdout]   18:     0x7f1c9e5d16b9 - start_thread
Dec 02 08:46:25.133 INFO [stdout]   19:     0x7f1c9e0f141c - clone
Dec 02 08:46:25.133 INFO [stdout]   20:                0x0 - <unknown>
Dec 02 08:46:25.133 INFO [stdout] 
Dec 02 08:46:25.133 INFO [stdout] 
Dec 02 08:46:25.133 INFO [stdout] failures:
Dec 02 08:46:25.133 INFO [stdout]     link::tests::should_return_valid_on_web_url_success
Dec 02 08:46:25.133 INFO [stdout] 
Dec 02 08:46:25.133 INFO [stdout] test result: FAILED. 7 passed; 1 failed; 0 ignored; 0 measured; 0 filtered out
Dec 02 08:46:25.133 INFO [stdout] 
Dec 02 08:46:25.135 INFO [stderr] error: test failed, to rerun pass '--bin mdlc'
Dec 02 08:46:25.136 INFO [stderr] su: No module specific data is present
Dec 02 08:46:25.748 INFO running `"docker" "inspect" "094501a22363c7f78f644023f09420bbc3bac7744d196139208081669326f5f5"`
Dec 02 08:46:26.109 INFO running `"docker" "rm" "-f" "094501a22363c7f78f644023f09420bbc3bac7744d196139208081669326f5f5"`
Dec 02 08:46:26.419 INFO [stdout] 094501a22363c7f78f644023f09420bbc3bac7744d196139208081669326f5f5
