Dec 02 11:33:59.242 INFO testing vulkano-glyph-0.2.0 against 1.30.1 for beta-1.31-5
Dec 02 11:33:59.242 INFO running `"docker" "create" "-v" "/mnt/big/crater/work/local/target-dirs/beta-1.31-5/worker-3/1.30.1:/target:rw,Z" "-v" "/mnt/big/crater/work/local/test-source/worker-3/beta-1.31-5/1.30.1:/source:ro,Z" "-v" "/mnt/big/crater/work/local/cargo-home:/cargo-home:ro,Z" "-v" "/mnt/big/crater/work/local/rustup-home:/rustup-home:ro,Z" "-e" "USER_ID=1000" "-e" "SOURCE_DIR=/source" "-e" "USER_ID=1000" "-e" "CMD=cargo +1.30.1 build --frozen" "-e" "CARGO_TARGET_DIR=/target" "-e" "CARGO_INCREMENTAL=0" "-e" "RUST_BACKTRACE=full" "-e" "RUSTFLAGS=--cap-lints=warn" "-e" "CARGO_HOME=/cargo-home" "-e" "RUSTUP_HOME=/rustup-home" "-m" "1536M" "--network" "none" "crater"`
Dec 02 11:33:59.655 INFO [stdout] 9e33ad8f0896bd65191b7c0035df781bc57abe828ffd8c6f9ba2662934d4a49b
Dec 02 11:33:59.657 INFO running `"docker" "start" "-a" "9e33ad8f0896bd65191b7c0035df781bc57abe828ffd8c6f9ba2662934d4a49b"`
Dec 02 11:34:01.377 INFO [stderr] usermod: no changes
Dec 02 11:34:01.753 INFO [stderr]    Compiling proc-macro2 v0.4.24
Dec 02 11:34:01.756 INFO [stderr]    Compiling vulkano-glyph v0.2.0 (/source)
Dec 02 11:34:01.759 INFO [stderr]    Compiling rand_core v0.2.2
Dec 02 11:34:01.760 INFO [stderr]    Compiling rand_isaac v0.1.1
Dec 02 11:34:01.761 INFO [stderr]    Compiling rand_hc v0.1.0
Dec 02 11:34:01.762 INFO [stderr]    Compiling rand_xorshift v0.1.0
Dec 02 11:34:01.779 INFO [stderr]    Compiling crossbeam-epoch v0.5.2
Dec 02 11:34:01.783 INFO [stderr]    Compiling crossbeam-epoch v0.6.1
Dec 02 11:34:03.755 INFO [stderr]    Compiling shared_library v0.1.9
Dec 02 11:34:04.516 INFO [stderr]    Compiling rand v0.5.5
Dec 02 11:34:07.983 INFO [stderr]    Compiling rand_chacha v0.1.0
Dec 02 11:34:08.043 INFO [stderr]    Compiling rand_pcg v0.1.1
Dec 02 11:34:09.652 INFO [stderr]    Compiling glsl-to-spirv v0.1.7
Dec 02 11:34:09.763 INFO [stderr]    Compiling crossbeam-deque v0.5.2
Dec 02 11:34:12.907 INFO [stderr]    Compiling crossbeam-deque v0.6.2
Dec 02 11:34:13.347 INFO [stderr]    Compiling rand v0.6.1
Dec 02 11:34:20.441 INFO [stderr]    Compiling rusttype v0.7.3
Dec 02 11:34:25.177 INFO [stderr]    Compiling parking_lot_core v0.3.1
Dec 02 11:34:32.515 INFO [stderr]    Compiling parking_lot v0.6.4
Dec 02 11:34:33.125 INFO [stderr]    Compiling tempfile v3.0.5
Dec 02 11:34:39.247 INFO [stderr]    Compiling quote v0.6.10
Dec 02 11:34:42.118 INFO [stderr]    Compiling crossbeam-channel v0.2.6
Dec 02 11:34:48.023 INFO [stderr]    Compiling crossbeam v0.4.1
Dec 02 11:34:49.019 INFO [stderr]    Compiling syn v0.14.9
Dec 02 11:35:12.030 INFO [stderr]    Compiling vulkano v0.10.0
Dec 02 11:35:20.244 INFO [stderr] error: failed to run custom build command for `glsl-to-spirv v0.1.7`
Dec 02 11:35:20.244 INFO [stderr] process didn't exit successfully: `/target/debug/build/glsl-to-spirv-36002fb9dbbabfc3/build-script-build` (exit code: 101)
Dec 02 11:35:20.244 INFO [stderr] --- stdout
Dec 02 11:35:20.244 INFO [stderr] cargo:rerun-if-changed=build/glslangValidator.exe
Dec 02 11:35:20.244 INFO [stderr] running: "cmake" "/cargo-home/registry/src/github.com-1ecc6299db9ec823/glsl-to-spirv-0.1.7/glslang" "-DCMAKE_INSTALL_PREFIX=/target/debug/build/glsl-to-spirv-94937f6fcad8be8e/out" "-DCMAKE_C_FLAGS= -ffunction-sections -fdata-sections -fPIC -m64" "-DCMAKE_C_COMPILER=/usr/bin/cc" "-DCMAKE_CXX_FLAGS= -ffunction-sections -fdata-sections -fPIC -m64" "-DCMAKE_CXX_COMPILER=/usr/bin/c++" "-DCMAKE_BUILD_TYPE=Debug"
Dec 02 11:35:20.244 INFO [stderr] -- Google Mock was not found - tests based on that will not build
Dec 02 11:35:20.244 INFO [stderr] -- Configuring done
Dec 02 11:35:20.244 INFO [stderr] -- Generating done
Dec 02 11:35:20.244 INFO [stderr] -- Build files have been written to: /target/debug/build/glsl-to-spirv-94937f6fcad8be8e/out/build
Dec 02 11:35:20.244 INFO [stderr] running: "cmake" "--build" "." "--target" "install" "--config" "Debug" "--"
Dec 02 11:35:20.244 INFO [stderr] [  1%] Building CXX object hlsl/CMakeFiles/HLSL.dir/hlslParseHelper.cpp.o
Dec 02 11:35:20.244 INFO [stderr] [  3%] Building CXX object hlsl/CMakeFiles/HLSL.dir/hlslParseables.cpp.o
Dec 02 11:35:20.244 INFO [stderr] [  7%] Built target OSDependent
Dec 02 11:35:20.244 INFO [stderr] [ 10%] Built target OGLCompiler
Dec 02 11:35:20.244 INFO [stderr] [ 14%] Built target glslang-default-resource-limits
Dec 02 11:35:20.244 INFO [stderr] [ 19%] Built target SPVRemapper
Dec 02 11:35:20.244 INFO [stderr] [ 21%] Linking CXX static library libHLSL.a
Dec 02 11:35:20.244 INFO [stderr] [ 29%] Built target HLSL
Dec 02 11:35:20.244 INFO [stderr] Scanning dependencies of target glslang
Dec 02 11:35:20.244 INFO [stderr] [ 31%] Building CXX object glslang/CMakeFiles/glslang.dir/MachineIndependent/iomapper.cpp.o
Dec 02 11:35:20.244 INFO [stderr] [ 33%] Building CXX object glslang/CMakeFiles/glslang.dir/MachineIndependent/Constant.cpp.o
Dec 02 11:35:20.244 INFO [stderr] [ 35%] Building CXX object glslang/CMakeFiles/glslang.dir/MachineIndependent/InfoSink.cpp.o
Dec 02 11:35:20.244 INFO [stderr] [ 36%] Building CXX object glslang/CMakeFiles/glslang.dir/MachineIndependent/IntermTraverse.cpp.o
Dec 02 11:35:20.244 INFO [stderr] [ 38%] Building CXX object glslang/CMakeFiles/glslang.dir/MachineIndependent/glslang_tab.cpp.o
Dec 02 11:35:20.244 INFO [stderr] [ 40%] Building CXX object glslang/CMakeFiles/glslang.dir/MachineIndependent/Initialize.cpp.o
Dec 02 11:35:20.244 INFO [stderr] [ 42%] Building CXX object glslang/CMakeFiles/glslang.dir/MachineIndependent/Intermediate.cpp.o
Dec 02 11:35:20.244 INFO [stderr] [ 43%] Building CXX object glslang/CMakeFiles/glslang.dir/MachineIndependent/ParseContextBase.cpp.o
Dec 02 11:35:20.244 INFO [stderr] [ 45%] Building CXX object glslang/CMakeFiles/glslang.dir/MachineIndependent/ParseHelper.cpp.o
Dec 02 11:35:20.244 INFO [stderr] [ 47%] Building CXX object glslang/CMakeFiles/glslang.dir/MachineIndependent/PoolAlloc.cpp.o
Dec 02 11:35:20.244 INFO [stderr] [ 49%] Building CXX object glslang/CMakeFiles/glslang.dir/MachineIndependent/RemoveTree.cpp.o
Dec 02 11:35:20.244 INFO [stderr] [ 50%] Building CXX object glslang/CMakeFiles/glslang.dir/MachineIndependent/Scan.cpp.o
Dec 02 11:35:20.244 INFO [stderr] [ 52%] Building CXX object glslang/CMakeFiles/glslang.dir/MachineIndependent/ShaderLang.cpp.o
Dec 02 11:35:20.244 INFO [stderr] [ 54%] Building CXX object glslang/CMakeFiles/glslang.dir/MachineIndependent/SymbolTable.cpp.o
Dec 02 11:35:20.244 INFO [stderr] [ 56%] Building CXX object glslang/CMakeFiles/glslang.dir/MachineIndependent/Versions.cpp.o
Dec 02 11:35:20.244 INFO [stderr] [ 57%] Building CXX object glslang/CMakeFiles/glslang.dir/MachineIndependent/limits.cpp.o
Dec 02 11:35:20.244 INFO [stderr] [ 59%] Building CXX object glslang/CMakeFiles/glslang.dir/MachineIndependent/intermOut.cpp.o
Dec 02 11:35:20.244 INFO [stderr] glslang/CMakeFiles/glslang.dir/build.make:254: recipe for target 'glslang/CMakeFiles/glslang.dir/MachineIndependent/ParseHelper.cpp.o' failed
Dec 02 11:35:20.244 INFO [stderr] CMakeFiles/Makefile2:1003: recipe for target 'glslang/CMakeFiles/glslang.dir/all' failed
Dec 02 11:35:20.244 INFO [stderr] Makefile:138: recipe for target 'all' failed
Dec 02 11:35:20.244 INFO [stderr] 
Dec 02 11:35:20.244 INFO [stderr] --- stderr
Dec 02 11:35:20.244 INFO [stderr] c++: internal compiler error: Killed (program cc1plus)
Dec 02 11:35:20.244 INFO [stderr] Please submit a full bug report,
Dec 02 11:35:20.244 INFO [stderr] with preprocessed source if appropriate.
Dec 02 11:35:20.244 INFO [stderr] See <file:///usr/share/doc/gcc-5/README.Bugs> for instructions.
Dec 02 11:35:20.244 INFO [stderr] make[2]: *** [glslang/CMakeFiles/glslang.dir/MachineIndependent/ParseHelper.cpp.o] Error 4
Dec 02 11:35:20.244 INFO [stderr] make[2]: *** Waiting for unfinished jobs....
Dec 02 11:35:20.244 INFO [stderr] make[1]: *** [glslang/CMakeFiles/glslang.dir/all] Error 2
Dec 02 11:35:20.244 INFO [stderr] make: *** [all] Error 2
Dec 02 11:35:20.244 INFO [stderr] thread 'main' panicked at '
Dec 02 11:35:20.244 INFO [stderr] command did not execute successfully, got: exit code: 2
Dec 02 11:35:20.244 INFO [stderr] 
Dec 02 11:35:20.244 INFO [stderr] build script failed, must exit now', /cargo-home/registry/src/github.com-1ecc6299db9ec823/cmake-0.1.35/src/lib.rs:778:5
Dec 02 11:35:20.244 INFO [stderr] stack backtrace:
Dec 02 11:35:20.244 INFO [stderr]    0:     0x556a528a947e - std::sys::unix::backtrace::tracing::imp::unwind_backtrace::h15749a98198ba25f
Dec 02 11:35:20.244 INFO [stderr]                                at libstd/sys/unix/backtrace/tracing/gcc_s.rs:49
Dec 02 11:35:20.244 INFO [stderr]    1:     0x556a52899056 - std::sys_common::backtrace::print::h0ba65c811294dbf0
Dec 02 11:35:20.244 INFO [stderr]                                at libstd/sys_common/backtrace.rs:71
Dec 02 11:35:20.244 INFO [stderr]                                at libstd/sys_common/backtrace.rs:59
Dec 02 11:35:20.244 INFO [stderr]    2:     0x556a5289794d - std::panicking::default_hook::{{closure}}::h42bb31757f0fee64
Dec 02 11:35:20.244 INFO [stderr]                                at libstd/panicking.rs:211
Dec 02 11:35:20.244 INFO [stderr]    3:     0x556a528976c0 - std::panicking::default_hook::hebc8848d7aa7dbd9
Dec 02 11:35:20.244 INFO [stderr]                                at libstd/panicking.rs:227
Dec 02 11:35:20.244 INFO [stderr]    4:     0x556a52897f9c - std::panicking::rust_panic_with_hook::h86e619a638415243
Dec 02 11:35:20.244 INFO [stderr]                                at libstd/panicking.rs:477
Dec 02 11:35:20.244 INFO [stderr]    5:     0x556a52897b59 - std::panicking::continue_panic_fmt::h2d2d2bfb065a70b2
Dec 02 11:35:20.244 INFO [stderr]                                at libstd/panicking.rs:391
Dec 02 11:35:20.244 INFO [stderr]    6:     0x556a52897abd - std::panicking::begin_panic_fmt::ha5097e2056ef3d5a
Dec 02 11:35:20.244 INFO [stderr]                                at libstd/panicking.rs:346
Dec 02 11:35:20.244 INFO [stderr]    7:     0x556a5282e251 - cmake::fail::ha8a1da12aa656dac
Dec 02 11:35:20.244 INFO [stderr]                                at /cargo-home/registry/src/github.com-1ecc6299db9ec823/cmake-0.1.35/src/lib.rs:778
Dec 02 11:35:20.244 INFO [stderr]    8:     0x556a5282db8a - cmake::run::h2e8ea594e059c960
Dec 02 11:35:20.244 INFO [stderr]                                at /cargo-home/registry/src/github.com-1ecc6299db9ec823/cmake-0.1.35/src/lib.rs:759
Dec 02 11:35:20.244 INFO [stderr]    9:     0x556a5282a333 - cmake::Config::build::h302cfee2dcef33b0
Dec 02 11:35:20.244 INFO [stderr]                                at /cargo-home/registry/src/github.com-1ecc6299db9ec823/cmake-0.1.35/src/lib.rs:671
Dec 02 11:35:20.245 INFO [stderr]   10:     0x556a5281ca4c - cmake::build::h57403b62afa80be1
Dec 02 11:35:20.245 INFO [stderr]                                at /cargo-home/registry/src/github.com-1ecc6299db9ec823/cmake-0.1.35/src/lib.rs:97
Dec 02 11:35:20.245 INFO [stderr]   11:     0x556a5281a86b - build_script_build::main::h09b4e0f856f74273
Dec 02 11:35:20.245 INFO [stderr]                                at /cargo-home/registry/src/github.com-1ecc6299db9ec823/glsl-to-spirv-0.1.7/build/build.rs:37
Dec 02 11:35:20.245 INFO [stderr]   12:     0x556a5281b86f - std::rt::lang_start::{{closure}}::h732ce5563934074a
Dec 02 11:35:20.245 INFO [stderr]                                at libstd/rt.rs:74
Dec 02 11:35:20.245 INFO [stderr]   13:     0x556a528979f2 - std::panicking::try::do_call::h47665672c57b11e4
Dec 02 11:35:20.245 INFO [stderr]                                at libstd/rt.rs:59
Dec 02 11:35:20.245 INFO [stderr]                                at libstd/panicking.rs:310
Dec 02 11:35:20.245 INFO [stderr]   14:     0x556a528bc799 - __rust_maybe_catch_panic
Dec 02 11:35:20.245 INFO [stderr]                                at libpanic_unwind/lib.rs:103
Dec 02 11:35:20.245 INFO [stderr]   15:     0x556a528a41f5 - std::rt::lang_start_internal::had9505969b8e20a2
Dec 02 11:35:20.245 INFO [stderr]                                at libstd/panicking.rs:289
Dec 02 11:35:20.245 INFO [stderr]                                at libstd/panic.rs:392
Dec 02 11:35:20.245 INFO [stderr]                                at libstd/rt.rs:58
Dec 02 11:35:20.245 INFO [stderr]   16:     0x556a5281b847 - std::rt::lang_start::hac51eb0b24cea7e5
Dec 02 11:35:20.245 INFO [stderr]                                at libstd/rt.rs:74
Dec 02 11:35:20.245 INFO [stderr]   17:     0x556a5281ab29 - main
Dec 02 11:35:20.245 INFO [stderr]   18:     0x7fb5f4d2e82f - __libc_start_main
Dec 02 11:35:20.245 INFO [stderr]   19:     0x556a52819268 - _start
Dec 02 11:35:20.245 INFO [stderr]   20:                0x0 - <unknown>
Dec 02 11:35:20.245 INFO [stderr] 
Dec 02 11:35:20.245 INFO [stderr] warning: build failed, waiting for other jobs to finish...
Dec 02 11:35:47.575 INFO [stderr] error: build failed
Dec 02 11:35:47.578 INFO [stderr] su: No module specific data is present
Dec 02 11:35:48.632 INFO running `"docker" "inspect" "9e33ad8f0896bd65191b7c0035df781bc57abe828ffd8c6f9ba2662934d4a49b"`
Dec 02 11:35:49.001 INFO running `"docker" "rm" "-f" "9e33ad8f0896bd65191b7c0035df781bc57abe828ffd8c6f9ba2662934d4a49b"`
Dec 02 11:35:49.367 INFO [stdout] 9e33ad8f0896bd65191b7c0035df781bc57abe828ffd8c6f9ba2662934d4a49b
