Dec 02 10:54:21.803 INFO testing wombo-0.1.2 against 1.30.1 for beta-1.31-5
Dec 02 10:54:21.803 INFO running `"docker" "create" "-v" "/mnt/big/crater/work/local/target-dirs/beta-1.31-5/worker-6/1.30.1:/target:rw,Z" "-v" "/mnt/big/crater/work/local/test-source/worker-6/beta-1.31-5/1.30.1:/source:ro,Z" "-v" "/mnt/big/crater/work/local/cargo-home:/cargo-home:ro,Z" "-v" "/mnt/big/crater/work/local/rustup-home:/rustup-home:ro,Z" "-e" "USER_ID=1000" "-e" "SOURCE_DIR=/source" "-e" "USER_ID=1000" "-e" "CMD=cargo +1.30.1 build --frozen" "-e" "CARGO_TARGET_DIR=/target" "-e" "CARGO_INCREMENTAL=0" "-e" "RUST_BACKTRACE=full" "-e" "RUSTFLAGS=--cap-lints=warn" "-e" "CARGO_HOME=/cargo-home" "-e" "RUSTUP_HOME=/rustup-home" "-m" "1536M" "--network" "none" "crater"`
Dec 02 10:54:21.990 INFO [stdout] 7d89893ca86e76eb55f7a8b20f3b28e52aaddf61dc20a7b19a0582c182031628
Dec 02 10:54:21.992 INFO running `"docker" "start" "-a" "7d89893ca86e76eb55f7a8b20f3b28e52aaddf61dc20a7b19a0582c182031628"`
Dec 02 10:54:22.619 INFO [stderr] usermod: no changes
Dec 02 10:54:22.810 INFO [stderr]    Compiling parking_lot_core v0.2.14
Dec 02 10:54:22.811 INFO [stderr]    Compiling env_logger v0.4.3
Dec 02 10:54:24.688 INFO [stderr]    Compiling parking_lot v0.5.5
Dec 02 10:54:25.059 INFO [stderr]    Compiling pretty_env_logger v0.1.1
Dec 02 10:54:26.811 INFO [stderr]    Compiling wombo v0.1.2 (/source)
Dec 02 10:54:32.351 INFO [stderr] warning: bounds on generic parameters are not enforced in type aliases
Dec 02 10:54:32.351 INFO [stderr]   --> src/utils.rs:33:24
Dec 02 10:54:32.351 INFO [stderr]    |
Dec 02 10:54:32.351 INFO [stderr] 33 | pub type ExitSender<T: Send + 'static> = OneshotSender<Option<T>>;
Dec 02 10:54:32.351 INFO [stderr]    |                        ^^^^   ^^^^^^^
Dec 02 10:54:32.351 INFO [stderr]    |
Dec 02 10:54:32.351 INFO [stderr]    = note: #[warn(type_alias_bounds)] on by default
Dec 02 10:54:32.351 INFO [stderr]    = help: the bound will not be checked when the type alias is used, and should be removed
Dec 02 10:54:32.351 INFO [stderr] 
Dec 02 10:54:32.351 INFO [stderr] warning: bounds on generic parameters are not enforced in type aliases
Dec 02 10:54:32.351 INFO [stderr]    --> src/lib.rs:136:26
Dec 02 10:54:32.351 INFO [stderr]     |
Dec 02 10:54:32.351 INFO [stderr] 136 | pub type CancelHookFt<T: Send + 'static> = Box<Future<Item=T, Error=()>>;
Dec 02 10:54:32.351 INFO [stderr]     |                          ^^^^   ^^^^^^^
Dec 02 10:54:32.351 INFO [stderr]     |
Dec 02 10:54:32.351 INFO [stderr]     = help: the bound will not be checked when the type alias is used, and should be removed
Dec 02 10:54:32.351 INFO [stderr] 
Dec 02 10:54:32.686 INFO [stderr]     Finished dev [unoptimized + debuginfo] target(s) in 10.04s
Dec 02 10:54:32.703 INFO [stderr] su: No module specific data is present
Dec 02 10:54:33.711 INFO running `"docker" "inspect" "7d89893ca86e76eb55f7a8b20f3b28e52aaddf61dc20a7b19a0582c182031628"`
Dec 02 10:54:33.996 INFO running `"docker" "rm" "-f" "7d89893ca86e76eb55f7a8b20f3b28e52aaddf61dc20a7b19a0582c182031628"`
Dec 02 10:54:34.243 INFO [stdout] 7d89893ca86e76eb55f7a8b20f3b28e52aaddf61dc20a7b19a0582c182031628
Dec 02 10:54:34.249 INFO running `"docker" "create" "-v" "/mnt/big/crater/work/local/target-dirs/beta-1.31-5/worker-6/1.30.1:/target:rw,Z" "-v" "/mnt/big/crater/work/local/test-source/worker-6/beta-1.31-5/1.30.1:/source:ro,Z" "-v" "/mnt/big/crater/work/local/cargo-home:/cargo-home:ro,Z" "-v" "/mnt/big/crater/work/local/rustup-home:/rustup-home:ro,Z" "-e" "USER_ID=1000" "-e" "SOURCE_DIR=/source" "-e" "USER_ID=1000" "-e" "CMD=cargo +1.30.1 test --frozen --no-run" "-e" "CARGO_TARGET_DIR=/target" "-e" "CARGO_INCREMENTAL=0" "-e" "RUST_BACKTRACE=full" "-e" "RUSTFLAGS=--cap-lints=warn" "-e" "CARGO_HOME=/cargo-home" "-e" "RUSTUP_HOME=/rustup-home" "-m" "1536M" "--network" "none" "crater"`
Dec 02 10:54:34.636 INFO [stdout] 15f5936b7528c7e99be968efec60829b7aed06e93708212ae72d17bb527a863f
Dec 02 10:54:34.639 INFO running `"docker" "start" "-a" "15f5936b7528c7e99be968efec60829b7aed06e93708212ae72d17bb527a863f"`
Dec 02 10:54:36.380 INFO [stderr] usermod: no changes
Dec 02 10:54:36.655 INFO [stderr]    Compiling wombo v0.1.2 (/source)
Dec 02 10:54:45.295 INFO [stderr] warning: bounds on generic parameters are not enforced in type aliases
Dec 02 10:54:45.295 INFO [stderr]   --> src/utils.rs:33:24
Dec 02 10:54:45.295 INFO [stderr]    |
Dec 02 10:54:45.295 INFO [stderr] 33 | pub type ExitSender<T: Send + 'static> = OneshotSender<Option<T>>;
Dec 02 10:54:45.295 INFO [stderr]    |                        ^^^^   ^^^^^^^
Dec 02 10:54:45.295 INFO [stderr]    |
Dec 02 10:54:45.295 INFO [stderr]    = note: #[warn(type_alias_bounds)] on by default
Dec 02 10:54:45.295 INFO [stderr]    = help: the bound will not be checked when the type alias is used, and should be removed
Dec 02 10:54:45.295 INFO [stderr] 
Dec 02 10:54:45.307 INFO [stderr] warning: bounds on generic parameters are not enforced in type aliases
Dec 02 10:54:45.307 INFO [stderr]    --> src/lib.rs:136:26
Dec 02 10:54:45.307 INFO [stderr]     |
Dec 02 10:54:45.307 INFO [stderr] 136 | pub type CancelHookFt<T: Send + 'static> = Box<Future<Item=T, Error=()>>;
Dec 02 10:54:45.307 INFO [stderr]     |                          ^^^^   ^^^^^^^
Dec 02 10:54:45.307 INFO [stderr]     |
Dec 02 10:54:45.307 INFO [stderr]     = help: the bound will not be checked when the type alias is used, and should be removed
Dec 02 10:54:45.307 INFO [stderr] 
Dec 02 10:54:52.227 INFO [stderr]     Finished dev [unoptimized + debuginfo] target(s) in 15.82s
Dec 02 10:54:52.251 INFO [stderr] su: No module specific data is present
Dec 02 10:54:53.247 INFO running `"docker" "inspect" "15f5936b7528c7e99be968efec60829b7aed06e93708212ae72d17bb527a863f"`
Dec 02 10:54:53.667 INFO running `"docker" "rm" "-f" "15f5936b7528c7e99be968efec60829b7aed06e93708212ae72d17bb527a863f"`
Dec 02 10:54:53.991 INFO [stdout] 15f5936b7528c7e99be968efec60829b7aed06e93708212ae72d17bb527a863f
Dec 02 10:54:53.995 INFO running `"docker" "create" "-v" "/mnt/big/crater/work/local/target-dirs/beta-1.31-5/worker-6/1.30.1:/target:rw,Z" "-v" "/mnt/big/crater/work/local/test-source/worker-6/beta-1.31-5/1.30.1:/source:ro,Z" "-v" "/mnt/big/crater/work/local/cargo-home:/cargo-home:ro,Z" "-v" "/mnt/big/crater/work/local/rustup-home:/rustup-home:ro,Z" "-e" "USER_ID=1000" "-e" "SOURCE_DIR=/source" "-e" "USER_ID=1000" "-e" "CMD=cargo +1.30.1 test --frozen" "-e" "CARGO_TARGET_DIR=/target" "-e" "CARGO_INCREMENTAL=0" "-e" "RUST_BACKTRACE=full" "-e" "RUSTFLAGS=--cap-lints=warn" "-e" "CARGO_HOME=/cargo-home" "-e" "RUSTUP_HOME=/rustup-home" "-m" "1536M" "--network" "none" "crater"`
Dec 02 10:54:54.599 INFO [stdout] dbb18c9417c8bf79a451dcb560d28c05e35e34f195b0bdfd4d188d5878878cb9
Dec 02 10:54:54.601 INFO running `"docker" "start" "-a" "dbb18c9417c8bf79a451dcb560d28c05e35e34f195b0bdfd4d188d5878878cb9"`
Dec 02 10:54:56.811 INFO [stderr] usermod: no changes
Dec 02 10:54:57.055 INFO [stderr]     Finished dev [unoptimized + debuginfo] target(s) in 0.21s
Dec 02 10:54:57.071 INFO [stderr]      Running /target/debug/deps/wombo-7017bb463202f9a4
Dec 02 10:54:57.071 INFO [stdout] 
Dec 02 10:54:57.071 INFO [stdout] running 9 tests
Dec 02 10:54:57.083 INFO [stdout] test tests::should_error_uninitialized_cancel ... ok
Dec 02 10:54:57.083 INFO [stdout] test tests::should_read_wombo_metadata ... ok
Dec 02 10:54:57.091 INFO [stdout] test tests::should_create_empty_wombo ... ok
Dec 02 10:54:57.091 INFO [stdout] test tests::should_error_uninitialized_exit ... ok
Dec 02 10:54:57.160 INFO [stdout] test utils::tests::should_interrupt_timer_with_callback ... ok
Dec 02 10:54:57.163 INFO [stdout] test utils::tests::should_interrupt_timer_without_callback ... ok
Dec 02 10:54:57.339 INFO [stdout] test tests::should_spawn_timer_event_loop_with_cancel ... FAILED
Dec 02 10:54:58.080 INFO [stdout] test tests::should_spawn_simple_timer_event_loop ... ok
Dec 02 10:54:58.085 INFO [stdout] test tests::should_spawn_timer_event_loop_without_cancel ... ok
Dec 02 10:54:58.085 INFO [stdout] 
Dec 02 10:54:58.085 INFO [stdout] failures:
Dec 02 10:54:58.085 INFO [stdout] 
Dec 02 10:54:58.085 INFO [stdout] ---- tests::should_spawn_timer_event_loop_with_cancel stdout ----
Dec 02 10:54:58.085 INFO [stdout] thread 'tests::should_spawn_timer_event_loop_with_cancel' panicked at 'Error canceling wombo: WomboError { kind: NotInitialized, details: "Cancel sender not initialized." }', src/lib.rs:508:7
Dec 02 10:54:58.085 INFO [stdout] stack backtrace:
Dec 02 10:54:58.085 INFO [stdout]    0:     0x560cc4a61bee - std::sys::unix::backtrace::tracing::imp::unwind_backtrace::h15749a98198ba25f
Dec 02 10:54:58.085 INFO [stdout]                                at libstd/sys/unix/backtrace/tracing/gcc_s.rs:49
Dec 02 10:54:58.085 INFO [stdout]    1:     0x560cc4a544c6 - std::sys_common::backtrace::print::h0ba65c811294dbf0
Dec 02 10:54:58.085 INFO [stdout]                                at libstd/sys_common/backtrace.rs:71
Dec 02 10:54:58.085 INFO [stdout]                                at libstd/sys_common/backtrace.rs:59
Dec 02 10:54:58.085 INFO [stdout]    2:     0x560cc4a527bd - std::panicking::default_hook::{{closure}}::h42bb31757f0fee64
Dec 02 10:54:58.085 INFO [stdout]                                at libstd/panicking.rs:211
Dec 02 10:54:58.085 INFO [stdout]    3:     0x560cc4a524cb - std::panicking::default_hook::hebc8848d7aa7dbd9
Dec 02 10:54:58.085 INFO [stdout]                                at libstd/panicking.rs:221
Dec 02 10:54:58.085 INFO [stdout]    4:     0x560cc4a52e6c - std::panicking::rust_panic_with_hook::h86e619a638415243
Dec 02 10:54:58.085 INFO [stdout]                                at libstd/panicking.rs:477
Dec 02 10:54:58.085 INFO [stdout]    5:     0x560cc4a52a29 - std::panicking::continue_panic_fmt::h2d2d2bfb065a70b2
Dec 02 10:54:58.085 INFO [stdout]                                at libstd/panicking.rs:391
Dec 02 10:54:58.085 INFO [stdout]    6:     0x560cc4a5298d - std::panicking::begin_panic_fmt::ha5097e2056ef3d5a
Dec 02 10:54:58.085 INFO [stdout]                                at libstd/panicking.rs:346
Dec 02 10:54:58.085 INFO [stdout]    7:     0x560cc470931d - wombo::tests::should_spawn_timer_event_loop_with_cancel::he80120ab09ea6b90
Dec 02 10:54:58.085 INFO [stdout]                                at src/lib.rs:508
Dec 02 10:54:58.085 INFO [stdout]    8:     0x560cc4708cb9 - wombo::tests::should_spawn_timer_event_loop_with_cancel::{{closure}}::he0f8579dde3336d7
Dec 02 10:54:58.085 INFO [stdout]                                at src/lib.rs:480
Dec 02 10:54:58.085 INFO [stdout]    9:     0x560cc46f119d - core::ops::function::FnOnce::call_once::hee978aafdb8668b3
Dec 02 10:54:58.085 INFO [stdout]                                at libcore/ops/function.rs:238
Dec 02 10:54:58.085 INFO [stdout]   10:     0x560cc472238e - <F as alloc::boxed::FnBox<A>>::call_box::hbea525814fa423cc
Dec 02 10:54:58.085 INFO [stdout]                                at libtest/lib.rs:1461
Dec 02 10:54:58.085 INFO [stdout]                                at libcore/ops/function.rs:238
Dec 02 10:54:58.085 INFO [stdout]                                at liballoc/boxed.rs:646
Dec 02 10:54:58.085 INFO [stdout]   11:     0x560cc4a707f9 - __rust_maybe_catch_panic
Dec 02 10:54:58.085 INFO [stdout]                                at libpanic_unwind/lib.rs:103
Dec 02 10:54:58.085 INFO [stdout]   12:     0x560cc472dced - std::sys_common::backtrace::__rust_begin_short_backtrace::h0ff507d7422944d3
Dec 02 10:54:58.085 INFO [stdout]                                at libstd/panicking.rs:289
Dec 02 10:54:58.085 INFO [stdout]                                at libstd/panic.rs:392
Dec 02 10:54:58.085 INFO [stdout]                                at libtest/lib.rs:1416
Dec 02 10:54:58.085 INFO [stdout]                                at libstd/sys_common/backtrace.rs:136
Dec 02 10:54:58.085 INFO [stdout]   13:     0x560cc4746324 - std::panicking::try::do_call::hba0bdcc3670471cc
Dec 02 10:54:58.085 INFO [stdout]                                at libstd/thread/mod.rs:409
Dec 02 10:54:58.085 INFO [stdout]                                at libstd/panic.rs:313
Dec 02 10:54:58.085 INFO [stdout]                                at libstd/panicking.rs:310
Dec 02 10:54:58.085 INFO [stdout]   14:     0x560cc4a707f9 - __rust_maybe_catch_panic
Dec 02 10:54:58.085 INFO [stdout]                                at libpanic_unwind/lib.rs:103
Dec 02 10:54:58.085 INFO [stdout]   15:     0x560cc4736bf6 - <F as alloc::boxed::FnBox<A>>::call_box::hdac52587b00591af
Dec 02 10:54:58.085 INFO [stdout]                                at libstd/panicking.rs:289
Dec 02 10:54:58.085 INFO [stdout]                                at libstd/panic.rs:392
Dec 02 10:54:58.085 INFO [stdout]                                at libstd/thread/mod.rs:408
Dec 02 10:54:58.085 INFO [stdout]                                at liballoc/boxed.rs:646
Dec 02 10:54:58.085 INFO [stdout]   16:     0x560cc4a634fa - std::sys_common::thread::start_thread::h75d887c7d2cc4479
Dec 02 10:54:58.085 INFO [stdout]                                at liballoc/boxed.rs:656
Dec 02 10:54:58.085 INFO [stdout]                                at libstd/sys_common/thread.rs:24
Dec 02 10:54:58.085 INFO [stdout]   17:     0x560cc4a535d5 - std::sys::unix::thread::Thread::new::thread_start::h8414caee632bf9ed
Dec 02 10:54:58.085 INFO [stdout]                                at libstd/sys/unix/thread.rs:90
Dec 02 10:54:58.085 INFO [stdout]   18:     0x7f58d81bf6b9 - start_thread
Dec 02 10:54:58.085 INFO [stdout]   19:     0x7f58d7cdf41c - clone
Dec 02 10:54:58.085 INFO [stdout]   20:                0x0 - <unknown>
Dec 02 10:54:58.085 INFO [stdout] 
Dec 02 10:54:58.086 INFO [stdout] 
Dec 02 10:54:58.086 INFO [stdout] failures:
Dec 02 10:54:58.086 INFO [stdout]     tests::should_spawn_timer_event_loop_with_cancel
Dec 02 10:54:58.086 INFO [stdout] 
Dec 02 10:54:58.086 INFO [stdout] test result: FAILED. 8 passed; 1 failed; 0 ignored; 0 measured; 0 filtered out
Dec 02 10:54:58.086 INFO [stdout] 
Dec 02 10:54:58.088 INFO [stderr] error: test failed, to rerun pass '--lib'
Dec 02 10:54:58.090 INFO [stderr] su: No module specific data is present
Dec 02 10:54:59.235 INFO running `"docker" "inspect" "dbb18c9417c8bf79a451dcb560d28c05e35e34f195b0bdfd4d188d5878878cb9"`
Dec 02 10:54:59.583 INFO running `"docker" "rm" "-f" "dbb18c9417c8bf79a451dcb560d28c05e35e34f195b0bdfd4d188d5878878cb9"`
Dec 02 10:54:59.867 INFO [stdout] dbb18c9417c8bf79a451dcb560d28c05e35e34f195b0bdfd4d188d5878878cb9
