Dec 02 18:16:18.260 INFO testing rusty-variation-0.1.0 against 1.30.1 for beta-1.31-5
Dec 02 18:16:18.260 INFO running `"docker" "create" "-v" "/mnt/big/crater/work/local/target-dirs/beta-1.31-5/worker-5/1.30.1:/target:rw,Z" "-v" "/mnt/big/crater/work/local/test-source/worker-5/beta-1.31-5/1.30.1:/source:ro,Z" "-v" "/mnt/big/crater/work/local/cargo-home:/cargo-home:ro,Z" "-v" "/mnt/big/crater/work/local/rustup-home:/rustup-home:ro,Z" "-e" "USER_ID=1000" "-e" "SOURCE_DIR=/source" "-e" "USER_ID=1000" "-e" "CMD=cargo +1.30.1 build --frozen" "-e" "CARGO_TARGET_DIR=/target" "-e" "CARGO_INCREMENTAL=0" "-e" "RUST_BACKTRACE=full" "-e" "RUSTFLAGS=--cap-lints=warn" "-e" "CARGO_HOME=/cargo-home" "-e" "RUSTUP_HOME=/rustup-home" "-m" "1536M" "--network" "none" "crater"`
Dec 02 18:16:18.663 INFO [stdout] 9590b98332fa622730f5b956eac970f39a371bc084a62fc2b44663e8f8060961
Dec 02 18:16:18.667 INFO running `"docker" "start" "-a" "9590b98332fa622730f5b956eac970f39a371bc084a62fc2b44663e8f8060961"`
Dec 02 18:16:20.301 INFO [stderr] usermod: no changes
Dec 02 18:16:20.383 INFO [stderr]    Compiling rusty-variation v0.1.0 (/source)
Dec 02 18:16:21.243 INFO [stderr]     Finished dev [unoptimized + debuginfo] target(s) in 0.88s
Dec 02 18:16:21.243 INFO [stderr] su: No module specific data is present
Dec 02 18:16:22.117 INFO running `"docker" "inspect" "9590b98332fa622730f5b956eac970f39a371bc084a62fc2b44663e8f8060961"`
Dec 02 18:16:22.515 INFO running `"docker" "rm" "-f" "9590b98332fa622730f5b956eac970f39a371bc084a62fc2b44663e8f8060961"`
Dec 02 18:16:22.803 INFO [stdout] 9590b98332fa622730f5b956eac970f39a371bc084a62fc2b44663e8f8060961
Dec 02 18:16:22.807 INFO running `"docker" "create" "-v" "/mnt/big/crater/work/local/target-dirs/beta-1.31-5/worker-5/1.30.1:/target:rw,Z" "-v" "/mnt/big/crater/work/local/test-source/worker-5/beta-1.31-5/1.30.1:/source:ro,Z" "-v" "/mnt/big/crater/work/local/cargo-home:/cargo-home:ro,Z" "-v" "/mnt/big/crater/work/local/rustup-home:/rustup-home:ro,Z" "-e" "USER_ID=1000" "-e" "SOURCE_DIR=/source" "-e" "USER_ID=1000" "-e" "CMD=cargo +1.30.1 test --frozen --no-run" "-e" "CARGO_TARGET_DIR=/target" "-e" "CARGO_INCREMENTAL=0" "-e" "RUST_BACKTRACE=full" "-e" "RUSTFLAGS=--cap-lints=warn" "-e" "CARGO_HOME=/cargo-home" "-e" "RUSTUP_HOME=/rustup-home" "-m" "1536M" "--network" "none" "crater"`
Dec 02 18:16:23.280 INFO [stdout] 0e9cac229ea6c4ee366e4c3ea79538c42b07afeb8572135ac8691d3c5ec9f276
Dec 02 18:16:23.282 INFO running `"docker" "start" "-a" "0e9cac229ea6c4ee366e4c3ea79538c42b07afeb8572135ac8691d3c5ec9f276"`
Dec 02 18:16:25.254 INFO [stderr] usermod: no changes
Dec 02 18:16:25.311 INFO [stderr]    Compiling rusty-variation v0.1.0 (/source)
Dec 02 18:16:26.427 INFO [stderr] error[E0659]: `select` is ambiguous
Dec 02 18:16:26.427 INFO [stderr]    --> src/lib.rs:441:25
Dec 02 18:16:26.427 INFO [stderr]     |
Dec 02 18:16:26.427 INFO [stderr] 441 |                 let s = select!(SumOp::More, s)?;
Dec 02 18:16:26.427 INFO [stderr]     |                         ^^^^^^ ambiguous name
Dec 02 18:16:26.427 INFO [stderr]     |
Dec 02 18:16:26.427 INFO [stderr] note: `select` could refer to the name imported here
Dec 02 18:16:26.427 INFO [stderr]    --> src/lib.rs:191:9
Dec 02 18:16:26.427 INFO [stderr]     |
Dec 02 18:16:26.427 INFO [stderr] 191 |     use super::*;
Dec 02 18:16:26.427 INFO [stderr]     |         ^^^^^^^^
Dec 02 18:16:26.427 INFO [stderr]     = note: `select` is also a builtin macro
Dec 02 18:16:26.427 INFO [stderr]     = note: consider adding an explicit import of `select` to disambiguate
Dec 02 18:16:26.427 INFO [stderr] 
Dec 02 18:16:26.427 INFO [stderr] error[E0659]: `select` is ambiguous
Dec 02 18:16:26.427 INFO [stderr]    --> src/lib.rs:446:25
Dec 02 18:16:26.427 INFO [stderr]     |
Dec 02 18:16:26.427 INFO [stderr] 446 |                 let s = select!(SumOp::Done, s)?;
Dec 02 18:16:26.427 INFO [stderr]     |                         ^^^^^^ ambiguous name
Dec 02 18:16:26.427 INFO [stderr]     |
Dec 02 18:16:26.427 INFO [stderr] note: `select` could refer to the name imported here
Dec 02 18:16:26.427 INFO [stderr]    --> src/lib.rs:191:9
Dec 02 18:16:26.427 INFO [stderr]     |
Dec 02 18:16:26.427 INFO [stderr] 191 |     use super::*;
Dec 02 18:16:26.427 INFO [stderr]     |         ^^^^^^^^
Dec 02 18:16:26.427 INFO [stderr]     = note: `select` is also a builtin macro
Dec 02 18:16:26.427 INFO [stderr]     = note: consider adding an explicit import of `select` to disambiguate
Dec 02 18:16:26.427 INFO [stderr] 
Dec 02 18:16:26.427 INFO [stderr] error[E0659]: `select` is ambiguous
Dec 02 18:16:26.427 INFO [stderr]    --> src/lib.rs:305:25
Dec 02 18:16:26.427 INFO [stderr]     |
Dec 02 18:16:26.427 INFO [stderr] 305 |                 let s = select!(CalcOp::Neg, s)?;
Dec 02 18:16:26.427 INFO [stderr]     |                         ^^^^^^ ambiguous name
Dec 02 18:16:26.427 INFO [stderr]     |
Dec 02 18:16:26.427 INFO [stderr] note: `select` could refer to the name imported here
Dec 02 18:16:26.427 INFO [stderr]    --> src/lib.rs:191:9
Dec 02 18:16:26.427 INFO [stderr]     |
Dec 02 18:16:26.427 INFO [stderr] 191 |     use super::*;
Dec 02 18:16:26.427 INFO [stderr]     |         ^^^^^^^^
Dec 02 18:16:26.427 INFO [stderr]     = note: `select` is also a builtin macro
Dec 02 18:16:26.427 INFO [stderr]     = note: consider adding an explicit import of `select` to disambiguate
Dec 02 18:16:26.427 INFO [stderr] 
Dec 02 18:16:26.427 INFO [stderr] error[E0659]: `select` is ambiguous
Dec 02 18:16:26.427 INFO [stderr]    --> src/lib.rs:317:25
Dec 02 18:16:26.427 INFO [stderr]     |
Dec 02 18:16:26.427 INFO [stderr] 317 |                 let s = select!(CalcOp::Add, s)?;
Dec 02 18:16:26.427 INFO [stderr]     |                         ^^^^^^ ambiguous name
Dec 02 18:16:26.427 INFO [stderr]     |
Dec 02 18:16:26.427 INFO [stderr] note: `select` could refer to the name imported here
Dec 02 18:16:26.427 INFO [stderr]    --> src/lib.rs:191:9
Dec 02 18:16:26.427 INFO [stderr]     |
Dec 02 18:16:26.427 INFO [stderr] 191 |     use super::*;
Dec 02 18:16:26.427 INFO [stderr]     |         ^^^^^^^^
Dec 02 18:16:26.427 INFO [stderr]     = note: `select` is also a builtin macro
Dec 02 18:16:26.427 INFO [stderr]     = note: consider adding an explicit import of `select` to disambiguate
Dec 02 18:16:26.427 INFO [stderr] 
Dec 02 18:16:26.427 INFO [stderr] error[E0659]: `select` is ambiguous
Dec 02 18:16:26.427 INFO [stderr]    --> src/lib.rs:358:21
Dec 02 18:16:26.427 INFO [stderr]     |
Dec 02 18:16:26.427 INFO [stderr] 358 |             let s = select!(CalcOp::Add, s)?;
Dec 02 18:16:26.427 INFO [stderr]     |                     ^^^^^^ ambiguous name
Dec 02 18:16:26.427 INFO [stderr]     |
Dec 02 18:16:26.427 INFO [stderr] note: `select` could refer to the name imported here
Dec 02 18:16:26.427 INFO [stderr]    --> src/lib.rs:191:9
Dec 02 18:16:26.428 INFO [stderr]     |
Dec 02 18:16:26.428 INFO [stderr] 191 |     use super::*;
Dec 02 18:16:26.428 INFO [stderr]     |         ^^^^^^^^
Dec 02 18:16:26.428 INFO [stderr]     = note: `select` is also a builtin macro
Dec 02 18:16:26.428 INFO [stderr]     = note: consider adding an explicit import of `select` to disambiguate
Dec 02 18:16:26.428 INFO [stderr] 
Dec 02 18:16:26.428 INFO [stderr] error[E0659]: `select` is ambiguous
Dec 02 18:16:26.428 INFO [stderr]    --> src/lib.rs:397:25
Dec 02 18:16:26.428 INFO [stderr]     |
Dec 02 18:16:26.428 INFO [stderr] 397 |                 let s = select!(CalcOp::Neg, s)?;
Dec 02 18:16:26.428 INFO [stderr]     |                         ^^^^^^ ambiguous name
Dec 02 18:16:26.428 INFO [stderr]     |
Dec 02 18:16:26.428 INFO [stderr] note: `select` could refer to the name imported here
Dec 02 18:16:26.428 INFO [stderr]    --> src/lib.rs:191:9
Dec 02 18:16:26.428 INFO [stderr]     |
Dec 02 18:16:26.428 INFO [stderr] 191 |     use super::*;
Dec 02 18:16:26.428 INFO [stderr]     |         ^^^^^^^^
Dec 02 18:16:26.428 INFO [stderr]     = note: `select` is also a builtin macro
Dec 02 18:16:26.428 INFO [stderr]     = note: consider adding an explicit import of `select` to disambiguate
Dec 02 18:16:26.428 INFO [stderr] 
Dec 02 18:16:26.688 INFO [stderr] error: aborting due to 6 previous errors
Dec 02 18:16:26.688 INFO [stderr] 
Dec 02 18:16:26.688 INFO [stderr] For more information about this error, try `rustc --explain E0659`.
Dec 02 18:16:26.696 INFO [stderr] error: Could not compile `rusty-variation`.
Dec 02 18:16:26.697 INFO [stderr] 
Dec 02 18:16:26.697 INFO [stderr] To learn more, run the command again with --verbose.
Dec 02 18:16:26.699 INFO [stderr] su: No module specific data is present
Dec 02 18:16:27.399 INFO running `"docker" "inspect" "0e9cac229ea6c4ee366e4c3ea79538c42b07afeb8572135ac8691d3c5ec9f276"`
Dec 02 18:16:27.871 INFO running `"docker" "rm" "-f" "0e9cac229ea6c4ee366e4c3ea79538c42b07afeb8572135ac8691d3c5ec9f276"`
Dec 02 18:16:28.175 INFO [stdout] 0e9cac229ea6c4ee366e4c3ea79538c42b07afeb8572135ac8691d3c5ec9f276
