Dec 03 17:28:16.765 INFO testing cache-0.2.0 against 1.30.1 for beta-1.31-5
Dec 03 17:28:16.765 INFO running `"docker" "create" "-v" "/mnt/big/crater/work/local/target-dirs/beta-1.31-5/worker-2/1.30.1:/target:rw,Z" "-v" "/mnt/big/crater/work/local/test-source/worker-2/beta-1.31-5/1.30.1:/source:ro,Z" "-v" "/mnt/big/crater/work/local/cargo-home:/cargo-home:ro,Z" "-v" "/mnt/big/crater/work/local/rustup-home:/rustup-home:ro,Z" "-e" "USER_ID=1000" "-e" "SOURCE_DIR=/source" "-e" "USER_ID=1000" "-e" "CMD=cargo +1.30.1 build --frozen" "-e" "CARGO_TARGET_DIR=/target" "-e" "CARGO_INCREMENTAL=0" "-e" "RUST_BACKTRACE=full" "-e" "RUSTFLAGS=--cap-lints=warn" "-e" "CARGO_HOME=/cargo-home" "-e" "RUSTUP_HOME=/rustup-home" "-m" "1536M" "--network" "none" "crater"`
Dec 03 17:28:17.130 INFO [stdout] 125b3f1baeff5520409fe979f79050b3b123e004f7060cec7b84940dc5d26881
Dec 03 17:28:17.135 INFO running `"docker" "start" "-a" "125b3f1baeff5520409fe979f79050b3b123e004f7060cec7b84940dc5d26881"`
Dec 03 17:28:18.455 INFO [stderr] usermod: no changes
Dec 03 17:28:18.531 INFO [stderr]    Compiling stable-heap v0.1.0
Dec 03 17:28:19.303 INFO [stderr]    Compiling cache v0.2.0 (/source)
Dec 03 17:28:21.003 INFO [stderr]     Finished dev [unoptimized + debuginfo] target(s) in 2.51s
Dec 03 17:28:21.003 INFO [stderr] su: No module specific data is present
Dec 03 17:28:21.476 INFO running `"docker" "inspect" "125b3f1baeff5520409fe979f79050b3b123e004f7060cec7b84940dc5d26881"`
Dec 03 17:28:21.665 INFO running `"docker" "rm" "-f" "125b3f1baeff5520409fe979f79050b3b123e004f7060cec7b84940dc5d26881"`
Dec 03 17:28:21.843 INFO [stdout] 125b3f1baeff5520409fe979f79050b3b123e004f7060cec7b84940dc5d26881
Dec 03 17:28:21.847 INFO running `"docker" "create" "-v" "/mnt/big/crater/work/local/target-dirs/beta-1.31-5/worker-2/1.30.1:/target:rw,Z" "-v" "/mnt/big/crater/work/local/test-source/worker-2/beta-1.31-5/1.30.1:/source:ro,Z" "-v" "/mnt/big/crater/work/local/cargo-home:/cargo-home:ro,Z" "-v" "/mnt/big/crater/work/local/rustup-home:/rustup-home:ro,Z" "-e" "USER_ID=1000" "-e" "SOURCE_DIR=/source" "-e" "USER_ID=1000" "-e" "CMD=cargo +1.30.1 test --frozen --no-run" "-e" "CARGO_TARGET_DIR=/target" "-e" "CARGO_INCREMENTAL=0" "-e" "RUST_BACKTRACE=full" "-e" "RUSTFLAGS=--cap-lints=warn" "-e" "CARGO_HOME=/cargo-home" "-e" "RUSTUP_HOME=/rustup-home" "-m" "1536M" "--network" "none" "crater"`
Dec 03 17:28:22.272 INFO [stdout] ca288dfc9213deecd1f7a392792c6683c3ed48e440b8a03670537ca18058923e
Dec 03 17:28:22.274 INFO running `"docker" "start" "-a" "ca288dfc9213deecd1f7a392792c6683c3ed48e440b8a03670537ca18058923e"`
Dec 03 17:28:23.711 INFO [stderr] usermod: no changes
Dec 03 17:28:23.807 INFO [stderr]    Compiling cache v0.2.0 (/source)
Dec 03 17:28:27.571 INFO [stderr]     Finished dev [unoptimized + debuginfo] target(s) in 3.81s
Dec 03 17:28:27.572 INFO [stderr] su: No module specific data is present
Dec 03 17:28:28.244 INFO running `"docker" "inspect" "ca288dfc9213deecd1f7a392792c6683c3ed48e440b8a03670537ca18058923e"`
Dec 03 17:28:28.436 INFO running `"docker" "rm" "-f" "ca288dfc9213deecd1f7a392792c6683c3ed48e440b8a03670537ca18058923e"`
Dec 03 17:28:28.632 INFO [stdout] ca288dfc9213deecd1f7a392792c6683c3ed48e440b8a03670537ca18058923e
Dec 03 17:28:28.639 INFO running `"docker" "create" "-v" "/mnt/big/crater/work/local/target-dirs/beta-1.31-5/worker-2/1.30.1:/target:rw,Z" "-v" "/mnt/big/crater/work/local/test-source/worker-2/beta-1.31-5/1.30.1:/source:ro,Z" "-v" "/mnt/big/crater/work/local/cargo-home:/cargo-home:ro,Z" "-v" "/mnt/big/crater/work/local/rustup-home:/rustup-home:ro,Z" "-e" "USER_ID=1000" "-e" "SOURCE_DIR=/source" "-e" "USER_ID=1000" "-e" "CMD=cargo +1.30.1 test --frozen" "-e" "CARGO_TARGET_DIR=/target" "-e" "CARGO_INCREMENTAL=0" "-e" "RUST_BACKTRACE=full" "-e" "RUSTFLAGS=--cap-lints=warn" "-e" "CARGO_HOME=/cargo-home" "-e" "RUSTUP_HOME=/rustup-home" "-m" "1536M" "--network" "none" "crater"`
Dec 03 17:28:29.003 INFO [stdout] 37f62f43d9711279175fea0fe6331f55bce8a3357916dc18b8c2e5ccd1d0551c
Dec 03 17:28:29.005 INFO running `"docker" "start" "-a" "37f62f43d9711279175fea0fe6331f55bce8a3357916dc18b8c2e5ccd1d0551c"`
Dec 03 17:28:29.790 INFO [stderr] usermod: no changes
Dec 03 17:28:29.871 INFO [stderr]     Finished dev [unoptimized + debuginfo] target(s) in 0.04s
Dec 03 17:28:29.895 INFO [stderr]      Running /target/debug/deps/cache-4e131b6ba6c64c8e
Dec 03 17:28:29.895 INFO [stdout] 
Dec 03 17:28:29.895 INFO [stdout] running 10 tests
Dec 03 17:28:30.256 INFO [stdout] test tests::evict_multiple_keepalive ... ok
Dec 03 17:28:30.395 INFO [stdout] test tests::multithreading ... ok
Dec 03 17:28:30.395 INFO [stdout] test tests::wrong_type ... ok
Dec 03 17:28:30.399 INFO [stdout] test tests::big_then_small ... ok
Dec 03 17:28:30.595 INFO [stdout] test tests::larger ... ok
Dec 03 17:28:30.831 INFO [stdout] test tests::evict_multiple ... ok
Dec 03 17:28:31.411 INFO [stdout] test tests::destructors ... ok
Dec 03 17:28:31.539 INFO [stdout] test tests::keepalive ... FAILED
Dec 03 17:28:31.805 INFO [stdout] test tests::usizes ... ok
Dec 03 17:28:37.494 INFO [stdout] test tests::lots ... ok
Dec 03 17:28:37.494 INFO [stdout] 
Dec 03 17:28:37.494 INFO [stdout] failures:
Dec 03 17:28:37.494 INFO [stdout] 
Dec 03 17:28:37.494 INFO [stdout] ---- tests::keepalive stdout ----
Dec 03 17:28:37.494 INFO [stdout] thread 'tests::keepalive' panicked at 'called `Option::unwrap()` on a `None` value', libcore/option.rs:345:21
Dec 03 17:28:37.494 INFO [stdout] stack backtrace:
Dec 03 17:28:37.494 INFO [stdout]    0:     0x564ce41dc47e - std::sys::unix::backtrace::tracing::imp::unwind_backtrace::h15749a98198ba25f
Dec 03 17:28:37.494 INFO [stdout]                                at libstd/sys/unix/backtrace/tracing/gcc_s.rs:49
Dec 03 17:28:37.494 INFO [stdout]    1:     0x564ce41cf5d6 - std::sys_common::backtrace::print::h0ba65c811294dbf0
Dec 03 17:28:37.494 INFO [stdout]                                at libstd/sys_common/backtrace.rs:71
Dec 03 17:28:37.494 INFO [stdout]                                at libstd/sys_common/backtrace.rs:59
Dec 03 17:28:37.494 INFO [stdout]    2:     0x564ce41cd95d - std::panicking::default_hook::{{closure}}::h42bb31757f0fee64
Dec 03 17:28:37.494 INFO [stdout]                                at libstd/panicking.rs:211
Dec 03 17:28:37.494 INFO [stdout]    3:     0x564ce41cd66b - std::panicking::default_hook::hebc8848d7aa7dbd9
Dec 03 17:28:37.494 INFO [stdout]                                at libstd/panicking.rs:221
Dec 03 17:28:37.494 INFO [stdout]    4:     0x564ce41ce00c - std::panicking::rust_panic_with_hook::h86e619a638415243
Dec 03 17:28:37.494 INFO [stdout]                                at libstd/panicking.rs:477
Dec 03 17:28:37.494 INFO [stdout]    5:     0x564ce41cdbc9 - std::panicking::continue_panic_fmt::h2d2d2bfb065a70b2
Dec 03 17:28:37.494 INFO [stdout]                                at libstd/panicking.rs:391
Dec 03 17:28:37.495 INFO [stdout]    6:     0x564ce41cdac5 - rust_begin_unwind
Dec 03 17:28:37.495 INFO [stdout]                                at libstd/panicking.rs:326
Dec 03 17:28:37.495 INFO [stdout]    7:     0x564ce421b3bb - core::panicking::panic_fmt::h2155aa66b67fe83c
Dec 03 17:28:37.495 INFO [stdout]                                at libcore/panicking.rs:77
Dec 03 17:28:37.495 INFO [stdout]    8:     0x564ce421b2ea - core::panicking::panic::h9b4aaddfe00d4a7f
Dec 03 17:28:37.495 INFO [stdout]                                at libcore/panicking.rs:52
Dec 03 17:28:37.495 INFO [stdout]    9:     0x564ce413e00c - <core::option::Option<T>>::unwrap::hc142b07aac0f0563
Dec 03 17:28:37.495 INFO [stdout]                                at libcore/macros.rs:20
Dec 03 17:28:37.495 INFO [stdout]   10:     0x564ce414659e - cache::tests::keepalive::h4435424fd4916abb
Dec 03 17:28:37.495 INFO [stdout]                                at src/lib.rs:485
Dec 03 17:28:37.495 INFO [stdout]   11:     0x564ce4145f99 - cache::tests::keepalive::{{closure}}::hff9d9b0d947e4c51
Dec 03 17:28:37.495 INFO [stdout]                                at src/lib.rs:473
Dec 03 17:28:37.495 INFO [stdout]   12:     0x564ce413fafd - core::ops::function::FnOnce::call_once::h08424577bf7f0ba5
Dec 03 17:28:37.495 INFO [stdout]                                at libcore/ops/function.rs:238
Dec 03 17:28:37.495 INFO [stdout]   13:     0x564ce41649de - <F as alloc::boxed::FnBox<A>>::call_box::hbea525814fa423cc
Dec 03 17:28:37.495 INFO [stdout]                                at libtest/lib.rs:1461
Dec 03 17:28:37.495 INFO [stdout]                                at libcore/ops/function.rs:238
Dec 03 17:28:37.495 INFO [stdout]                                at liballoc/boxed.rs:646
Dec 03 17:28:37.495 INFO [stdout]   14:     0x564ce41eb2e9 - __rust_maybe_catch_panic
Dec 03 17:28:37.495 INFO [stdout]                                at libpanic_unwind/lib.rs:103
Dec 03 17:28:37.495 INFO [stdout]   15:     0x564ce417033d - std::sys_common::backtrace::__rust_begin_short_backtrace::h0ff507d7422944d3
Dec 03 17:28:37.495 INFO [stdout]                                at libstd/panicking.rs:289
Dec 03 17:28:37.495 INFO [stdout]                                at libstd/panic.rs:392
Dec 03 17:28:37.495 INFO [stdout]                                at libtest/lib.rs:1416
Dec 03 17:28:37.495 INFO [stdout]                                at libstd/sys_common/backtrace.rs:136
Dec 03 17:28:37.495 INFO [stdout]   16:     0x564ce4188974 - std::panicking::try::do_call::hba0bdcc3670471cc
Dec 03 17:28:37.495 INFO [stdout]                                at libstd/thread/mod.rs:409
Dec 03 17:28:37.495 INFO [stdout]                                at libstd/panic.rs:313
Dec 03 17:28:37.495 INFO [stdout]                                at libstd/panicking.rs:310
Dec 03 17:28:37.495 INFO [stdout]   17:     0x564ce41eb2e9 - __rust_maybe_catch_panic
Dec 03 17:28:37.495 INFO [stdout]                                at libpanic_unwind/lib.rs:103
Dec 03 17:28:37.495 INFO [stdout]   18:     0x564ce4179246 - <F as alloc::boxed::FnBox<A>>::call_box::hdac52587b00591af
Dec 03 17:28:37.495 INFO [stdout]                                at libstd/panicking.rs:289
Dec 03 17:28:37.495 INFO [stdout]                                at libstd/panic.rs:392
Dec 03 17:28:37.495 INFO [stdout]                                at libstd/thread/mod.rs:408
Dec 03 17:28:37.495 INFO [stdout]                                at liballoc/boxed.rs:646
Dec 03 17:28:37.495 INFO [stdout]   19:     0x564ce41ddd8a - std::sys_common::thread::start_thread::h75d887c7d2cc4479
Dec 03 17:28:37.495 INFO [stdout]                                at liballoc/boxed.rs:656
Dec 03 17:28:37.495 INFO [stdout]                                at libstd/sys_common/thread.rs:24
Dec 03 17:28:37.495 INFO [stdout]   20:     0x564ce41ce775 - std::sys::unix::thread::Thread::new::thread_start::h8414caee632bf9ed
Dec 03 17:28:37.495 INFO [stdout]                                at libstd/sys/unix/thread.rs:90
Dec 03 17:28:37.495 INFO [stdout]   21:     0x7f1f742c86b9 - start_thread
Dec 03 17:28:37.495 INFO [stdout]   22:     0x7f1f73de841c - clone
Dec 03 17:28:37.495 INFO [stdout]   23:                0x0 - <unknown>
Dec 03 17:28:37.495 INFO [stdout] 
Dec 03 17:28:37.495 INFO [stdout] 
Dec 03 17:28:37.495 INFO [stdout] failures:
Dec 03 17:28:37.495 INFO [stdout]     tests::keepalive
Dec 03 17:28:37.495 INFO [stdout] 
Dec 03 17:28:37.495 INFO [stdout] test result: FAILED. 9 passed; 1 failed; 0 ignored; 0 measured; 0 filtered out
Dec 03 17:28:37.495 INFO [stdout] 
Dec 03 17:28:37.495 INFO [stderr] error: test failed, to rerun pass '--lib'
Dec 03 17:28:37.495 INFO [stderr] su: No module specific data is present
Dec 03 17:28:38.215 INFO running `"docker" "inspect" "37f62f43d9711279175fea0fe6331f55bce8a3357916dc18b8c2e5ccd1d0551c"`
Dec 03 17:28:38.469 INFO running `"docker" "rm" "-f" "37f62f43d9711279175fea0fe6331f55bce8a3357916dc18b8c2e5ccd1d0551c"`
Dec 03 17:28:38.737 INFO [stdout] 37f62f43d9711279175fea0fe6331f55bce8a3357916dc18b8c2e5ccd1d0551c
