Dec 03 18:59:32.355 INFO testing atlas-coverage-core-0.1.0 against 1.30.1 for beta-1.31-5
Dec 03 18:59:32.355 INFO running `"docker" "create" "-v" "/mnt/big/crater/work/local/target-dirs/beta-1.31-5/worker-7/1.30.1:/target:rw,Z" "-v" "/mnt/big/crater/work/local/test-source/worker-7/beta-1.31-5/1.30.1:/source:ro,Z" "-v" "/mnt/big/crater/work/local/cargo-home:/cargo-home:ro,Z" "-v" "/mnt/big/crater/work/local/rustup-home:/rustup-home:ro,Z" "-e" "USER_ID=1000" "-e" "SOURCE_DIR=/source" "-e" "USER_ID=1000" "-e" "CMD=cargo +1.30.1 build --frozen" "-e" "CARGO_TARGET_DIR=/target" "-e" "CARGO_INCREMENTAL=0" "-e" "RUST_BACKTRACE=full" "-e" "RUSTFLAGS=--cap-lints=warn" "-e" "CARGO_HOME=/cargo-home" "-e" "RUSTUP_HOME=/rustup-home" "-m" "1536M" "--network" "none" "crater"`
Dec 03 18:59:32.820 INFO [stdout] 2cecdbb7c20cdf78380083cfad2b122737196a440f4c7a7c39ff17fb61b4cae4
Dec 03 18:59:32.822 INFO running `"docker" "start" "-a" "2cecdbb7c20cdf78380083cfad2b122737196a440f4c7a7c39ff17fb61b4cae4"`
Dec 03 18:59:34.710 INFO [stderr] usermod: no changes
Dec 03 18:59:34.849 INFO [stderr]    Compiling vlq v0.5.1
Dec 03 18:59:34.864 INFO [stderr]    Compiling combine v2.5.2
Dec 03 18:59:34.864 INFO [stderr]    Compiling ecmascript v0.1.0
Dec 03 18:59:40.999 INFO [stderr]    Compiling lcov-parser v3.2.2
Dec 03 18:59:46.207 INFO [stderr]    Compiling atlas-coverage-core v0.1.0 (/source)
Dec 03 18:59:48.827 INFO [stderr] warning: unused import: `std::env::args`
Dec 03 18:59:48.827 INFO [stderr]   --> src/lib.rs:34:5
Dec 03 18:59:48.827 INFO [stderr]    |
Dec 03 18:59:48.827 INFO [stderr] 34 | use std::env::args;
Dec 03 18:59:48.827 INFO [stderr]    |     ^^^^^^^^^^^^^^
Dec 03 18:59:48.827 INFO [stderr]    |
Dec 03 18:59:48.827 INFO [stderr]    = note: #[warn(unused_imports)] on by default
Dec 03 18:59:48.827 INFO [stderr] 
Dec 03 18:59:49.612 INFO [stderr] warning: method is never used: `write_xml_to_stdout`
Dec 03 18:59:49.612 INFO [stderr]    --> src/lines.rs:140:5
Dec 03 18:59:49.612 INFO [stderr]     |
Dec 03 18:59:49.612 INFO [stderr] 140 |     pub fn write_xml_to_stdout(&self) {
Dec 03 18:59:49.612 INFO [stderr]     |     ^^^^^^^^^^^^^^^^^^^^^^^^^^^^^^^^^
Dec 03 18:59:49.612 INFO [stderr]     |
Dec 03 18:59:49.612 INFO [stderr]     = note: #[warn(dead_code)] on by default
Dec 03 18:59:49.612 INFO [stderr] 
Dec 03 18:59:58.915 INFO [stderr] warning: unused import: `std::path::PathBuf`
Dec 03 18:59:58.915 INFO [stderr]  --> src/bin/main.rs:9:5
Dec 03 18:59:58.915 INFO [stderr]   |
Dec 03 18:59:58.915 INFO [stderr] 9 | use std::path::PathBuf;
Dec 03 18:59:58.915 INFO [stderr]   |     ^^^^^^^^^^^^^^^^^^
Dec 03 18:59:58.915 INFO [stderr]   |
Dec 03 18:59:58.915 INFO [stderr]   = note: #[warn(unused_imports)] on by default
Dec 03 18:59:58.915 INFO [stderr] 
Dec 03 19:00:03.346 INFO [stderr]     Finished dev [unoptimized + debuginfo] target(s) in 28.60s
Dec 03 19:00:03.354 INFO [stderr] su: No module specific data is present
Dec 03 19:00:04.324 INFO running `"docker" "inspect" "2cecdbb7c20cdf78380083cfad2b122737196a440f4c7a7c39ff17fb61b4cae4"`
Dec 03 19:00:04.637 INFO running `"docker" "rm" "-f" "2cecdbb7c20cdf78380083cfad2b122737196a440f4c7a7c39ff17fb61b4cae4"`
Dec 03 19:00:05.038 INFO [stdout] 2cecdbb7c20cdf78380083cfad2b122737196a440f4c7a7c39ff17fb61b4cae4
Dec 03 19:00:05.040 INFO running `"docker" "create" "-v" "/mnt/big/crater/work/local/target-dirs/beta-1.31-5/worker-7/1.30.1:/target:rw,Z" "-v" "/mnt/big/crater/work/local/test-source/worker-7/beta-1.31-5/1.30.1:/source:ro,Z" "-v" "/mnt/big/crater/work/local/cargo-home:/cargo-home:ro,Z" "-v" "/mnt/big/crater/work/local/rustup-home:/rustup-home:ro,Z" "-e" "USER_ID=1000" "-e" "SOURCE_DIR=/source" "-e" "USER_ID=1000" "-e" "CMD=cargo +1.30.1 test --frozen --no-run" "-e" "CARGO_TARGET_DIR=/target" "-e" "CARGO_INCREMENTAL=0" "-e" "RUST_BACKTRACE=full" "-e" "RUSTFLAGS=--cap-lints=warn" "-e" "CARGO_HOME=/cargo-home" "-e" "RUSTUP_HOME=/rustup-home" "-m" "1536M" "--network" "none" "crater"`
Dec 03 19:00:05.483 INFO [stdout] 823d401ab97bc40bc63e2ec81d642292009757f86b8cd0033c1e000132bde11a
Dec 03 19:00:05.485 INFO running `"docker" "start" "-a" "823d401ab97bc40bc63e2ec81d642292009757f86b8cd0033c1e000132bde11a"`
Dec 03 19:00:07.982 INFO [stderr] usermod: no changes
Dec 03 19:00:08.147 INFO [stderr]    Compiling atlas-coverage-core v0.1.0 (/source)
Dec 03 19:00:15.099 INFO [stderr] warning: unused import: `std::env::args`
Dec 03 19:00:15.099 INFO [stderr]   --> src/lib.rs:34:5
Dec 03 19:00:15.099 INFO [stderr]    |
Dec 03 19:00:15.099 INFO [stderr] 34 | use std::env::args;
Dec 03 19:00:15.099 INFO [stderr]    |     ^^^^^^^^^^^^^^
Dec 03 19:00:15.099 INFO [stderr]    |
Dec 03 19:00:15.099 INFO [stderr]    = note: #[warn(unused_imports)] on by default
Dec 03 19:00:15.099 INFO [stderr] 
Dec 03 19:00:15.099 INFO [stderr] warning: unused import: `std::path::Path`
Dec 03 19:00:15.099 INFO [stderr]    --> src/lib.rs:113:9
Dec 03 19:00:15.099 INFO [stderr]     |
Dec 03 19:00:15.099 INFO [stderr] 113 |     use std::path::Path;
Dec 03 19:00:15.099 INFO [stderr]     |         ^^^^^^^^^^^^^^^
Dec 03 19:00:15.099 INFO [stderr] 
Dec 03 19:00:16.539 INFO [stderr] warning: method is never used: `write_xml_to_stdout`
Dec 03 19:00:16.539 INFO [stderr]    --> src/lines.rs:140:5
Dec 03 19:00:16.539 INFO [stderr]     |
Dec 03 19:00:16.539 INFO [stderr] 140 |     pub fn write_xml_to_stdout(&self) {
Dec 03 19:00:16.539 INFO [stderr]     |     ^^^^^^^^^^^^^^^^^^^^^^^^^^^^^^^^^
Dec 03 19:00:16.539 INFO [stderr]     |
Dec 03 19:00:16.539 INFO [stderr]     = note: #[warn(dead_code)] on by default
Dec 03 19:00:16.539 INFO [stderr] 
Dec 03 19:00:16.761 INFO [stderr] warning: unused import: `std::path::PathBuf`
Dec 03 19:00:16.761 INFO [stderr]  --> src/bin/main.rs:9:5
Dec 03 19:00:16.761 INFO [stderr]   |
Dec 03 19:00:16.761 INFO [stderr] 9 | use std::path::PathBuf;
Dec 03 19:00:16.761 INFO [stderr]   |     ^^^^^^^^^^^^^^^^^^
Dec 03 19:00:16.761 INFO [stderr]   |
Dec 03 19:00:16.761 INFO [stderr]   = note: #[warn(unused_imports)] on by default
Dec 03 19:00:16.761 INFO [stderr] 
Dec 03 19:00:20.248 INFO [stderr]     Finished dev [unoptimized + debuginfo] target(s) in 12.23s
Dec 03 19:00:20.260 INFO [stderr] su: No module specific data is present
Dec 03 19:00:21.032 INFO running `"docker" "inspect" "823d401ab97bc40bc63e2ec81d642292009757f86b8cd0033c1e000132bde11a"`
Dec 03 19:00:21.305 INFO running `"docker" "rm" "-f" "823d401ab97bc40bc63e2ec81d642292009757f86b8cd0033c1e000132bde11a"`
Dec 03 19:00:21.739 INFO [stdout] 823d401ab97bc40bc63e2ec81d642292009757f86b8cd0033c1e000132bde11a
Dec 03 19:00:21.743 INFO running `"docker" "create" "-v" "/mnt/big/crater/work/local/target-dirs/beta-1.31-5/worker-7/1.30.1:/target:rw,Z" "-v" "/mnt/big/crater/work/local/test-source/worker-7/beta-1.31-5/1.30.1:/source:ro,Z" "-v" "/mnt/big/crater/work/local/cargo-home:/cargo-home:ro,Z" "-v" "/mnt/big/crater/work/local/rustup-home:/rustup-home:ro,Z" "-e" "USER_ID=1000" "-e" "SOURCE_DIR=/source" "-e" "USER_ID=1000" "-e" "CMD=cargo +1.30.1 test --frozen" "-e" "CARGO_TARGET_DIR=/target" "-e" "CARGO_INCREMENTAL=0" "-e" "RUST_BACKTRACE=full" "-e" "RUSTFLAGS=--cap-lints=warn" "-e" "CARGO_HOME=/cargo-home" "-e" "RUSTUP_HOME=/rustup-home" "-m" "1536M" "--network" "none" "crater"`
Dec 03 19:00:22.151 INFO [stdout] 2fe426fd3c424a9a5142256f5db681aa0b5824f7c46efa63e2b6bc61c5bc4fd8
Dec 03 19:00:22.153 INFO running `"docker" "start" "-a" "2fe426fd3c424a9a5142256f5db681aa0b5824f7c46efa63e2b6bc61c5bc4fd8"`
Dec 03 19:00:23.199 INFO [stderr] usermod: no changes
Dec 03 19:00:23.360 INFO [stderr]     Finished dev [unoptimized + debuginfo] target(s) in 0.13s
Dec 03 19:00:23.367 INFO [stderr]      Running /target/debug/deps/atlas_coverage_core-20e63dd9870e8966
Dec 03 19:00:23.391 INFO [stdout] 
Dec 03 19:00:23.391 INFO [stdout] running 5 tests
Dec 03 19:00:23.399 INFO [stdout] test range::test::test_compare_to_item ... ok
Dec 03 19:00:23.399 INFO [stdout] test vlq_decode::test::test_parsing_printer ... ok
Dec 03 19:00:23.407 INFO [stdout] test source_map::test::test_is_source ... ok
Dec 03 19:00:23.407 INFO [stdout] test vlq_decode::test::test_parsing ... ok
Dec 03 19:00:23.510 INFO [stdout] test load::test::test_load_iter ... FAILED
Dec 03 19:00:23.510 INFO [stdout] 
Dec 03 19:00:23.510 INFO [stdout] failures:
Dec 03 19:00:23.510 INFO [stdout] 
Dec 03 19:00:23.510 INFO [stdout] ---- load::test::test_load_iter stdout ----
Dec 03 19:00:23.510 INFO [stdout] thread 'load::test::test_load_iter' panicked at 'assertion failed: `(left == right)`
Dec 03 19:00:23.510 INFO [stdout]   left: `[PuppeteerData { url: "1", text: "Testing\n1 2 1 2", ranges: RangeStack { ranges: [Range { start: 0, end: 2 }, Range { start: 4, end: 7 }] } }, PuppeteerData { url: "2", text: "Testing\n3 4 3 4", ranges: RangeStack { ranges: [Range { start: 1, end: 2 }, Range { start: 4, end: 5 }] } }]`,
Dec 03 19:00:23.510 INFO [stdout]  right: `[PuppeteerData { url: "2", text: "Testing\n3 4 3 4", ranges: RangeStack { ranges: [Range { start: 1, end: 2 }, Range { start: 4, end: 5 }] } }, PuppeteerData { url: "1", text: "Testing\n1 2 1 2", ranges: RangeStack { ranges: [Range { start: 0, end: 2 }, Range { start: 4, end: 7 }] } }]`', src/load.rs:217:9
Dec 03 19:00:23.510 INFO [stdout] stack backtrace:
Dec 03 19:00:23.510 INFO [stdout]    0:     0x55cb8b12280e - std::sys::unix::backtrace::tracing::imp::unwind_backtrace::h15749a98198ba25f
Dec 03 19:00:23.510 INFO [stdout]                                at libstd/sys/unix/backtrace/tracing/gcc_s.rs:49
Dec 03 19:00:23.510 INFO [stdout]    1:     0x55cb8b115816 - std::sys_common::backtrace::print::h0ba65c811294dbf0
Dec 03 19:00:23.510 INFO [stdout]                                at libstd/sys_common/backtrace.rs:71
Dec 03 19:00:23.510 INFO [stdout]                                at libstd/sys_common/backtrace.rs:59
Dec 03 19:00:23.511 INFO [stdout]    2:     0x55cb8b113c3d - std::panicking::default_hook::{{closure}}::h42bb31757f0fee64
Dec 03 19:00:23.511 INFO [stdout]                                at libstd/panicking.rs:211
Dec 03 19:00:23.511 INFO [stdout]    3:     0x55cb8b11394b - std::panicking::default_hook::hebc8848d7aa7dbd9
Dec 03 19:00:23.511 INFO [stdout]                                at libstd/panicking.rs:221
Dec 03 19:00:23.511 INFO [stdout]    4:     0x55cb8b1142ec - std::panicking::rust_panic_with_hook::h86e619a638415243
Dec 03 19:00:23.511 INFO [stdout]                                at libstd/panicking.rs:477
Dec 03 19:00:23.511 INFO [stdout]    5:     0x55cb8b113ea9 - std::panicking::continue_panic_fmt::h2d2d2bfb065a70b2
Dec 03 19:00:23.511 INFO [stdout]                                at libstd/panicking.rs:391
Dec 03 19:00:23.511 INFO [stdout]    6:     0x55cb8b113e0d - std::panicking::begin_panic_fmt::ha5097e2056ef3d5a
Dec 03 19:00:23.511 INFO [stdout]                                at libstd/panicking.rs:346
Dec 03 19:00:23.511 INFO [stdout]    7:     0x55cb8aec7099 - atlas_coverage_core::load::test::test_load_iter::h7f03f0c6c9f01022
Dec 03 19:00:23.511 INFO [stdout]                                at src/load.rs:217
Dec 03 19:00:23.511 INFO [stdout]    8:     0x55cb8aec6d19 - atlas_coverage_core::load::test::test_load_iter::{{closure}}::hd5179ad07a858bc8
Dec 03 19:00:23.511 INFO [stdout]                                at src/load.rs:148
Dec 03 19:00:23.511 INFO [stdout]    9:     0x55cb8aec380d - core::ops::function::FnOnce::call_once::h59b4e633217acb9b
Dec 03 19:00:23.511 INFO [stdout]                                at libcore/ops/function.rs:238
Dec 03 19:00:23.511 INFO [stdout]   10:     0x55cb8aee3e3e - <F as alloc::boxed::FnBox<A>>::call_box::hbea525814fa423cc
Dec 03 19:00:23.511 INFO [stdout]                                at libtest/lib.rs:1461
Dec 03 19:00:23.511 INFO [stdout]                                at libcore/ops/function.rs:238
Dec 03 19:00:23.511 INFO [stdout]                                at liballoc/boxed.rs:646
Dec 03 19:00:23.511 INFO [stdout]   11:     0x55cb8b1316b9 - __rust_maybe_catch_panic
Dec 03 19:00:23.511 INFO [stdout]                                at libpanic_unwind/lib.rs:103
Dec 03 19:00:23.511 INFO [stdout]   12:     0x55cb8aeef79d - std::sys_common::backtrace::__rust_begin_short_backtrace::h0ff507d7422944d3
Dec 03 19:00:23.511 INFO [stdout]                                at libstd/panicking.rs:289
Dec 03 19:00:23.511 INFO [stdout]                                at libstd/panic.rs:392
Dec 03 19:00:23.511 INFO [stdout]                                at libtest/lib.rs:1416
Dec 03 19:00:23.511 INFO [stdout]                                at libstd/sys_common/backtrace.rs:136
Dec 03 19:00:23.511 INFO [stdout]   13:     0x55cb8af07dd4 - std::panicking::try::do_call::hba0bdcc3670471cc
Dec 03 19:00:23.511 INFO [stdout]                                at libstd/thread/mod.rs:409
Dec 03 19:00:23.511 INFO [stdout]                                at libstd/panic.rs:313
Dec 03 19:00:23.511 INFO [stdout]                                at libstd/panicking.rs:310
Dec 03 19:00:23.511 INFO [stdout]   14:     0x55cb8b1316b9 - __rust_maybe_catch_panic
Dec 03 19:00:23.511 INFO [stdout]                                at libpanic_unwind/lib.rs:103
Dec 03 19:00:23.511 INFO [stdout]   15:     0x55cb8aef86a6 - <F as alloc::boxed::FnBox<A>>::call_box::hdac52587b00591af
Dec 03 19:00:23.511 INFO [stdout]                                at libstd/panicking.rs:289
Dec 03 19:00:23.511 INFO [stdout]                                at libstd/panic.rs:392
Dec 03 19:00:23.511 INFO [stdout]                                at libstd/thread/mod.rs:408
Dec 03 19:00:23.511 INFO [stdout]                                at liballoc/boxed.rs:646
Dec 03 19:00:23.511 INFO [stdout]   16:     0x55cb8b12413a - std::sys_common::thread::start_thread::h75d887c7d2cc4479
Dec 03 19:00:23.511 INFO [stdout]                                at liballoc/boxed.rs:656
Dec 03 19:00:23.511 INFO [stdout]                                at libstd/sys_common/thread.rs:24
Dec 03 19:00:23.511 INFO [stdout]   17:     0x55cb8b114a55 - std::sys::unix::thread::Thread::new::thread_start::h8414caee632bf9ed
Dec 03 19:00:23.511 INFO [stdout]                                at libstd/sys/unix/thread.rs:90
Dec 03 19:00:23.511 INFO [stdout]   18:     0x7f584b3686b9 - start_thread
Dec 03 19:00:23.511 INFO [stdout]   19:     0x7f584ae8841c - clone
Dec 03 19:00:23.511 INFO [stdout]   20:                0x0 - <unknown>
Dec 03 19:00:23.511 INFO [stdout] 
Dec 03 19:00:23.511 INFO [stdout] 
Dec 03 19:00:23.511 INFO [stdout] failures:
Dec 03 19:00:23.511 INFO [stdout]     load::test::test_load_iter
Dec 03 19:00:23.511 INFO [stdout] 
Dec 03 19:00:23.511 INFO [stdout] test result: FAILED. 4 passed; 1 failed; 0 ignored; 0 measured; 0 filtered out
Dec 03 19:00:23.511 INFO [stdout] 
Dec 03 19:00:23.520 INFO [stderr] error: test failed, to rerun pass '--lib'
Dec 03 19:00:23.527 INFO [stderr] su: No module specific data is present
Dec 03 19:00:24.428 INFO running `"docker" "inspect" "2fe426fd3c424a9a5142256f5db681aa0b5824f7c46efa63e2b6bc61c5bc4fd8"`
Dec 03 19:00:24.701 INFO running `"docker" "rm" "-f" "2fe426fd3c424a9a5142256f5db681aa0b5824f7c46efa63e2b6bc61c5bc4fd8"`
Dec 03 19:00:25.015 INFO [stdout] 2fe426fd3c424a9a5142256f5db681aa0b5824f7c46efa63e2b6bc61c5bc4fd8
