Dec 01 01:17:07.364 INFO testing starim/hth against 1.30.1 for beta-1.31-5
Dec 01 01:17:07.365 INFO running `"docker" "create" "-v" "/mnt/big/crater/work/local/target-dirs/beta-1.31-5/worker-5/1.30.1:/target:rw,Z" "-v" "/mnt/big/crater/work/local/test-source/worker-5/beta-1.31-5/1.30.1:/source:ro,Z" "-v" "/mnt/big/crater/work/local/cargo-home:/cargo-home:ro,Z" "-v" "/mnt/big/crater/work/local/rustup-home:/rustup-home:ro,Z" "-e" "USER_ID=1000" "-e" "SOURCE_DIR=/source" "-e" "USER_ID=1000" "-e" "CMD=cargo +1.30.1 build --frozen" "-e" "CARGO_TARGET_DIR=/target" "-e" "CARGO_INCREMENTAL=0" "-e" "RUST_BACKTRACE=full" "-e" "RUSTFLAGS=--cap-lints=warn" "-e" "CARGO_HOME=/cargo-home" "-e" "RUSTUP_HOME=/rustup-home" "-m" "1536M" "--network" "none" "crater"`
Dec 01 01:17:07.851 INFO [stdout] a5cfd7592cd6c1324905ca6124752cdcd8fef92664a82a9a209a4ae48b33a884
Dec 01 01:17:07.855 INFO running `"docker" "start" "-a" "a5cfd7592cd6c1324905ca6124752cdcd8fef92664a82a9a209a4ae48b33a884"`
Dec 01 01:17:08.780 INFO [stderr] usermod: no changes
Dec 01 01:17:08.955 INFO [stderr]    Compiling arrayvec v0.4.6
Dec 01 01:17:08.955 INFO [stderr]    Compiling env_logger v0.4.3
Dec 01 01:17:08.955 INFO [stderr]    Compiling error-chain v0.11.0
Dec 01 01:17:11.715 INFO [stderr]    Compiling hth v0.1.0 (/source)
Dec 01 01:17:17.249 INFO [stderr]     Finished dev [unoptimized + debuginfo] target(s) in 8.44s
Dec 01 01:17:17.259 INFO [stderr] su: No module specific data is present
Dec 01 01:17:17.928 INFO running `"docker" "inspect" "a5cfd7592cd6c1324905ca6124752cdcd8fef92664a82a9a209a4ae48b33a884"`
Dec 01 01:17:18.219 INFO running `"docker" "rm" "-f" "a5cfd7592cd6c1324905ca6124752cdcd8fef92664a82a9a209a4ae48b33a884"`
Dec 01 01:17:18.715 INFO [stdout] a5cfd7592cd6c1324905ca6124752cdcd8fef92664a82a9a209a4ae48b33a884
Dec 01 01:17:18.718 INFO running `"docker" "create" "-v" "/mnt/big/crater/work/local/target-dirs/beta-1.31-5/worker-5/1.30.1:/target:rw,Z" "-v" "/mnt/big/crater/work/local/test-source/worker-5/beta-1.31-5/1.30.1:/source:ro,Z" "-v" "/mnt/big/crater/work/local/cargo-home:/cargo-home:ro,Z" "-v" "/mnt/big/crater/work/local/rustup-home:/rustup-home:ro,Z" "-e" "USER_ID=1000" "-e" "SOURCE_DIR=/source" "-e" "USER_ID=1000" "-e" "CMD=cargo +1.30.1 test --frozen --no-run" "-e" "CARGO_TARGET_DIR=/target" "-e" "CARGO_INCREMENTAL=0" "-e" "RUST_BACKTRACE=full" "-e" "RUSTFLAGS=--cap-lints=warn" "-e" "CARGO_HOME=/cargo-home" "-e" "RUSTUP_HOME=/rustup-home" "-m" "1536M" "--network" "none" "crater"`
Dec 01 01:17:19.337 INFO [stdout] 6749f4ae183014781caf772b3648745cda1b059a6400f22a81fb769caf15a492
Dec 01 01:17:19.339 INFO running `"docker" "start" "-a" "6749f4ae183014781caf772b3648745cda1b059a6400f22a81fb769caf15a492"`
Dec 01 01:17:21.174 INFO [stderr] usermod: no changes
Dec 01 01:17:21.343 INFO [stderr]    Compiling hth v0.1.0 (/source)
Dec 01 01:17:30.231 INFO [stderr]     Finished dev [unoptimized + debuginfo] target(s) in 9.02s
Dec 01 01:17:30.233 INFO [stderr] su: No module specific data is present
Dec 01 01:17:31.235 INFO running `"docker" "inspect" "6749f4ae183014781caf772b3648745cda1b059a6400f22a81fb769caf15a492"`
Dec 01 01:17:31.547 INFO running `"docker" "rm" "-f" "6749f4ae183014781caf772b3648745cda1b059a6400f22a81fb769caf15a492"`
Dec 01 01:17:31.834 INFO [stdout] 6749f4ae183014781caf772b3648745cda1b059a6400f22a81fb769caf15a492
Dec 01 01:17:31.842 INFO running `"docker" "create" "-v" "/mnt/big/crater/work/local/target-dirs/beta-1.31-5/worker-5/1.30.1:/target:rw,Z" "-v" "/mnt/big/crater/work/local/test-source/worker-5/beta-1.31-5/1.30.1:/source:ro,Z" "-v" "/mnt/big/crater/work/local/cargo-home:/cargo-home:ro,Z" "-v" "/mnt/big/crater/work/local/rustup-home:/rustup-home:ro,Z" "-e" "USER_ID=1000" "-e" "SOURCE_DIR=/source" "-e" "USER_ID=1000" "-e" "CMD=cargo +1.30.1 test --frozen" "-e" "CARGO_TARGET_DIR=/target" "-e" "CARGO_INCREMENTAL=0" "-e" "RUST_BACKTRACE=full" "-e" "RUSTFLAGS=--cap-lints=warn" "-e" "CARGO_HOME=/cargo-home" "-e" "RUSTUP_HOME=/rustup-home" "-m" "1536M" "--network" "none" "crater"`
Dec 01 01:17:32.264 INFO [stdout] 8ad3929954525911b68ea407e78c061f536e2908fe4b21e7e5e5c1bc88959377
Dec 01 01:17:32.271 INFO running `"docker" "start" "-a" "8ad3929954525911b68ea407e78c061f536e2908fe4b21e7e5e5c1bc88959377"`
Dec 01 01:17:33.794 INFO [stderr] usermod: no changes
Dec 01 01:17:33.895 INFO [stderr]     Finished dev [unoptimized + debuginfo] target(s) in 0.05s
Dec 01 01:17:33.907 INFO [stderr]      Running /target/debug/deps/hth-d4136df9ff514c0b
Dec 01 01:17:33.911 INFO [stdout] 
Dec 01 01:17:33.911 INFO [stdout] running 74 tests
Dec 01 01:17:33.923 INFO [stdout] test core_rules::attack::attack_tests::attack_bonus_attacks_use_automatic_damage_callback ... ok
Dec 01 01:17:33.923 INFO [stdout] test core_rules::attack::attack_tests::attack_generates_bonus_attacks ... ok
Dec 01 01:17:33.923 INFO [stdout] test core_rules::attack::attack_tests::attack_bonus_attacks_use_extra_attack_effects ... ok
Dec 01 01:17:33.925 INFO [stdout] test core_rules::attack::attack_tests::attack_bonus_attacks_use_conditional_damage_overrides ... ok
Dec 01 01:17:33.925 INFO [stdout] test core_rules::attack::attack_tests::attack_natural_one_to_wound_always_fails ... ok
Dec 01 01:17:33.927 INFO [stdout] test core_rules::attack::attack_tests::attack_natural_one_to_hit_always_fails ... ok
Dec 01 01:17:33.927 INFO [stdout] test core_rules::attack::attack_tests::attack_with_no_callbacks ... ok
Dec 01 01:17:33.927 INFO [stdout] test core_rules::attack::attack_tests::attack_uses_rerolled_to_wound_value ... ok
Dec 01 01:17:33.927 INFO [stdout] test core_rules::attack::attack_tests::attack_uses_rerolled_to_hit_value ... ok
Dec 01 01:17:33.927 INFO [stdout] test core_rules::attack::attack_tests::attack_uses_extra_attack_effects ... ok
Dec 01 01:17:33.927 INFO [stdout] test core_rules::attack_result::attack_result_tests::addassign_combines_saveable_wounds ... ok
Dec 01 01:17:33.927 INFO [stdout] test core_rules::attack_result::attack_result_tests::add_sums_mortal_wounds ... ok
Dec 01 01:17:33.931 INFO [stdout] test core_rules::attack_result::attack_result_tests::addassign_sums_mortal_wounds ... ok
Dec 01 01:17:33.931 INFO [stdout] test core_rules::attack_result::attack_result_tests::add_combines_saveable_wounds ... ok
Dec 01 01:17:33.931 INFO [stdout] test core_rules::combat_result::combat_result_tests::combat_result_addassign ... ok
Dec 01 01:17:33.931 INFO [stdout] test core_rules::combat_result::combat_result_tests::combat_result_add ... ok
Dec 01 01:17:33.931 INFO [stdout] test core_rules::attack_result::attack_result_tests::sum_combines_saveable_wounds ... ok
Dec 01 01:17:33.931 INFO [stdout] test core_rules::attack_result::attack_result_tests::sum_sums_mortal_wounds ... ok
Dec 01 01:17:33.931 INFO [stdout] test core_rules::combat_result::combat_result_tests::combat_result_sum ... ok
Dec 01 01:17:33.931 INFO [stdout] test core_rules::model::model::model_tests::attack_only_uses_weapons_in_range ... ok
Dec 01 01:17:33.931 INFO [stdout] test core_rules::model::model::model_tests::attack_uses_all_weapons_in_range ... ok
Dec 01 01:17:33.931 INFO [stdout] test core_rules::model::model::model_tests::is_alive_returns_false_for_a_model_with_zero_health ... ok
Dec 01 01:17:33.931 INFO [stdout] test core_rules::model::model::model_tests::is_alive_returns_true_for_a_model_at_full_health ... ok
Dec 01 01:17:33.931 INFO [stdout] test core_rules::attack::attack_tests::attack_uses_automatic_damage_callback ... ok
Dec 01 01:17:33.931 INFO [stdout] test core_rules::model::model::model_tests::is_alive_returns_true_for_a_wounded_model ... ok
Dec 01 01:17:33.931 INFO [stdout] test core_rules::attack::attack_tests::attack_natural_six_to_hit_always_succeeds ... ok
Dec 01 01:17:33.931 INFO [stdout] test core_rules::model::model::model_tests::model_at_half_health_has_model_status_Wounded ... ok
Dec 01 01:17:33.931 INFO [stdout] test core_rules::attack::attack_tests::attack_natural_six_to_wound_always_succeeds ... ok
Dec 01 01:17:33.931 INFO [stdout] test core_rules::attack::attack_tests::attack_uses_conditional_damage_overrides ... ok
Dec 01 01:17:33.931 INFO [stdout] test core_rules::model::model::model_tests::model_at_zero_health_has_model_status_Dead ... ok
Dec 01 01:17:33.943 INFO [stdout] test core_rules::model::model::model_tests::model_at_full_health_has_model_status_FullHealth ... ok
Dec 01 01:17:33.951 INFO [stdout] test core_rules::model::model_properties::model_properties_tests::heal_restore_health_to_a_dead_model ... ok
Dec 01 01:17:33.951 INFO [stdout] test core_rules::model::model_properties::model_properties_tests::heal_restores_an_amount_of_health_less_than_maximum ... ok
Dec 01 01:17:33.959 INFO [stdout] test core_rules::model::model_properties::model_properties_tests::model_at_zero_health_has_model_status_Dead ... ok
Dec 01 01:17:33.959 INFO [stdout] test core_rules::save::save_tests::save_can_fail_on_reroll ... ok
Dec 01 01:17:33.975 INFO [stdout] test core_rules::model::model_properties::model_properties_tests::model_at_full_health_has_model_status_FullHealth ... ok
Dec 01 01:17:33.975 INFO [stdout] test core_rules::model::model_properties::model_properties_tests::model_at_half_health_has_model_status_Wounded ... ok
Dec 01 01:17:33.975 INFO [stdout] test core_rules::model::model_properties::model_properties_tests::heal_cannot_bring_a_model_beyond_its_maximum_health ... ok
Dec 01 01:17:33.975 INFO [stdout] test core_rules::save::save_tests::save_fails_on_natural_one ... ok
Dec 01 01:17:33.983 INFO [stdout] test core_rules::save::save_tests::save_can_succeed_on_reroll ... ok
Dec 01 01:17:33.983 INFO [stdout] test core_rules::save::save_tests::save_fails_due_to_rend ... ok
Dec 01 01:17:33.983 INFO [stdout] test core_rules::save::save_tests::save_succeeds_if_roll_exceeds_save ... ok
Dec 01 01:17:33.995 INFO [stdout] test core_rules::save::save_tests::save_fails_if_roll_too_low ... ok
Dec 01 01:17:34.003 INFO [stdout] test core_rules::unit::unit::unit_tests::battleshock_on_dead_unit ... ok
Dec 01 01:17:34.003 INFO [stdout] test core_rules::save::save_tests::save_succeeds_if_roll_equals_save ... ok
Dec 01 01:17:34.003 INFO [stdout] test core_rules::unit::unit::unit_tests::battleshock_fatal ... ok
Dec 01 01:17:34.003 INFO [stdout] test core_rules::unit::unit::unit_tests::battleshock_barely ... ok
Dec 01 01:17:34.007 INFO [stdout] test core_rules::unit::unit::unit_tests::move_modifiers_are_applied ... ok
Dec 01 01:17:34.007 INFO [stdout] test core_rules::unit::unit::unit_tests::battleshock_successfully ... ok
Dec 01 01:17:34.007 INFO [stdout] test core_rules::unit::unit::unit_tests::battleshock_unsuccessfully ... ok
Dec 01 01:17:34.095 INFO [stdout] test core_rules::model::model::model_tests::model_start_of_combat_callbacks_get_called ... ok
Dec 01 01:17:34.095 INFO [stdout] test core_rules::model::model::model_tests::model_end_of_turn_callbacks_get_called ... ok
Dec 01 01:17:34.095 INFO [stdout] test core_rules::model::model::model_tests::model_start_of_turn_callbacks_get_called ... ok
Dec 01 01:17:34.096 INFO [stdout] test core_rules::unit::unit::unit_tests::unit_end_of_combat_callbacks_get_called ... ok
Dec 01 01:17:34.096 INFO [stdout] test core_rules::weapon::weapon::weapon_tests::attack_uses_reroll_to_hit_triggers ... ok
Dec 01 01:17:34.096 INFO [stdout] test core_rules::unit::unit::unit_tests::unit_start_of_combat_callbacks_get_called ... ok
Dec 01 01:17:34.096 INFO [stdout] test core_rules::unit::unit::unit_tests::unit_start_of_turn_callbacks_get_called ... ok
Dec 01 01:17:34.096 INFO [stdout] test core_rules::weapon::weapon::weapon_tests::attack_uses_bonus_attacks ... ok
Dec 01 01:17:34.096 INFO [stdout] test core_rules::unit::unit::unit_tests::unit_end_of_turn_callbacks_get_called ... ok
Dec 01 01:17:34.096 INFO [stdout] test core_rules::weapon::weapon::weapon_tests::attack_uses_reroll_to_wound_triggers ... ok
Dec 01 01:17:34.096 INFO [stdout] test core_rules::model::model::model_tests::model_end_of_combat_callbacks_get_called ... ok
Dec 01 01:17:34.096 INFO [stdout] test core_rules::weapon::weapon::weapon_tests::attack_uses_num_attacks_modifiers ... ok
Dec 01 01:17:34.103 INFO [stdout] test core_rules::weapon::weapon::weapon_tests::to_hit_is_modified_by_components ... ok
Dec 01 01:17:34.103 INFO [stdout] test core_rules::weapon::weapon::weapon_tests::to_wound_is_modified_by_components ... ok
Dec 01 01:17:34.103 INFO [stdout] test core_rules::weapon::weapon::weapon_tests::attack_uses_to_wound_modifiers ... ok
Dec 01 01:17:34.103 INFO [stdout] test core_rules::weapon::weapon::weapon_tests::rend_is_modified_by_components ... ok
Dec 01 01:17:34.103 INFO [stdout] test core_rules::weapon::weapon::weapon_tests::num_attacks_is_modified_by_components ... ok
Dec 01 01:17:34.103 INFO [stdout] test core_rules::weapon::weapon::weapon_tests::num_attacks_can_be_random ... ok
Dec 01 01:17:34.103 INFO [stdout] test core_rules::weapon::weapon::weapon_tests::attack_uses_to_hit_modifiers ... ok
Dec 01 01:17:34.103 INFO [stdout] test core_rules::weapon::weapon::weapon_tests::attack_uses_to_hit_override ... ok
Dec 01 01:17:34.107 INFO [stdout] test core_rules::weapon::weapon::weapon_tests::weapon_end_of_turn_callbacks_get_called ... ok
Dec 01 01:17:34.107 INFO [stdout] test core_rules::weapon::weapon::weapon_tests::weapon_start_of_combat_callbacks_get_called ... ok
Dec 01 01:17:34.111 INFO [stdout] test core_rules::weapon::weapon::weapon_tests::weapon_end_of_combat_callbacks_get_called ... ok
Dec 01 01:17:34.111 INFO [stdout] test core_rules::weapon::weapon::weapon_tests::weapon_start_of_turn_callbacks_get_called ... ok
Dec 01 01:17:34.111 INFO [stdout] 
Dec 01 01:17:34.111 INFO [stdout] test result: ok. 74 passed; 0 failed; 0 ignored; 0 measured; 0 filtered out
Dec 01 01:17:34.111 INFO [stdout] 
Dec 01 01:17:34.115 INFO [stderr]      Running /target/debug/deps/main-cd64b1264f30e483
Dec 01 01:17:34.120 INFO [stdout] 
Dec 01 01:17:34.121 INFO [stdout] running 0 tests
Dec 01 01:17:34.121 INFO [stdout] 
Dec 01 01:17:34.121 INFO [stdout] test result: ok. 0 passed; 0 failed; 0 ignored; 0 measured; 0 filtered out
Dec 01 01:17:34.121 INFO [stdout] 
Dec 01 01:17:34.121 INFO [stderr]      Running /target/debug/deps/mod-68387de0c780ccd9
Dec 01 01:17:34.124 INFO [stdout] 
Dec 01 01:17:34.124 INFO [stdout] running 62 tests
Dec 01 01:17:51.019 INFO [stdout] test death::coven_throne_tests::coven_throne_mortal_save ... ok
Dec 01 01:17:56.253 INFO [stdout] test death::coven_throne_tests::coven_throne_standard_save ... FAILED
Dec 01 01:17:58.692 INFO [stdout] test death::morghast_archai_tests::morghast_archai_attack ... ok
Dec 01 01:17:59.923 INFO [stdout] test death::coven_throne_tests::coven_throne_at_full_health_attack ... ok
Dec 01 01:18:00.888 INFO [stdout] test death::coven_throne_tests::coven_throne_moderately_injured_attack ... ok
Dec 01 01:18:03.830 INFO [stdout] test death::coven_throne_tests::coven_throne_near_death_attack ... ok
Dec 01 01:18:04.115 INFO [stdout] test death::vampire_lord_on_zombie_dragon_tests::vampire_lord_on_zombie_dragon_has_vampiric_regeneration ... ok
Dec 01 01:18:06.439 INFO [stdout] test death::coven_throne_tests::coven_throne_severely_injured_attack ... ok
Dec 01 01:18:06.931 INFO [stdout] test death::coven_throne_tests::coven_throne_lightly_injured_attack ... ok
Dec 01 01:18:07.691 INFO [stdout] test death::morghast_archai_tests::morghast_archai_mortal_save ... ok
Dec 01 01:18:08.739 INFO [stdout] test death::morghast_archai_tests::morghast_archai_standard_save ... ok
Dec 01 01:18:15.664 INFO [stdout] test death::morghast_harbingers_tests::morghast_harbingers_standard_save ... ok
Dec 01 01:18:17.483 INFO [stdout] test death::morghast_harbingers_tests::morghast_harbingers_mortal_save ... ok
Dec 01 01:18:18.407 INFO [stdout] test death::vampire_lord_on_zombie_dragon_tests::vampire_lord_on_zombie_dragon_with_deathlance_mortal_save ... ok
Dec 01 01:18:21.360 INFO [stdout] test death::vampire_lord_on_zombie_dragon_tests::vampire_lord_on_zombie_dragon_with_deathlance_moderately_injured_attack ... ok
Dec 01 01:18:22.244 INFO [stdout] test death::morghast_harbingers_tests::morghast_harbingers_attack ... ok
Dec 01 01:18:23.263 INFO [stdout] test death::vampire_lord_on_zombie_dragon_tests::vampire_lord_on_zombie_dragon_with_deathlance_lightly_injured_attack ... ok
Dec 01 01:18:24.207 INFO [stdout] test death::vampire_lord_on_zombie_dragon_tests::vampire_lord_on_zombie_dragon_with_deathlance_near_death_attack ... ok
Dec 01 01:18:28.587 INFO [stdout] test death::vampire_lord_on_zombie_dragon_tests::vampire_lord_on_zombie_dragon_with_deathlance_at_full_health_attack ... ok
Dec 01 01:18:34.255 INFO [stdout] test death::vampire_lord_on_zombie_dragon_tests::vampire_lord_on_zombie_dragon_with_deathlance_on_the_charge_moderately_injured_attack ... ok
Dec 01 01:18:35.815 INFO [stdout] test death::vampire_lord_on_zombie_dragon_tests::vampire_lord_on_zombie_dragon_with_deathlance_standard_save ... ok
Dec 01 01:18:37.275 INFO [stdout] test death::vampire_lord_on_zombie_dragon_tests::vampire_lord_on_zombie_dragon_with_deathlance_on_the_charge_near_death_attack ... ok
Dec 01 01:18:39.316 INFO [stdout] test death::vampire_lord_on_zombie_dragon_tests::vampire_lord_on_zombie_dragon_with_deathlance_on_the_charge_at_full_health_attack ... ok
Dec 01 01:18:39.511 INFO [stdout] test death::vampire_lord_on_zombie_dragon_tests::vampire_lord_on_zombie_dragon_with_deathlance_on_the_charge_lightly_injured_attack ... ok
Dec 01 01:18:43.915 INFO [stdout] test death::vampire_lord_on_zombie_dragon_tests::vampire_lord_on_zombie_dragon_with_deathlance_on_the_charge_severely_injured_attack ... ok
Dec 01 01:18:43.919 INFO [stdout] test death::vampire_lord_on_zombie_dragon_tests::vampire_lord_on_zombie_dragon_with_deathlance_severely_injured_attack ... ok
Dec 01 01:18:44.303 INFO [stdout] test death::vampire_lord_tests::vampire_lord_has_vampiric_regeneration ... ok
Dec 01 01:18:47.735 INFO [stdout] test death::vampire_lord_on_zombie_dragon_tests::vampire_lord_on_zombie_dragon_with_sword_and_shield_mortal_save ... ok
Dec 01 01:18:50.915 INFO [stdout] test death::vampire_lord_on_zombie_dragon_tests::vampire_lord_on_zombie_dragon_with_sword_and_shield_at_full_health_attack ... ok
Dec 01 01:18:56.675 INFO [stdout] test death::vampire_lord_on_zombie_dragon_tests::vampire_lord_on_zombie_dragon_with_sword_and_shield_near_death_attack ... ok
Dec 01 01:18:56.737 INFO [stdout] test death::vampire_lord_on_zombie_dragon_tests::vampire_lord_on_zombie_dragon_with_sword_and_shield_standard_save ... ok
Dec 01 01:18:58.924 INFO [stdout] test death::vampire_lord_on_zombie_dragon_tests::vampire_lord_on_zombie_dragon_with_sword_and_shield_moderately_injured_attack ... ok
Dec 01 01:19:00.647 INFO [stdout] test death::vampire_lord_tests::vampire_lord_standard_save ... ok
Dec 01 01:19:00.883 INFO [stdout] test death::vampire_lord_on_zombie_dragon_tests::vampire_lord_on_zombie_dragon_with_sword_and_shield_severely_injured_attack ... ok
Dec 01 01:19:01.359 INFO [stdout] test death::vampire_lord_tests::vampire_lord_mortal_save ... ok
Dec 01 01:19:01.943 INFO [stdout] test death::vampire_lord_on_zombie_dragon_tests::vampire_lord_on_zombie_dragon_with_sword_and_shield_lightly_injured_attack ... ok
Dec 01 01:19:10.023 INFO [stdout] test death::vampire_lord_tests::vampire_lord_with_mount_attack ... ok
Dec 01 01:19:12.387 INFO [stdout] test death::vampire_lord_tests::vampire_lord_with_wings_attack ... ok
Dec 01 01:19:13.231 INFO [stdout] test death::vampire_lord_tests::vampire_lord_with_no_upgrades_attack ... ok
Dec 01 01:19:15.543 INFO [stdout] test ironjawz::megaboss_on_maw_krusha_tests::megaboss_on_maw_krusha_with_boss_gore_hacka_and_scrap_tooth_mortal_save ... ok
Dec 01 01:19:17.403 INFO [stdout] test ironjawz::megaboss_on_maw_krusha_tests::megaboss_on_maw_krusha_with_boss_gore_hacka_and_scrap_tooth_moderately_injured_attack ... ok
Dec 01 01:19:19.926 INFO [stdout] test ironjawz::megaboss_on_maw_krusha_tests::megaboss_on_maw_krusha_with_boss_gore_hacka_and_scrap_tooth_near_death_attack ... ok
Dec 01 01:19:21.775 INFO [stdout] test ironjawz::megaboss_on_maw_krusha_tests::megaboss_on_maw_krusha_with_boss_gore_hacka_and_scrap_tooth_lightly_injured_attack ... ok
Dec 01 01:19:22.591 INFO [stdout] test ironjawz::megaboss_on_maw_krusha_tests::megaboss_on_maw_krusha_with_boss_gore_hacka_and_scrap_tooth_at_full_health_attack ... ok
Dec 01 01:19:22.671 INFO [stdout] test ironjawz::megaboss_on_maw_krusha_tests::megaboss_on_maw_krusha_with_boss_gore_hacka_and_scrap_tooth_standard_save ... ok
Dec 01 01:19:25.847 INFO [stdout] test ironjawz::megaboss_on_maw_krusha_tests::megaboss_on_maw_krusha_with_boss_gore_hacka_and_scrap_tooth_severely_injured_attack ... ok
Dec 01 01:19:29.819 INFO [stdout] test ironjawz::megaboss_on_maw_krusha_tests::megaboss_on_maw_krusha_with_choppa_and_rip_tooth_mortal_save ... ok
Dec 01 01:19:34.750 INFO [stdout] test ironjawz::megaboss_on_maw_krusha_tests::megaboss_on_maw_krusha_with_choppa_and_rip_tooth_standard_save ... ok
Dec 01 01:19:38.667 INFO [stdout] test ironjawz::megaboss_on_maw_krusha_tests::megaboss_on_maw_krusha_with_choppa_and_rip_tooth_at_full_health_attack ... ok
Dec 01 01:19:41.539 INFO [stdout] test ironjawz::megaboss_on_maw_krusha_tests::megaboss_on_maw_krusha_with_choppa_and_rip_tooth_lightly_injured_attack ... ok
Dec 01 01:19:42.239 INFO [stdout] test ironjawz::megaboss_on_maw_krusha_tests::megaboss_on_maw_krusha_with_choppa_and_rip_tooth_moderately_injured_attack ... ok
Dec 01 01:19:50.911 INFO [stdout] test ironjawz::megaboss_on_maw_krusha_tests::megaboss_on_maw_krusha_with_choppa_and_rip_tooth_near_death_attack ... ok
Dec 01 01:19:51.487 INFO [stdout] test ironjawz::megaboss_on_maw_krusha_tests::megaboss_on_maw_krusha_with_choppa_and_rip_tooth_severely_injured_attack ... ok
Dec 01 01:19:52.367 INFO [stdout] test ironjawz::orruk_megaboss_tests::orruk_megaboss_mortal_save ... ok
Dec 01 01:19:54.696 INFO [stdout] test ironjawz::orruk_megaboss_tests::orruk_megaboss_attack ... ok
Dec 01 01:19:55.335 INFO [stdout] test ironjawz::orruk_megaboss_tests::orruk_megaboss_standard_save ... ok
Dec 01 01:19:56.407 INFO [stdout] test ironjawz::orruk_warchanter_tests::orruk_warchanter_save ... ok
Dec 01 01:19:58.107 INFO [stdout] test ironjawz::orruk_warchanter_tests::orruk_warchanter_mortal_save ... ok
Dec 01 01:19:59.699 INFO [stdout] test ironjawz::orruk_warchanter_tests::orruk_warchanter_attack ... ok
Dec 01 01:20:01.387 INFO [stdout] test ironjawz::orruk_weirdnob_shaman_tests::orruk_weirdnob_shaman_mortal_save ... ok
Dec 01 01:20:02.399 INFO [stdout] test ironjawz::orruk_weirdnob_shaman_tests::orruk_weirdnob_shaman_save ... ok
Dec 01 01:20:03.663 INFO [stdout] test ironjawz::orruk_weirdnob_shaman_tests::orruk_weirdnob_shaman_attack ... ok
Dec 01 01:20:03.663 INFO [stderr] error: test failed, to rerun pass '--test mod'
Dec 01 01:20:03.664 INFO [stdout] 
Dec 01 01:20:03.664 INFO [stderr] su: No module specific data is present
Dec 01 01:20:03.664 INFO [stdout] failures:
Dec 01 01:20:03.665 INFO [stdout] 
Dec 01 01:20:03.665 INFO [stdout] ---- death::coven_throne_tests::coven_throne_standard_save stdout ----
Dec 01 01:20:03.665 INFO [stdout] expected: 0.4167
Dec 01 01:20:03.665 INFO [stdout] actual: 0.4274
Dec 01 01:20:03.666 INFO [stdout] thread 'death::coven_throne_tests::coven_throne_standard_save' panicked at 'assertion failed: (average_unsaved_wounds - expected_unsaved_wounds).abs() <
Dec 01 01:20:03.666 INFO [stdout]     common::SAVE_EPSILON', tests/death/coven_throne_tests.rs:187:5
Dec 01 01:20:03.666 INFO [stdout] stack backtrace:
Dec 01 01:20:03.667 INFO [stdout]    0:     0x5581c2bc784e - std::sys::unix::backtrace::tracing::imp::unwind_backtrace::h15749a98198ba25f
Dec 01 01:20:03.667 INFO [stdout]                                at libstd/sys/unix/backtrace/tracing/gcc_s.rs:49
Dec 01 01:20:03.667 INFO [stdout]    1:     0x5581c2bba9f6 - std::sys_common::backtrace::print::h0ba65c811294dbf0
Dec 01 01:20:03.667 INFO [stdout]                                at libstd/sys_common/backtrace.rs:71
Dec 01 01:20:03.668 INFO [stdout]                                at libstd/sys_common/backtrace.rs:59
Dec 01 01:20:03.668 INFO [stdout]    2:     0x5581c2bb8e1d - std::panicking::default_hook::{{closure}}::h42bb31757f0fee64
Dec 01 01:20:03.668 INFO [stdout]                                at libstd/panicking.rs:211
Dec 01 01:20:03.668 INFO [stdout]    3:     0x5581c2bb8b2b - std::panicking::default_hook::hebc8848d7aa7dbd9
Dec 01 01:20:03.669 INFO [stdout]                                at libstd/panicking.rs:221
Dec 01 01:20:03.669 INFO [stdout]    4:     0x5581c2bb94cc - std::panicking::rust_panic_with_hook::h86e619a638415243
Dec 01 01:20:03.669 INFO [stdout]                                at libstd/panicking.rs:477
Dec 01 01:20:03.669 INFO [stdout]    5:     0x5581c2a8187f - std::panicking::begin_panic::h73e24210e4e8ac36
Dec 01 01:20:03.670 INFO [stdout]                                at libstd/panicking.rs:411
Dec 01 01:20:03.670 INFO [stdout]    6:     0x5581c29eb435 - mod::death::coven_throne_tests::coven_throne_standard_save::hbe054f967c13d59f
Dec 01 01:20:03.670 INFO [stdout]                                at tests/death/coven_throne_tests.rs:187
Dec 01 01:20:03.671 INFO [stdout]    7:     0x5581c29eaf79 - mod::death::coven_throne_tests::coven_throne_standard_save::{{closure}}::hecee17d8f612a2e8
Dec 01 01:20:03.671 INFO [stdout]                                at tests/death/coven_throne_tests.rs:157
Dec 01 01:20:03.671 INFO [stdout]    8:     0x5581c29e812d - core::ops::function::FnOnce::call_once::h963def68a31a598b
Dec 01 01:20:03.671 INFO [stdout]                                at libcore/ops/function.rs:238
Dec 01 01:20:03.672 INFO [stdout]    9:     0x5581c29f476e - <F as alloc::boxed::FnBox<A>>::call_box::hbea525814fa423cc
Dec 01 01:20:03.672 INFO [stdout]                                at libtest/lib.rs:1461
Dec 01 01:20:03.672 INFO [stdout]                                at libcore/ops/function.rs:238
Dec 01 01:20:03.673 INFO [stdout]                                at liballoc/boxed.rs:646
Dec 01 01:20:03.673 INFO [stdout]   10:     0x5581c2bd66b9 - __rust_maybe_catch_panic
Dec 01 01:20:03.673 INFO [stdout]                                at libpanic_unwind/lib.rs:103
Dec 01 01:20:03.674 INFO [stdout]   11:     0x5581c2a000cd - std::sys_common::backtrace::__rust_begin_short_backtrace::h0ff507d7422944d3
Dec 01 01:20:03.674 INFO [stdout]                                at libstd/panicking.rs:289
Dec 01 01:20:03.674 INFO [stdout]                                at libstd/panic.rs:392
Dec 01 01:20:03.675 INFO [stdout]                                at libtest/lib.rs:1416
Dec 01 01:20:03.675 INFO [stdout]                                at libstd/sys_common/backtrace.rs:136
Dec 01 01:20:03.675 INFO [stdout]   12:     0x5581c2a18704 - std::panicking::try::do_call::hba0bdcc3670471cc
Dec 01 01:20:03.675 INFO [stdout]                                at libstd/thread/mod.rs:409
Dec 01 01:20:03.676 INFO [stdout]                                at libstd/panic.rs:313
Dec 01 01:20:03.676 INFO [stdout]                                at libstd/panicking.rs:310
Dec 01 01:20:03.676 INFO [stdout]   13:     0x5581c2bd66b9 - __rust_maybe_catch_panic
Dec 01 01:20:03.677 INFO [stdout]                                at libpanic_unwind/lib.rs:103
Dec 01 01:20:03.677 INFO [stdout]   14:     0x5581c2a08fd6 - <F as alloc::boxed::FnBox<A>>::call_box::hdac52587b00591af
Dec 01 01:20:03.677 INFO [stdout]                                at libstd/panicking.rs:289
Dec 01 01:20:03.678 INFO [stdout]                                at libstd/panic.rs:392
Dec 01 01:20:03.678 INFO [stdout]                                at libstd/thread/mod.rs:408
Dec 01 01:20:03.678 INFO [stdout]                                at liballoc/boxed.rs:646
Dec 01 01:20:03.683 INFO [stdout]   15:     0x5581c2bc915a - std::sys_common::thread::start_thread::h75d887c7d2cc4479
Dec 01 01:20:03.683 INFO [stdout]                                at liballoc/boxed.rs:656
Dec 01 01:20:03.683 INFO [stdout]                                at libstd/sys_common/thread.rs:24
Dec 01 01:20:03.684 INFO [stdout]   16:     0x5581c2bb9c35 - std::sys::unix::thread::Thread::new::thread_start::h8414caee632bf9ed
Dec 01 01:20:03.684 INFO [stdout]                                at libstd/sys/unix/thread.rs:90
Dec 01 01:20:03.684 INFO [stdout]   17:     0x7ffb306136b9 - start_thread
Dec 01 01:20:03.684 INFO [stdout]   18:     0x7ffb3013341c - clone
Dec 01 01:20:03.685 INFO [stdout]   19:                0x0 - <unknown>
Dec 01 01:20:03.685 INFO [stdout] 
Dec 01 01:20:03.685 INFO [stdout] 
Dec 01 01:20:03.685 INFO [stdout] failures:
Dec 01 01:20:03.686 INFO [stdout]     death::coven_throne_tests::coven_throne_standard_save
Dec 01 01:20:03.686 INFO [stdout] 
Dec 01 01:20:03.686 INFO [stdout] test result: FAILED. 61 passed; 1 failed; 0 ignored; 0 measured; 0 filtered out
Dec 01 01:20:03.687 INFO [stdout] 
Dec 01 01:20:04.290 INFO running `"docker" "inspect" "8ad3929954525911b68ea407e78c061f536e2908fe4b21e7e5e5c1bc88959377"`
Dec 01 01:20:04.665 INFO running `"docker" "rm" "-f" "8ad3929954525911b68ea407e78c061f536e2908fe4b21e7e5e5c1bc88959377"`
Dec 01 01:20:04.982 INFO [stdout] 8ad3929954525911b68ea407e78c061f536e2908fe4b21e7e5e5c1bc88959377
