Dec 01 17:09:35.703 INFO testing fromheten/plato against 1.30.1 for beta-1.31-5
Dec 01 17:09:35.703 INFO running `"docker" "create" "-v" "/mnt/big/crater/work/local/target-dirs/beta-1.31-5/worker-3/1.30.1:/target:rw,Z" "-v" "/mnt/big/crater/work/local/test-source/worker-3/beta-1.31-5/1.30.1:/source:ro,Z" "-v" "/mnt/big/crater/work/local/cargo-home:/cargo-home:ro,Z" "-v" "/mnt/big/crater/work/local/rustup-home:/rustup-home:ro,Z" "-e" "USER_ID=1000" "-e" "SOURCE_DIR=/source" "-e" "USER_ID=1000" "-e" "CMD=cargo +1.30.1 build --frozen" "-e" "CARGO_TARGET_DIR=/target" "-e" "CARGO_INCREMENTAL=0" "-e" "RUST_BACKTRACE=full" "-e" "RUSTFLAGS=--cap-lints=warn" "-e" "CARGO_HOME=/cargo-home" "-e" "RUSTUP_HOME=/rustup-home" "-m" "1536M" "--network" "none" "crater"`
Dec 01 17:09:35.881 INFO [stdout] 30440ebfb53319ca7d2b8e1113a66cf81321b8f70a6caa7c3d1eafb9a8c3c255
Dec 01 17:09:35.884 INFO running `"docker" "start" "-a" "30440ebfb53319ca7d2b8e1113a66cf81321b8f70a6caa7c3d1eafb9a8c3c255"`
Dec 01 17:09:36.359 INFO [stderr] usermod: no changes
Dec 01 17:09:36.451 INFO [stderr]    Compiling rpds v0.3.0
Dec 01 17:09:36.451 INFO [stderr]    Compiling sha3 v0.7.2
Dec 01 17:09:38.059 INFO [stderr]    Compiling plato v0.1.0 (/source)
Dec 01 17:09:38.907 INFO [stderr] warning: function is never used: `type_of`
Dec 01 17:09:38.907 INFO [stderr]    --> src/main.rs:562:1
Dec 01 17:09:38.907 INFO [stderr]     |
Dec 01 17:09:38.907 INFO [stderr] 562 | fn type_of(expression: &Expression) -> &str {
Dec 01 17:09:38.907 INFO [stderr]     | ^^^^^^^^^^^^^^^^^^^^^^^^^^^^^^^^^^^^^^^^^^^
Dec 01 17:09:38.907 INFO [stderr]     |
Dec 01 17:09:38.907 INFO [stderr]     = note: #[warn(dead_code)] on by default
Dec 01 17:09:38.907 INFO [stderr] 
Dec 01 17:09:38.907 INFO [stderr] warning: function is never used: `evaluate`
Dec 01 17:09:38.907 INFO [stderr]    --> src/main.rs:572:1
Dec 01 17:09:38.907 INFO [stderr]     |
Dec 01 17:09:38.907 INFO [stderr] 572 | fn evaluate(expression_given: Expression, context_given: Expression) -> Option<Expression> {
Dec 01 17:09:38.907 INFO [stderr]     | ^^^^^^^^^^^^^^^^^^^^^^^^^^^^^^^^^^^^^^^^^^^^^^^^^^^^^^^^^^^^^^^^^^^^^^^^^^^^^^^^^^^^^^^^^^
Dec 01 17:09:38.908 INFO [stderr] 
Dec 01 17:09:38.908 INFO [stderr] warning: function is never used: `given_arguments`
Dec 01 17:09:38.908 INFO [stderr]    --> src/main.rs:663:1
Dec 01 17:09:38.908 INFO [stderr]     |
Dec 01 17:09:38.908 INFO [stderr] 663 | fn given_arguments(lambda_call_expression: &Expression) -> Result<Expression, String> {
Dec 01 17:09:38.908 INFO [stderr]     | ^^^^^^^^^^^^^^^^^^^^^^^^^^^^^^^^^^^^^^^^^^^^^^^^^^^^^^^^^^^^^^^^^^^^^^^^^^^^^^^^^^^^^
Dec 01 17:09:38.908 INFO [stderr] 
Dec 01 17:09:38.908 INFO [stderr] warning: function is never used: `lambda_args`
Dec 01 17:09:38.908 INFO [stderr]    --> src/main.rs:667:1
Dec 01 17:09:38.908 INFO [stderr]     |
Dec 01 17:09:38.908 INFO [stderr] 667 | fn lambda_args(lambda_call_expression: &Expression) -> Result<Expression, String> {
Dec 01 17:09:38.908 INFO [stderr]     | ^^^^^^^^^^^^^^^^^^^^^^^^^^^^^^^^^^^^^^^^^^^^^^^^^^^^^^^^^^^^^^^^^^^^^^^^^^^^^^^^^
Dec 01 17:09:38.908 INFO [stderr] 
Dec 01 17:09:38.908 INFO [stderr] warning: function is never used: `lambda_body`
Dec 01 17:09:38.908 INFO [stderr]    --> src/main.rs:671:1
Dec 01 17:09:38.908 INFO [stderr]     |
Dec 01 17:09:38.908 INFO [stderr] 671 | fn lambda_body(lambda_call_expression: &Expression) -> Result<Expression, String> {
Dec 01 17:09:38.908 INFO [stderr]     | ^^^^^^^^^^^^^^^^^^^^^^^^^^^^^^^^^^^^^^^^^^^^^^^^^^^^^^^^^^^^^^^^^^^^^^^^^^^^^^^^^
Dec 01 17:09:38.908 INFO [stderr] 
Dec 01 17:09:38.908 INFO [stderr] warning: function is never used: `rest_no_evaluate`
Dec 01 17:09:38.908 INFO [stderr]    --> src/main.rs:675:1
Dec 01 17:09:38.908 INFO [stderr]     |
Dec 01 17:09:38.908 INFO [stderr] 675 | fn rest_no_evaluate(e: Expression) -> Result<Expression, String> {
Dec 01 17:09:38.908 INFO [stderr]     | ^^^^^^^^^^^^^^^^^^^^^^^^^^^^^^^^^^^^^^^^^^^^^^^^^^^^^^^^^^^^^^^^
Dec 01 17:09:38.908 INFO [stderr] 
Dec 01 17:09:38.908 INFO [stderr] warning: function is never used: `rest`
Dec 01 17:09:38.908 INFO [stderr]    --> src/main.rs:692:1
Dec 01 17:09:38.908 INFO [stderr]     |
Dec 01 17:09:38.908 INFO [stderr] 692 | fn rest(e: Expression, context: Expression) -> Result<Expression, String> {
Dec 01 17:09:38.908 INFO [stderr]     | ^^^^^^^^^^^^^^^^^^^^^^^^^^^^^^^^^^^^^^^^^^^^^^^^^^^^^^^^^^^^^^^^^^^^^^^^^
Dec 01 17:09:38.908 INFO [stderr] 
Dec 01 17:09:38.908 INFO [stderr] warning: function is never used: `zipmap`
Dec 01 17:09:38.908 INFO [stderr]    --> src/main.rs:719:1
Dec 01 17:09:38.908 INFO [stderr]     |
Dec 01 17:09:38.908 INFO [stderr] 719 | fn zipmap(vec0: Expression, vec1: Expression) -> Result<Expression, String> {
Dec 01 17:09:38.908 INFO [stderr]     | ^^^^^^^^^^^^^^^^^^^^^^^^^^^^^^^^^^^^^^^^^^^^^^^^^^^^^^^^^^^^^^^^^^^^^^^^^^^
Dec 01 17:09:38.908 INFO [stderr] 
Dec 01 17:09:38.908 INFO [stderr] warning: function is never used: `nth_vector`
Dec 01 17:09:38.908 INFO [stderr]    --> src/main.rs:744:1
Dec 01 17:09:38.909 INFO [stderr]     |
Dec 01 17:09:38.909 INFO [stderr] 744 | fn nth_vector(e: Expression, n: usize) -> Result<Expression, String> {
Dec 01 17:09:38.909 INFO [stderr]     | ^^^^^^^^^^^^^^^^^^^^^^^^^^^^^^^^^^^^^^^^^^^^^^^^^^^^^^^^^^^^^^^^^^^^
Dec 01 17:09:38.909 INFO [stderr] 
Dec 01 17:09:38.909 INFO [stderr] warning: function is never used: `eval_test`
Dec 01 17:09:38.909 INFO [stderr]    --> src/main.rs:751:1
Dec 01 17:09:38.909 INFO [stderr]     |
Dec 01 17:09:38.909 INFO [stderr] 751 | fn eval_test(source_str: &str, context_source: &str, expectation: &str) {
Dec 01 17:09:38.909 INFO [stderr]     | ^^^^^^^^^^^^^^^^^^^^^^^^^^^^^^^^^^^^^^^^^^^^^^^^^^^^^^^^^^^^^^^^^^^^^^^
Dec 01 17:09:38.909 INFO [stderr] 
Dec 01 17:09:38.909 INFO [stderr] warning: function is never used: `id`
Dec 01 17:09:38.909 INFO [stderr]    --> src/main.rs:859:1
Dec 01 17:09:38.909 INFO [stderr]     |
Dec 01 17:09:38.909 INFO [stderr] 859 | fn id(expression: &Expression) -> String {
Dec 01 17:09:38.909 INFO [stderr]     | ^^^^^^^^^^^^^^^^^^^^^^^^^^^^^^^^^^^^^^^^
Dec 01 17:09:38.909 INFO [stderr] 
Dec 01 17:09:40.357 INFO [stderr]     Finished dev [unoptimized + debuginfo] target(s) in 3.97s
Dec 01 17:09:40.361 INFO [stderr] su: No module specific data is present
Dec 01 17:09:40.831 INFO running `"docker" "inspect" "30440ebfb53319ca7d2b8e1113a66cf81321b8f70a6caa7c3d1eafb9a8c3c255"`
Dec 01 17:09:40.896 INFO running `"docker" "rm" "-f" "30440ebfb53319ca7d2b8e1113a66cf81321b8f70a6caa7c3d1eafb9a8c3c255"`
Dec 01 17:09:40.974 INFO [stdout] 30440ebfb53319ca7d2b8e1113a66cf81321b8f70a6caa7c3d1eafb9a8c3c255
Dec 01 17:09:40.976 INFO running `"docker" "create" "-v" "/mnt/big/crater/work/local/target-dirs/beta-1.31-5/worker-3/1.30.1:/target:rw,Z" "-v" "/mnt/big/crater/work/local/test-source/worker-3/beta-1.31-5/1.30.1:/source:ro,Z" "-v" "/mnt/big/crater/work/local/cargo-home:/cargo-home:ro,Z" "-v" "/mnt/big/crater/work/local/rustup-home:/rustup-home:ro,Z" "-e" "USER_ID=1000" "-e" "SOURCE_DIR=/source" "-e" "USER_ID=1000" "-e" "CMD=cargo +1.30.1 test --frozen --no-run" "-e" "CARGO_TARGET_DIR=/target" "-e" "CARGO_INCREMENTAL=0" "-e" "RUST_BACKTRACE=full" "-e" "RUSTFLAGS=--cap-lints=warn" "-e" "CARGO_HOME=/cargo-home" "-e" "RUSTUP_HOME=/rustup-home" "-m" "1536M" "--network" "none" "crater"`
Dec 01 17:09:41.151 INFO [stdout] 4150045e798d9a22d545ca8c91603152ef2efc20fe0711a2ab0571d7454ec205
Dec 01 17:09:41.153 INFO running `"docker" "start" "-a" "4150045e798d9a22d545ca8c91603152ef2efc20fe0711a2ab0571d7454ec205"`
Dec 01 17:09:41.505 INFO [stderr] usermod: no changes
Dec 01 17:09:41.551 INFO [stderr]    Compiling plato v0.1.0 (/source)
Dec 01 17:09:45.143 INFO [stderr]     Finished dev [unoptimized + debuginfo] target(s) in 3.62s
Dec 01 17:09:45.147 INFO [stderr] su: No module specific data is present
Dec 01 17:09:46.083 INFO running `"docker" "inspect" "4150045e798d9a22d545ca8c91603152ef2efc20fe0711a2ab0571d7454ec205"`
Dec 01 17:09:46.418 INFO running `"docker" "rm" "-f" "4150045e798d9a22d545ca8c91603152ef2efc20fe0711a2ab0571d7454ec205"`
Dec 01 17:09:46.845 INFO [stdout] 4150045e798d9a22d545ca8c91603152ef2efc20fe0711a2ab0571d7454ec205
Dec 01 17:09:46.851 INFO running `"docker" "create" "-v" "/mnt/big/crater/work/local/target-dirs/beta-1.31-5/worker-3/1.30.1:/target:rw,Z" "-v" "/mnt/big/crater/work/local/test-source/worker-3/beta-1.31-5/1.30.1:/source:ro,Z" "-v" "/mnt/big/crater/work/local/cargo-home:/cargo-home:ro,Z" "-v" "/mnt/big/crater/work/local/rustup-home:/rustup-home:ro,Z" "-e" "USER_ID=1000" "-e" "SOURCE_DIR=/source" "-e" "USER_ID=1000" "-e" "CMD=cargo +1.30.1 test --frozen" "-e" "CARGO_TARGET_DIR=/target" "-e" "CARGO_INCREMENTAL=0" "-e" "RUST_BACKTRACE=full" "-e" "RUSTFLAGS=--cap-lints=warn" "-e" "CARGO_HOME=/cargo-home" "-e" "RUSTUP_HOME=/rustup-home" "-m" "1536M" "--network" "none" "crater"`
Dec 01 17:09:47.457 INFO [stdout] e35e37d63452fd621af3fbc757fbd3d9febfb2666d800533b25dd644fd30ed2e
Dec 01 17:09:47.459 INFO running `"docker" "start" "-a" "e35e37d63452fd621af3fbc757fbd3d9febfb2666d800533b25dd644fd30ed2e"`
Dec 01 17:09:48.478 INFO [stderr] usermod: no changes
Dec 01 17:09:48.581 INFO [stderr]     Finished dev [unoptimized + debuginfo] target(s) in 0.06s
Dec 01 17:09:48.596 INFO [stderr]      Running /target/debug/deps/plato-fa8049fc0d467e09
Dec 01 17:09:48.635 INFO [stdout] 
Dec 01 17:09:48.635 INFO [stdout] running 35 tests
Dec 01 17:09:48.638 INFO [stdout] test evaluate_first_tests ... ok
Dec 01 17:09:48.639 INFO [stdout] test evaluate_higher_order_functions ... ok
Dec 01 17:09:48.639 INFO [stdout] test evaluate_lambda_tests ... ok
Dec 01 17:09:48.640 INFO [stdout] test evaluate_lonely_lambda ... ok
Dec 01 17:09:48.640 INFO [stdout] test evaluate_if_tests ... ok
Dec 01 17:09:48.640 INFO [stdout] test evaluate_quote_tests ... ok
Dec 01 17:09:48.640 INFO [stdout] test evaluate_rest_tests ... ok
Dec 01 17:09:48.648 INFO [stdout] test evaluate_bool_tests ... ok
Dec 01 17:09:48.648 INFO [stdout] test evaluate_equals_tests ... ok
Dec 01 17:09:48.648 INFO [stdout] test evaluate_lambda_from_context ... ok
Dec 01 17:09:48.648 INFO [stdout] test evaluate_symbol_is_tests ... ok
Dec 01 17:09:48.648 INFO [stdout] test evaluate_symbol_lookup_tests ... ok
Dec 01 17:09:48.648 INFO [stdout] test evaluate_the_id_of_something ... ok
Dec 01 17:09:48.648 INFO [stdout] test expression_double_vector ... ok
Dec 01 17:09:48.648 INFO [stdout] test expression_empty_record ... ok
Dec 01 17:09:48.648 INFO [stdout] test evaluate_push_tests ... ok
Dec 01 17:09:48.648 INFO [stdout] test expression_nested_records ... ok
Dec 01 17:09:48.657 INFO [stdout] test expression_empty_vector_test ... ok
Dec 01 17:09:48.663 INFO [stdout] test expression_nested_vector_of_symbols_test ... ok
Dec 01 17:09:48.663 INFO [stdout] test evaluate_lambda_with_multiple_args ... ok
Dec 01 17:09:48.673 INFO [stdout] test expression_record_with_key_val ... ok
Dec 01 17:09:48.683 INFO [stdout] test expression_records_multiple_keyvals ... ok
Dec 01 17:09:48.686 INFO [stdout] test expression_record_with_symbol_key ... ok
Dec 01 17:09:48.691 INFO [stdout] test expression_symbol_token_test ... ok
Dec 01 17:09:48.691 INFO [stdout] test expression_set_of_symbols ... ok
Dec 01 17:09:48.691 INFO [stdout] test expression_set ... ok
Dec 01 17:09:48.691 INFO [stdout] test expression_vector_of_symbols_test ... ok
Dec 01 17:09:48.691 INFO [stdout] test tokenize_empty_vector_test ... ok
Dec 01 17:09:48.691 INFO [stdout] test tokenize_record_test ... ok
Dec 01 17:09:48.691 INFO [stdout] test expression_one_two_many_tests ... ok
Dec 01 17:09:48.691 INFO [stdout] test tokenize_vector_of_symbols_test ... ok
Dec 01 17:09:48.691 INFO [stdout] test tokenize_symbol_test ... ok
Dec 01 17:09:48.691 INFO [stdout] test tokenize_set_test ... ok
Dec 01 17:09:48.694 INFO [stdout] test to_string_test ... ok
Dec 01 17:09:48.725 INFO [stdout] test expression_nested_set ... FAILED
Dec 01 17:09:48.725 INFO [stdout] 
Dec 01 17:09:48.725 INFO [stdout] failures:
Dec 01 17:09:48.725 INFO [stdout] 
Dec 01 17:09:48.725 INFO [stdout] ---- expression_nested_set stdout ----
Dec 01 17:09:48.725 INFO [stdout] thread 'expression_nested_set' panicked at 'assertion failed: `(left == right)`
Dec 01 17:09:48.725 INFO [stdout]   left: `<<'二''一'>'tre''två''ett'>`,
Dec 01 17:09:48.725 INFO [stdout]  right: `<'ett''två'<'一''二'>'tre'>`', src/main.rs:489:5
Dec 01 17:09:48.725 INFO [stdout] stack backtrace:
Dec 01 17:09:48.725 INFO [stdout]    0:     0x56016eea7cfe - std::sys::unix::backtrace::tracing::imp::unwind_backtrace::h15749a98198ba25f
Dec 01 17:09:48.725 INFO [stdout]                                at libstd/sys/unix/backtrace/tracing/gcc_s.rs:49
Dec 01 17:09:48.725 INFO [stdout]    1:     0x56016ee9b086 - std::sys_common::backtrace::print::h0ba65c811294dbf0
Dec 01 17:09:48.725 INFO [stdout]                                at libstd/sys_common/backtrace.rs:71
Dec 01 17:09:48.725 INFO [stdout]                                at libstd/sys_common/backtrace.rs:59
Dec 01 17:09:48.725 INFO [stdout]    2:     0x56016ee994ad - std::panicking::default_hook::{{closure}}::h42bb31757f0fee64
Dec 01 17:09:48.725 INFO [stdout]                                at libstd/panicking.rs:211
Dec 01 17:09:48.725 INFO [stdout]    3:     0x56016ee991bb - std::panicking::default_hook::hebc8848d7aa7dbd9
Dec 01 17:09:48.725 INFO [stdout]                                at libstd/panicking.rs:221
Dec 01 17:09:48.725 INFO [stdout]    4:     0x56016ee99b5c - std::panicking::rust_panic_with_hook::h86e619a638415243
Dec 01 17:09:48.725 INFO [stdout]                                at libstd/panicking.rs:477
Dec 01 17:09:48.725 INFO [stdout]    5:     0x56016ee99719 - std::panicking::continue_panic_fmt::h2d2d2bfb065a70b2
Dec 01 17:09:48.725 INFO [stdout]                                at libstd/panicking.rs:391
Dec 01 17:09:48.725 INFO [stdout]    6:     0x56016ee9967d - std::panicking::begin_panic_fmt::ha5097e2056ef3d5a
Dec 01 17:09:48.725 INFO [stdout]                                at libstd/panicking.rs:346
Dec 01 17:09:48.725 INFO [stdout]    7:     0x56016edf836e - plato::expression_nested_set::h205efa5d9e70973b
Dec 01 17:09:48.725 INFO [stdout]                                at src/main.rs:489
Dec 01 17:09:48.725 INFO [stdout]    8:     0x56016edf7e39 - plato::expression_nested_set::{{closure}}::h28cd4ea418f2d229
Dec 01 17:09:48.725 INFO [stdout]                                at src/main.rs:488
Dec 01 17:09:48.725 INFO [stdout]    9:     0x56016ee1167d - core::ops::function::FnOnce::call_once::hca47424b483f6af6
Dec 01 17:09:48.725 INFO [stdout]                                at libcore/ops/function.rs:238
Dec 01 17:09:48.725 INFO [stdout]   10:     0x56016ee3c12e - <F as alloc::boxed::FnBox<A>>::call_box::hbea525814fa423cc
Dec 01 17:09:48.725 INFO [stdout]                                at libtest/lib.rs:1461
Dec 01 17:09:48.725 INFO [stdout]                                at libcore/ops/function.rs:238
Dec 01 17:09:48.725 INFO [stdout]                                at liballoc/boxed.rs:646
Dec 01 17:09:48.725 INFO [stdout]   11:     0x56016eeb6b69 - __rust_maybe_catch_panic
Dec 01 17:09:48.725 INFO [stdout]                                at libpanic_unwind/lib.rs:103
Dec 01 17:09:48.725 INFO [stdout]   12:     0x56016ee47a8d - std::sys_common::backtrace::__rust_begin_short_backtrace::h0ff507d7422944d3
Dec 01 17:09:48.725 INFO [stdout]                                at libstd/panicking.rs:289
Dec 01 17:09:48.725 INFO [stdout]                                at libstd/panic.rs:392
Dec 01 17:09:48.725 INFO [stdout]                                at libtest/lib.rs:1416
Dec 01 17:09:48.725 INFO [stdout]                                at libstd/sys_common/backtrace.rs:136
Dec 01 17:09:48.725 INFO [stdout]   13:     0x56016ee600c4 - std::panicking::try::do_call::hba0bdcc3670471cc
Dec 01 17:09:48.725 INFO [stdout]                                at libstd/thread/mod.rs:409
Dec 01 17:09:48.725 INFO [stdout]                                at libstd/panic.rs:313
Dec 01 17:09:48.725 INFO [stdout]                                at libstd/panicking.rs:310
Dec 01 17:09:48.725 INFO [stdout]   14:     0x56016eeb6b69 - __rust_maybe_catch_panic
Dec 01 17:09:48.725 INFO [stdout]                                at libpanic_unwind/lib.rs:103
Dec 01 17:09:48.725 INFO [stdout]   15:     0x56016ee50996 - <F as alloc::boxed::FnBox<A>>::call_box::hdac52587b00591af
Dec 01 17:09:48.725 INFO [stdout]                                at libstd/panicking.rs:289
Dec 01 17:09:48.725 INFO [stdout]                                at libstd/panic.rs:392
Dec 01 17:09:48.725 INFO [stdout]                                at libstd/thread/mod.rs:408
Dec 01 17:09:48.725 INFO [stdout]                                at liballoc/boxed.rs:646
Dec 01 17:09:48.725 INFO [stdout]   16:     0x56016eea960a - std::sys_common::thread::start_thread::h75d887c7d2cc4479
Dec 01 17:09:48.725 INFO [stdout]                                at liballoc/boxed.rs:656
Dec 01 17:09:48.725 INFO [stdout]                                at libstd/sys_common/thread.rs:24
Dec 01 17:09:48.725 INFO [stdout]   17:     0x56016ee9a2c5 - std::sys::unix::thread::Thread::new::thread_start::h8414caee632bf9ed
Dec 01 17:09:48.725 INFO [stdout]                                at libstd/sys/unix/thread.rs:90
Dec 01 17:09:48.725 INFO [stdout]   18:     0x7f5b99b5a6b9 - start_thread
Dec 01 17:09:48.725 INFO [stdout]   19:     0x7f5b9967a41c - clone
Dec 01 17:09:48.725 INFO [stdout]   20:                0x0 - <unknown>
Dec 01 17:09:48.726 INFO [stdout] 
Dec 01 17:09:48.726 INFO [stdout] 
Dec 01 17:09:48.726 INFO [stdout] failures:
Dec 01 17:09:48.726 INFO [stdout]     expression_nested_set
Dec 01 17:09:48.726 INFO [stdout] 
Dec 01 17:09:48.726 INFO [stdout] test result: FAILED. 34 passed; 1 failed; 0 ignored; 0 measured; 0 filtered out
Dec 01 17:09:48.726 INFO [stdout] 
Dec 01 17:09:48.726 INFO [stderr] error: test failed, to rerun pass '--bin plato'
Dec 01 17:09:48.727 INFO [stderr] su: No module specific data is present
Dec 01 17:09:49.197 INFO running `"docker" "inspect" "e35e37d63452fd621af3fbc757fbd3d9febfb2666d800533b25dd644fd30ed2e"`
Dec 01 17:09:49.496 INFO running `"docker" "rm" "-f" "e35e37d63452fd621af3fbc757fbd3d9febfb2666d800533b25dd644fd30ed2e"`
Dec 01 17:09:49.827 INFO [stdout] e35e37d63452fd621af3fbc757fbd3d9febfb2666d800533b25dd644fd30ed2e
