Dec 01 18:49:45.756 INFO testing dtolnay/cargo-tally against 1.30.1 for beta-1.31-5
Dec 01 18:49:45.756 INFO running `"docker" "create" "-v" "/mnt/big/crater/work/local/target-dirs/beta-1.31-5/worker-6/1.30.1:/target:rw,Z" "-v" "/mnt/big/crater/work/local/test-source/worker-6/beta-1.31-5/1.30.1:/source:ro,Z" "-v" "/mnt/big/crater/work/local/cargo-home:/cargo-home:ro,Z" "-v" "/mnt/big/crater/work/local/rustup-home:/rustup-home:ro,Z" "-e" "USER_ID=1000" "-e" "SOURCE_DIR=/source" "-e" "USER_ID=1000" "-e" "CMD=cargo +1.30.1 build --frozen" "-e" "CARGO_TARGET_DIR=/target" "-e" "CARGO_INCREMENTAL=0" "-e" "RUST_BACKTRACE=full" "-e" "RUSTFLAGS=--cap-lints=warn" "-e" "CARGO_HOME=/cargo-home" "-e" "RUSTUP_HOME=/rustup-home" "-m" "1536M" "--network" "none" "crater"`
Dec 01 18:49:46.023 INFO [stdout] d479f23b11bd93a23abcac6c583c4c2731754def852580350ec983d8e7fa8f55
Dec 01 18:49:46.026 INFO running `"docker" "start" "-a" "d479f23b11bd93a23abcac6c583c4c2731754def852580350ec983d8e7fa8f55"`
Dec 01 18:49:46.473 INFO [stderr] usermod: no changes
Dec 01 18:49:46.899 INFO [stderr]    Compiling unindent v0.1.3
Dec 01 18:49:46.899 INFO [stderr]    Compiling gnuplot v0.0.26
Dec 01 18:49:46.903 INFO [stderr]    Compiling fs2 v0.4.3
Dec 01 18:49:46.903 INFO [stderr]    Compiling socket2 v0.3.8
Dec 01 18:49:46.907 INFO [stderr]    Compiling clicolors-control v0.2.0
Dec 01 18:49:46.908 INFO [stderr]    Compiling jobserver v0.1.11
Dec 01 18:49:46.910 INFO [stderr]    Compiling toml v0.4.8
Dec 01 18:49:46.914 INFO [stderr]    Compiling string-interner v0.7.0
Dec 01 18:49:49.419 INFO [stderr]    Compiling crossbeam-epoch v0.5.2
Dec 01 18:49:49.523 INFO [stderr]    Compiling crossbeam-epoch v0.6.0
Dec 01 18:49:49.540 INFO [stderr]    Compiling syn v0.15.13
Dec 01 18:49:52.590 INFO [stderr]    Compiling serde_urlencoded v0.5.3
Dec 01 18:49:52.609 INFO [stderr]    Compiling chrono v0.4.6
Dec 01 18:49:52.627 INFO [stderr]    Compiling palette_derive v0.4.1
Dec 01 18:49:52.631 INFO [stderr]    Compiling crypto-hash v0.3.1
Dec 01 18:49:52.647 INFO [stderr]    Compiling curl v0.4.18
Dec 01 18:49:52.749 INFO [stderr]    Compiling crossbeam-deque v0.6.1
Dec 01 18:49:57.687 INFO [stderr]    Compiling globset v0.4.2
Dec 01 18:49:57.687 INFO [stderr]    Compiling tokio-threadpool v0.1.8
Dec 01 18:49:57.827 INFO [stderr]    Compiling git2 v0.7.5
Dec 01 18:49:57.875 INFO [stderr]    Compiling parking_lot_core v0.3.1
Dec 01 18:50:06.971 INFO [stderr]    Compiling palette v0.4.1
Dec 01 18:50:07.030 INFO [stderr]    Compiling parking_lot v0.6.4
Dec 01 18:50:07.115 INFO [stderr]    Compiling tokio-fs v0.1.4
Dec 01 18:50:13.908 INFO [stderr]    Compiling tokio-reactor v0.1.6
Dec 01 18:50:17.355 INFO [stderr]    Compiling crossbeam-channel v0.2.6
Dec 01 18:50:17.459 INFO [stderr]    Compiling console v0.6.2
Dec 01 18:50:18.479 INFO [stderr]    Compiling synstructure v0.10.0
Dec 01 18:50:24.243 INFO [stderr]    Compiling serde_derive v1.0.80
Dec 01 18:50:24.627 INFO [stderr]    Compiling structopt-derive v0.2.12
Dec 01 18:50:26.324 INFO [stderr]    Compiling git2-curl v0.8.2
Dec 01 18:50:26.343 INFO [stderr]    Compiling tokio-udp v0.1.2
Dec 01 18:50:26.399 INFO [stderr]    Compiling tokio-uds v0.2.3
Dec 01 18:50:39.072 INFO [stderr]    Compiling tokio-tcp v0.1.2
Dec 01 18:50:39.109 INFO [stderr]    Compiling ignore v0.4.4
Dec 01 18:50:41.045 INFO [stderr]    Compiling indicatif v0.9.0
Dec 01 18:50:41.663 INFO [stderr]    Compiling failure_derive v0.1.3
Dec 01 18:50:49.628 INFO [stderr]    Compiling tokio v0.1.11
Dec 01 18:50:50.111 INFO [stderr]    Compiling structopt v0.2.12
Dec 01 18:51:05.359 INFO [stderr]    Compiling failure v0.1.3
Dec 01 18:51:07.556 INFO [stderr]    Compiling hyper v0.12.12
Dec 01 18:51:23.547 INFO [stderr]    Compiling rustfix v0.4.2
Dec 01 18:51:23.549 INFO [stderr]    Compiling crates-io v0.18.0
Dec 01 18:51:30.885 INFO [stderr]    Compiling cargo v0.30.0
Dec 01 18:51:31.036 INFO [stderr]    Compiling hyper-tls v0.3.1
Dec 01 18:51:35.147 INFO [stderr]    Compiling reqwest v0.9.3
Dec 01 18:52:23.249 INFO [stderr]    Compiling cargo-tally v0.2.6 (/source)
Dec 01 18:52:31.393 INFO [stderr] error[E0658]: scoped lint `clippy::let_and_return` is experimental (see issue #44690)
Dec 01 18:52:31.393 INFO [stderr]  --> src/main.rs:2:5
Dec 01 18:52:31.393 INFO [stderr]   |
Dec 01 18:52:31.393 INFO [stderr] 2 |     clippy::let_and_return,
Dec 01 18:52:31.394 INFO [stderr]   |     ^^^^^^^^^^^^^^^^^^^^^^
Dec 01 18:52:31.394 INFO [stderr] 
Dec 01 18:52:31.394 INFO [stderr] error[E0658]: scoped lint `clippy::map_entry` is experimental (see issue #44690)
Dec 01 18:52:31.394 INFO [stderr]  --> src/main.rs:3:5
Dec 01 18:52:31.395 INFO [stderr]   |
Dec 01 18:52:31.395 INFO [stderr] 3 |     clippy::map_entry,
Dec 01 18:52:31.395 INFO [stderr]   |     ^^^^^^^^^^^^^^^^^
Dec 01 18:52:31.395 INFO [stderr] 
Dec 01 18:52:31.396 INFO [stderr] error[E0658]: scoped lint `clippy::needless_pass_by_value` is experimental (see issue #44690)
Dec 01 18:52:31.396 INFO [stderr]  --> src/main.rs:4:5
Dec 01 18:52:31.396 INFO [stderr]   |
Dec 01 18:52:31.396 INFO [stderr] 4 |     clippy::needless_pass_by_value,
Dec 01 18:52:31.397 INFO [stderr]   |     ^^^^^^^^^^^^^^^^^^^^^^^^^^^^^^
Dec 01 18:52:31.397 INFO [stderr] 
Dec 01 18:52:31.397 INFO [stderr] error[E0658]: scoped lint `clippy::unreadable_literal` is experimental (see issue #44690)
Dec 01 18:52:31.397 INFO [stderr]  --> src/main.rs:5:5
Dec 01 18:52:31.398 INFO [stderr]   |
Dec 01 18:52:31.398 INFO [stderr] 5 |     clippy::unreadable_literal,
Dec 01 18:52:31.398 INFO [stderr]   |     ^^^^^^^^^^^^^^^^^^^^^^^^^^
Dec 01 18:52:31.398 INFO [stderr] 
Dec 01 18:52:39.039 INFO [stderr] error: aborting due to 4 previous errors
Dec 01 18:52:39.039 INFO [stderr] 
Dec 01 18:52:39.039 INFO [stderr] For more information about this error, try `rustc --explain E0658`.
Dec 01 18:52:39.082 INFO [stderr] error: Could not compile `cargo-tally`.
Dec 01 18:52:39.083 INFO [stderr] 
Dec 01 18:52:39.083 INFO [stderr] To learn more, run the command again with --verbose.
Dec 01 18:52:39.095 INFO [stderr] su: No module specific data is present
Dec 01 18:52:40.633 INFO running `"docker" "inspect" "d479f23b11bd93a23abcac6c583c4c2731754def852580350ec983d8e7fa8f55"`
Dec 01 18:52:40.977 INFO running `"docker" "rm" "-f" "d479f23b11bd93a23abcac6c583c4c2731754def852580350ec983d8e7fa8f55"`
Dec 01 18:52:41.287 INFO [stdout] d479f23b11bd93a23abcac6c583c4c2731754def852580350ec983d8e7fa8f55
