Dec 02 02:12:37.026 INFO testing Wintus/rust-sleep-sort against 1.30.1 for beta-1.31-5
Dec 02 02:12:37.026 INFO running `"docker" "create" "-v" "/mnt/big/crater/work/local/target-dirs/beta-1.31-5/worker-1/1.30.1:/target:rw,Z" "-v" "/mnt/big/crater/work/local/test-source/worker-1/beta-1.31-5/1.30.1:/source:ro,Z" "-v" "/mnt/big/crater/work/local/cargo-home:/cargo-home:ro,Z" "-v" "/mnt/big/crater/work/local/rustup-home:/rustup-home:ro,Z" "-e" "USER_ID=1000" "-e" "SOURCE_DIR=/source" "-e" "USER_ID=1000" "-e" "CMD=cargo +1.30.1 build --frozen" "-e" "CARGO_TARGET_DIR=/target" "-e" "CARGO_INCREMENTAL=0" "-e" "RUST_BACKTRACE=full" "-e" "RUSTFLAGS=--cap-lints=warn" "-e" "CARGO_HOME=/cargo-home" "-e" "RUSTUP_HOME=/rustup-home" "-m" "1536M" "--network" "none" "crater"`
Dec 02 02:12:37.303 INFO [stdout] 7ddfe804d99854edceea96533e53116a754185013485db04056647c55ac9dc46
Dec 02 02:12:37.305 INFO running `"docker" "start" "-a" "7ddfe804d99854edceea96533e53116a754185013485db04056647c55ac9dc46"`
Dec 02 02:12:38.259 INFO [stderr] usermod: no changes
Dec 02 02:12:38.300 INFO [stderr] warning: An explicit [[bin]] section is specified in Cargo.toml which currently
Dec 02 02:12:38.300 INFO [stderr] disables Cargo from automatically inferring other binary targets.
Dec 02 02:12:38.300 INFO [stderr] This inference behavior will change in the Rust 2018 edition and the following
Dec 02 02:12:38.300 INFO [stderr] files will be included as a binary target:
Dec 02 02:12:38.300 INFO [stderr] 
Dec 02 02:12:38.300 INFO [stderr] * /source/src/main.rs
Dec 02 02:12:38.300 INFO [stderr] 
Dec 02 02:12:38.300 INFO [stderr] This is likely to break cargo build or cargo test as these files may not be
Dec 02 02:12:38.300 INFO [stderr] ready to be compiled as a binary target today. You can future-proof yourself
Dec 02 02:12:38.300 INFO [stderr] and disable this warning by adding `autobins = false` to your [package]
Dec 02 02:12:38.300 INFO [stderr] section. You may also move the files to a location where Cargo would not
Dec 02 02:12:38.300 INFO [stderr] automatically infer them to be a target, such as in subfolders.
Dec 02 02:12:38.300 INFO [stderr] 
Dec 02 02:12:38.300 INFO [stderr] For more information on this warning you can consult
Dec 02 02:12:38.300 INFO [stderr] https://github.com/rust-lang/cargo/issues/5330
Dec 02 02:12:38.300 INFO [stderr] warning: path `/source/src/main.rs` was erroneously implicitly accepted for binary `sleep_sort`,
Dec 02 02:12:38.300 INFO [stderr] please set bin.path in Cargo.toml
Dec 02 02:12:38.315 INFO [stderr]    Compiling libc v0.2.27
Dec 02 02:12:39.867 INFO [stderr]    Compiling rand v0.3.15
Dec 02 02:12:42.130 INFO [stderr]    Compiling rust_sleep_sort v0.1.0 (/source)
Dec 02 02:12:44.735 INFO [stderr]     Finished dev [unoptimized + debuginfo] target(s) in 6.44s
Dec 02 02:12:44.738 INFO [stderr] su: No module specific data is present
Dec 02 02:12:45.363 INFO running `"docker" "inspect" "7ddfe804d99854edceea96533e53116a754185013485db04056647c55ac9dc46"`
Dec 02 02:12:45.643 INFO running `"docker" "rm" "-f" "7ddfe804d99854edceea96533e53116a754185013485db04056647c55ac9dc46"`
Dec 02 02:12:45.884 INFO [stdout] 7ddfe804d99854edceea96533e53116a754185013485db04056647c55ac9dc46
Dec 02 02:12:45.891 INFO running `"docker" "create" "-v" "/mnt/big/crater/work/local/target-dirs/beta-1.31-5/worker-1/1.30.1:/target:rw,Z" "-v" "/mnt/big/crater/work/local/test-source/worker-1/beta-1.31-5/1.30.1:/source:ro,Z" "-v" "/mnt/big/crater/work/local/cargo-home:/cargo-home:ro,Z" "-v" "/mnt/big/crater/work/local/rustup-home:/rustup-home:ro,Z" "-e" "USER_ID=1000" "-e" "SOURCE_DIR=/source" "-e" "USER_ID=1000" "-e" "CMD=cargo +1.30.1 test --frozen --no-run" "-e" "CARGO_TARGET_DIR=/target" "-e" "CARGO_INCREMENTAL=0" "-e" "RUST_BACKTRACE=full" "-e" "RUSTFLAGS=--cap-lints=warn" "-e" "CARGO_HOME=/cargo-home" "-e" "RUSTUP_HOME=/rustup-home" "-m" "1536M" "--network" "none" "crater"`
Dec 02 02:12:46.579 INFO [stdout] f6cff608429680bb188d862a2d926203f5a7eea47811dc5753cf722df0f413dd
Dec 02 02:12:46.583 INFO running `"docker" "start" "-a" "f6cff608429680bb188d862a2d926203f5a7eea47811dc5753cf722df0f413dd"`
Dec 02 02:12:47.779 INFO [stderr] usermod: no changes
Dec 02 02:12:47.833 INFO [stderr] warning: An explicit [[bin]] section is specified in Cargo.toml which currently
Dec 02 02:12:47.833 INFO [stderr] disables Cargo from automatically inferring other binary targets.
Dec 02 02:12:47.833 INFO [stderr] This inference behavior will change in the Rust 2018 edition and the following
Dec 02 02:12:47.833 INFO [stderr] files will be included as a binary target:
Dec 02 02:12:47.833 INFO [stderr] 
Dec 02 02:12:47.833 INFO [stderr] * /source/src/main.rs
Dec 02 02:12:47.833 INFO [stderr] 
Dec 02 02:12:47.833 INFO [stderr] This is likely to break cargo build or cargo test as these files may not be
Dec 02 02:12:47.833 INFO [stderr] ready to be compiled as a binary target today. You can future-proof yourself
Dec 02 02:12:47.833 INFO [stderr] and disable this warning by adding `autobins = false` to your [package]
Dec 02 02:12:47.833 INFO [stderr] section. You may also move the files to a location where Cargo would not
Dec 02 02:12:47.833 INFO [stderr] automatically infer them to be a target, such as in subfolders.
Dec 02 02:12:47.833 INFO [stderr] 
Dec 02 02:12:47.833 INFO [stderr] For more information on this warning you can consult
Dec 02 02:12:47.833 INFO [stderr] https://github.com/rust-lang/cargo/issues/5330
Dec 02 02:12:47.833 INFO [stderr] warning: path `/source/src/main.rs` was erroneously implicitly accepted for binary `sleep_sort`,
Dec 02 02:12:47.833 INFO [stderr] please set bin.path in Cargo.toml
Dec 02 02:12:47.843 INFO [stderr]    Compiling rust_sleep_sort v0.1.0 (/source)
Dec 02 02:12:50.919 INFO [stderr]     Finished dev [unoptimized + debuginfo] target(s) in 3.11s
Dec 02 02:12:50.921 INFO [stderr] su: No module specific data is present
Dec 02 02:12:51.655 INFO running `"docker" "inspect" "f6cff608429680bb188d862a2d926203f5a7eea47811dc5753cf722df0f413dd"`
Dec 02 02:12:52.001 INFO running `"docker" "rm" "-f" "f6cff608429680bb188d862a2d926203f5a7eea47811dc5753cf722df0f413dd"`
Dec 02 02:12:52.316 INFO [stdout] f6cff608429680bb188d862a2d926203f5a7eea47811dc5753cf722df0f413dd
Dec 02 02:12:52.317 INFO running `"docker" "create" "-v" "/mnt/big/crater/work/local/target-dirs/beta-1.31-5/worker-1/1.30.1:/target:rw,Z" "-v" "/mnt/big/crater/work/local/test-source/worker-1/beta-1.31-5/1.30.1:/source:ro,Z" "-v" "/mnt/big/crater/work/local/cargo-home:/cargo-home:ro,Z" "-v" "/mnt/big/crater/work/local/rustup-home:/rustup-home:ro,Z" "-e" "USER_ID=1000" "-e" "SOURCE_DIR=/source" "-e" "USER_ID=1000" "-e" "CMD=cargo +1.30.1 test --frozen" "-e" "CARGO_TARGET_DIR=/target" "-e" "CARGO_INCREMENTAL=0" "-e" "RUST_BACKTRACE=full" "-e" "RUSTFLAGS=--cap-lints=warn" "-e" "CARGO_HOME=/cargo-home" "-e" "RUSTUP_HOME=/rustup-home" "-m" "1536M" "--network" "none" "crater"`
Dec 02 02:12:52.822 INFO [stdout] 30be693a263462f6b9c4f5c4eb5970f78dfbd5cbb288fd6b150be7eae83d439a
Dec 02 02:12:52.824 INFO running `"docker" "start" "-a" "30be693a263462f6b9c4f5c4eb5970f78dfbd5cbb288fd6b150be7eae83d439a"`
Dec 02 02:12:53.861 INFO [stderr] usermod: no changes
Dec 02 02:12:53.956 INFO [stderr] warning: An explicit [[bin]] section is specified in Cargo.toml which currently
Dec 02 02:12:53.956 INFO [stderr] disables Cargo from automatically inferring other binary targets.
Dec 02 02:12:53.956 INFO [stderr] This inference behavior will change in the Rust 2018 edition and the following
Dec 02 02:12:53.956 INFO [stderr] files will be included as a binary target:
Dec 02 02:12:53.956 INFO [stderr] 
Dec 02 02:12:53.956 INFO [stderr] * /source/src/main.rs
Dec 02 02:12:53.956 INFO [stderr] 
Dec 02 02:12:53.956 INFO [stderr] This is likely to break cargo build or cargo test as these files may not be
Dec 02 02:12:53.956 INFO [stderr] ready to be compiled as a binary target today. You can future-proof yourself
Dec 02 02:12:53.956 INFO [stderr] and disable this warning by adding `autobins = false` to your [package]
Dec 02 02:12:53.956 INFO [stderr] section. You may also move the files to a location where Cargo would not
Dec 02 02:12:53.956 INFO [stderr] automatically infer them to be a target, such as in subfolders.
Dec 02 02:12:53.956 INFO [stderr] 
Dec 02 02:12:53.956 INFO [stderr] For more information on this warning you can consult
Dec 02 02:12:53.957 INFO [stderr] https://github.com/rust-lang/cargo/issues/5330
Dec 02 02:12:53.957 INFO [stderr] warning: path `/source/src/main.rs` was erroneously implicitly accepted for binary `sleep_sort`,
Dec 02 02:12:53.957 INFO [stderr] please set bin.path in Cargo.toml
Dec 02 02:12:53.985 INFO [stderr]     Finished dev [unoptimized + debuginfo] target(s) in 0.08s
Dec 02 02:12:53.991 INFO [stderr]      Running /target/debug/deps/sleep_sort-92fc087336683796
Dec 02 02:12:53.991 INFO [stdout] 
Dec 02 02:12:53.991 INFO [stdout] running 5 tests
Dec 02 02:12:53.995 INFO [stdout] test tests::test_log ... ok
Dec 02 02:12:54.251 INFO [stdout] test tests::test_case_2 ... ok
Dec 02 02:12:54.260 INFO [stdout] test tests::test_case_0 ... FAILED
Dec 02 02:12:54.263 INFO [stdout] test tests::test_case_1 ... FAILED
Dec 02 02:12:54.661 INFO [stdout] test tests::test_rand_ns ... ok
Dec 02 02:12:54.661 INFO [stdout] 
Dec 02 02:12:54.661 INFO [stdout] failures:
Dec 02 02:12:54.661 INFO [stdout] 
Dec 02 02:12:54.661 INFO [stdout] ---- tests::test_case_0 stdout ----
Dec 02 02:12:54.661 INFO [stdout] thread 'tests::test_case_0' panicked at 'assertion failed: `(left == right)`
Dec 02 02:12:54.661 INFO [stdout]   left: `[0, 1, 3, 5, 6, 7, 8, 9, 13]`,
Dec 02 02:12:54.661 INFO [stdout]  right: `[0, 1, 3, 5, 7, 6, 9, 8, 13]`', src/tests.rs:15:5
Dec 02 02:12:54.661 INFO [stdout] stack backtrace:
Dec 02 02:12:54.661 INFO [stdout]    0:     0x56432aad936e - std::sys::unix::backtrace::tracing::imp::unwind_backtrace::h15749a98198ba25f
Dec 02 02:12:54.661 INFO [stdout]                                at libstd/sys/unix/backtrace/tracing/gcc_s.rs:49
Dec 02 02:12:54.661 INFO [stdout]    1:     0x56432aacc676 - std::sys_common::backtrace::print::h0ba65c811294dbf0
Dec 02 02:12:54.661 INFO [stdout]                                at libstd/sys_common/backtrace.rs:71
Dec 02 02:12:54.661 INFO [stdout]                                at libstd/sys_common/backtrace.rs:59
Dec 02 02:12:54.661 INFO [stdout]    2:     0x56432aaca96d - std::panicking::default_hook::{{closure}}::h42bb31757f0fee64
Dec 02 02:12:54.661 INFO [stdout]                                at libstd/panicking.rs:211
Dec 02 02:12:54.661 INFO [stdout]    3:     0x56432aaca67b - std::panicking::default_hook::hebc8848d7aa7dbd9
Dec 02 02:12:54.661 INFO [stdout]                                at libstd/panicking.rs:221
Dec 02 02:12:54.661 INFO [stdout]    4:     0x56432aacb01c - std::panicking::rust_panic_with_hook::h86e619a638415243
Dec 02 02:12:54.661 INFO [stdout]                                at libstd/panicking.rs:477
Dec 02 02:12:54.661 INFO [stdout]    5:     0x56432aacabd9 - std::panicking::continue_panic_fmt::h2d2d2bfb065a70b2
Dec 02 02:12:54.661 INFO [stdout]                                at libstd/panicking.rs:391
Dec 02 02:12:54.661 INFO [stdout]    6:     0x56432aacab3d - std::panicking::begin_panic_fmt::ha5097e2056ef3d5a
Dec 02 02:12:54.661 INFO [stdout]                                at libstd/panicking.rs:346
Dec 02 02:12:54.661 INFO [stdout]    7:     0x56432aa76824 - sleep_sort::tests::test_case_0::h5fa27a3e109f1b5e
Dec 02 02:12:54.661 INFO [stdout]                                at src/tests.rs:15
Dec 02 02:12:54.661 INFO [stdout]    8:     0x56432aa76559 - sleep_sort::tests::test_case_0::{{closure}}::h36f5f3fcea19678d
Dec 02 02:12:54.661 INFO [stdout]                                at src/tests.rs:11
Dec 02 02:12:54.661 INFO [stdout]    9:     0x56432aa580bd - core::ops::function::FnOnce::call_once::hd2223b4d2ca90496
Dec 02 02:12:54.661 INFO [stdout]                                at libcore/ops/function.rs:238
Dec 02 02:12:54.661 INFO [stdout]   10:     0x56432aa7ad6e - <F as alloc::boxed::FnBox<A>>::call_box::hbea525814fa423cc
Dec 02 02:12:54.661 INFO [stdout]                                at libtest/lib.rs:1461
Dec 02 02:12:54.661 INFO [stdout]                                at libcore/ops/function.rs:238
Dec 02 02:12:54.661 INFO [stdout]                                at liballoc/boxed.rs:646
Dec 02 02:12:54.661 INFO [stdout]   11:     0x56432aae81d9 - __rust_maybe_catch_panic
Dec 02 02:12:54.661 INFO [stdout]                                at libpanic_unwind/lib.rs:103
Dec 02 02:12:54.661 INFO [stdout]   12:     0x56432aa866cd - std::sys_common::backtrace::__rust_begin_short_backtrace::h0ff507d7422944d3
Dec 02 02:12:54.661 INFO [stdout]                                at libstd/panicking.rs:289
Dec 02 02:12:54.661 INFO [stdout]                                at libstd/panic.rs:392
Dec 02 02:12:54.661 INFO [stdout]                                at libtest/lib.rs:1416
Dec 02 02:12:54.661 INFO [stdout]                                at libstd/sys_common/backtrace.rs:136
Dec 02 02:12:54.661 INFO [stdout]   13:     0x56432aa9ed04 - std::panicking::try::do_call::hba0bdcc3670471cc
Dec 02 02:12:54.661 INFO [stdout]                                at libstd/thread/mod.rs:409
Dec 02 02:12:54.661 INFO [stdout]                                at libstd/panic.rs:313
Dec 02 02:12:54.662 INFO [stdout]                                at libstd/panicking.rs:310
Dec 02 02:12:54.662 INFO [stdout]   14:     0x56432aae81d9 - __rust_maybe_catch_panic
Dec 02 02:12:54.662 INFO [stdout]                                at libpanic_unwind/lib.rs:103
Dec 02 02:12:54.662 INFO [stdout]   15:     0x56432aa8f5d6 - <F as alloc::boxed::FnBox<A>>::call_box::hdac52587b00591af
Dec 02 02:12:54.662 INFO [stdout]                                at libstd/panicking.rs:289
Dec 02 02:12:54.662 INFO [stdout]                                at libstd/panic.rs:392
Dec 02 02:12:54.662 INFO [stdout]                                at libstd/thread/mod.rs:408
Dec 02 02:12:54.662 INFO [stdout]                                at liballoc/boxed.rs:646
Dec 02 02:12:54.662 INFO [stdout]   16:     0x56432aadac7a - std::sys_common::thread::start_thread::h75d887c7d2cc4479
Dec 02 02:12:54.662 INFO [stdout]                                at liballoc/boxed.rs:656
Dec 02 02:12:54.662 INFO [stdout]                                at libstd/sys_common/thread.rs:24
Dec 02 02:12:54.662 INFO [stdout]   17:     0x56432aacb785 - std::sys::unix::thread::Thread::new::thread_start::h8414caee632bf9ed
Dec 02 02:12:54.662 INFO [stdout]                                at libstd/sys/unix/thread.rs:90
Dec 02 02:12:54.662 INFO [stdout]   18:     0x7f4fb621c6b9 - start_thread
Dec 02 02:12:54.662 INFO [stdout]   19:     0x7f4fb5d3c41c - clone
Dec 02 02:12:54.662 INFO [stdout]   20:                0x0 - <unknown>
Dec 02 02:12:54.662 INFO [stdout] 
Dec 02 02:12:54.662 INFO [stdout] ---- tests::test_case_1 stdout ----
Dec 02 02:12:54.662 INFO [stdout] thread 'tests::test_case_1' panicked at 'assertion failed: `(left == right)`
Dec 02 02:12:54.662 INFO [stdout]   left: `[3, 3, 6, 6, 7, 7, 8, 9]`,
Dec 02 02:12:54.662 INFO [stdout]  right: `[3, 3, 6, 7, 6, 7, 8, 9]`', src/tests.rs:23:5
Dec 02 02:12:54.662 INFO [stdout] stack backtrace:
Dec 02 02:12:54.662 INFO [stdout]    0:     0x56432aad936e - std::sys::unix::backtrace::tracing::imp::unwind_backtrace::h15749a98198ba25f
Dec 02 02:12:54.662 INFO [stdout]                                at libstd/sys/unix/backtrace/tracing/gcc_s.rs:49
Dec 02 02:12:54.662 INFO [stdout]    1:     0x56432aacc676 - std::sys_common::backtrace::print::h0ba65c811294dbf0
Dec 02 02:12:54.662 INFO [stdout]                                at libstd/sys_common/backtrace.rs:71
Dec 02 02:12:54.662 INFO [stdout]                                at libstd/sys_common/backtrace.rs:59
Dec 02 02:12:54.662 INFO [stdout]    2:     0x56432aaca96d - std::panicking::default_hook::{{closure}}::h42bb31757f0fee64
Dec 02 02:12:54.662 INFO [stdout]                                at libstd/panicking.rs:211
Dec 02 02:12:54.662 INFO [stdout]    3:     0x56432aaca67b - std::panicking::default_hook::hebc8848d7aa7dbd9
Dec 02 02:12:54.662 INFO [stdout]                                at libstd/panicking.rs:221
Dec 02 02:12:54.662 INFO [stdout]    4:     0x56432aacb01c - std::panicking::rust_panic_with_hook::h86e619a638415243
Dec 02 02:12:54.662 INFO [stdout]                                at libstd/panicking.rs:477
Dec 02 02:12:54.662 INFO [stdout]    5:     0x56432aacabd9 - std::panicking::continue_panic_fmt::h2d2d2bfb065a70b2
Dec 02 02:12:54.662 INFO [stdout]                                at libstd/panicking.rs:391
Dec 02 02:12:54.662 INFO [stdout]    6:     0x56432aacab3d - std::panicking::begin_panic_fmt::ha5097e2056ef3d5a
Dec 02 02:12:54.662 INFO [stdout]                                at libstd/panicking.rs:346
Dec 02 02:12:54.662 INFO [stdout]    7:     0x56432aa76b6d - sleep_sort::tests::test_case_1::h0dc8fae68b60ea25
Dec 02 02:12:54.662 INFO [stdout]                                at src/tests.rs:23
Dec 02 02:12:54.662 INFO [stdout]    8:     0x56432aa768a9 - sleep_sort::tests::test_case_1::{{closure}}::h245db432214dd184
Dec 02 02:12:54.662 INFO [stdout]                                at src/tests.rs:19
Dec 02 02:12:54.662 INFO [stdout]    9:     0x56432aa57f3d - core::ops::function::FnOnce::call_once::h36cd6c8fae62f96c
Dec 02 02:12:54.662 INFO [stdout]                                at libcore/ops/function.rs:238
Dec 02 02:12:54.662 INFO [stdout]   10:     0x56432aa7ad6e - <F as alloc::boxed::FnBox<A>>::call_box::hbea525814fa423cc
Dec 02 02:12:54.662 INFO [stdout]                                at libtest/lib.rs:1461
Dec 02 02:12:54.662 INFO [stdout]                                at libcore/ops/function.rs:238
Dec 02 02:12:54.662 INFO [stdout]                                at liballoc/boxed.rs:646
Dec 02 02:12:54.662 INFO [stdout]   11:     0x56432aae81d9 - __rust_maybe_catch_panic
Dec 02 02:12:54.662 INFO [stdout]                                at libpanic_unwind/lib.rs:103
Dec 02 02:12:54.662 INFO [stdout]   12:     0x56432aa866cd - std::sys_common::backtrace::__rust_begin_short_backtrace::h0ff507d7422944d3
Dec 02 02:12:54.662 INFO [stdout]                                at libstd/panicking.rs:289
Dec 02 02:12:54.662 INFO [stdout]                                at libstd/panic.rs:392
Dec 02 02:12:54.662 INFO [stdout]                                at libtest/lib.rs:1416
Dec 02 02:12:54.662 INFO [stdout]                                at libstd/sys_common/backtrace.rs:136
Dec 02 02:12:54.662 INFO [stdout]   13:     0x56432aa9ed04 - std::panicking::try::do_call::hba0bdcc3670471cc
Dec 02 02:12:54.662 INFO [stdout]                                at libstd/thread/mod.rs:409
Dec 02 02:12:54.662 INFO [stdout]                                at libstd/panic.rs:313
Dec 02 02:12:54.662 INFO [stdout]                                at libstd/panicking.rs:310
Dec 02 02:12:54.662 INFO [stdout]   14:     0x56432aae81d9 - __rust_maybe_catch_panic
Dec 02 02:12:54.662 INFO [stdout]                                at libpanic_unwind/lib.rs:103
Dec 02 02:12:54.662 INFO [stdout]   15:     0x56432aa8f5d6 - <F as alloc::boxed::FnBox<A>>::call_box::hdac52587b00591af
Dec 02 02:12:54.662 INFO [stdout]                                at libstd/panicking.rs:289
Dec 02 02:12:54.662 INFO [stdout]                                at libstd/panic.rs:392
Dec 02 02:12:54.662 INFO [stdout]                                at libstd/thread/mod.rs:408
Dec 02 02:12:54.662 INFO [stdout]                                at liballoc/boxed.rs:646
Dec 02 02:12:54.662 INFO [stdout]   16:     0x56432aadac7a - std::sys_common::thread::start_thread::h75d887c7d2cc4479
Dec 02 02:12:54.662 INFO [stdout]                                at liballoc/boxed.rs:656
Dec 02 02:12:54.662 INFO [stdout]                                at libstd/sys_common/thread.rs:24
Dec 02 02:12:54.662 INFO [stdout]   17:     0x56432aacb785 - std::sys::unix::thread::Thread::new::thread_start::h8414caee632bf9ed
Dec 02 02:12:54.662 INFO [stdout]                                at libstd/sys/unix/thread.rs:90
Dec 02 02:12:54.662 INFO [stdout]   18:     0x7f4fb621c6b9 - start_thread
Dec 02 02:12:54.662 INFO [stdout]   19:     0x7f4fb5d3c41c - clone
Dec 02 02:12:54.662 INFO [stdout]   20:                0x0 - <unknown>
Dec 02 02:12:54.662 INFO [stdout] 
Dec 02 02:12:54.662 INFO [stdout] 
Dec 02 02:12:54.662 INFO [stdout] failures:
Dec 02 02:12:54.662 INFO [stdout]     tests::test_case_0
Dec 02 02:12:54.662 INFO [stdout]     tests::test_case_1
Dec 02 02:12:54.662 INFO [stdout] 
Dec 02 02:12:54.662 INFO [stdout] test result: FAILED. 3 passed; 2 failed; 0 ignored; 0 measured; 0 filtered out
Dec 02 02:12:54.662 INFO [stdout] 
Dec 02 02:12:54.663 INFO [stderr] error: test failed, to rerun pass '--lib'
Dec 02 02:12:54.663 INFO [stderr] su: No module specific data is present
Dec 02 02:12:55.405 INFO running `"docker" "inspect" "30be693a263462f6b9c4f5c4eb5970f78dfbd5cbb288fd6b150be7eae83d439a"`
Dec 02 02:12:55.639 INFO running `"docker" "rm" "-f" "30be693a263462f6b9c4f5c4eb5970f78dfbd5cbb288fd6b150be7eae83d439a"`
Dec 02 02:12:55.891 INFO [stdout] 30be693a263462f6b9c4f5c4eb5970f78dfbd5cbb288fd6b150be7eae83d439a
