Dec 02 12:18:43.559 INFO testing url-crawler-0.3.0 against 1.30.1 for beta-1.31-5
Dec 02 12:18:43.559 INFO running `"docker" "create" "-v" "/mnt/big/crater/work/local/target-dirs/beta-1.31-5/worker-5/1.30.1:/target:rw,Z" "-v" "/mnt/big/crater/work/local/test-source/worker-5/beta-1.31-5/1.30.1:/source:ro,Z" "-v" "/mnt/big/crater/work/local/cargo-home:/cargo-home:ro,Z" "-v" "/mnt/big/crater/work/local/rustup-home:/rustup-home:ro,Z" "-e" "USER_ID=1000" "-e" "SOURCE_DIR=/source" "-e" "USER_ID=1000" "-e" "CMD=cargo +1.30.1 build --frozen" "-e" "CARGO_TARGET_DIR=/target" "-e" "CARGO_INCREMENTAL=0" "-e" "RUST_BACKTRACE=full" "-e" "RUSTFLAGS=--cap-lints=warn" "-e" "CARGO_HOME=/cargo-home" "-e" "RUSTUP_HOME=/rustup-home" "-m" "1536M" "--network" "none" "crater"`
Dec 02 12:18:44.221 INFO [stdout] ad4389145b4350c728dab057e98913e6d5c1312acde81e57a8a67e1d6f489329
Dec 02 12:18:44.225 INFO running `"docker" "start" "-a" "ad4389145b4350c728dab057e98913e6d5c1312acde81e57a8a67e1d6f489329"`
Dec 02 12:18:45.566 INFO [stderr] usermod: no changes
Dec 02 12:18:45.935 INFO [stderr]    Compiling arrayvec v0.4.8
Dec 02 12:18:45.935 INFO [stderr]    Compiling servo_arc v0.1.1
Dec 02 12:18:45.967 INFO [stderr]    Compiling syn v0.13.11
Dec 02 12:18:45.967 INFO [stderr]    Compiling syn v0.15.22
Dec 02 12:18:45.967 INFO [stderr]    Compiling serde_urlencoded v0.5.4
Dec 02 12:18:45.967 INFO [stderr]    Compiling http v0.1.14
Dec 02 12:18:45.969 INFO [stderr]    Compiling string_cache_codegen v0.4.2
Dec 02 12:18:45.969 INFO [stderr]    Compiling selectors v0.19.0
Dec 02 12:18:48.928 INFO [stderr]    Compiling crossbeam-epoch v0.6.1
Dec 02 12:18:52.827 INFO [stderr]    Compiling crossbeam-deque v0.6.2
Dec 02 12:18:52.827 INFO [stderr]    Compiling crossbeam-channel v0.2.6
Dec 02 12:18:55.319 INFO [stderr]    Compiling tokio-threadpool v0.1.9
Dec 02 12:18:59.215 INFO [stderr]    Compiling string_cache v0.7.3
Dec 02 12:19:06.843 INFO [stderr]    Compiling tokio-fs v0.1.4
Dec 02 12:19:06.867 INFO [stderr]    Compiling h2 v0.1.13
Dec 02 12:19:13.563 INFO [stderr]    Compiling tokio v0.1.13
Dec 02 12:19:14.231 INFO [stderr]    Compiling cssparser v0.23.10
Dec 02 12:19:22.883 INFO [stderr] error[E0433]: failed to resolve. Could not find `Pat` in `syn`
Dec 02 12:19:22.883 INFO [stderr]   --> /cargo-home/registry/src/github.com-1ecc6299db9ec823/cssparser-0.23.10/build/match_byte.rs:89:23
Dec 02 12:19:22.883 INFO [stderr]    |
Dec 02 12:19:22.883 INFO [stderr] 89 |                 &syn::Pat::Lit(syn::PatLit{ref expr}) => {
Dec 02 12:19:22.883 INFO [stderr]    |                       ^^^ Could not find `Pat` in `syn`
Dec 02 12:19:22.883 INFO [stderr] 
Dec 02 12:19:22.887 INFO [stderr] error[E0433]: failed to resolve. Could not find `Pat` in `syn`
Dec 02 12:19:22.887 INFO [stderr]   --> /cargo-home/registry/src/github.com-1ecc6299db9ec823/cssparser-0.23.10/build/match_byte.rs:95:23
Dec 02 12:19:22.887 INFO [stderr]    |
Dec 02 12:19:22.887 INFO [stderr] 95 |                 &syn::Pat::Range(syn::PatRange { ref lo, ref hi, .. }) => {
Dec 02 12:19:22.887 INFO [stderr]    |                       ^^^ Could not find `Pat` in `syn`
Dec 02 12:19:22.887 INFO [stderr] 
Dec 02 12:19:22.891 INFO [stderr] error[E0433]: failed to resolve. Could not find `Pat` in `syn`
Dec 02 12:19:22.891 INFO [stderr]    --> /cargo-home/registry/src/github.com-1ecc6299db9ec823/cssparser-0.23.10/build/match_byte.rs:107:23
Dec 02 12:19:22.891 INFO [stderr]     |
Dec 02 12:19:22.891 INFO [stderr] 107 |                 &syn::Pat::Wild(_) => {
Dec 02 12:19:22.891 INFO [stderr]     |                       ^^^ Could not find `Pat` in `syn`
Dec 02 12:19:22.891 INFO [stderr] 
Dec 02 12:19:22.891 INFO [stderr] error[E0433]: failed to resolve. Could not find `Pat` in `syn`
Dec 02 12:19:22.891 INFO [stderr]    --> /cargo-home/registry/src/github.com-1ecc6299db9ec823/cssparser-0.23.10/build/match_byte.rs:114:23
Dec 02 12:19:22.891 INFO [stderr]     |
Dec 02 12:19:22.891 INFO [stderr] 114 |                 &syn::Pat::Ident(syn::PatIdent { ident, .. }) => {
Dec 02 12:19:22.891 INFO [stderr]     |                       ^^^ Could not find `Pat` in `syn`
Dec 02 12:19:22.891 INFO [stderr] 
Dec 02 12:19:22.894 INFO [stderr] error[E0407]: method `fold_stmt` is not a member of trait `Fold`
Dec 02 12:19:22.894 INFO [stderr]    --> /cargo-home/registry/src/github.com-1ecc6299db9ec823/cssparser-0.23.10/build/match_byte.rs:153:5
Dec 02 12:19:22.894 INFO [stderr]     |
Dec 02 12:19:22.894 INFO [stderr] 153 | /     fn fold_stmt(&mut self, stmt: syn::Stmt) -> syn::Stmt {
Dec 02 12:19:22.894 INFO [stderr] 154 | |         match stmt {
Dec 02 12:19:22.894 INFO [stderr] 155 | |             syn::Stmt::Item(syn::Item::Macro(syn::ItemMacro{ ref mac, .. })) => {
Dec 02 12:19:22.894 INFO [stderr] 156 | |                 if mac.path == parse_quote!(match_byte) {
Dec 02 12:19:22.894 INFO [stderr] ...   |
Dec 02 12:19:22.894 INFO [stderr] 163 | |         syn::fold::fold_stmt(self, stmt)
Dec 02 12:19:22.894 INFO [stderr] 164 | |     }
Dec 02 12:19:22.894 INFO [stderr]     | |_____^ not a member of trait `Fold`
Dec 02 12:19:22.895 INFO [stderr] 
Dec 02 12:19:22.911 INFO [stderr] error[E0433]: failed to resolve. Could not find `Stmt` in `syn`
Dec 02 12:19:22.911 INFO [stderr]    --> /cargo-home/registry/src/github.com-1ecc6299db9ec823/cssparser-0.23.10/build/match_byte.rs:155:18
Dec 02 12:19:22.911 INFO [stderr]     |
Dec 02 12:19:22.911 INFO [stderr] 155 |             syn::Stmt::Item(syn::Item::Macro(syn::ItemMacro{ ref mac, .. })) => {
Dec 02 12:19:22.911 INFO [stderr]     |                  ^^^^ Could not find `Stmt` in `syn`
Dec 02 12:19:22.911 INFO [stderr] 
Dec 02 12:19:22.911 INFO [stderr] error[E0433]: failed to resolve. Could not find `Item` in `syn`
Dec 02 12:19:22.911 INFO [stderr]    --> /cargo-home/registry/src/github.com-1ecc6299db9ec823/cssparser-0.23.10/build/match_byte.rs:155:34
Dec 02 12:19:22.911 INFO [stderr]     |
Dec 02 12:19:22.911 INFO [stderr] 155 |             syn::Stmt::Item(syn::Item::Macro(syn::ItemMacro{ ref mac, .. })) => {
Dec 02 12:19:22.911 INFO [stderr]     |                                  ^^^^ Could not find `Item` in `syn`
Dec 02 12:19:22.911 INFO [stderr] 
Dec 02 12:19:22.916 INFO [stderr] error[E0433]: failed to resolve. Could not find `Stmt` in `syn`
Dec 02 12:19:22.916 INFO [stderr]    --> /cargo-home/registry/src/github.com-1ecc6299db9ec823/cssparser-0.23.10/build/match_byte.rs:157:60
Dec 02 12:19:22.916 INFO [stderr]     |
Dec 02 12:19:22.916 INFO [stderr] 157 |                     return syn::fold::fold_stmt(self, syn::Stmt::Expr(expand_match_byte(&mac.tts)))
Dec 02 12:19:22.916 INFO [stderr]     |                                                            ^^^^ Could not find `Stmt` in `syn`
Dec 02 12:19:22.916 INFO [stderr] 
Dec 02 12:19:22.919 INFO [stderr] error[E0423]: expected function, found macro `syn::parse_file`
Dec 02 12:19:22.919 INFO [stderr]   --> /cargo-home/registry/src/github.com-1ecc6299db9ec823/cssparser-0.23.10/build/match_byte.rs:20:15
Dec 02 12:19:22.919 INFO [stderr]    |
Dec 02 12:19:22.919 INFO [stderr] 20 |     let ast = syn::parse_file(&source).expect("Parsing rules.rs module");
Dec 02 12:19:22.919 INFO [stderr]    |               ^^^^^^^^^^^^^^^ did you mean `syn::parse_file!(...)`?
Dec 02 12:19:22.919 INFO [stderr] 
Dec 02 12:19:22.919 INFO [stderr] error[E0573]: expected type, found macro `syn::Arm`
Dec 02 12:19:22.919 INFO [stderr]   --> /cargo-home/registry/src/github.com-1ecc6299db9ec823/cssparser-0.23.10/build/match_byte.rs:30:15
Dec 02 12:19:22.919 INFO [stderr]    |
Dec 02 12:19:22.919 INFO [stderr] 30 |     arms: Vec<syn::Arm>,
Dec 02 12:19:22.919 INFO [stderr]    |               ^^^^^^^^ did you mean `syn::Arm!(...)`?
Dec 02 12:19:22.919 INFO [stderr] 
Dec 02 12:19:22.919 INFO [stderr] error[E0573]: expected type, found macro `syn::Arm`
Dec 02 12:19:22.919 INFO [stderr]   --> /cargo-home/registry/src/github.com-1ecc6299db9ec823/cssparser-0.23.10/build/match_byte.rs:37:27
Dec 02 12:19:22.919 INFO [stderr]    |
Dec 02 12:19:22.919 INFO [stderr] 37 |         arms: many0!(syn!(syn::Arm)) >> (
Dec 02 12:19:22.919 INFO [stderr]    |                           ^^^^^^^^ did you mean `syn::Arm!(...)`?
Dec 02 12:19:22.919 INFO [stderr] 
Dec 02 12:19:22.919 INFO [stderr] error[E0574]: expected struct, variant or union type, found macro `syn::PatLit`
Dec 02 12:19:22.919 INFO [stderr]   --> /cargo-home/registry/src/github.com-1ecc6299db9ec823/cssparser-0.23.10/build/match_byte.rs:89:32
Dec 02 12:19:22.919 INFO [stderr]    |
Dec 02 12:19:22.919 INFO [stderr] 89 |                 &syn::Pat::Lit(syn::PatLit{ref expr}) => {
Dec 02 12:19:22.919 INFO [stderr]    |                                ^^^^^^^^^^^ did you mean `syn::PatLit!(...)`?
Dec 02 12:19:22.919 INFO [stderr] 
Dec 02 12:19:22.919 INFO [stderr] error[E0574]: expected struct, variant or union type, found macro `syn::PatRange`
Dec 02 12:19:22.919 INFO [stderr]   --> /cargo-home/registry/src/github.com-1ecc6299db9ec823/cssparser-0.23.10/build/match_byte.rs:95:34
Dec 02 12:19:22.919 INFO [stderr]    |
Dec 02 12:19:22.919 INFO [stderr] 95 |                 &syn::Pat::Range(syn::PatRange { ref lo, ref hi, .. }) => {
Dec 02 12:19:22.919 INFO [stderr]    |                                  ^^^^^^^^^^^^^ did you mean `syn::PatRange!(...)`?
Dec 02 12:19:22.919 INFO [stderr] 
Dec 02 12:19:22.919 INFO [stderr] error[E0574]: expected struct, variant or union type, found macro `syn::PatIdent`
Dec 02 12:19:22.919 INFO [stderr]    --> /cargo-home/registry/src/github.com-1ecc6299db9ec823/cssparser-0.23.10/build/match_byte.rs:114:34
Dec 02 12:19:22.919 INFO [stderr]     |
Dec 02 12:19:22.919 INFO [stderr] 114 |                 &syn::Pat::Ident(syn::PatIdent { ident, .. }) => {
Dec 02 12:19:22.919 INFO [stderr]     |                                  ^^^^^^^^^^^^^ did you mean `syn::PatIdent!(...)`?
Dec 02 12:19:22.919 INFO [stderr] 
Dec 02 12:19:22.919 INFO [stderr] error[E0573]: expected type, found macro `syn::Stmt`
Dec 02 12:19:22.919 INFO [stderr]    --> /cargo-home/registry/src/github.com-1ecc6299db9ec823/cssparser-0.23.10/build/match_byte.rs:153:35
Dec 02 12:19:22.919 INFO [stderr]     |
Dec 02 12:19:22.919 INFO [stderr] 153 |     fn fold_stmt(&mut self, stmt: syn::Stmt) -> syn::Stmt {
Dec 02 12:19:22.919 INFO [stderr]     |                                   ^^^^^^^^^ did you mean `syn::Stmt!(...)`?
Dec 02 12:19:22.919 INFO [stderr] 
Dec 02 12:19:22.919 INFO [stderr] error[E0573]: expected type, found macro `syn::Stmt`
Dec 02 12:19:22.919 INFO [stderr]    --> /cargo-home/registry/src/github.com-1ecc6299db9ec823/cssparser-0.23.10/build/match_byte.rs:153:49
Dec 02 12:19:22.919 INFO [stderr]     |
Dec 02 12:19:22.919 INFO [stderr] 153 |     fn fold_stmt(&mut self, stmt: syn::Stmt) -> syn::Stmt {
Dec 02 12:19:22.919 INFO [stderr]     |                                                 ^^^^^^^^^ did you mean `syn::Stmt!(...)`?
Dec 02 12:19:22.919 INFO [stderr] 
Dec 02 12:19:22.919 INFO [stderr] error[E0574]: expected struct, variant or union type, found macro `syn::ItemMacro`
Dec 02 12:19:22.919 INFO [stderr]    --> /cargo-home/registry/src/github.com-1ecc6299db9ec823/cssparser-0.23.10/build/match_byte.rs:155:46
Dec 02 12:19:22.919 INFO [stderr]     |
Dec 02 12:19:22.919 INFO [stderr] 155 |             syn::Stmt::Item(syn::Item::Macro(syn::ItemMacro{ ref mac, .. })) => {
Dec 02 12:19:22.919 INFO [stderr]     |                                              ^^^^^^^^^^^^^^ did you mean `syn::ItemMacro!(...)`?
Dec 02 12:19:22.919 INFO [stderr] 
Dec 02 12:19:22.919 INFO [stderr] error[E0423]: expected function, found macro `syn::fold::fold_stmt`
Dec 02 12:19:22.919 INFO [stderr]    --> /cargo-home/registry/src/github.com-1ecc6299db9ec823/cssparser-0.23.10/build/match_byte.rs:157:28
Dec 02 12:19:22.919 INFO [stderr]     |
Dec 02 12:19:22.919 INFO [stderr] 157 |                     return syn::fold::fold_stmt(self, syn::Stmt::Expr(expand_match_byte(&mac.tts)))
Dec 02 12:19:22.919 INFO [stderr]     |                            ^^^^^^^^^^^---------
Dec 02 12:19:22.919 INFO [stderr]     |                            |          |
Dec 02 12:19:22.919 INFO [stderr]     |                            |          did you mean `fold_lit`?
Dec 02 12:19:22.919 INFO [stderr]     |                            did you mean `syn::fold::fold_stmt!(...)`?
Dec 02 12:19:22.919 INFO [stderr] 
Dec 02 12:19:22.919 INFO [stderr] error[E0423]: expected function, found macro `syn::fold::fold_stmt`
Dec 02 12:19:22.919 INFO [stderr]    --> /cargo-home/registry/src/github.com-1ecc6299db9ec823/cssparser-0.23.10/build/match_byte.rs:163:9
Dec 02 12:19:22.919 INFO [stderr]     |
Dec 02 12:19:22.919 INFO [stderr] 163 |         syn::fold::fold_stmt(self, stmt)
Dec 02 12:19:22.919 INFO [stderr]     |         ^^^^^^^^^^^---------
Dec 02 12:19:22.919 INFO [stderr]     |         |          |
Dec 02 12:19:22.919 INFO [stderr]     |         |          did you mean `fold_lit`?
Dec 02 12:19:22.919 INFO [stderr]     |         did you mean `syn::fold::fold_stmt!(...)`?
Dec 02 12:19:22.920 INFO [stderr] 
Dec 02 12:19:23.408 INFO [stderr] error[E0599]: no method named `fold_file` found for type `match_byte::MatchByteParser` in the current scope
Dec 02 12:19:23.408 INFO [stderr]   --> /cargo-home/registry/src/github.com-1ecc6299db9ec823/cssparser-0.23.10/build/match_byte.rs:22:17
Dec 02 12:19:23.408 INFO [stderr]    |
Dec 02 12:19:23.408 INFO [stderr] 14 | struct MatchByteParser {
Dec 02 12:19:23.408 INFO [stderr]    | ---------------------- method `fold_file` not found for this
Dec 02 12:19:23.408 INFO [stderr] ...
Dec 02 12:19:23.408 INFO [stderr] 22 |     let ast = m.fold_file(ast);
Dec 02 12:19:23.408 INFO [stderr]    |                 ^^^^^^^^^
Dec 02 12:19:23.411 INFO [stderr] 
Dec 02 12:19:23.512 INFO [stderr] error[E0609]: no field `pats` on type `&_`
Dec 02 12:19:23.512 INFO [stderr]   --> /cargo-home/registry/src/github.com-1ecc6299db9ec823/cssparser-0.23.10/build/match_byte.rs:87:25
Dec 02 12:19:23.512 INFO [stderr]    |
Dec 02 12:19:23.512 INFO [stderr] 87 |         for pat in &arm.pats {
Dec 02 12:19:23.512 INFO [stderr]    |                         ^^^^
Dec 02 12:19:23.517 INFO [stderr] 
Dec 02 12:19:23.795 INFO [stderr] error[E0026]: struct `syn::ExprMacro` does not have a field named `mac`
Dec 02 12:19:23.795 INFO [stderr]    --> /cargo-home/registry/src/github.com-1ecc6299db9ec823/cssparser-0.23.10/build/match_byte.rs:168:46
Dec 02 12:19:23.795 INFO [stderr]     |
Dec 02 12:19:23.795 INFO [stderr] 168 |             syn::Expr::Macro(syn::ExprMacro{ ref mac, .. }) => {
Dec 02 12:19:23.795 INFO [stderr]     |                                              ^^^^^^^ struct `syn::ExprMacro` does not have this field
Dec 02 12:19:23.795 INFO [stderr] 
Dec 02 12:19:23.875 INFO [stderr] error: aborting due to 22 previous errors
Dec 02 12:19:23.875 INFO [stderr] 
Dec 02 12:19:23.875 INFO [stderr] Some errors occurred: E0026, E0407, E0423, E0433, E0573, E0574, E0599, E0609.
Dec 02 12:19:23.875 INFO [stderr] For more information about an error, try `rustc --explain E0026`.
Dec 02 12:19:23.923 INFO [stderr] error: Could not compile `cssparser`.
Dec 02 12:19:23.927 INFO [stderr] warning: build failed, waiting for other jobs to finish...
Dec 02 12:19:29.373 INFO [stderr] error: build failed
Dec 02 12:19:29.375 INFO [stderr] su: No module specific data is present
Dec 02 12:19:30.428 INFO running `"docker" "inspect" "ad4389145b4350c728dab057e98913e6d5c1312acde81e57a8a67e1d6f489329"`
Dec 02 12:19:30.728 INFO running `"docker" "rm" "-f" "ad4389145b4350c728dab057e98913e6d5c1312acde81e57a8a67e1d6f489329"`
Dec 02 12:19:31.075 INFO [stdout] ad4389145b4350c728dab057e98913e6d5c1312acde81e57a8a67e1d6f489329
