Dec 02 14:57:35.815 INFO testing swerve-0.2.0 against 1.30.1 for beta-1.31-5
Dec 02 14:57:35.815 INFO running `"docker" "create" "-v" "/mnt/big/crater/work/local/target-dirs/beta-1.31-5/worker-7/1.30.1:/target:rw,Z" "-v" "/mnt/big/crater/work/local/test-source/worker-7/beta-1.31-5/1.30.1:/source:ro,Z" "-v" "/mnt/big/crater/work/local/cargo-home:/cargo-home:ro,Z" "-v" "/mnt/big/crater/work/local/rustup-home:/rustup-home:ro,Z" "-e" "USER_ID=1000" "-e" "SOURCE_DIR=/source" "-e" "USER_ID=1000" "-e" "CMD=cargo +1.30.1 build --frozen" "-e" "CARGO_TARGET_DIR=/target" "-e" "CARGO_INCREMENTAL=0" "-e" "RUST_BACKTRACE=full" "-e" "RUSTFLAGS=--cap-lints=warn" "-e" "CARGO_HOME=/cargo-home" "-e" "RUSTUP_HOME=/rustup-home" "-m" "1536M" "--network" "none" "crater"`
Dec 02 14:57:36.335 INFO [stdout] 488440f33750d07b0874d5d08b2fa68cf324ad21d4f774fb7449de5a89fe3876
Dec 02 14:57:36.337 INFO running `"docker" "start" "-a" "488440f33750d07b0874d5d08b2fa68cf324ad21d4f774fb7449de5a89fe3876"`
Dec 02 14:57:37.263 INFO [stderr] usermod: no changes
Dec 02 14:57:37.597 INFO [stderr]    Compiling buf-read-ext v0.2.1
Dec 02 14:57:37.597 INFO [stderr]    Compiling rhai v0.7.1
Dec 02 14:57:37.618 INFO [stderr]    Compiling pear_codegen v0.0.20
Dec 02 14:57:37.618 INFO [stderr]    Compiling rocket v0.3.17
Dec 02 14:57:37.618 INFO [stderr]    Compiling rocket_codegen v0.3.17
Dec 02 14:57:37.618 INFO [stderr]    Compiling isatty v0.1.9
Dec 02 14:57:37.618 INFO [stderr]    Compiling toml v0.4.9
Dec 02 14:57:37.618 INFO [stderr]    Compiling serde_yaml v0.7.5
Dec 02 14:57:38.191 INFO [stderr] error: failed to run custom build command for `rocket_codegen v0.3.17`
Dec 02 14:57:38.191 INFO [stderr] process didn't exit successfully: `/target/debug/build/rocket_codegen-c5232cdd0a7a7f0a/build-script-build` (exit code: 101)
Dec 02 14:57:38.191 INFO [stderr] --- stderr
Dec 02 14:57:38.191 INFO [stderr] [1;31mError:[0m [37mRocket requires a nightly or dev version of Rust.[0m
Dec 02 14:57:38.191 INFO [stderr] [37mInstalled version is:[0m [33m1.30.1 (2018-11-07)[0m. [37mMinimum required:[0m [33m1.30.0-nightly (2018-08-23)[0m.
Dec 02 14:57:38.191 INFO [stderr] [34mSee the getting started guide ([0m[37mhttps://rocket.rs/guide/getting-started/[0m[34m) for more information.[0m
Dec 02 14:57:38.191 INFO [stderr] thread 'main' panicked at 'Aborting compilation due to incompatible compiler.', /cargo-home/registry/src/github.com-1ecc6299db9ec823/rocket_codegen-0.3.17/build.rs:38:17
Dec 02 14:57:38.191 INFO [stderr] stack backtrace:
Dec 02 14:57:38.191 INFO [stderr]    0:     0x5559c6e5575e - std::sys::unix::backtrace::tracing::imp::unwind_backtrace::h15749a98198ba25f
Dec 02 14:57:38.191 INFO [stderr]                                at libstd/sys/unix/backtrace/tracing/gcc_s.rs:49
Dec 02 14:57:38.191 INFO [stderr]    1:     0x5559c6e46ce6 - std::sys_common::backtrace::print::h0ba65c811294dbf0
Dec 02 14:57:38.191 INFO [stderr]                                at libstd/sys_common/backtrace.rs:71
Dec 02 14:57:38.191 INFO [stderr]                                at libstd/sys_common/backtrace.rs:59
Dec 02 14:57:38.191 INFO [stderr]    2:     0x5559c6e4562d - std::panicking::default_hook::{{closure}}::h42bb31757f0fee64
Dec 02 14:57:38.191 INFO [stderr]                                at libstd/panicking.rs:211
Dec 02 14:57:38.191 INFO [stderr]    3:     0x5559c6e453a0 - std::panicking::default_hook::hebc8848d7aa7dbd9
Dec 02 14:57:38.191 INFO [stderr]                                at libstd/panicking.rs:227
Dec 02 14:57:38.191 INFO [stderr]    4:     0x5559c6e45c2c - std::panicking::rust_panic_with_hook::h86e619a638415243
Dec 02 14:57:38.191 INFO [stderr]                                at libstd/panicking.rs:477
Dec 02 14:57:38.191 INFO [stderr]    5:     0x5559c6e28c3f - std::panicking::begin_panic::heb767c19fcc99f5a
Dec 02 14:57:38.191 INFO [stderr]                                at libstd/panicking.rs:411
Dec 02 14:57:38.191 INFO [stderr]    6:     0x5559c6e26d92 - build_script_build::main::he9d75f7a954f7ddf
Dec 02 14:57:38.191 INFO [stderr]                                at /cargo-home/registry/src/github.com-1ecc6299db9ec823/rocket_codegen-0.3.17/build.rs:38
Dec 02 14:57:38.191 INFO [stderr]    7:     0x5559c6e2952f - std::rt::lang_start::{{closure}}::hd1578fbee069c28e
Dec 02 14:57:38.191 INFO [stderr]                                at libstd/rt.rs:74
Dec 02 14:57:38.191 INFO [stderr]    8:     0x5559c6e456d2 - std::panicking::try::do_call::h47665672c57b11e4
Dec 02 14:57:38.191 INFO [stderr]                                at libstd/rt.rs:59
Dec 02 14:57:38.191 INFO [stderr]                                at libstd/panicking.rs:310
Dec 02 14:57:38.191 INFO [stderr]    9:     0x5559c6e66689 - __rust_maybe_catch_panic
Dec 02 14:57:38.191 INFO [stderr]                                at libpanic_unwind/lib.rs:103
Dec 02 14:57:38.191 INFO [stderr]   10:     0x5559c6e50755 - std::rt::lang_start_internal::had9505969b8e20a2
Dec 02 14:57:38.191 INFO [stderr]                                at libstd/panicking.rs:289
Dec 02 14:57:38.191 INFO [stderr]                                at libstd/panic.rs:392
Dec 02 14:57:38.191 INFO [stderr]                                at libstd/rt.rs:58
Dec 02 14:57:38.191 INFO [stderr]   11:     0x5559c6e29507 - std::rt::lang_start::h6b9f2e9d23e59193
Dec 02 14:57:38.191 INFO [stderr]                                at libstd/rt.rs:74
Dec 02 14:57:38.191 INFO [stderr]   12:     0x5559c6e27c29 - main
Dec 02 14:57:38.191 INFO [stderr]   13:     0x7f13d006d82f - __libc_start_main
Dec 02 14:57:38.191 INFO [stderr]   14:     0x5559c6e26448 - _start
Dec 02 14:57:38.191 INFO [stderr]   15:                0x0 - <unknown>
Dec 02 14:57:38.191 INFO [stderr] 
Dec 02 14:57:38.191 INFO [stderr] warning: build failed, waiting for other jobs to finish...
Dec 02 14:57:38.251 INFO [stderr] error: failed to run custom build command for `rocket v0.3.17`
Dec 02 14:57:38.251 INFO [stderr] process didn't exit successfully: `/target/debug/build/rocket-c4e66faee2f2b7c9/build-script-build` (exit code: 101)
Dec 02 14:57:38.251 INFO [stderr] --- stderr
Dec 02 14:57:38.251 INFO [stderr] [1;31mError:[0m [37mRocket requires a nightly or dev version of Rust.[0m
Dec 02 14:57:38.251 INFO [stderr] [37mInstalled version is:[0m [33m1.30.1 (2018-11-07)[0m. [37mMinimum required:[0m [33m1.27.0-nightly (2018-04-26)[0m.
Dec 02 14:57:38.251 INFO [stderr] [34mSee the getting started guide ([0m[37mhttps://rocket.rs/guide/getting-started/[0m[34m) for more information.[0m
Dec 02 14:57:38.251 INFO [stderr] thread 'main' panicked at 'Aborting compilation due to incompatible compiler.', /cargo-home/registry/src/github.com-1ecc6299db9ec823/rocket-0.3.17/build.rs:38:13
Dec 02 14:57:38.251 INFO [stderr] stack backtrace:
Dec 02 14:57:38.251 INFO [stderr]    0:     0x561ea17d176e - std::sys::unix::backtrace::tracing::imp::unwind_backtrace::h15749a98198ba25f
Dec 02 14:57:38.251 INFO [stderr]                                at libstd/sys/unix/backtrace/tracing/gcc_s.rs:49
Dec 02 14:57:38.251 INFO [stderr]    1:     0x561ea17c2cf6 - std::sys_common::backtrace::print::h0ba65c811294dbf0
Dec 02 14:57:38.251 INFO [stderr]                                at libstd/sys_common/backtrace.rs:71
Dec 02 14:57:38.251 INFO [stderr]                                at libstd/sys_common/backtrace.rs:59
Dec 02 14:57:38.251 INFO [stderr]    2:     0x561ea17c163d - std::panicking::default_hook::{{closure}}::h42bb31757f0fee64
Dec 02 14:57:38.251 INFO [stderr]                                at libstd/panicking.rs:211
Dec 02 14:57:38.251 INFO [stderr]    3:     0x561ea17c13b0 - std::panicking::default_hook::hebc8848d7aa7dbd9
Dec 02 14:57:38.251 INFO [stderr]                                at libstd/panicking.rs:227
Dec 02 14:57:38.251 INFO [stderr]    4:     0x561ea17c1c3c - std::panicking::rust_panic_with_hook::h86e619a638415243
Dec 02 14:57:38.251 INFO [stderr]                                at libstd/panicking.rs:477
Dec 02 14:57:38.251 INFO [stderr]    5:     0x561ea17a4c4f - std::panicking::begin_panic::h1f2b9e9d96bd8bd1
Dec 02 14:57:38.251 INFO [stderr]                                at libstd/panicking.rs:411
Dec 02 14:57:38.251 INFO [stderr]    6:     0x561ea17a2d93 - build_script_build::main::h911ac25bbcea8e76
Dec 02 14:57:38.251 INFO [stderr]                                at /cargo-home/registry/src/github.com-1ecc6299db9ec823/rocket-0.3.17/build.rs:38
Dec 02 14:57:38.251 INFO [stderr]    7:     0x561ea17a553f - std::rt::lang_start::{{closure}}::h252ed0ee3474df69
Dec 02 14:57:38.251 INFO [stderr]                                at libstd/rt.rs:74
Dec 02 14:57:38.251 INFO [stderr]    8:     0x561ea17c16e2 - std::panicking::try::do_call::h47665672c57b11e4
Dec 02 14:57:38.251 INFO [stderr]                                at libstd/rt.rs:59
Dec 02 14:57:38.251 INFO [stderr]                                at libstd/panicking.rs:310
Dec 02 14:57:38.251 INFO [stderr]    9:     0x561ea17e2699 - __rust_maybe_catch_panic
Dec 02 14:57:38.251 INFO [stderr]                                at libpanic_unwind/lib.rs:103
Dec 02 14:57:38.251 INFO [stderr]   10:     0x561ea17cc765 - std::rt::lang_start_internal::had9505969b8e20a2
Dec 02 14:57:38.251 INFO [stderr]                                at libstd/panicking.rs:289
Dec 02 14:57:38.251 INFO [stderr]                                at libstd/panic.rs:392
Dec 02 14:57:38.251 INFO [stderr]                                at libstd/rt.rs:58
Dec 02 14:57:38.251 INFO [stderr]   11:     0x561ea17a5517 - std::rt::lang_start::h69706e9d9625c548
Dec 02 14:57:38.251 INFO [stderr]                                at libstd/rt.rs:74
Dec 02 14:57:38.251 INFO [stderr]   12:     0x561ea17a3c39 - main
Dec 02 14:57:38.251 INFO [stderr]   13:     0x7fbca64c282f - __libc_start_main
Dec 02 14:57:38.251 INFO [stderr]   14:     0x561ea17a2448 - _start
Dec 02 14:57:38.251 INFO [stderr]   15:                0x0 - <unknown>
Dec 02 14:57:38.251 INFO [stderr] 
Dec 02 14:57:38.251 INFO [stderr] warning: build failed, waiting for other jobs to finish...
Dec 02 14:57:38.347 INFO [stderr] error: failed to run custom build command for `pear_codegen v0.0.20`
Dec 02 14:57:38.347 INFO [stderr] process didn't exit successfully: `/target/debug/build/pear_codegen-df86f9f8daca6fae/build-script-build` (exit code: 101)
Dec 02 14:57:38.347 INFO [stderr] --- stderr
Dec 02 14:57:38.347 INFO [stderr] [1;31mError:[0m [37mPear requires a nightly or dev version of Rust.[0m
Dec 02 14:57:38.347 INFO [stderr] [37mInstalled version is:[0m [33m1.30.1 (2018-11-07)[0m. [37mMinimum required:[0m [33m1.30.0-nightly (2018-08-23)[0m.
Dec 02 14:57:38.347 INFO [stderr] thread 'main' panicked at 'Aborting compilation due to incompatible compiler.', /cargo-home/registry/src/github.com-1ecc6299db9ec823/pear_codegen-0.0.20/build.rs:31:13
Dec 02 14:57:38.347 INFO [stderr] stack backtrace:
Dec 02 14:57:38.347 INFO [stderr]    0:     0x562abc77453e - std::sys::unix::backtrace::tracing::imp::unwind_backtrace::h15749a98198ba25f
Dec 02 14:57:38.347 INFO [stderr]                                at libstd/sys/unix/backtrace/tracing/gcc_s.rs:49
Dec 02 14:57:38.347 INFO [stderr]    1:     0x562abc765ac6 - std::sys_common::backtrace::print::h0ba65c811294dbf0
Dec 02 14:57:38.347 INFO [stderr]                                at libstd/sys_common/backtrace.rs:71
Dec 02 14:57:38.347 INFO [stderr]                                at libstd/sys_common/backtrace.rs:59
Dec 02 14:57:38.347 INFO [stderr]    2:     0x562abc76440d - std::panicking::default_hook::{{closure}}::h42bb31757f0fee64
Dec 02 14:57:38.347 INFO [stderr]                                at libstd/panicking.rs:211
Dec 02 14:57:38.347 INFO [stderr]    3:     0x562abc764180 - std::panicking::default_hook::hebc8848d7aa7dbd9
Dec 02 14:57:38.347 INFO [stderr]                                at libstd/panicking.rs:227
Dec 02 14:57:38.347 INFO [stderr]    4:     0x562abc764a0c - std::panicking::rust_panic_with_hook::h86e619a638415243
Dec 02 14:57:38.347 INFO [stderr]                                at libstd/panicking.rs:477
Dec 02 14:57:38.347 INFO [stderr]    5:     0x562abc747a1f - std::panicking::begin_panic::hff0b0938de69e946
Dec 02 14:57:38.347 INFO [stderr]                                at libstd/panicking.rs:411
Dec 02 14:57:38.347 INFO [stderr]    6:     0x562abc745b5a - build_script_build::main::h3208cb5374859f64
Dec 02 14:57:38.347 INFO [stderr]                                at /cargo-home/registry/src/github.com-1ecc6299db9ec823/pear_codegen-0.0.20/build.rs:31
Dec 02 14:57:38.347 INFO [stderr]    7:     0x562abc74830f - std::rt::lang_start::{{closure}}::he88afd07f648b684
Dec 02 14:57:38.347 INFO [stderr]                                at libstd/rt.rs:74
Dec 02 14:57:38.347 INFO [stderr]    8:     0x562abc7644b2 - std::panicking::try::do_call::h47665672c57b11e4
Dec 02 14:57:38.347 INFO [stderr]                                at libstd/rt.rs:59
Dec 02 14:57:38.347 INFO [stderr]                                at libstd/panicking.rs:310
Dec 02 14:57:38.347 INFO [stderr]    9:     0x562abc785469 - __rust_maybe_catch_panic
Dec 02 14:57:38.347 INFO [stderr]                                at libpanic_unwind/lib.rs:103
Dec 02 14:57:38.347 INFO [stderr]   10:     0x562abc76f535 - std::rt::lang_start_internal::had9505969b8e20a2
Dec 02 14:57:38.347 INFO [stderr]                                at libstd/panicking.rs:289
Dec 02 14:57:38.347 INFO [stderr]                                at libstd/panic.rs:392
Dec 02 14:57:38.347 INFO [stderr]                                at libstd/rt.rs:58
Dec 02 14:57:38.347 INFO [stderr]   11:     0x562abc7482e7 - std::rt::lang_start::ha0952dc06a311b9d
Dec 02 14:57:38.347 INFO [stderr]                                at libstd/rt.rs:74
Dec 02 14:57:38.347 INFO [stderr]   12:     0x562abc746a09 - main
Dec 02 14:57:38.347 INFO [stderr]   13:     0x7f1110b4f82f - __libc_start_main
Dec 02 14:57:38.347 INFO [stderr]   14:     0x562abc745448 - _start
Dec 02 14:57:38.347 INFO [stderr]   15:                0x0 - <unknown>
Dec 02 14:57:38.347 INFO [stderr] 
Dec 02 14:57:38.347 INFO [stderr] warning: build failed, waiting for other jobs to finish...
Dec 02 14:57:48.551 INFO [stderr] error: build failed
Dec 02 14:57:48.551 INFO [stderr] su: No module specific data is present
Dec 02 14:57:49.279 INFO running `"docker" "inspect" "488440f33750d07b0874d5d08b2fa68cf324ad21d4f774fb7449de5a89fe3876"`
Dec 02 14:57:49.521 INFO running `"docker" "rm" "-f" "488440f33750d07b0874d5d08b2fa68cf324ad21d4f774fb7449de5a89fe3876"`
Dec 02 14:57:49.783 INFO [stdout] 488440f33750d07b0874d5d08b2fa68cf324ad21d4f774fb7449de5a89fe3876
