Dec 02 15:21:20.931 INFO testing stm32f411xx-0.0.1 against 1.30.1 for beta-1.31-5
Dec 02 15:21:20.931 INFO running `"docker" "create" "-v" "/mnt/big/crater/work/local/target-dirs/beta-1.31-5/worker-7/1.30.1:/target:rw,Z" "-v" "/mnt/big/crater/work/local/test-source/worker-7/beta-1.31-5/1.30.1:/source:ro,Z" "-v" "/mnt/big/crater/work/local/cargo-home:/cargo-home:ro,Z" "-v" "/mnt/big/crater/work/local/rustup-home:/rustup-home:ro,Z" "-e" "USER_ID=1000" "-e" "SOURCE_DIR=/source" "-e" "USER_ID=1000" "-e" "CMD=cargo +1.30.1 build --frozen" "-e" "CARGO_TARGET_DIR=/target" "-e" "CARGO_INCREMENTAL=0" "-e" "RUST_BACKTRACE=full" "-e" "RUSTFLAGS=--cap-lints=warn" "-e" "CARGO_HOME=/cargo-home" "-e" "RUSTUP_HOME=/rustup-home" "-m" "1536M" "--network" "none" "crater"`
Dec 02 15:21:21.255 INFO [stdout] 9d5eb5364f49bc58467f1977bf190255d543181a9b7f691b00b31a6610b3b06a
Dec 02 15:21:21.261 INFO running `"docker" "start" "-a" "9d5eb5364f49bc58467f1977bf190255d543181a9b7f691b00b31a6610b3b06a"`
Dec 02 15:21:22.146 INFO [stderr] usermod: no changes
Dec 02 15:21:22.223 INFO [stderr]    Compiling cortex-m v0.4.3
Dec 02 15:21:22.223 INFO [stderr]    Compiling aligned v0.1.2
Dec 02 15:21:22.223 INFO [stderr]    Compiling untagged-option v0.1.1
Dec 02 15:21:22.223 INFO [stderr]    Compiling bare-metal v0.1.3
Dec 02 15:21:22.375 INFO [stderr] error[E0554]: #![feature] may not be used on the stable release channel
Dec 02 15:21:22.375 INFO [stderr]  --> /cargo-home/registry/src/github.com-1ecc6299db9ec823/bare-metal-0.1.3/src/lib.rs:5:35
Dec 02 15:21:22.375 INFO [stderr]   |
Dec 02 15:21:22.375 INFO [stderr] 5 | #![cfg_attr(feature = "const-fn", feature(const_fn))]
Dec 02 15:21:22.375 INFO [stderr]   |                                   ^^^^^^^^^^^^^^^^^^
Dec 02 15:21:22.375 INFO [stderr] 
Dec 02 15:21:22.375 INFO [stderr] error: aborting due to previous error
Dec 02 15:21:22.375 INFO [stderr] 
Dec 02 15:21:22.375 INFO [stderr] For more information about this error, try `rustc --explain E0554`.
Dec 02 15:21:22.375 INFO [stderr] error: Could not compile `bare-metal`.
Dec 02 15:21:22.375 INFO [stderr] warning: build failed, waiting for other jobs to finish...
Dec 02 15:21:22.407 INFO [stderr] error[E0554]: #![feature] may not be used on the stable release channel
Dec 02 15:21:22.407 INFO [stderr]  --> /cargo-home/registry/src/github.com-1ecc6299db9ec823/untagged-option-0.1.1/src/lib.rs:5:1
Dec 02 15:21:22.407 INFO [stderr]   |
Dec 02 15:21:22.407 INFO [stderr] 5 | #![feature(untagged_unions, const_fn)]
Dec 02 15:21:22.407 INFO [stderr]   | ^^^^^^^^^^^^^^^^^^^^^^^^^^^^^^^^^^^^^^
Dec 02 15:21:22.407 INFO [stderr] 
Dec 02 15:21:22.407 INFO [stderr] error: aborting due to previous error
Dec 02 15:21:22.407 INFO [stderr] 
Dec 02 15:21:22.407 INFO [stderr] For more information about this error, try `rustc --explain E0554`.
Dec 02 15:21:22.414 INFO [stderr] error: Could not compile `untagged-option`.
Dec 02 15:21:22.414 INFO [stderr] warning: build failed, waiting for other jobs to finish...
Dec 02 15:21:22.439 INFO [stderr] error[E0554]: #![feature] may not be used on the stable release channel
Dec 02 15:21:22.439 INFO [stderr]   --> /cargo-home/registry/src/github.com-1ecc6299db9ec823/aligned-0.1.2/src/lib.rs:32:35
Dec 02 15:21:22.439 INFO [stderr]    |
Dec 02 15:21:22.439 INFO [stderr] 32 | #![cfg_attr(feature = "const-fn", feature(const_fn))]
Dec 02 15:21:22.439 INFO [stderr]    |                                   ^^^^^^^^^^^^^^^^^^
Dec 02 15:21:22.439 INFO [stderr] 
Dec 02 15:21:22.439 INFO [stderr] error: aborting due to previous error
Dec 02 15:21:22.439 INFO [stderr] 
Dec 02 15:21:22.439 INFO [stderr] For more information about this error, try `rustc --explain E0554`.
Dec 02 15:21:22.447 INFO [stderr] error: Could not compile `aligned`.
Dec 02 15:21:22.447 INFO [stderr] warning: build failed, waiting for other jobs to finish...
Dec 02 15:21:23.494 INFO [stderr] error: build failed
Dec 02 15:21:23.495 INFO [stderr] su: No module specific data is present
Dec 02 15:21:24.105 INFO running `"docker" "inspect" "9d5eb5364f49bc58467f1977bf190255d543181a9b7f691b00b31a6610b3b06a"`
Dec 02 15:21:24.309 INFO running `"docker" "rm" "-f" "9d5eb5364f49bc58467f1977bf190255d543181a9b7f691b00b31a6610b3b06a"`
Dec 02 15:21:24.547 INFO [stdout] 9d5eb5364f49bc58467f1977bf190255d543181a9b7f691b00b31a6610b3b06a
