Dec 02 15:41:26.203 INFO testing squark-macros-0.6.1 against 1.30.1 for beta-1.31-5
Dec 02 15:41:26.203 INFO running `"docker" "create" "-v" "/mnt/big/crater/work/local/target-dirs/beta-1.31-5/worker-4/1.30.1:/target:rw,Z" "-v" "/mnt/big/crater/work/local/test-source/worker-4/beta-1.31-5/1.30.1:/source:ro,Z" "-v" "/mnt/big/crater/work/local/cargo-home:/cargo-home:ro,Z" "-v" "/mnt/big/crater/work/local/rustup-home:/rustup-home:ro,Z" "-e" "USER_ID=1000" "-e" "SOURCE_DIR=/source" "-e" "USER_ID=1000" "-e" "CMD=cargo +1.30.1 build --frozen" "-e" "CARGO_TARGET_DIR=/target" "-e" "CARGO_INCREMENTAL=0" "-e" "RUST_BACKTRACE=full" "-e" "RUSTFLAGS=--cap-lints=warn" "-e" "CARGO_HOME=/cargo-home" "-e" "RUSTUP_HOME=/rustup-home" "-m" "1536M" "--network" "none" "crater"`
Dec 02 15:41:26.611 INFO [stdout] ba29b54df7607a21f89058ea34fb189f20c24fd3227e9b7344dbb8667281b26a
Dec 02 15:41:26.613 INFO running `"docker" "start" "-a" "ba29b54df7607a21f89058ea34fb189f20c24fd3227e9b7344dbb8667281b26a"`
Dec 02 15:41:27.739 INFO [stderr] usermod: no changes
Dec 02 15:41:27.883 INFO [stderr]    Compiling squark-macros v0.6.1 (/source)
Dec 02 15:41:31.063 INFO [stderr] error[E0658]: procedural macros cannot be expanded to expressions (see issue #38356)
Dec 02 15:41:31.063 INFO [stderr]   --> src/lib.rs:38:17
Dec 02 15:41:31.063 INFO [stderr]    |
Dec 02 15:41:31.063 INFO [stderr] 38 |                 quote!($_embedded.into())
Dec 02 15:41:31.063 INFO [stderr]    |                 ^^^^^^^^^^^^^^^^^^^^^^^^^
Dec 02 15:41:31.064 INFO [stderr] 
Dec 02 15:41:31.066 INFO [stderr] error[E0658]: procedural macros cannot be expanded to statements (see issue #38356)
Dec 02 15:41:31.066 INFO [stderr]   --> src/lib.rs:42:17
Dec 02 15:41:31.066 INFO [stderr]    |
Dec 02 15:41:31.066 INFO [stderr] 42 |                 quote! { $_v.into() }
Dec 02 15:41:31.066 INFO [stderr]    |                 ^^^^^^^^^^^^^^^^^^^^^
Dec 02 15:41:31.066 INFO [stderr] 
Dec 02 15:41:31.066 INFO [stderr] error[E0658]: procedural macros cannot be expanded to statements (see issue #38356)
Dec 02 15:41:31.066 INFO [stderr]   --> src/lib.rs:46:17
Dec 02 15:41:31.066 INFO [stderr]    |
Dec 02 15:41:31.066 INFO [stderr] 46 |                 quote! { $_v.into() }
Dec 02 15:41:31.066 INFO [stderr]    |                 ^^^^^^^^^^^^^^^^^^^^^
Dec 02 15:41:31.066 INFO [stderr] 
Dec 02 15:41:31.066 INFO [stderr] error[E0658]: procedural macros cannot be expanded to expressions (see issue #38356)
Dec 02 15:41:31.066 INFO [stderr]   --> src/lib.rs:54:27
Dec 02 15:41:31.066 INFO [stderr]    |
Dec 02 15:41:31.066 INFO [stderr] 54 |               handlers.push(quote! {
Dec 02 15:41:31.066 INFO [stderr]    |  ___________________________^
Dec 02 15:41:31.066 INFO [stderr] 55 | |                 ($_k.to_string(), _squark::handler($_v)),
Dec 02 15:41:31.066 INFO [stderr] 56 | |             });
Dec 02 15:41:31.066 INFO [stderr]    | |_____________^
Dec 02 15:41:31.066 INFO [stderr] 
Dec 02 15:41:31.069 INFO [stderr] error[E0658]: procedural macros cannot be expanded to expressions (see issue #38356)
Dec 02 15:41:31.069 INFO [stderr]   --> src/lib.rs:61:25
Dec 02 15:41:31.069 INFO [stderr]    |
Dec 02 15:41:31.069 INFO [stderr] 61 |           attributes.push(quote! {
Dec 02 15:41:31.069 INFO [stderr]    |  _________________________^
Dec 02 15:41:31.069 INFO [stderr] 62 | |             ($_k.to_string(), $_v),
Dec 02 15:41:31.069 INFO [stderr] 63 | |         });
Dec 02 15:41:31.069 INFO [stderr]    | |_________^
Dec 02 15:41:31.069 INFO [stderr] 
Dec 02 15:41:31.069 INFO [stderr] error[E0658]: procedural macros cannot be expanded to statements (see issue #38356)
Dec 02 15:41:31.069 INFO [stderr]   --> src/lib.rs:74:21
Dec 02 15:41:31.069 INFO [stderr]    |
Dec 02 15:41:31.069 INFO [stderr] 74 | /                     quote! {
Dec 02 15:41:31.069 INFO [stderr] 75 | |                         _squark::Child::from($_tag),
Dec 02 15:41:31.069 INFO [stderr] 76 | |                     }
Dec 02 15:41:31.069 INFO [stderr]    | |_____________________^
Dec 02 15:41:31.069 INFO [stderr] 
Dec 02 15:41:31.069 INFO [stderr] error[E0658]: procedural macros cannot be expanded to statements (see issue #38356)
Dec 02 15:41:31.069 INFO [stderr]   --> src/lib.rs:80:21
Dec 02 15:41:31.069 INFO [stderr]    |
Dec 02 15:41:31.069 INFO [stderr] 80 | /                     quote! {
Dec 02 15:41:31.069 INFO [stderr] 81 | |                         $_text.into(),
Dec 02 15:41:31.069 INFO [stderr] 82 | |                     }
Dec 02 15:41:31.069 INFO [stderr]    | |_____________________^
Dec 02 15:41:31.069 INFO [stderr] 
Dec 02 15:41:31.069 INFO [stderr] error[E0658]: procedural macros cannot be expanded to statements (see issue #38356)
Dec 02 15:41:31.069 INFO [stderr]   --> src/lib.rs:86:21
Dec 02 15:41:31.069 INFO [stderr]    |
Dec 02 15:41:31.069 INFO [stderr] 86 | /                     quote! {
Dec 02 15:41:31.069 INFO [stderr] 87 | |                         {$_embedded}.into(),
Dec 02 15:41:31.069 INFO [stderr] 88 | |                     }
Dec 02 15:41:31.069 INFO [stderr]    | |_____________________^
Dec 02 15:41:31.069 INFO [stderr] 
Dec 02 15:41:31.071 INFO [stderr] error[E0658]: procedural macros cannot be expanded to statements (see issue #38356)
Dec 02 15:41:31.071 INFO [stderr]    --> src/lib.rs:97:5
Dec 02 15:41:31.071 INFO [stderr]     |
Dec 02 15:41:31.071 INFO [stderr] 97  | /     quote! {
Dec 02 15:41:31.071 INFO [stderr] 98  | |         _squark::View::new(
Dec 02 15:41:31.071 INFO [stderr] 99  | |             $_name.to_string(),
Dec 02 15:41:31.071 INFO [stderr] 100 | |             vec![
Dec 02 15:41:31.071 INFO [stderr] ...   |
Dec 02 15:41:31.071 INFO [stderr] 109 | |         )
Dec 02 15:41:31.071 INFO [stderr] 110 | |     }
Dec 02 15:41:31.071 INFO [stderr]     | |_____^
Dec 02 15:41:31.071 INFO [stderr] 
Dec 02 15:41:31.071 INFO [stderr] error[E0658]: procedural macros cannot be expanded to statements (see issue #38356)
Dec 02 15:41:31.071 INFO [stderr]    --> src/lib.rs:119:5
Dec 02 15:41:31.071 INFO [stderr]     |
Dec 02 15:41:31.071 INFO [stderr] 119 | /     quote! {
Dec 02 15:41:31.071 INFO [stderr] 120 | |         {
Dec 02 15:41:31.071 INFO [stderr] 121 | |             extern crate squark as _squark;
Dec 02 15:41:31.071 INFO [stderr] 122 | |             $_token
Dec 02 15:41:31.071 INFO [stderr] 123 | |         }
Dec 02 15:41:31.071 INFO [stderr] 124 | |     }
Dec 02 15:41:31.071 INFO [stderr]     | |_____^
Dec 02 15:41:31.071 INFO [stderr] 
Dec 02 15:41:31.075 INFO [stderr] error: aborting due to 10 previous errors
Dec 02 15:41:31.075 INFO [stderr] 
Dec 02 15:41:31.075 INFO [stderr] For more information about this error, try `rustc --explain E0658`.
Dec 02 15:41:31.087 INFO [stderr] error: Could not compile `squark-macros`.
Dec 02 15:41:31.087 INFO [stderr] 
Dec 02 15:41:31.087 INFO [stderr] To learn more, run the command again with --verbose.
Dec 02 15:41:31.087 INFO [stderr] su: No module specific data is present
Dec 02 15:41:31.823 INFO running `"docker" "inspect" "ba29b54df7607a21f89058ea34fb189f20c24fd3227e9b7344dbb8667281b26a"`
Dec 02 15:41:32.129 INFO running `"docker" "rm" "-f" "ba29b54df7607a21f89058ea34fb189f20c24fd3227e9b7344dbb8667281b26a"`
Dec 02 15:41:32.466 INFO [stdout] ba29b54df7607a21f89058ea34fb189f20c24fd3227e9b7344dbb8667281b26a
