Dec 02 16:06:14.636 INFO testing sounding-bufkit-0.9.0 against 1.30.1 for beta-1.31-5
Dec 02 16:06:14.636 INFO running `"docker" "create" "-v" "/mnt/big/crater/work/local/target-dirs/beta-1.31-5/worker-3/1.30.1:/target:rw,Z" "-v" "/mnt/big/crater/work/local/test-source/worker-3/beta-1.31-5/1.30.1:/source:ro,Z" "-v" "/mnt/big/crater/work/local/cargo-home:/cargo-home:ro,Z" "-v" "/mnt/big/crater/work/local/rustup-home:/rustup-home:ro,Z" "-e" "USER_ID=1000" "-e" "SOURCE_DIR=/source" "-e" "USER_ID=1000" "-e" "CMD=cargo +1.30.1 build --frozen" "-e" "CARGO_TARGET_DIR=/target" "-e" "CARGO_INCREMENTAL=0" "-e" "RUST_BACKTRACE=full" "-e" "RUSTFLAGS=--cap-lints=warn" "-e" "CARGO_HOME=/cargo-home" "-e" "RUSTUP_HOME=/rustup-home" "-m" "1536M" "--network" "none" "crater"`
Dec 02 16:06:15.093 INFO [stdout] 52d0afd497fb8cff4cf520601507fa76911e3f67e9e6b0f2b04810140c871064
Dec 02 16:06:15.100 INFO running `"docker" "start" "-a" "52d0afd497fb8cff4cf520601507fa76911e3f67e9e6b0f2b04810140c871064"`
Dec 02 16:06:16.259 INFO [stderr] usermod: no changes
Dec 02 16:06:16.391 INFO [stderr]    Compiling metfor v0.4.1
Dec 02 16:06:16.411 INFO [stderr]    Compiling optional v0.5.0
Dec 02 16:06:16.427 INFO [stderr]    Compiling optional v0.4.3
Dec 02 16:06:18.559 INFO [stderr]    Compiling sounding-base v0.8.1
Dec 02 16:06:20.123 INFO [stderr]    Compiling sounding-analysis v0.9.3
Dec 02 16:06:24.199 INFO [stderr]    Compiling sounding-bufkit v0.9.0 (/source)
Dec 02 16:06:26.023 INFO [stderr] error[E0277]: the trait bound `optional::Optioned<f64>: std::convert::From<optional::Optioned<f64>>` is not satisfied
Dec 02 16:06:26.023 INFO [stderr]    --> src/bufkit_data/mod.rs:144:19
Dec 02 16:06:26.023 INFO [stderr]     |
Dec 02 16:06:26.023 INFO [stderr] 144 |     let station = StationInfo::new_with_values(
Dec 02 16:06:26.023 INFO [stderr]     |                   ^^^^^^^^^^^^^^^^^^^^^^^^^^^^ the trait `std::convert::From<optional::Optioned<f64>>` is not implemented for `optional::Optioned<f64>`
Dec 02 16:06:26.023 INFO [stderr]     |
Dec 02 16:06:26.023 INFO [stderr]     = help: the following implementations were found:
Dec 02 16:06:26.023 INFO [stderr]               <optional::Optioned<T> as std::convert::From<&'a std::option::Option<T>>>
Dec 02 16:06:26.023 INFO [stderr]               <optional::Optioned<T> as std::convert::From<T>>
Dec 02 16:06:26.023 INFO [stderr]               <optional::Optioned<T> as std::convert::From<std::option::Option<T>>>
Dec 02 16:06:26.023 INFO [stderr]     = note: required because of the requirements on the impl of `std::convert::Into<optional::Optioned<f64>>` for `optional::Optioned<f64>`
Dec 02 16:06:26.023 INFO [stderr]     = note: required by `sounding_base::StationInfo::new_with_values`
Dec 02 16:06:26.023 INFO [stderr] 
Dec 02 16:06:26.187 INFO [stderr] error[E0308]: mismatched types
Dec 02 16:06:26.187 INFO [stderr]    --> src/bufkit_data/mod.rs:185:13
Dec 02 16:06:26.187 INFO [stderr]     |
Dec 02 16:06:26.187 INFO [stderr] 185 | /             ua.pressure
Dec 02 16:06:26.187 INFO [stderr] 186 | |                 .iter()
Dec 02 16:06:26.187 INFO [stderr] 187 | |                 .map(|val| check_missing(*val))
Dec 02 16:06:26.187 INFO [stderr] 188 | |                 .collect::<Vec<_>>(),
Dec 02 16:06:26.187 INFO [stderr]     | |____________________________________^ expected struct `optional::Optioned`, found a different struct `optional::Optioned`
Dec 02 16:06:26.187 INFO [stderr]     |
Dec 02 16:06:26.187 INFO [stderr]     = note: expected type `std::vec::Vec<optional::Optioned<f64>>` (struct `optional::Optioned`)
Dec 02 16:06:26.187 INFO [stderr]                found type `std::vec::Vec<optional::Optioned<f64>>` (struct `optional::Optioned`)
Dec 02 16:06:26.187 INFO [stderr] note: Perhaps two different versions of crate `optional` are being used?
Dec 02 16:06:26.187 INFO [stderr]    --> src/bufkit_data/mod.rs:185:13
Dec 02 16:06:26.187 INFO [stderr]     |
Dec 02 16:06:26.187 INFO [stderr] 185 | /             ua.pressure
Dec 02 16:06:26.187 INFO [stderr] 186 | |                 .iter()
Dec 02 16:06:26.187 INFO [stderr] 187 | |                 .map(|val| check_missing(*val))
Dec 02 16:06:26.187 INFO [stderr] 188 | |                 .collect::<Vec<_>>(),
Dec 02 16:06:26.187 INFO [stderr]     | |____________________________________^
Dec 02 16:06:26.187 INFO [stderr] 
Dec 02 16:06:26.268 INFO [stderr] error[E0308]: mismatched types
Dec 02 16:06:26.268 INFO [stderr]    --> src/bufkit_data/mod.rs:191:13
Dec 02 16:06:26.268 INFO [stderr]     |
Dec 02 16:06:26.268 INFO [stderr] 191 | /             ua.temperature
Dec 02 16:06:26.268 INFO [stderr] 192 | |                 .iter()
Dec 02 16:06:26.268 INFO [stderr] 193 | |                 .map(|val| check_missing(*val))
Dec 02 16:06:26.268 INFO [stderr] 194 | |                 .collect::<Vec<_>>(),
Dec 02 16:06:26.268 INFO [stderr]     | |____________________________________^ expected struct `optional::Optioned`, found a different struct `optional::Optioned`
Dec 02 16:06:26.268 INFO [stderr]     |
Dec 02 16:06:26.268 INFO [stderr]     = note: expected type `std::vec::Vec<optional::Optioned<f64>>` (struct `optional::Optioned`)
Dec 02 16:06:26.268 INFO [stderr]                found type `std::vec::Vec<optional::Optioned<f64>>` (struct `optional::Optioned`)
Dec 02 16:06:26.268 INFO [stderr] note: Perhaps two different versions of crate `optional` are being used?
Dec 02 16:06:26.268 INFO [stderr]    --> src/bufkit_data/mod.rs:191:13
Dec 02 16:06:26.268 INFO [stderr]     |
Dec 02 16:06:26.268 INFO [stderr] 191 | /             ua.temperature
Dec 02 16:06:26.268 INFO [stderr] 192 | |                 .iter()
Dec 02 16:06:26.268 INFO [stderr] 193 | |                 .map(|val| check_missing(*val))
Dec 02 16:06:26.268 INFO [stderr] 194 | |                 .collect::<Vec<_>>(),
Dec 02 16:06:26.268 INFO [stderr]     | |____________________________________^
Dec 02 16:06:26.268 INFO [stderr] 
Dec 02 16:06:26.355 INFO [stderr] error[E0308]: mismatched types
Dec 02 16:06:26.355 INFO [stderr]    --> src/bufkit_data/mod.rs:197:13
Dec 02 16:06:26.355 INFO [stderr]     |
Dec 02 16:06:26.355 INFO [stderr] 197 | /             ua.wet_bulb
Dec 02 16:06:26.355 INFO [stderr] 198 | |                 .iter()
Dec 02 16:06:26.355 INFO [stderr] 199 | |                 .map(|val| check_missing(*val))
Dec 02 16:06:26.355 INFO [stderr] 200 | |                 .collect::<Vec<_>>(),
Dec 02 16:06:26.355 INFO [stderr]     | |____________________________________^ expected struct `optional::Optioned`, found a different struct `optional::Optioned`
Dec 02 16:06:26.355 INFO [stderr]     |
Dec 02 16:06:26.355 INFO [stderr]     = note: expected type `std::vec::Vec<optional::Optioned<f64>>` (struct `optional::Optioned`)
Dec 02 16:06:26.355 INFO [stderr]                found type `std::vec::Vec<optional::Optioned<f64>>` (struct `optional::Optioned`)
Dec 02 16:06:26.355 INFO [stderr] note: Perhaps two different versions of crate `optional` are being used?
Dec 02 16:06:26.355 INFO [stderr]    --> src/bufkit_data/mod.rs:197:13
Dec 02 16:06:26.355 INFO [stderr]     |
Dec 02 16:06:26.355 INFO [stderr] 197 | /             ua.wet_bulb
Dec 02 16:06:26.355 INFO [stderr] 198 | |                 .iter()
Dec 02 16:06:26.355 INFO [stderr] 199 | |                 .map(|val| check_missing(*val))
Dec 02 16:06:26.355 INFO [stderr] 200 | |                 .collect::<Vec<_>>(),
Dec 02 16:06:26.355 INFO [stderr]     | |____________________________________^
Dec 02 16:06:26.355 INFO [stderr] 
Dec 02 16:06:26.435 INFO [stderr] error[E0308]: mismatched types
Dec 02 16:06:26.435 INFO [stderr]    --> src/bufkit_data/mod.rs:203:13
Dec 02 16:06:26.435 INFO [stderr]     |
Dec 02 16:06:26.435 INFO [stderr] 203 | /             ua.dew_point
Dec 02 16:06:26.435 INFO [stderr] 204 | |                 .iter()
Dec 02 16:06:26.435 INFO [stderr] 205 | |                 .map(|val| check_missing(*val))
Dec 02 16:06:26.435 INFO [stderr] 206 | |                 .collect::<Vec<_>>(),
Dec 02 16:06:26.435 INFO [stderr]     | |____________________________________^ expected struct `optional::Optioned`, found a different struct `optional::Optioned`
Dec 02 16:06:26.435 INFO [stderr]     |
Dec 02 16:06:26.435 INFO [stderr]     = note: expected type `std::vec::Vec<optional::Optioned<f64>>` (struct `optional::Optioned`)
Dec 02 16:06:26.435 INFO [stderr]                found type `std::vec::Vec<optional::Optioned<f64>>` (struct `optional::Optioned`)
Dec 02 16:06:26.435 INFO [stderr] note: Perhaps two different versions of crate `optional` are being used?
Dec 02 16:06:26.435 INFO [stderr]    --> src/bufkit_data/mod.rs:203:13
Dec 02 16:06:26.435 INFO [stderr]     |
Dec 02 16:06:26.435 INFO [stderr] 203 | /             ua.dew_point
Dec 02 16:06:26.435 INFO [stderr] 204 | |                 .iter()
Dec 02 16:06:26.435 INFO [stderr] 205 | |                 .map(|val| check_missing(*val))
Dec 02 16:06:26.435 INFO [stderr] 206 | |                 .collect::<Vec<_>>(),
Dec 02 16:06:26.435 INFO [stderr]     | |____________________________________^
Dec 02 16:06:26.435 INFO [stderr] 
Dec 02 16:06:26.521 INFO [stderr] error[E0308]: mismatched types
Dec 02 16:06:26.521 INFO [stderr]    --> src/bufkit_data/mod.rs:209:13
Dec 02 16:06:26.521 INFO [stderr]     |
Dec 02 16:06:26.521 INFO [stderr] 209 | /             ua.theta_e
Dec 02 16:06:26.521 INFO [stderr] 210 | |                 .iter()
Dec 02 16:06:26.521 INFO [stderr] 211 | |                 .map(|val| check_missing(*val))
Dec 02 16:06:26.521 INFO [stderr] 212 | |                 .collect::<Vec<_>>(),
Dec 02 16:06:26.521 INFO [stderr]     | |____________________________________^ expected struct `optional::Optioned`, found a different struct `optional::Optioned`
Dec 02 16:06:26.522 INFO [stderr]     |
Dec 02 16:06:26.522 INFO [stderr]     = note: expected type `std::vec::Vec<optional::Optioned<f64>>` (struct `optional::Optioned`)
Dec 02 16:06:26.522 INFO [stderr]                found type `std::vec::Vec<optional::Optioned<f64>>` (struct `optional::Optioned`)
Dec 02 16:06:26.522 INFO [stderr] note: Perhaps two different versions of crate `optional` are being used?
Dec 02 16:06:26.522 INFO [stderr]    --> src/bufkit_data/mod.rs:209:13
Dec 02 16:06:26.522 INFO [stderr]     |
Dec 02 16:06:26.522 INFO [stderr] 209 | /             ua.theta_e
Dec 02 16:06:26.522 INFO [stderr] 210 | |                 .iter()
Dec 02 16:06:26.522 INFO [stderr] 211 | |                 .map(|val| check_missing(*val))
Dec 02 16:06:26.522 INFO [stderr] 212 | |                 .collect::<Vec<_>>(),
Dec 02 16:06:26.522 INFO [stderr]     | |____________________________________^
Dec 02 16:06:26.522 INFO [stderr] 
Dec 02 16:06:26.603 INFO [stderr] error[E0308]: mismatched types
Dec 02 16:06:26.603 INFO [stderr]    --> src/bufkit_data/mod.rs:215:13
Dec 02 16:06:26.603 INFO [stderr]     |
Dec 02 16:06:26.603 INFO [stderr] 215 | /             ua.direction
Dec 02 16:06:26.603 INFO [stderr] 216 | |                 .iter()
Dec 02 16:06:26.603 INFO [stderr] 217 | |                 .map(|val| check_missing(*val))
Dec 02 16:06:26.603 INFO [stderr] 218 | |                 .collect::<Vec<_>>(),
Dec 02 16:06:26.603 INFO [stderr]     | |____________________________________^ expected struct `optional::Optioned`, found a different struct `optional::Optioned`
Dec 02 16:06:26.603 INFO [stderr]     |
Dec 02 16:06:26.603 INFO [stderr]     = note: expected type `std::vec::Vec<optional::Optioned<f64>>` (struct `optional::Optioned`)
Dec 02 16:06:26.603 INFO [stderr]                found type `std::vec::Vec<optional::Optioned<f64>>` (struct `optional::Optioned`)
Dec 02 16:06:26.603 INFO [stderr] note: Perhaps two different versions of crate `optional` are being used?
Dec 02 16:06:26.603 INFO [stderr]    --> src/bufkit_data/mod.rs:215:13
Dec 02 16:06:26.603 INFO [stderr]     |
Dec 02 16:06:26.603 INFO [stderr] 215 | /             ua.direction
Dec 02 16:06:26.603 INFO [stderr] 216 | |                 .iter()
Dec 02 16:06:26.603 INFO [stderr] 217 | |                 .map(|val| check_missing(*val))
Dec 02 16:06:26.603 INFO [stderr] 218 | |                 .collect::<Vec<_>>(),
Dec 02 16:06:26.603 INFO [stderr]     | |____________________________________^
Dec 02 16:06:26.603 INFO [stderr] 
Dec 02 16:06:26.691 INFO [stderr] error[E0308]: mismatched types
Dec 02 16:06:26.691 INFO [stderr]    --> src/bufkit_data/mod.rs:221:13
Dec 02 16:06:26.691 INFO [stderr]     |
Dec 02 16:06:26.691 INFO [stderr] 221 | /             ua.speed
Dec 02 16:06:26.691 INFO [stderr] 222 | |                 .iter()
Dec 02 16:06:26.691 INFO [stderr] 223 | |                 .map(|val| check_missing(*val))
Dec 02 16:06:26.691 INFO [stderr] 224 | |                 .collect::<Vec<_>>(),
Dec 02 16:06:26.691 INFO [stderr]     | |____________________________________^ expected struct `optional::Optioned`, found a different struct `optional::Optioned`
Dec 02 16:06:26.691 INFO [stderr]     |
Dec 02 16:06:26.691 INFO [stderr]     = note: expected type `std::vec::Vec<optional::Optioned<f64>>` (struct `optional::Optioned`)
Dec 02 16:06:26.691 INFO [stderr]                found type `std::vec::Vec<optional::Optioned<f64>>` (struct `optional::Optioned`)
Dec 02 16:06:26.691 INFO [stderr] note: Perhaps two different versions of crate `optional` are being used?
Dec 02 16:06:26.691 INFO [stderr]    --> src/bufkit_data/mod.rs:221:13
Dec 02 16:06:26.691 INFO [stderr]     |
Dec 02 16:06:26.691 INFO [stderr] 221 | /             ua.speed
Dec 02 16:06:26.691 INFO [stderr] 222 | |                 .iter()
Dec 02 16:06:26.691 INFO [stderr] 223 | |                 .map(|val| check_missing(*val))
Dec 02 16:06:26.691 INFO [stderr] 224 | |                 .collect::<Vec<_>>(),
Dec 02 16:06:26.691 INFO [stderr]     | |____________________________________^
Dec 02 16:06:26.691 INFO [stderr] 
Dec 02 16:06:26.775 INFO [stderr] error[E0308]: mismatched types
Dec 02 16:06:26.775 INFO [stderr]    --> src/bufkit_data/mod.rs:227:13
Dec 02 16:06:26.775 INFO [stderr]     |
Dec 02 16:06:26.775 INFO [stderr] 227 | /             ua.omega
Dec 02 16:06:26.775 INFO [stderr] 228 | |                 .iter()
Dec 02 16:06:26.775 INFO [stderr] 229 | |                 .map(|val| check_missing(*val))
Dec 02 16:06:26.775 INFO [stderr] 230 | |                 .collect::<Vec<_>>(),
Dec 02 16:06:26.775 INFO [stderr]     | |____________________________________^ expected struct `optional::Optioned`, found a different struct `optional::Optioned`
Dec 02 16:06:26.775 INFO [stderr]     |
Dec 02 16:06:26.775 INFO [stderr]     = note: expected type `std::vec::Vec<optional::Optioned<f64>>` (struct `optional::Optioned`)
Dec 02 16:06:26.775 INFO [stderr]                found type `std::vec::Vec<optional::Optioned<f64>>` (struct `optional::Optioned`)
Dec 02 16:06:26.775 INFO [stderr] note: Perhaps two different versions of crate `optional` are being used?
Dec 02 16:06:26.775 INFO [stderr]    --> src/bufkit_data/mod.rs:227:13
Dec 02 16:06:26.775 INFO [stderr]     |
Dec 02 16:06:26.775 INFO [stderr] 227 | /             ua.omega
Dec 02 16:06:26.775 INFO [stderr] 228 | |                 .iter()
Dec 02 16:06:26.775 INFO [stderr] 229 | |                 .map(|val| check_missing(*val))
Dec 02 16:06:26.775 INFO [stderr] 230 | |                 .collect::<Vec<_>>(),
Dec 02 16:06:26.775 INFO [stderr]     | |____________________________________^
Dec 02 16:06:26.775 INFO [stderr] 
Dec 02 16:06:26.847 INFO [stderr] error[E0308]: mismatched types
Dec 02 16:06:26.847 INFO [stderr]    --> src/bufkit_data/mod.rs:233:13
Dec 02 16:06:26.847 INFO [stderr]     |
Dec 02 16:06:26.847 INFO [stderr] 233 | /             ua.height
Dec 02 16:06:26.847 INFO [stderr] 234 | |                 .iter()
Dec 02 16:06:26.847 INFO [stderr] 235 | |                 .map(|val| check_missing(*val))
Dec 02 16:06:26.847 INFO [stderr] 236 | |                 .collect::<Vec<_>>(),
Dec 02 16:06:26.847 INFO [stderr]     | |____________________________________^ expected struct `optional::Optioned`, found a different struct `optional::Optioned`
Dec 02 16:06:26.847 INFO [stderr]     |
Dec 02 16:06:26.847 INFO [stderr]     = note: expected type `std::vec::Vec<optional::Optioned<f64>>` (struct `optional::Optioned`)
Dec 02 16:06:26.847 INFO [stderr]                found type `std::vec::Vec<optional::Optioned<f64>>` (struct `optional::Optioned`)
Dec 02 16:06:26.847 INFO [stderr] note: Perhaps two different versions of crate `optional` are being used?
Dec 02 16:06:26.847 INFO [stderr]    --> src/bufkit_data/mod.rs:233:13
Dec 02 16:06:26.847 INFO [stderr]     |
Dec 02 16:06:26.847 INFO [stderr] 233 | /             ua.height
Dec 02 16:06:26.847 INFO [stderr] 234 | |                 .iter()
Dec 02 16:06:26.847 INFO [stderr] 235 | |                 .map(|val| check_missing(*val))
Dec 02 16:06:26.847 INFO [stderr] 236 | |                 .collect::<Vec<_>>(),
Dec 02 16:06:26.847 INFO [stderr]     | |____________________________________^
Dec 02 16:06:26.847 INFO [stderr] 
Dec 02 16:06:26.943 INFO [stderr] error[E0308]: mismatched types
Dec 02 16:06:26.943 INFO [stderr]    --> src/bufkit_data/mod.rs:239:13
Dec 02 16:06:26.943 INFO [stderr]     |
Dec 02 16:06:26.943 INFO [stderr] 239 | /             ua.cloud_fraction
Dec 02 16:06:26.943 INFO [stderr] 240 | |                 .iter()
Dec 02 16:06:26.943 INFO [stderr] 241 | |                 .map(|val| check_missing(*val))
Dec 02 16:06:26.943 INFO [stderr] 242 | |                 .collect::<Vec<_>>(),
Dec 02 16:06:26.943 INFO [stderr]     | |____________________________________^ expected struct `optional::Optioned`, found a different struct `optional::Optioned`
Dec 02 16:06:26.943 INFO [stderr]     |
Dec 02 16:06:26.943 INFO [stderr]     = note: expected type `std::vec::Vec<optional::Optioned<f64>>` (struct `optional::Optioned`)
Dec 02 16:06:26.943 INFO [stderr]                found type `std::vec::Vec<optional::Optioned<f64>>` (struct `optional::Optioned`)
Dec 02 16:06:26.943 INFO [stderr] note: Perhaps two different versions of crate `optional` are being used?
Dec 02 16:06:26.943 INFO [stderr]    --> src/bufkit_data/mod.rs:239:13
Dec 02 16:06:26.943 INFO [stderr]     |
Dec 02 16:06:26.943 INFO [stderr] 239 | /             ua.cloud_fraction
Dec 02 16:06:26.943 INFO [stderr] 240 | |                 .iter()
Dec 02 16:06:26.943 INFO [stderr] 241 | |                 .map(|val| check_missing(*val))
Dec 02 16:06:26.943 INFO [stderr] 242 | |                 .collect::<Vec<_>>(),
Dec 02 16:06:26.943 INFO [stderr]     | |____________________________________^
Dec 02 16:06:26.943 INFO [stderr] 
Dec 02 16:06:26.943 INFO [stderr] error[E0277]: the trait bound `optional::Optioned<f64>: std::convert::From<optional::Optioned<f64>>` is not satisfied
Dec 02 16:06:26.943 INFO [stderr]    --> src/bufkit_data/mod.rs:245:10
Dec 02 16:06:26.943 INFO [stderr]     |
Dec 02 16:06:26.943 INFO [stderr] 245 |         .set_surface_value(Surface::MSLP, check_missing(sd.mslp))
Dec 02 16:06:26.943 INFO [stderr]     |          ^^^^^^^^^^^^^^^^^ the trait `std::convert::From<optional::Optioned<f64>>` is not implemented for `optional::Optioned<f64>`
Dec 02 16:06:26.943 INFO [stderr]     |
Dec 02 16:06:26.943 INFO [stderr]     = help: the following implementations were found:
Dec 02 16:06:26.943 INFO [stderr]               <optional::Optioned<T> as std::convert::From<&'a std::option::Option<T>>>
Dec 02 16:06:26.943 INFO [stderr]               <optional::Optioned<T> as std::convert::From<T>>
Dec 02 16:06:26.943 INFO [stderr]               <optional::Optioned<T> as std::convert::From<std::option::Option<T>>>
Dec 02 16:06:26.943 INFO [stderr] 
Dec 02 16:06:26.944 INFO [stderr] error[E0277]: the trait bound `optional::Optioned<f64>: std::convert::From<optional::Optioned<f64>>` is not satisfied
Dec 02 16:06:26.944 INFO [stderr]    --> src/bufkit_data/mod.rs:246:10
Dec 02 16:06:26.944 INFO [stderr]     |
Dec 02 16:06:26.944 INFO [stderr] 246 |         .set_surface_value(Surface::Temperature, check_missing(sd.temperature))
Dec 02 16:06:26.944 INFO [stderr]     |          ^^^^^^^^^^^^^^^^^ the trait `std::convert::From<optional::Optioned<f64>>` is not implemented for `optional::Optioned<f64>`
Dec 02 16:06:26.944 INFO [stderr]     |
Dec 02 16:06:26.944 INFO [stderr]     = help: the following implementations were found:
Dec 02 16:06:26.944 INFO [stderr]               <optional::Optioned<T> as std::convert::From<&'a std::option::Option<T>>>
Dec 02 16:06:26.944 INFO [stderr]               <optional::Optioned<T> as std::convert::From<T>>
Dec 02 16:06:26.944 INFO [stderr]               <optional::Optioned<T> as std::convert::From<std::option::Option<T>>>
Dec 02 16:06:26.944 INFO [stderr] 
Dec 02 16:06:26.944 INFO [stderr] error[E0277]: the trait bound `optional::Optioned<f64>: std::convert::From<optional::Optioned<f64>>` is not satisfied
Dec 02 16:06:26.944 INFO [stderr]    --> src/bufkit_data/mod.rs:247:10
Dec 02 16:06:26.944 INFO [stderr]     |
Dec 02 16:06:26.944 INFO [stderr] 247 |         .set_surface_value(Surface::DewPoint, check_missing(sd.dewpoint))
Dec 02 16:06:26.944 INFO [stderr]     |          ^^^^^^^^^^^^^^^^^ the trait `std::convert::From<optional::Optioned<f64>>` is not implemented for `optional::Optioned<f64>`
Dec 02 16:06:26.944 INFO [stderr]     |
Dec 02 16:06:26.944 INFO [stderr]     = help: the following implementations were found:
Dec 02 16:06:26.944 INFO [stderr]               <optional::Optioned<T> as std::convert::From<&'a std::option::Option<T>>>
Dec 02 16:06:26.944 INFO [stderr]               <optional::Optioned<T> as std::convert::From<T>>
Dec 02 16:06:26.944 INFO [stderr]               <optional::Optioned<T> as std::convert::From<std::option::Option<T>>>
Dec 02 16:06:26.944 INFO [stderr] 
Dec 02 16:06:26.944 INFO [stderr] error[E0277]: the trait bound `optional::Optioned<f64>: std::convert::From<optional::Optioned<f64>>` is not satisfied
Dec 02 16:06:26.944 INFO [stderr]    --> src/bufkit_data/mod.rs:248:10
Dec 02 16:06:26.944 INFO [stderr]     |
Dec 02 16:06:26.944 INFO [stderr] 248 |         .set_surface_value(Surface::StationPressure, check_missing(sd.station_pres))
Dec 02 16:06:26.944 INFO [stderr]     |          ^^^^^^^^^^^^^^^^^ the trait `std::convert::From<optional::Optioned<f64>>` is not implemented for `optional::Optioned<f64>`
Dec 02 16:06:26.944 INFO [stderr]     |
Dec 02 16:06:26.944 INFO [stderr]     = help: the following implementations were found:
Dec 02 16:06:26.944 INFO [stderr]               <optional::Optioned<T> as std::convert::From<&'a std::option::Option<T>>>
Dec 02 16:06:26.944 INFO [stderr]               <optional::Optioned<T> as std::convert::From<T>>
Dec 02 16:06:26.944 INFO [stderr]               <optional::Optioned<T> as std::convert::From<std::option::Option<T>>>
Dec 02 16:06:26.944 INFO [stderr] 
Dec 02 16:06:26.944 INFO [stderr] error[E0277]: the trait bound `optional::Optioned<f64>: std::convert::From<optional::Optioned<f64>>` is not satisfied
Dec 02 16:06:26.944 INFO [stderr]    --> src/bufkit_data/mod.rs:249:10
Dec 02 16:06:26.944 INFO [stderr]     |
Dec 02 16:06:26.944 INFO [stderr] 249 |         .set_surface_value(Surface::LowCloud, check_missing(sd.low_cloud))
Dec 02 16:06:26.944 INFO [stderr]     |          ^^^^^^^^^^^^^^^^^ the trait `std::convert::From<optional::Optioned<f64>>` is not implemented for `optional::Optioned<f64>`
Dec 02 16:06:26.944 INFO [stderr]     |
Dec 02 16:06:26.944 INFO [stderr]     = help: the following implementations were found:
Dec 02 16:06:26.944 INFO [stderr]               <optional::Optioned<T> as std::convert::From<&'a std::option::Option<T>>>
Dec 02 16:06:26.944 INFO [stderr]               <optional::Optioned<T> as std::convert::From<T>>
Dec 02 16:06:26.944 INFO [stderr]               <optional::Optioned<T> as std::convert::From<std::option::Option<T>>>
Dec 02 16:06:26.944 INFO [stderr] 
Dec 02 16:06:26.944 INFO [stderr] error[E0277]: the trait bound `optional::Optioned<f64>: std::convert::From<optional::Optioned<f64>>` is not satisfied
Dec 02 16:06:26.944 INFO [stderr]    --> src/bufkit_data/mod.rs:250:10
Dec 02 16:06:26.944 INFO [stderr]     |
Dec 02 16:06:26.944 INFO [stderr] 250 |         .set_surface_value(Surface::MidCloud, check_missing(sd.mid_cloud))
Dec 02 16:06:26.944 INFO [stderr]     |          ^^^^^^^^^^^^^^^^^ the trait `std::convert::From<optional::Optioned<f64>>` is not implemented for `optional::Optioned<f64>`
Dec 02 16:06:26.944 INFO [stderr]     |
Dec 02 16:06:26.944 INFO [stderr]     = help: the following implementations were found:
Dec 02 16:06:26.944 INFO [stderr]               <optional::Optioned<T> as std::convert::From<&'a std::option::Option<T>>>
Dec 02 16:06:26.944 INFO [stderr]               <optional::Optioned<T> as std::convert::From<T>>
Dec 02 16:06:26.944 INFO [stderr]               <optional::Optioned<T> as std::convert::From<std::option::Option<T>>>
Dec 02 16:06:26.944 INFO [stderr] 
Dec 02 16:06:26.944 INFO [stderr] error[E0277]: the trait bound `optional::Optioned<f64>: std::convert::From<optional::Optioned<f64>>` is not satisfied
Dec 02 16:06:26.944 INFO [stderr]    --> src/bufkit_data/mod.rs:251:10
Dec 02 16:06:26.944 INFO [stderr]     |
Dec 02 16:06:26.944 INFO [stderr] 251 |         .set_surface_value(Surface::HighCloud, check_missing(sd.hi_cloud))
Dec 02 16:06:26.944 INFO [stderr]     |          ^^^^^^^^^^^^^^^^^ the trait `std::convert::From<optional::Optioned<f64>>` is not implemented for `optional::Optioned<f64>`
Dec 02 16:06:26.944 INFO [stderr]     |
Dec 02 16:06:26.944 INFO [stderr]     = help: the following implementations were found:
Dec 02 16:06:26.944 INFO [stderr]               <optional::Optioned<T> as std::convert::From<&'a std::option::Option<T>>>
Dec 02 16:06:26.944 INFO [stderr]               <optional::Optioned<T> as std::convert::From<T>>
Dec 02 16:06:26.944 INFO [stderr]               <optional::Optioned<T> as std::convert::From<std::option::Option<T>>>
Dec 02 16:06:26.944 INFO [stderr] 
Dec 02 16:06:26.944 INFO [stderr] error[E0277]: the trait bound `optional::Optioned<f64>: std::convert::From<optional::Optioned<f64>>` is not satisfied
Dec 02 16:06:26.944 INFO [stderr]    --> src/bufkit_data/mod.rs:252:10
Dec 02 16:06:26.944 INFO [stderr]     |
Dec 02 16:06:26.944 INFO [stderr] 252 |         .set_surface_value(Surface::WindDirection, sfc_wind_dir)
Dec 02 16:06:26.944 INFO [stderr]     |          ^^^^^^^^^^^^^^^^^ the trait `std::convert::From<optional::Optioned<f64>>` is not implemented for `optional::Optioned<f64>`
Dec 02 16:06:26.944 INFO [stderr]     |
Dec 02 16:06:26.944 INFO [stderr]     = help: the following implementations were found:
Dec 02 16:06:26.944 INFO [stderr]               <optional::Optioned<T> as std::convert::From<&'a std::option::Option<T>>>
Dec 02 16:06:26.944 INFO [stderr]               <optional::Optioned<T> as std::convert::From<T>>
Dec 02 16:06:26.944 INFO [stderr]               <optional::Optioned<T> as std::convert::From<std::option::Option<T>>>
Dec 02 16:06:26.944 INFO [stderr] 
Dec 02 16:06:26.944 INFO [stderr] error[E0277]: the trait bound `optional::Optioned<f64>: std::convert::From<optional::Optioned<f64>>` is not satisfied
Dec 02 16:06:26.944 INFO [stderr]    --> src/bufkit_data/mod.rs:253:10
Dec 02 16:06:26.944 INFO [stderr]     |
Dec 02 16:06:26.944 INFO [stderr] 253 |         .set_surface_value(Surface::WindSpeed, sfc_wind_spd);
Dec 02 16:06:26.944 INFO [stderr]     |          ^^^^^^^^^^^^^^^^^ the trait `std::convert::From<optional::Optioned<f64>>` is not implemented for `optional::Optioned<f64>`
Dec 02 16:06:26.944 INFO [stderr]     |
Dec 02 16:06:26.944 INFO [stderr]     = help: the following implementations were found:
Dec 02 16:06:26.944 INFO [stderr]               <optional::Optioned<T> as std::convert::From<&'a std::option::Option<T>>>
Dec 02 16:06:26.944 INFO [stderr]               <optional::Optioned<T> as std::convert::From<T>>
Dec 02 16:06:26.945 INFO [stderr]               <optional::Optioned<T> as std::convert::From<std::option::Option<T>>>
Dec 02 16:06:26.945 INFO [stderr] 
Dec 02 16:06:27.115 INFO [stderr] error: aborting due to 20 previous errors
Dec 02 16:06:27.115 INFO [stderr] 
Dec 02 16:06:27.115 INFO [stderr] Some errors occurred: E0277, E0308.
Dec 02 16:06:27.115 INFO [stderr] For more information about an error, try `rustc --explain E0277`.
Dec 02 16:06:27.125 INFO [stderr] error: Could not compile `sounding-bufkit`.
Dec 02 16:06:27.125 INFO [stderr] 
Dec 02 16:06:27.125 INFO [stderr] To learn more, run the command again with --verbose.
Dec 02 16:06:27.126 INFO [stderr] su: No module specific data is present
Dec 02 16:06:27.740 INFO running `"docker" "inspect" "52d0afd497fb8cff4cf520601507fa76911e3f67e9e6b0f2b04810140c871064"`
Dec 02 16:06:28.090 INFO running `"docker" "rm" "-f" "52d0afd497fb8cff4cf520601507fa76911e3f67e9e6b0f2b04810140c871064"`
Dec 02 16:06:28.652 INFO [stdout] 52d0afd497fb8cff4cf520601507fa76911e3f67e9e6b0f2b04810140c871064
